[INFO] fetching crate debuginfod 0.3.0...
[INFO] testing debuginfod-0.3.0 against 1.100.0-beta.1+cargoflags=--release for beta-release-1.100-2
[INFO] extracting crate debuginfod 0.3.0 into /workspace/builds/worker-1-tc2/source
[INFO] started tweaking crates.io crate debuginfod 0.3.0
[INFO] finished tweaking crates.io crate debuginfod 0.3.0
[INFO] tweaked toml for crates.io crate debuginfod 0.3.0 written to /workspace/builds/worker-1-tc2/source/Cargo.toml
[INFO] validating manifest of crates.io crate debuginfod 0.3.0 on toolchain 1.100.0-beta.1
[INFO] running `Command { std: CARGO_HOME="/workspace/cargo-home" RUSTUP_HOME="/workspace/rustup-home" "/workspace/cargo-home/bin/cargo" "+1.100.0-beta.1" "metadata" "--manifest-path" "Cargo.toml" "--no-deps", kill_on_drop: false }`
[INFO] crate crates.io crate debuginfod 0.3.0 already has a lockfile, it will not be regenerated
[INFO] running `Command { std: CARGO_HOME="/workspace/cargo-home" RUSTUP_HOME="/workspace/rustup-home" "/workspace/cargo-home/bin/cargo" "+1.100.0-beta.1" "fetch" "--manifest-path" "Cargo.toml", kill_on_drop: false }`
[INFO] [stderr] warning: Cargo.toml: `lints.clippy.absolute-paths` is deprecated in favor of `lints.clippy.absolute_paths` and will not work in a future edition
[INFO] [stderr] warning: Cargo.toml: `lints.clippy.allow-attributes` is deprecated in favor of `lints.clippy.allow_attributes` and will not work in a future edition
[INFO] [stderr] warning: Cargo.toml: `lints.clippy.clone-on-ref-ptr` is deprecated in favor of `lints.clippy.clone_on_ref_ptr` and will not work in a future edition
[INFO] [stderr] warning: Cargo.toml: `lints.clippy.collapsible-else-if` is deprecated in favor of `lints.clippy.collapsible_else_if` and will not work in a future edition
[INFO] [stderr] warning: Cargo.toml: `lints.clippy.collapsible-if` is deprecated in favor of `lints.clippy.collapsible_if` and will not work in a future edition
[INFO] [stderr] warning: Cargo.toml: `lints.clippy.dbg-macro` is deprecated in favor of `lints.clippy.dbg_macro` and will not work in a future edition
[INFO] [stderr] warning: Cargo.toml: `lints.clippy.derive-partial-eq-without-eq` is deprecated in favor of `lints.clippy.derive_partial_eq_without_eq` and will not work in a future edition
[INFO] [stderr] warning: Cargo.toml: `lints.clippy.diverging-sub-expression` is deprecated in favor of `lints.clippy.diverging_sub_expression` and will not work in a future edition
[INFO] [stderr] warning: Cargo.toml: `lints.clippy.doc-markdown` is deprecated in favor of `lints.clippy.doc_markdown` and will not work in a future edition
[INFO] [stderr] warning: Cargo.toml: `lints.clippy.join-absolute-paths` is deprecated in favor of `lints.clippy.join_absolute_paths` and will not work in a future edition
[INFO] [stderr] warning: Cargo.toml: `lints.clippy.large-enum-variant` is deprecated in favor of `lints.clippy.large_enum_variant` and will not work in a future edition
[INFO] [stderr] warning: Cargo.toml: `lints.clippy.let-and-return` is deprecated in favor of `lints.clippy.let_and_return` and will not work in a future edition
[INFO] [stderr] warning: Cargo.toml: `lints.clippy.let-unit-value` is deprecated in favor of `lints.clippy.let_unit_value` and will not work in a future edition
[INFO] [stderr] warning: Cargo.toml: `lints.clippy.module-inception` is deprecated in favor of `lints.clippy.module_inception` and will not work in a future edition
[INFO] [stderr] warning: Cargo.toml: `lints.clippy.multiple-unsafe-ops-per-block` is deprecated in favor of `lints.clippy.multiple_unsafe_ops_per_block` and will not work in a future edition
[INFO] [stderr] warning: Cargo.toml: `lints.clippy.redundant-closure-for-method-calls` is deprecated in favor of `lints.clippy.redundant_closure_for_method_calls` and will not work in a future edition
[INFO] [stderr] warning: Cargo.toml: `lints.clippy.type-complexity` is deprecated in favor of `lints.clippy.type_complexity` and will not work in a future edition
[INFO] [stderr] warning: Cargo.toml: `lints.clippy.unchecked-duration-subtraction` is deprecated in favor of `lints.clippy.unchecked_duration_subtraction` and will not work in a future edition
[INFO] [stderr] warning: Cargo.toml: `lints.clippy.undocumented-unsafe-blocks` is deprecated in favor of `lints.clippy.undocumented_unsafe_blocks` and will not work in a future edition
[INFO] [stderr] warning: Cargo.toml: `lints.clippy.uninlined-format-args` is deprecated in favor of `lints.clippy.uninlined_format_args` and will not work in a future edition
[INFO] [stderr] warning: Cargo.toml: `lints.clippy.use-self` is deprecated in favor of `lints.clippy.use_self` and will not work in a future edition
[INFO] [stderr] warning: Cargo.toml: `lints.clippy.wildcard-imports` is deprecated in favor of `lints.clippy.wildcard_imports` and will not work in a future edition
[INFO] [stderr] warning: Cargo.toml: `lints.rust.deprecated-safe` is deprecated in favor of `lints.rust.deprecated_safe` and will not work in a future edition
[INFO] [stderr] warning: Cargo.toml: `lints.rust.future-incompatible` is deprecated in favor of `lints.rust.future_incompatible` and will not work in a future edition
[INFO] [stderr] warning: Cargo.toml: `lints.rust.keyword-idents` is deprecated in favor of `lints.rust.keyword_idents` and will not work in a future edition
[INFO] [stderr] warning: Cargo.toml: `lints.rust.let-underscore` is deprecated in favor of `lints.rust.let_underscore` and will not work in a future edition
[INFO] [stderr] warning: Cargo.toml: `lints.rust.missing-debug-implementations` is deprecated in favor of `lints.rust.missing_debug_implementations` and will not work in a future edition
[INFO] [stderr] warning: Cargo.toml: `lints.rust.missing-docs` is deprecated in favor of `lints.rust.missing_docs` and will not work in a future edition
[INFO] [stderr] warning: Cargo.toml: `lints.rust.trivial-numeric-casts` is deprecated in favor of `lints.rust.trivial_numeric_casts` and will not work in a future edition
[INFO] [stderr] warning: Cargo.toml: `lints.rust.unsafe-op-in-unsafe-fn` is deprecated in favor of `lints.rust.unsafe_op_in_unsafe_fn` and will not work in a future edition
[INFO] [stderr] warning: `debuginfod` (manifest) generated 30 warnings
[INFO] running `Command { std: "docker" "create" "-v" "/var/lib/crater-agent-workspace/builds/worker-1-tc2/source:/opt/rustwide/workdir:ro,Z" "-v" "/var/lib/crater-agent-workspace/builds/worker-1-tc2/target:/opt/rustwide/target:rw,Z" "-v" "/var/lib/crater-agent-workspace/cargo-home:/opt/rustwide/cargo-home:ro,Z" "-v" "/var/lib/crater-agent-workspace/rustup-home:/opt/rustwide/rustup-home:ro,Z" "-m" "1610612736" "--network" "none" "ghcr.io/rust-lang/crates-build-env/linux@sha256:77db811e55d90add9212f6832c23229e3de5f1c1f9905e8cb07319ea15df73ac" "sleep" "infinity", kill_on_drop: false }`
[INFO] [stdout] dbe4e12b4f6bcab13445052b1358837f1224fd60cd35a93448cc0364b8f794b5
[INFO] running `Command { std: "docker" "start" "dbe4e12b4f6bcab13445052b1358837f1224fd60cd35a93448cc0364b8f794b5", kill_on_drop: false }`
[INFO] running `Command { std: "docker" "inspect" "dbe4e12b4f6bcab13445052b1358837f1224fd60cd35a93448cc0364b8f794b5", kill_on_drop: false }`
[INFO] running `Command { std: "docker" "exec" "-e" "SOURCE_DIR=/opt/rustwide/workdir" "-e" "CARGO_HOME=/opt/rustwide/cargo-home" "-e" "RUSTUP_HOME=/opt/rustwide/rustup-home" "-e" "CARGO_TARGET_DIR=/opt/rustwide/target" "-w" "/opt/rustwide/workdir" "--user" "0:0" "dbe4e12b4f6bcab13445052b1358837f1224fd60cd35a93448cc0364b8f794b5" "/opt/rustwide/cargo-home/bin/cargo" "+1.100.0-beta.1" "metadata" "--no-deps" "--format-version=1", kill_on_drop: false }`
[INFO] running `Command { std: "docker" "inspect" "dbe4e12b4f6bcab13445052b1358837f1224fd60cd35a93448cc0364b8f794b5", kill_on_drop: false }`
[INFO] running `Command { std: "docker" "exec" "-e" "SOURCE_DIR=/opt/rustwide/workdir" "-e" "CARGO_HOME=/opt/rustwide/cargo-home" "-e" "RUSTUP_HOME=/opt/rustwide/rustup-home" "-e" "CARGO_TARGET_DIR=/opt/rustwide/target" "-e" "CARGO_INCREMENTAL=0" "-e" "RUST_BACKTRACE=full" "-e" "RUSTFLAGS=--cap-lints=warn" "-e" "RUSTDOCFLAGS=--cap-lints=warn" "-w" "/opt/rustwide/workdir" "--user" "0:0" "dbe4e12b4f6bcab13445052b1358837f1224fd60cd35a93448cc0364b8f794b5" "/opt/rustwide/cargo-home/bin/cargo" "+1.100.0-beta.1" "build" "--frozen" "--message-format=json" "--release", kill_on_drop: false }`
[INFO] [stderr] warning: Cargo.toml: `lints.clippy.absolute-paths` is deprecated in favor of `lints.clippy.absolute_paths` and will not work in a future edition
[INFO] [stderr] warning: Cargo.toml: `lints.clippy.allow-attributes` is deprecated in favor of `lints.clippy.allow_attributes` and will not work in a future edition
[INFO] [stderr] warning: Cargo.toml: `lints.clippy.clone-on-ref-ptr` is deprecated in favor of `lints.clippy.clone_on_ref_ptr` and will not work in a future edition
[INFO] [stderr] warning: Cargo.toml: `lints.clippy.collapsible-else-if` is deprecated in favor of `lints.clippy.collapsible_else_if` and will not work in a future edition
[INFO] [stderr] warning: Cargo.toml: `lints.clippy.collapsible-if` is deprecated in favor of `lints.clippy.collapsible_if` and will not work in a future edition
[INFO] [stderr] warning: Cargo.toml: `lints.clippy.dbg-macro` is deprecated in favor of `lints.clippy.dbg_macro` and will not work in a future edition
[INFO] [stderr] warning: Cargo.toml: `lints.clippy.derive-partial-eq-without-eq` is deprecated in favor of `lints.clippy.derive_partial_eq_without_eq` and will not work in a future edition
[INFO] [stderr] warning: Cargo.toml: `lints.clippy.diverging-sub-expression` is deprecated in favor of `lints.clippy.diverging_sub_expression` and will not work in a future edition
[INFO] [stderr] warning: Cargo.toml: `lints.clippy.doc-markdown` is deprecated in favor of `lints.clippy.doc_markdown` and will not work in a future edition
[INFO] [stderr] warning: Cargo.toml: `lints.clippy.join-absolute-paths` is deprecated in favor of `lints.clippy.join_absolute_paths` and will not work in a future edition
[INFO] [stderr] warning: Cargo.toml: `lints.clippy.large-enum-variant` is deprecated in favor of `lints.clippy.large_enum_variant` and will not work in a future edition
[INFO] [stderr] warning: Cargo.toml: `lints.clippy.let-and-return` is deprecated in favor of `lints.clippy.let_and_return` and will not work in a future edition
[INFO] [stderr] warning: Cargo.toml: `lints.clippy.let-unit-value` is deprecated in favor of `lints.clippy.let_unit_value` and will not work in a future edition
[INFO] [stderr] warning: Cargo.toml: `lints.clippy.module-inception` is deprecated in favor of `lints.clippy.module_inception` and will not work in a future edition
[INFO] [stderr] warning: Cargo.toml: `lints.clippy.multiple-unsafe-ops-per-block` is deprecated in favor of `lints.clippy.multiple_unsafe_ops_per_block` and will not work in a future edition
[INFO] [stderr] warning: Cargo.toml: `lints.clippy.redundant-closure-for-method-calls` is deprecated in favor of `lints.clippy.redundant_closure_for_method_calls` and will not work in a future edition
[INFO] [stderr] warning: Cargo.toml: `lints.clippy.type-complexity` is deprecated in favor of `lints.clippy.type_complexity` and will not work in a future edition
[INFO] [stderr] warning: Cargo.toml: `lints.clippy.unchecked-duration-subtraction` is deprecated in favor of `lints.clippy.unchecked_duration_subtraction` and will not work in a future edition
[INFO] [stderr] warning: Cargo.toml: `lints.clippy.undocumented-unsafe-blocks` is deprecated in favor of `lints.clippy.undocumented_unsafe_blocks` and will not work in a future edition
[INFO] [stderr] warning: Cargo.toml: `lints.clippy.uninlined-format-args` is deprecated in favor of `lints.clippy.uninlined_format_args` and will not work in a future edition
[INFO] [stderr] warning: Cargo.toml: `lints.clippy.use-self` is deprecated in favor of `lints.clippy.use_self` and will not work in a future edition
[INFO] [stderr] warning: Cargo.toml: `lints.clippy.wildcard-imports` is deprecated in favor of `lints.clippy.wildcard_imports` and will not work in a future edition
[INFO] [stderr] warning: Cargo.toml: `lints.rust.deprecated-safe` is deprecated in favor of `lints.rust.deprecated_safe` and will not work in a future edition
[INFO] [stderr] warning: Cargo.toml: `lints.rust.future-incompatible` is deprecated in favor of `lints.rust.future_incompatible` and will not work in a future edition
[INFO] [stderr] warning: Cargo.toml: `lints.rust.keyword-idents` is deprecated in favor of `lints.rust.keyword_idents` and will not work in a future edition
[INFO] [stderr] warning: Cargo.toml: `lints.rust.let-underscore` is deprecated in favor of `lints.rust.let_underscore` and will not work in a future edition
[INFO] [stderr] warning: Cargo.toml: `lints.rust.missing-debug-implementations` is deprecated in favor of `lints.rust.missing_debug_implementations` and will not work in a future edition
[INFO] [stderr] warning: Cargo.toml: `lints.rust.missing-docs` is deprecated in favor of `lints.rust.missing_docs` and will not work in a future edition
[INFO] [stderr] warning: Cargo.toml: `lints.rust.trivial-numeric-casts` is deprecated in favor of `lints.rust.trivial_numeric_casts` and will not work in a future edition
[INFO] [stderr] warning: Cargo.toml: `lints.rust.unsafe-op-in-unsafe-fn` is deprecated in favor of `lints.rust.unsafe_op_in_unsafe_fn` and will not work in a future edition
[INFO] [stderr] warning: `debuginfod` (manifest) generated 30 warnings
[INFO] [stderr]    Compiling proc-macro2 v1.0.103
[INFO] [stderr]    Compiling quote v1.0.42
[INFO] [stderr]    Compiling libc v0.2.178
[INFO] [stderr]    Compiling find-msvc-tools v0.1.5
[INFO] [stderr]    Compiling itoa v1.0.16
[INFO] [stderr]    Compiling smallvec v1.15.1
[INFO] [stderr]    Compiling zeroize v1.8.2
[INFO] [stderr]    Compiling slab v0.4.11
[INFO] [stderr]    Compiling simd-adler32 v0.3.8
[INFO] [stderr]    Compiling rustls v0.23.35
[INFO] [stderr]    Compiling tracing-core v0.1.36
[INFO] [stderr]    Compiling compression-core v0.4.31
[INFO] [stderr]    Compiling sync_wrapper v1.0.2
[INFO] [stderr]    Compiling ipnet v2.11.0
[INFO] [stderr]    Compiling rustix v1.1.2
[INFO] [stderr]    Compiling iri-string v0.7.9
[INFO] [stderr]    Compiling rustls-pki-types v1.13.2
[INFO] [stderr]    Compiling miniz_oxide v0.8.9
[INFO] [stderr]    Compiling linux-raw-sys v0.11.0
[INFO] [stderr]    Compiling ryu v1.0.21
[INFO] [stderr]    Compiling log v0.4.29
[INFO] [stderr]    Compiling cc v1.2.50
[INFO] [stderr]    Compiling http v1.4.0
[INFO] [stderr]    Compiling futures-util v0.3.31
[INFO] [stderr]    Compiling tracing v0.1.44
[INFO] [stderr]    Compiling webpki-roots v1.0.4
[INFO] [stderr]    Compiling flate2 v1.1.5
[INFO] [stderr]    Compiling syn v2.0.111
[INFO] [stderr]    Compiling compression-codecs v0.4.35
[INFO] [stderr]    Compiling ring v0.17.14
[INFO] [stderr]    Compiling mio v1.1.1
[INFO] [stderr]    Compiling socket2 v0.6.1
[INFO] [stderr]    Compiling getrandom v0.2.16
[INFO] [stderr]    Compiling dirs-sys v0.5.0
[INFO] [stderr]    Compiling http-body v1.0.1
[INFO] [stderr]    Compiling http-body-util v0.1.3
[INFO] [stderr]    Compiling dirs v6.0.0
[INFO] [stderr]    Compiling tokio v1.48.0
[INFO] [stderr]    Compiling tempfile v3.23.0
[INFO] [stderr]    Compiling synstructure v0.13.2
[INFO] [stderr]    Compiling zerovec-derive v0.11.2
[INFO] [stderr]    Compiling displaydoc v0.2.5
[INFO] [stderr]    Compiling serde_derive v1.0.228
[INFO] [stderr]    Compiling zerofrom-derive v0.1.6
[INFO] [stderr]    Compiling yoke-derive v0.8.1
[INFO] [stderr]    Compiling zerofrom v0.1.6
[INFO] [stderr]    Compiling yoke v0.8.1
[INFO] [stderr]    Compiling zerovec v0.11.5
[INFO] [stderr]    Compiling zerotrie v0.2.3
[INFO] [stderr]    Compiling tinystr v0.8.2
[INFO] [stderr]    Compiling potential_utf v0.1.4
[INFO] [stderr]    Compiling icu_collections v2.1.1
[INFO] [stderr]    Compiling icu_locale_core v2.1.1
[INFO] [stderr]    Compiling hyper v1.8.1
[INFO] [stderr]    Compiling async-compression v0.4.36
[INFO] [stderr]    Compiling tokio-util v0.7.17
[INFO] [stderr]    Compiling tower v0.5.2
[INFO] [stderr]    Compiling serde v1.0.228
[INFO] [stderr]    Compiling icu_provider v2.1.1
[INFO] [stderr]    Compiling tower-http v0.6.8
[INFO] [stderr]    Compiling icu_normalizer v2.1.1
[INFO] [stderr]    Compiling icu_properties v2.1.2
[INFO] [stderr]    Compiling hyper-util v0.1.19
[INFO] [stderr]    Compiling serde_urlencoded v0.7.1
[INFO] [stderr]    Compiling idna_adapter v1.2.1
[INFO] [stderr]    Compiling idna v1.1.0
[INFO] [stderr]    Compiling url v2.5.7
[INFO] [stderr]    Compiling rustls-webpki v0.103.8
[INFO] [stderr]    Compiling tokio-rustls v0.26.4
[INFO] [stderr]    Compiling hyper-rustls v0.27.7
[INFO] [stderr]    Compiling reqwest v0.12.28
[INFO] [stderr]    Compiling debuginfod v0.3.0 (/opt/rustwide/workdir)
[INFO] [stderr]     Finished `release` profile [optimized] target(s) in 1m 18s
[INFO] running `Command { std: "docker" "inspect" "dbe4e12b4f6bcab13445052b1358837f1224fd60cd35a93448cc0364b8f794b5", kill_on_drop: false }`
[INFO] running `Command { std: "docker" "exec" "-e" "SOURCE_DIR=/opt/rustwide/workdir" "-e" "CARGO_HOME=/opt/rustwide/cargo-home" "-e" "RUSTUP_HOME=/opt/rustwide/rustup-home" "-e" "CARGO_TARGET_DIR=/opt/rustwide/target" "-e" "CARGO_INCREMENTAL=0" "-e" "RUST_BACKTRACE=full" "-e" "RUSTFLAGS=--cap-lints=warn" "-e" "RUSTDOCFLAGS=--cap-lints=warn" "-w" "/opt/rustwide/workdir" "--user" "0:0" "dbe4e12b4f6bcab13445052b1358837f1224fd60cd35a93448cc0364b8f794b5" "/opt/rustwide/cargo-home/bin/cargo" "+1.100.0-beta.1" "test" "--frozen" "--no-run" "--message-format=json" "--release", kill_on_drop: false }`
[INFO] [stderr] warning: Cargo.toml: `lints.clippy.absolute-paths` is deprecated in favor of `lints.clippy.absolute_paths` and will not work in a future edition
[INFO] [stderr] warning: Cargo.toml: `lints.clippy.allow-attributes` is deprecated in favor of `lints.clippy.allow_attributes` and will not work in a future edition
[INFO] [stderr] warning: Cargo.toml: `lints.clippy.clone-on-ref-ptr` is deprecated in favor of `lints.clippy.clone_on_ref_ptr` and will not work in a future edition
[INFO] [stderr] warning: Cargo.toml: `lints.clippy.collapsible-else-if` is deprecated in favor of `lints.clippy.collapsible_else_if` and will not work in a future edition
[INFO] [stderr] warning: Cargo.toml: `lints.clippy.collapsible-if` is deprecated in favor of `lints.clippy.collapsible_if` and will not work in a future edition
[INFO] [stderr] warning: Cargo.toml: `lints.clippy.dbg-macro` is deprecated in favor of `lints.clippy.dbg_macro` and will not work in a future edition
[INFO] [stderr] warning: Cargo.toml: `lints.clippy.derive-partial-eq-without-eq` is deprecated in favor of `lints.clippy.derive_partial_eq_without_eq` and will not work in a future edition
[INFO] [stderr] warning: Cargo.toml: `lints.clippy.diverging-sub-expression` is deprecated in favor of `lints.clippy.diverging_sub_expression` and will not work in a future edition
[INFO] [stderr] warning: Cargo.toml: `lints.clippy.doc-markdown` is deprecated in favor of `lints.clippy.doc_markdown` and will not work in a future edition
[INFO] [stderr] warning: Cargo.toml: `lints.clippy.join-absolute-paths` is deprecated in favor of `lints.clippy.join_absolute_paths` and will not work in a future edition
[INFO] [stderr] warning: Cargo.toml: `lints.clippy.large-enum-variant` is deprecated in favor of `lints.clippy.large_enum_variant` and will not work in a future edition
[INFO] [stderr] warning: Cargo.toml: `lints.clippy.let-and-return` is deprecated in favor of `lints.clippy.let_and_return` and will not work in a future edition
[INFO] [stderr] warning: Cargo.toml: `lints.clippy.let-unit-value` is deprecated in favor of `lints.clippy.let_unit_value` and will not work in a future edition
[INFO] [stderr] warning: Cargo.toml: `lints.clippy.module-inception` is deprecated in favor of `lints.clippy.module_inception` and will not work in a future edition
[INFO] [stderr] warning: Cargo.toml: `lints.clippy.multiple-unsafe-ops-per-block` is deprecated in favor of `lints.clippy.multiple_unsafe_ops_per_block` and will not work in a future edition
[INFO] [stderr] warning: Cargo.toml: `lints.clippy.redundant-closure-for-method-calls` is deprecated in favor of `lints.clippy.redundant_closure_for_method_calls` and will not work in a future edition
[INFO] [stderr] warning: Cargo.toml: `lints.clippy.type-complexity` is deprecated in favor of `lints.clippy.type_complexity` and will not work in a future edition
[INFO] [stderr] warning: Cargo.toml: `lints.clippy.unchecked-duration-subtraction` is deprecated in favor of `lints.clippy.unchecked_duration_subtraction` and will not work in a future edition
[INFO] [stderr] warning: Cargo.toml: `lints.clippy.undocumented-unsafe-blocks` is deprecated in favor of `lints.clippy.undocumented_unsafe_blocks` and will not work in a future edition
[INFO] [stderr] warning: Cargo.toml: `lints.clippy.uninlined-format-args` is deprecated in favor of `lints.clippy.uninlined_format_args` and will not work in a future edition
[INFO] [stderr] warning: Cargo.toml: `lints.clippy.use-self` is deprecated in favor of `lints.clippy.use_self` and will not work in a future edition
[INFO] [stderr] warning: Cargo.toml: `lints.clippy.wildcard-imports` is deprecated in favor of `lints.clippy.wildcard_imports` and will not work in a future edition
[INFO] [stderr] warning: Cargo.toml: `lints.rust.deprecated-safe` is deprecated in favor of `lints.rust.deprecated_safe` and will not work in a future edition
[INFO] [stderr] warning: Cargo.toml: `lints.rust.future-incompatible` is deprecated in favor of `lints.rust.future_incompatible` and will not work in a future edition
[INFO] [stderr] warning: Cargo.toml: `lints.rust.keyword-idents` is deprecated in favor of `lints.rust.keyword_idents` and will not work in a future edition
[INFO] [stderr] warning: Cargo.toml: `lints.rust.let-underscore` is deprecated in favor of `lints.rust.let_underscore` and will not work in a future edition
[INFO] [stderr] warning: Cargo.toml: `lints.rust.missing-debug-implementations` is deprecated in favor of `lints.rust.missing_debug_implementations` and will not work in a future edition
[INFO] [stderr] warning: Cargo.toml: `lints.rust.missing-docs` is deprecated in favor of `lints.rust.missing_docs` and will not work in a future edition
[INFO] [stderr] warning: Cargo.toml: `lints.rust.trivial-numeric-casts` is deprecated in favor of `lints.rust.trivial_numeric_casts` and will not work in a future edition
[INFO] [stderr] warning: Cargo.toml: `lints.rust.unsafe-op-in-unsafe-fn` is deprecated in favor of `lints.rust.unsafe_op_in_unsafe_fn` and will not work in a future edition
[INFO] [stderr] warning: `debuginfod` (manifest) generated 30 warnings
[INFO] [stderr]    Compiling syn v2.0.111
[INFO] [stderr]    Compiling blazesym v0.2.1
[INFO] [stderr]    Compiling semver-parser v0.7.0
[INFO] [stderr]    Compiling memmap2 v0.9.9
[INFO] [stderr]    Compiling test-fork-core v0.1.3
[INFO] [stderr]    Compiling semver v0.9.0
[INFO] [stderr]    Compiling rustc_version v0.2.3
[INFO] [stderr]    Compiling synstructure v0.13.2
[INFO] [stderr]    Compiling zerovec-derive v0.11.2
[INFO] [stderr]    Compiling displaydoc v0.2.5
[INFO] [stderr]    Compiling serde_derive v1.0.228
[INFO] [stderr]    Compiling test-fork-macros v0.1.3
[INFO] [stderr]    Compiling zerofrom-derive v0.1.6
[INFO] [stderr]    Compiling yoke-derive v0.8.1
[INFO] [stderr]    Compiling test-fork v0.1.3
[INFO] [stderr]    Compiling zerofrom v0.1.6
[INFO] [stderr]    Compiling yoke v0.8.1
[INFO] [stderr]    Compiling zerovec v0.11.5
[INFO] [stderr]    Compiling zerotrie v0.2.3
[INFO] [stderr]    Compiling tinystr v0.8.2
[INFO] [stderr]    Compiling potential_utf v0.1.4
[INFO] [stderr]    Compiling icu_collections v2.1.1
[INFO] [stderr]    Compiling icu_locale_core v2.1.1
[INFO] [stderr]    Compiling serde v1.0.228
[INFO] [stderr]    Compiling icu_provider v2.1.1
[INFO] [stderr]    Compiling icu_normalizer v2.1.1
[INFO] [stderr]    Compiling icu_properties v2.1.2
[INFO] [stderr]    Compiling serde_urlencoded v0.7.1
[INFO] [stderr]    Compiling idna_adapter v1.2.1
[INFO] [stderr]    Compiling idna v1.1.0
[INFO] [stderr]    Compiling url v2.5.7
[INFO] [stderr]    Compiling reqwest v0.12.28
[INFO] [stderr]    Compiling debuginfod v0.3.0 (/opt/rustwide/workdir)
[INFO] [stderr]     Finished `release` profile [optimized] target(s) in 35.41s
[INFO] running `Command { std: "docker" "inspect" "dbe4e12b4f6bcab13445052b1358837f1224fd60cd35a93448cc0364b8f794b5", kill_on_drop: false }`
[INFO] running `Command { std: "docker" "exec" "-e" "SOURCE_DIR=/opt/rustwide/workdir" "-e" "CARGO_HOME=/opt/rustwide/cargo-home" "-e" "RUSTUP_HOME=/opt/rustwide/rustup-home" "-e" "CARGO_TARGET_DIR=/opt/rustwide/target" "-e" "CARGO_INCREMENTAL=0" "-e" "RUST_BACKTRACE=full" "-e" "RUSTFLAGS=--cap-lints=warn" "-e" "RUSTDOCFLAGS=--cap-lints=warn" "-w" "/opt/rustwide/workdir" "--user" "0:0" "dbe4e12b4f6bcab13445052b1358837f1224fd60cd35a93448cc0364b8f794b5" "/opt/rustwide/cargo-home/bin/cargo" "+1.100.0-beta.1" "test" "--frozen" "--release", kill_on_drop: false }`
[INFO] [stderr] warning: Cargo.toml: `lints.clippy.absolute-paths` is deprecated in favor of `lints.clippy.absolute_paths` and will not work in a future edition
[INFO] [stderr] warning: Cargo.toml: `lints.clippy.allow-attributes` is deprecated in favor of `lints.clippy.allow_attributes` and will not work in a future edition
[INFO] [stderr] warning: Cargo.toml: `lints.clippy.clone-on-ref-ptr` is deprecated in favor of `lints.clippy.clone_on_ref_ptr` and will not work in a future edition
[INFO] [stderr] warning: Cargo.toml: `lints.clippy.collapsible-else-if` is deprecated in favor of `lints.clippy.collapsible_else_if` and will not work in a future edition
[INFO] [stderr] warning: Cargo.toml: `lints.clippy.collapsible-if` is deprecated in favor of `lints.clippy.collapsible_if` and will not work in a future edition
[INFO] [stderr] warning: Cargo.toml: `lints.clippy.dbg-macro` is deprecated in favor of `lints.clippy.dbg_macro` and will not work in a future edition
[INFO] [stderr] warning: Cargo.toml: `lints.clippy.derive-partial-eq-without-eq` is deprecated in favor of `lints.clippy.derive_partial_eq_without_eq` and will not work in a future edition
[INFO] [stderr] warning: Cargo.toml: `lints.clippy.diverging-sub-expression` is deprecated in favor of `lints.clippy.diverging_sub_expression` and will not work in a future edition
[INFO] [stderr] warning: Cargo.toml: `lints.clippy.doc-markdown` is deprecated in favor of `lints.clippy.doc_markdown` and will not work in a future edition
[INFO] [stderr] warning: Cargo.toml: `lints.clippy.join-absolute-paths` is deprecated in favor of `lints.clippy.join_absolute_paths` and will not work in a future edition
[INFO] [stderr] warning: Cargo.toml: `lints.clippy.large-enum-variant` is deprecated in favor of `lints.clippy.large_enum_variant` and will not work in a future edition
[INFO] [stderr] warning: Cargo.toml: `lints.clippy.let-and-return` is deprecated in favor of `lints.clippy.let_and_return` and will not work in a future edition
[INFO] [stderr] warning: Cargo.toml: `lints.clippy.let-unit-value` is deprecated in favor of `lints.clippy.let_unit_value` and will not work in a future edition
[INFO] [stderr] warning: Cargo.toml: `lints.clippy.module-inception` is deprecated in favor of `lints.clippy.module_inception` and will not work in a future edition
[INFO] [stderr] warning: Cargo.toml: `lints.clippy.multiple-unsafe-ops-per-block` is deprecated in favor of `lints.clippy.multiple_unsafe_ops_per_block` and will not work in a future edition
[INFO] [stderr] warning: Cargo.toml: `lints.clippy.redundant-closure-for-method-calls` is deprecated in favor of `lints.clippy.redundant_closure_for_method_calls` and will not work in a future edition
[INFO] [stderr] warning: Cargo.toml: `lints.clippy.type-complexity` is deprecated in favor of `lints.clippy.type_complexity` and will not work in a future edition
[INFO] [stderr] warning: Cargo.toml: `lints.clippy.unchecked-duration-subtraction` is deprecated in favor of `lints.clippy.unchecked_duration_subtraction` and will not work in a future edition
[INFO] [stderr] warning: Cargo.toml: `lints.clippy.undocumented-unsafe-blocks` is deprecated in favor of `lints.clippy.undocumented_unsafe_blocks` and will not work in a future edition
[INFO] [stderr] warning: Cargo.toml: `lints.clippy.uninlined-format-args` is deprecated in favor of `lints.clippy.uninlined_format_args` and will not work in a future edition
[INFO] [stderr] warning: Cargo.toml: `lints.clippy.use-self` is deprecated in favor of `lints.clippy.use_self` and will not work in a future edition
[INFO] [stderr] warning: Cargo.toml: `lints.clippy.wildcard-imports` is deprecated in favor of `lints.clippy.wildcard_imports` and will not work in a future edition
[INFO] [stderr] warning: Cargo.toml: `lints.rust.deprecated-safe` is deprecated in favor of `lints.rust.deprecated_safe` and will not work in a future edition
[INFO] [stderr] warning: Cargo.toml: `lints.rust.future-incompatible` is deprecated in favor of `lints.rust.future_incompatible` and will not work in a future edition
[INFO] [stderr] warning: Cargo.toml: `lints.rust.keyword-idents` is deprecated in favor of `lints.rust.keyword_idents` and will not work in a future edition
[INFO] [stderr] warning: Cargo.toml: `lints.rust.let-underscore` is deprecated in favor of `lints.rust.let_underscore` and will not work in a future edition
[INFO] [stderr] warning: Cargo.toml: `lints.rust.missing-debug-implementations` is deprecated in favor of `lints.rust.missing_debug_implementations` and will not work in a future edition
[INFO] [stderr] warning: Cargo.toml: `lints.rust.missing-docs` is deprecated in favor of `lints.rust.missing_docs` and will not work in a future edition
[INFO] [stderr] warning: Cargo.toml: `lints.rust.trivial-numeric-casts` is deprecated in favor of `lints.rust.trivial_numeric_casts` and will not work in a future edition
[INFO] [stderr] warning: Cargo.toml: `lints.rust.unsafe-op-in-unsafe-fn` is deprecated in favor of `lints.rust.unsafe_op_in_unsafe_fn` and will not work in a future edition
[INFO] [stderr] warning: `debuginfod` (manifest) generated 30 warnings
[INFO] [stderr]     Finished `release` profile [optimized] target(s) in 0.15s
[INFO] [stderr]      Running unittests src/lib.rs (/opt/rustwide/target/release/build/debuginfod/bd84d6d6d452354d/out/debuginfod-bd84d6d6d452354d)
[INFO] [stdout] 
[INFO] [stdout] running 17 tests
[INFO] [stdout] test util::tests::parse_comma_separated_urls ... ok
[INFO] [stdout] test buildid::tests::build_id_construction ... ok
[INFO] [stdout] test util::tests::split_space_separated_urls ... ok
[INFO] [stdout] test client::tests::custom_http_client_status_code_other ... ok
[INFO] [stdout] test client::tests::custom_http_client_found_second ... ok
[INFO] [stdout] test util::tests::build_id_formatting ... ok
[INFO] [stdout] test util::tests::parse_no_valid_urls ... ok
[INFO] [stdout] test client::tests::custom_http_client_status_code_404 ... ok
[INFO] [stdout] test buildid::tests::build_id_display ... ok
[INFO] [stdout] test client::tests::custom_http_client_generic_error ... ok
[INFO] [stdout] test client::tests::fetch_debug_info_not_found ... FAILED
[INFO] [stdout] test client::tests::fetch_debug_info ... FAILED
[INFO] [stdout] test caching_client::tests::fetch_debug_info ... FAILED
[INFO] [stdout] test client::tests::no_valid_urls ... ok
[INFO] [stdout] test caching_client::tests::fetch_debug_info_not_found ... FAILED
[INFO] [stdout] test caching_client::tests::from_env_creation ... ok
[INFO] [stderr] error: test failed, to rerun pass `--lib`
[INFO] [stdout] test client::tests::from_env_creation ... ok
[INFO] [stdout] 
[INFO] [stdout] failures:
[INFO] [stdout] 
[INFO] [stdout] ---- client::tests::fetch_debug_info_not_found stdout ----
[INFO] [stdout] 
[INFO] [stdout] thread 'client::tests::fetch_debug_info_not_found' (2113) panicked at src/client.rs:305:51:
[INFO] [stdout] called `Result::unwrap()` on an `Err` value: failed to fetch debug info for build ID `00`
[INFO] [stdout] 
[INFO] [stdout] Caused by:
[INFO] [stdout]     0: failed to issue request to `https://debuginfod.fedoraproject.org/buildid/00/debuginfo`
[INFO] [stdout]     1: HTTP client error: error sending request for url (https://debuginfod.fedoraproject.org/buildid/00/debuginfo)
[INFO] [stdout]     2: error sending request for url (https://debuginfod.fedoraproject.org/buildid/00/debuginfo)
[INFO] [stdout]     3: client error (Connect)
[INFO] [stdout]     4: dns error
[INFO] [stdout]     5: failed to lookup address information: Temporary failure in name resolution
[INFO] [stdout] 
[INFO] [stdout] Stack backtrace:
[INFO] [stdout]    0: <debuginfod::http_client::HttpClientError as anyhow::context::ext::StdError>::ext_context::<alloc::string::String>
[INFO] [stdout]    1: <core::result::Result<!, debuginfod::http_client::HttpClientError> as anyhow::Context<!, debuginfod::http_client::HttpClientError>>::with_context::<alloc::string::String, <debuginfod::client::Client>::fetch_debug_info::{closure#1}>
[INFO] [stdout]    2: <debuginfod::client::Client>::fetch_debug_info
[INFO] [stdout]    3: <debuginfod::client::tests::fetch_debug_info_not_found::{closure#0} as core::ops::function::FnOnce<()>>::call_once
[INFO] [stdout]    4: test::__rust_begin_short_backtrace::<core::result::Result<(), alloc::string::String>, fn() -> core::result::Result<(), alloc::string::String>>
[INFO] [stdout]    5: test::run_test::{closure#0}
[INFO] [stdout]    6: std::sys::backtrace::__rust_begin_short_backtrace::<test::run_test::{closure#1}, ()>
[INFO] [stdout]    7: <std::thread::lifecycle::spawn_unchecked<test::run_test::{closure#1}, ()>::{closure#1} as core::ops::function::FnOnce<()>>::call_once::{shim:vtable#0}
[INFO] [stdout]    8: <std::sys::thread::unix::Thread>::new::thread_start
[INFO] [stdout]    9: <unknown>
[INFO] [stdout]   10: clone
[INFO] [stdout] stack backtrace:
[INFO] [stdout]    0:     0x6159122c1df1 - <<std[617be2ca0a6fd877]::sys::backtrace::BacktraceLock>::print::DisplayBacktrace as core[a373ad73a504971]::fmt::Display>::fmt
[INFO] [stdout]    1:     0x6159122d8f3a - core[a373ad73a504971]::fmt::write
[INFO] [stdout]    2:     0x6159122c70dc - <alloc[2e1b2a31b91974c5]::vec::Vec<u8> as core[a373ad73a504971]::io::write::Write>::write_fmt
[INFO] [stdout]    3:     0x61591229a0a6 - std[617be2ca0a6fd877]::panicking::default_hook::{closure#0}
[INFO] [stdout]    4:     0x6159122b8a89 - std[617be2ca0a6fd877]::panicking::default_hook
[INFO] [stdout]    5:     0x615912044410 - test[aada8e7e76ba119b]::test_main_inner::{closure#0}
[INFO] [stdout]    6:     0x6159122b8db2 - std[617be2ca0a6fd877]::panicking::panic_with_hook
[INFO] [stdout]    7:     0x61591229a152 - std[617be2ca0a6fd877]::panicking::panic_handler::{closure#0}
[INFO] [stdout]    8:     0x6159122924d9 - std[617be2ca0a6fd877]::sys::backtrace::__rust_end_short_backtrace::<std[617be2ca0a6fd877]::panicking::panic_handler::{closure#0}, !>
[INFO] [stdout]    9:     0x61591229b36d - __rustc[ea4f61d10b84890b]::rust_begin_unwind
[INFO] [stdout]   10:     0x6159122d969c - core[a373ad73a504971]::panicking::panic_fmt
[INFO] [stdout]   11:     0x6159122d9472 - core[a373ad73a504971]::result::unwrap_failed
[INFO] [stdout]   12:     0x615912025761 - <debuginfod[1495f7f7df105b57]::client::tests::fetch_debug_info_not_found::{closure#0} as core[a373ad73a504971]::ops::function::FnOnce<()>>::call_once
[INFO] [stdout]   13:     0x61591203785b - test[aada8e7e76ba119b]::__rust_begin_short_backtrace::<core[a373ad73a504971]::result::Result<(), alloc[2e1b2a31b91974c5]::string::String>, fn() -> core[a373ad73a504971]::result::Result<(), alloc[2e1b2a31b91974c5]::string::String>>
[INFO] [stdout]   14:     0x615912044a35 - test[aada8e7e76ba119b]::run_test::{closure#0}
[INFO] [stdout]   15:     0x61591203e324 - std[617be2ca0a6fd877]::sys::backtrace::__rust_begin_short_backtrace::<test[aada8e7e76ba119b]::run_test::{closure#1}, ()>
[INFO] [stdout]   16:     0x615912047ac2 - <std[617be2ca0a6fd877]::thread::lifecycle::spawn_unchecked<test[aada8e7e76ba119b]::run_test::{closure#1}, ()>::{closure#1} as core[a373ad73a504971]::ops::function::FnOnce<()>>::call_once::{shim:vtable#0}
[INFO] [stdout]   17:     0x6159122c129f - <std[617be2ca0a6fd877]::sys::thread::unix::Thread>::new::thread_start
[INFO] [stdout]   18:     0x7c2b0515edfa - <unknown>
[INFO] [stdout]   19:     0x7c2b051f23d4 - clone
[INFO] [stdout]   20:                0x0 - <unknown>
[INFO] [stdout] 
[INFO] [stdout] ---- client::tests::fetch_debug_info stdout ----
[INFO] [stdout] 
[INFO] [stdout] thread 'client::tests::fetch_debug_info' (2112) panicked at src/client.rs:276:61:
[INFO] [stdout] called `Result::unwrap()` on an `Err` value: failed to fetch debug info for build ID `aeb9a983ace1fb047b2341b1950165440fb2a8b9`
[INFO] [stdout] 
[INFO] [stdout] Caused by:
[INFO] [stdout]     0: failed to issue request to `https://debuginfod.fedoraproject.org/buildid/aeb9a983ace1fb047b2341b1950165440fb2a8b9/debuginfo`
[INFO] [stdout]     1: HTTP client error: error sending request for url (https://debuginfod.fedoraproject.org/buildid/aeb9a983ace1fb047b2341b1950165440fb2a8b9/debuginfo)
[INFO] [stdout]     2: error sending request for url (https://debuginfod.fedoraproject.org/buildid/aeb9a983ace1fb047b2341b1950165440fb2a8b9/debuginfo)
[INFO] [stdout]     3: client error (Connect)
[INFO] [stdout]     4: dns error
[INFO] [stdout]     5: failed to lookup address information: Temporary failure in name resolution
[INFO] [stdout] 
[INFO] [stdout] Stack backtrace:
[INFO] [stdout]    0: <debuginfod::http_client::HttpClientError as anyhow::context::ext::StdError>::ext_context::<alloc::string::String>
[INFO] [stdout]    1: <core::result::Result<!, debuginfod::http_client::HttpClientError> as anyhow::Context<!, debuginfod::http_client::HttpClientError>>::with_context::<alloc::string::String, <debuginfod::client::Client>::fetch_debug_info::{closure#1}>
[INFO] [stdout]    2: <debuginfod::client::Client>::fetch_debug_info
[INFO] [stdout]    3: <debuginfod::client::tests::fetch_debug_info::{closure#0} as core::ops::function::FnOnce<()>>::call_once
[INFO] [stdout]    4: test::__rust_begin_short_backtrace::<core::result::Result<(), alloc::string::String>, fn() -> core::result::Result<(), alloc::string::String>>
[INFO] [stdout]    5: test::run_test::{closure#0}
[INFO] [stdout]    6: std::sys::backtrace::__rust_begin_short_backtrace::<test::run_test::{closure#1}, ()>
[INFO] [stdout]    7: <std::thread::lifecycle::spawn_unchecked<test::run_test::{closure#1}, ()>::{closure#1} as core::ops::function::FnOnce<()>>::call_once::{shim:vtable#0}
[INFO] [stdout]    8: <std::sys::thread::unix::Thread>::new::thread_start
[INFO] [stdout]    9: <unknown>
[INFO] [stdout]   10: clone
[INFO] [stdout] stack backtrace:
[INFO] [stdout]    0:     0x6159122c1df1 - <<std[617be2ca0a6fd877]::sys::backtrace::BacktraceLock>::print::DisplayBacktrace as core[a373ad73a504971]::fmt::Display>::fmt
[INFO] [stdout]    1:     0x6159122d8f3a - core[a373ad73a504971]::fmt::write
[INFO] [stdout]    2:     0x6159122c70dc - <alloc[2e1b2a31b91974c5]::vec::Vec<u8> as core[a373ad73a504971]::io::write::Write>::write_fmt
[INFO] [stdout]    3:     0x61591229a0a6 - std[617be2ca0a6fd877]::panicking::default_hook::{closure#0}
[INFO] [stdout]    4:     0x6159122b8a89 - std[617be2ca0a6fd877]::panicking::default_hook
[INFO] [stdout]    5:     0x615912044410 - test[aada8e7e76ba119b]::test_main_inner::{closure#0}
[INFO] [stdout]    6:     0x6159122b8db2 - std[617be2ca0a6fd877]::panicking::panic_with_hook
[INFO] [stdout]    7:     0x61591229a152 - std[617be2ca0a6fd877]::panicking::panic_handler::{closure#0}
[INFO] [stdout]    8:     0x6159122924d9 - std[617be2ca0a6fd877]::sys::backtrace::__rust_end_short_backtrace::<std[617be2ca0a6fd877]::panicking::panic_handler::{closure#0}, !>
[INFO] [stdout]    9:     0x61591229b36d - __rustc[ea4f61d10b84890b]::rust_begin_unwind
[INFO] [stdout]   10:     0x6159122d969c - core[a373ad73a504971]::panicking::panic_fmt
[INFO] [stdout]   11:     0x6159122d9472 - core[a373ad73a504971]::result::unwrap_failed
[INFO] [stdout]   12:     0x6159120250be - <debuginfod[1495f7f7df105b57]::client::tests::fetch_debug_info::{closure#0} as core[a373ad73a504971]::ops::function::FnOnce<()>>::call_once
[INFO] [stdout]   13:     0x61591203785b - test[aada8e7e76ba119b]::__rust_begin_short_backtrace::<core[a373ad73a504971]::result::Result<(), alloc[2e1b2a31b91974c5]::string::String>, fn() -> core[a373ad73a504971]::result::Result<(), alloc[2e1b2a31b91974c5]::string::String>>
[INFO] [stdout]   14:     0x615912044a35 - test[aada8e7e76ba119b]::run_test::{closure#0}
[INFO] [stdout]   15:     0x61591203e324 - std[617be2ca0a6fd877]::sys::backtrace::__rust_begin_short_backtrace::<test[aada8e7e76ba119b]::run_test::{closure#1}, ()>
[INFO] [stdout]   16:     0x615912047ac2 - <std[617be2ca0a6fd877]::thread::lifecycle::spawn_unchecked<test[aada8e7e76ba119b]::run_test::{closure#1}, ()>::{closure#1} as core[a373ad73a504971]::ops::function::FnOnce<()>>::call_once::{shim:vtable#0}
[INFO] [stdout]   17:     0x6159122c129f - <std[617be2ca0a6fd877]::sys::thread::unix::Thread>::new::thread_start
[INFO] [stdout]   18:     0x7c2b0515edfa - <unknown>
[INFO] [stdout]   19:     0x7c2b051f23d4 - clone
[INFO] [stdout]   20:                0x0 - <unknown>
[INFO] [stdout] 
[INFO] [stdout] ---- caching_client::tests::fetch_debug_info stdout ----
[INFO] [stdout] 
[INFO] [stdout] thread 'caching_client::tests::fetch_debug_info' (2105) panicked at src/caching_client.rs:200:51:
[INFO] [stdout] called `Result::unwrap()` on an `Err` value: failed to fetch debug info for build ID `aeb9a983ace1fb047b2341b1950165440fb2a8b9`
[INFO] [stdout] 
[INFO] [stdout] Caused by:
[INFO] [stdout]     0: failed to issue request to `https://debuginfod.fedoraproject.org/buildid/aeb9a983ace1fb047b2341b1950165440fb2a8b9/debuginfo`
[INFO] [stdout]     1: HTTP client error: error sending request for url (https://debuginfod.fedoraproject.org/buildid/aeb9a983ace1fb047b2341b1950165440fb2a8b9/debuginfo)
[INFO] [stdout]     2: error sending request for url (https://debuginfod.fedoraproject.org/buildid/aeb9a983ace1fb047b2341b1950165440fb2a8b9/debuginfo)
[INFO] [stdout]     3: client error (Connect)
[INFO] [stdout]     4: dns error
[INFO] [stdout]     5: failed to lookup address information: Temporary failure in name resolution
[INFO] [stdout] 
[INFO] [stdout] Stack backtrace:
[INFO] [stdout]    0: <debuginfod::http_client::HttpClientError as anyhow::context::ext::StdError>::ext_context::<alloc::string::String>
[INFO] [stdout]    1: <core::result::Result<!, debuginfod::http_client::HttpClientError> as anyhow::Context<!, debuginfod::http_client::HttpClientError>>::with_context::<alloc::string::String, <debuginfod::client::Client>::fetch_debug_info::{closure#1}>
[INFO] [stdout]    2: <debuginfod::client::Client>::fetch_debug_info
[INFO] [stdout]    3: <debuginfod::caching_client::CachingClient>::fetch_debug_info
[INFO] [stdout]    4: <debuginfod::caching_client::tests::fetch_debug_info::{closure#0} as core::ops::function::FnOnce<()>>::call_once
[INFO] [stdout]    5: test::__rust_begin_short_backtrace::<core::result::Result<(), alloc::string::String>, fn() -> core::result::Result<(), alloc::string::String>>
[INFO] [stdout]    6: test::run_test::{closure#0}
[INFO] [stdout]    7: std::sys::backtrace::__rust_begin_short_backtrace::<test::run_test::{closure#1}, ()>
[INFO] [stdout]    8: <std::thread::lifecycle::spawn_unchecked<test::run_test::{closure#1}, ()>::{closure#1} as core::ops::function::FnOnce<()>>::call_once::{shim:vtable#0}
[INFO] [stdout]    9: <std::sys::thread::unix::Thread>::new::thread_start
[INFO] [stdout]   10: <unknown>
[INFO] [stdout]   11: clone
[INFO] [stdout] stack backtrace:
[INFO] [stdout]    0:     0x6159122c1df1 - <<std[617be2ca0a6fd877]::sys::backtrace::BacktraceLock>::print::DisplayBacktrace as core[a373ad73a504971]::fmt::Display>::fmt
[INFO] [stdout]    1:     0x6159122d8f3a - core[a373ad73a504971]::fmt::write
[INFO] [stdout]    2:     0x6159122c70dc - <alloc[2e1b2a31b91974c5]::vec::Vec<u8> as core[a373ad73a504971]::io::write::Write>::write_fmt
[INFO] [stdout]    3:     0x61591229a0a6 - std[617be2ca0a6fd877]::panicking::default_hook::{closure#0}
[INFO] [stdout]    4:     0x6159122b8a89 - std[617be2ca0a6fd877]::panicking::default_hook
[INFO] [stdout]    5:     0x615912044410 - test[aada8e7e76ba119b]::test_main_inner::{closure#0}
[INFO] [stdout]    6:     0x6159122b8db2 - std[617be2ca0a6fd877]::panicking::panic_with_hook
[INFO] [stdout]    7:     0x61591229a152 - std[617be2ca0a6fd877]::panicking::panic_handler::{closure#0}
[INFO] [stdout]    8:     0x6159122924d9 - std[617be2ca0a6fd877]::sys::backtrace::__rust_end_short_backtrace::<std[617be2ca0a6fd877]::panicking::panic_handler::{closure#0}, !>
[INFO] [stdout]    9:     0x61591229b36d - __rustc[ea4f61d10b84890b]::rust_begin_unwind
[INFO] [stdout]   10:     0x6159122d969c - core[a373ad73a504971]::panicking::panic_fmt
[INFO] [stdout]   11:     0x6159122d9472 - core[a373ad73a504971]::result::unwrap_failed
[INFO] [stdout]   12:     0x61591202f2bf - <debuginfod[1495f7f7df105b57]::caching_client::tests::fetch_debug_info::{closure#0} as core[a373ad73a504971]::ops::function::FnOnce<()>>::call_once
[INFO] [stdout]   13:     0x61591203785b - test[aada8e7e76ba119b]::__rust_begin_short_backtrace::<core[a373ad73a504971]::result::Result<(), alloc[2e1b2a31b91974c5]::string::String>, fn() -> core[a373ad73a504971]::result::Result<(), alloc[2e1b2a31b91974c5]::string::String>>
[INFO] [stdout]   14:     0x615912044a35 - test[aada8e7e76ba119b]::run_test::{closure#0}
[INFO] [stdout]   15:     0x61591203e324 - std[617be2ca0a6fd877]::sys::backtrace::__rust_begin_short_backtrace::<test[aada8e7e76ba119b]::run_test::{closure#1}, ()>
[INFO] [stdout]   16:     0x615912047ac2 - <std[617be2ca0a6fd877]::thread::lifecycle::spawn_unchecked<test[aada8e7e76ba119b]::run_test::{closure#1}, ()>::{closure#1} as core[a373ad73a504971]::ops::function::FnOnce<()>>::call_once::{shim:vtable#0}
[INFO] [stdout]   17:     0x6159122c129f - <std[617be2ca0a6fd877]::sys::thread::unix::Thread>::new::thread_start
[INFO] [stdout]   18:     0x7c2b0515edfa - <unknown>
[INFO] [stdout]   19:     0x7c2b051f23d4 - clone
[INFO] [stdout]   20:                0x0 - <unknown>
[INFO] [stdout] 
[INFO] [stdout] ---- caching_client::tests::fetch_debug_info_not_found stdout ----
[INFO] [stdout] 
[INFO] [stdout] thread 'caching_client::tests::fetch_debug_info_not_found' (2106) panicked at src/caching_client.rs:225:51:
[INFO] [stdout] called `Result::unwrap()` on an `Err` value: failed to fetch debug info for build ID `00`
[INFO] [stdout] 
[INFO] [stdout] Caused by:
[INFO] [stdout]     0: failed to issue request to `https://debuginfod.fedoraproject.org/buildid/00/debuginfo`
[INFO] [stdout]     1: HTTP client error: error sending request for url (https://debuginfod.fedoraproject.org/buildid/00/debuginfo)
[INFO] [stdout]     2: error sending request for url (https://debuginfod.fedoraproject.org/buildid/00/debuginfo)
[INFO] [stdout]     3: client error (Connect)
[INFO] [stdout]     4: dns error
[INFO] [stdout]     5: failed to lookup address information: Temporary failure in name resolution
[INFO] [stdout] 
[INFO] [stdout] Stack backtrace:
[INFO] [stdout]    0: <debuginfod::http_client::HttpClientError as anyhow::context::ext::StdError>::ext_context::<alloc::string::String>
[INFO] [stdout]    1: <core::result::Result<!, debuginfod::http_client::HttpClientError> as anyhow::Context<!, debuginfod::http_client::HttpClientError>>::with_context::<alloc::string::String, <debuginfod::client::Client>::fetch_debug_info::{closure#1}>
[INFO] [stdout]    2: <debuginfod::client::Client>::fetch_debug_info
[INFO] [stdout]    3: <debuginfod::caching_client::CachingClient>::fetch_debug_info
[INFO] [stdout]    4: <debuginfod::caching_client::tests::fetch_debug_info_not_found::{closure#0} as core::ops::function::FnOnce<()>>::call_once
[INFO] [stdout]    5: test::__rust_begin_short_backtrace::<core::result::Result<(), alloc::string::String>, fn() -> core::result::Result<(), alloc::string::String>>
[INFO] [stdout]    6: test::run_test::{closure#0}
[INFO] [stdout]    7: std::sys::backtrace::__rust_begin_short_backtrace::<test::run_test::{closure#1}, ()>
[INFO] [stdout]    8: <std::thread::lifecycle::spawn_unchecked<test::run_test::{closure#1}, ()>::{closure#1} as core::ops::function::FnOnce<()>>::call_once::{shim:vtable#0}
[INFO] [stdout]    9: <std::sys::thread::unix::Thread>::new::thread_start
[INFO] [stdout]   10: <unknown>
[INFO] [stdout]   11: clone
[INFO] [stdout] stack backtrace:
[INFO] [stdout]    0:     0x6159122c1df1 - <<std[617be2ca0a6fd877]::sys::backtrace::BacktraceLock>::print::DisplayBacktrace as core[a373ad73a504971]::fmt::Display>::fmt
[INFO] [stdout]    1:     0x6159122d8f3a - core[a373ad73a504971]::fmt::write
[INFO] [stdout]    2:     0x6159122c70dc - <alloc[2e1b2a31b91974c5]::vec::Vec<u8> as core[a373ad73a504971]::io::write::Write>::write_fmt
[INFO] [stdout]    3:     0x61591229a0a6 - std[617be2ca0a6fd877]::panicking::default_hook::{closure#0}
[INFO] [stdout]    4:     0x6159122b8a89 - std[617be2ca0a6fd877]::panicking::default_hook
[INFO] [stdout]    5:     0x615912044410 - test[aada8e7e76ba119b]::test_main_inner::{closure#0}
[INFO] [stdout]    6:     0x6159122b8db2 - std[617be2ca0a6fd877]::panicking::panic_with_hook
[INFO] [stdout]    7:     0x61591229a152 - std[617be2ca0a6fd877]::panicking::panic_handler::{closure#0}
[INFO] [stdout]    8:     0x6159122924d9 - std[617be2ca0a6fd877]::sys::backtrace::__rust_end_short_backtrace::<std[617be2ca0a6fd877]::panicking::panic_handler::{closure#0}, !>
[INFO] [stdout]    9:     0x61591229b36d - __rustc[ea4f61d10b84890b]::rust_begin_unwind
[INFO] [stdout]   10:     0x6159122d969c - core[a373ad73a504971]::panicking::panic_fmt
[INFO] [stdout]   11:     0x6159122d9472 - core[a373ad73a504971]::result::unwrap_failed
[INFO] [stdout]   12:     0x61591202f877 - <debuginfod[1495f7f7df105b57]::caching_client::tests::fetch_debug_info_not_found::{closure#0} as core[a373ad73a504971]::ops::function::FnOnce<()>>::call_once
[INFO] [stdout]   13:     0x61591203785b - test[aada8e7e76ba119b]::__rust_begin_short_backtrace::<core[a373ad73a504971]::result::Result<(), alloc[2e1b2a31b91974c5]::string::String>, fn() -> core[a373ad73a504971]::result::Result<(), alloc[2e1b2a31b91974c5]::string::String>>
[INFO] [stdout]   14:     0x615912044a35 - test[aada8e7e76ba119b]::run_test::{closure#0}
[INFO] [stdout]   15:     0x61591203e324 - std[617be2ca0a6fd877]::sys::backtrace::__rust_begin_short_backtrace::<test[aada8e7e76ba119b]::run_test::{closure#1}, ()>
[INFO] [stdout]   16:     0x615912047ac2 - <std[617be2ca0a6fd877]::thread::lifecycle::spawn_unchecked<test[aada8e7e76ba119b]::run_test::{closure#1}, ()>::{closure#1} as core[a373ad73a504971]::ops::function::FnOnce<()>>::call_once::{shim:vtable#0}
[INFO] [stdout]   17:     0x6159122c129f - <std[617be2ca0a6fd877]::sys::thread::unix::Thread>::new::thread_start
[INFO] [stdout]   18:     0x7c2b0515edfa - <unknown>
[INFO] [stdout]   19:     0x7c2b051f23d4 - clone
[INFO] [stdout]   20:                0x0 - <unknown>
[INFO] [stdout] 
[INFO] [stdout] 
[INFO] [stdout] failures:
[INFO] [stdout]     caching_client::tests::fetch_debug_info
[INFO] [stdout]     caching_client::tests::fetch_debug_info_not_found
[INFO] [stdout]     client::tests::fetch_debug_info
[INFO] [stdout]     client::tests::fetch_debug_info_not_found
[INFO] [stdout] 
[INFO] [stdout] test result: FAILED. 13 passed; 4 failed; 0 ignored; 0 measured; 0 filtered out; finished in 0.04s
[INFO] [stdout] 
[INFO] running `Command { std: "docker" "inspect" "dbe4e12b4f6bcab13445052b1358837f1224fd60cd35a93448cc0364b8f794b5", kill_on_drop: false }`
[INFO] running `Command { std: "docker" "rm" "-f" "dbe4e12b4f6bcab13445052b1358837f1224fd60cd35a93448cc0364b8f794b5", kill_on_drop: false }`
[INFO] [stdout] dbe4e12b4f6bcab13445052b1358837f1224fd60cd35a93448cc0364b8f794b5
