[INFO] fetching crate debugger-cli 0.1.3...
[INFO] testing debugger-cli-0.1.3 against 1.100.0-beta.1+cargoflags=--release for beta-release-1.100-2
[INFO] extracting crate debugger-cli 0.1.3 into /workspace/builds/worker-0-tc2/source
[INFO] started tweaking crates.io crate debugger-cli 0.1.3
[INFO] removed 0 missing tests
[INFO] finished tweaking crates.io crate debugger-cli 0.1.3
[INFO] tweaked toml for crates.io crate debugger-cli 0.1.3 written to /workspace/builds/worker-0-tc2/source/Cargo.toml
[INFO] validating manifest of crates.io crate debugger-cli 0.1.3 on toolchain 1.100.0-beta.1
[INFO] running `Command { std: CARGO_HOME="/workspace/cargo-home" RUSTUP_HOME="/workspace/rustup-home" "/workspace/cargo-home/bin/cargo" "+1.100.0-beta.1" "metadata" "--manifest-path" "Cargo.toml" "--no-deps", kill_on_drop: false }`
[INFO] crate crates.io crate debugger-cli 0.1.3 already has a lockfile, it will not be regenerated
[INFO] running `Command { std: CARGO_HOME="/workspace/cargo-home" RUSTUP_HOME="/workspace/rustup-home" "/workspace/cargo-home/bin/cargo" "+1.100.0-beta.1" "fetch" "--manifest-path" "Cargo.toml", kill_on_drop: false }`
[INFO] [stderr] warning: `package.homepage` is redundant with `package.repository`
[INFO] [stderr]   --> Cargo.toml:53:12
[INFO] [stderr]    |
[INFO] [stderr] 53 | homepage = "https://github.com/akiselev/debugger-cli"
[INFO] [stderr]    |            ^^^^^^^^^^^^^^^^^^^^^^^^^^^^^^^^^^^^^^^^^^
[INFO] [stderr] ...
[INFO] [stderr] 58 | repository = "https://github.com/akiselev/debugger-cli"
[INFO] [stderr]    |              ------------------------------------------
[INFO] [stderr]    |
[INFO] [stderr]    = note: `cargo::redundant_homepage` is set to `warn` by default
[INFO] [stderr] help: consider removing `package.homepage`
[INFO] [stderr] warning: `debugger-cli` (manifest) generated 1 warning
[INFO] running `Command { std: "docker" "create" "-v" "/var/lib/crater-agent-workspace/builds/worker-0-tc2/source:/opt/rustwide/workdir:ro,Z" "-v" "/var/lib/crater-agent-workspace/builds/worker-0-tc2/target:/opt/rustwide/target:rw,Z" "-v" "/var/lib/crater-agent-workspace/cargo-home:/opt/rustwide/cargo-home:ro,Z" "-v" "/var/lib/crater-agent-workspace/rustup-home:/opt/rustwide/rustup-home:ro,Z" "-m" "1610612736" "--network" "none" "ghcr.io/rust-lang/crates-build-env/linux@sha256:77db811e55d90add9212f6832c23229e3de5f1c1f9905e8cb07319ea15df73ac" "sleep" "infinity", kill_on_drop: false }`
[INFO] [stdout] 9887ace96e7e53b1a88f591c422c7e1b69e15f033220638925e60d0eafa384a2
[INFO] running `Command { std: "docker" "start" "9887ace96e7e53b1a88f591c422c7e1b69e15f033220638925e60d0eafa384a2", kill_on_drop: false }`
[INFO] running `Command { std: "docker" "inspect" "9887ace96e7e53b1a88f591c422c7e1b69e15f033220638925e60d0eafa384a2", kill_on_drop: false }`
[INFO] running `Command { std: "docker" "exec" "-e" "SOURCE_DIR=/opt/rustwide/workdir" "-e" "CARGO_HOME=/opt/rustwide/cargo-home" "-e" "RUSTUP_HOME=/opt/rustwide/rustup-home" "-e" "CARGO_TARGET_DIR=/opt/rustwide/target" "-w" "/opt/rustwide/workdir" "--user" "0:0" "9887ace96e7e53b1a88f591c422c7e1b69e15f033220638925e60d0eafa384a2" "/opt/rustwide/cargo-home/bin/cargo" "+1.100.0-beta.1" "metadata" "--no-deps" "--format-version=1", kill_on_drop: false }`
[INFO] running `Command { std: "docker" "inspect" "9887ace96e7e53b1a88f591c422c7e1b69e15f033220638925e60d0eafa384a2", kill_on_drop: false }`
[INFO] running `Command { std: "docker" "exec" "-e" "SOURCE_DIR=/opt/rustwide/workdir" "-e" "CARGO_HOME=/opt/rustwide/cargo-home" "-e" "RUSTUP_HOME=/opt/rustwide/rustup-home" "-e" "CARGO_TARGET_DIR=/opt/rustwide/target" "-e" "CARGO_INCREMENTAL=0" "-e" "RUST_BACKTRACE=full" "-e" "RUSTFLAGS=--cap-lints=warn" "-e" "RUSTDOCFLAGS=--cap-lints=warn" "-w" "/opt/rustwide/workdir" "--user" "0:0" "9887ace96e7e53b1a88f591c422c7e1b69e15f033220638925e60d0eafa384a2" "/opt/rustwide/cargo-home/bin/cargo" "+1.100.0-beta.1" "build" "--frozen" "--message-format=json" "--release", kill_on_drop: false }`
[INFO] [stderr] warning: `package.homepage` is redundant with `package.repository`
[INFO] [stderr]   --> Cargo.toml:53:12
[INFO] [stderr]    |
[INFO] [stderr] 53 | homepage = "https://github.com/akiselev/debugger-cli"
[INFO] [stderr]    |            ^^^^^^^^^^^^^^^^^^^^^^^^^^^^^^^^^^^^^^^^^^
[INFO] [stderr] ...
[INFO] [stderr] 58 | repository = "https://github.com/akiselev/debugger-cli"
[INFO] [stderr]    |              ------------------------------------------
[INFO] [stderr]    |
[INFO] [stderr]    = note: `cargo::redundant_homepage` is set to `warn` by default
[INFO] [stderr] help: consider removing `package.homepage`
[INFO] [stderr] warning: `debugger-cli` (manifest) generated 1 warning
[INFO] [stderr]    Compiling proc-macro2 v1.0.105
[INFO] [stderr]    Compiling quote v1.0.43
[INFO] [stderr]    Compiling unicode-ident v1.0.22
[INFO] [stderr]    Compiling libc v0.2.180
[INFO] [stderr]    Compiling cfg-if v1.0.4
[INFO] [stderr]    Compiling shlex v1.3.0
[INFO] [stderr]    Compiling find-msvc-tools v0.1.8
[INFO] [stderr]    Compiling pkg-config v0.3.32
[INFO] [stderr]    Compiling smallvec v1.15.1
[INFO] [stderr]    Compiling once_cell v1.21.3
[INFO] [stderr]    Compiling pin-project-lite v0.2.16
[INFO] [stderr]    Compiling itoa v1.0.17
[INFO] [stderr]    Compiling stable_deref_trait v1.2.1
[INFO] [stderr]    Compiling bytes v1.11.0
[INFO] [stderr]    Compiling parking_lot_core v0.9.12
[INFO] [stderr]    Compiling scopeguard v1.2.0
[INFO] [stderr]    Compiling typenum v1.19.0
[INFO] [stderr]    Compiling bitflags v2.10.0
[INFO] [stderr]    Compiling version_check v0.9.5
[INFO] [stderr]    Compiling futures-core v0.3.31
[INFO] [stderr]    Compiling lock_api v0.4.14
[INFO] [stderr]    Compiling serde_core v1.0.228
[INFO] [stderr]    Compiling vcpkg v0.2.15
[INFO] [stderr]    Compiling generic-array v0.14.7
[INFO] [stderr]    Compiling log v0.4.29
[INFO] [stderr]    Compiling serde v1.0.228
[INFO] [stderr]    Compiling equivalent v1.0.2
[INFO] [stderr]    Compiling hashbrown v0.16.1
[INFO] [stderr]    Compiling litemap v0.8.1
[INFO] [stderr]    Compiling writeable v0.6.2
[INFO] [stderr]    Compiling tracing-core v0.1.36
[INFO] [stderr]    Compiling slab v0.4.11
[INFO] [stderr]    Compiling pin-utils v0.1.0
[INFO] [stderr]    Compiling icu_normalizer_data v2.1.1
[INFO] [stderr]    Compiling icu_properties_data v2.1.2
[INFO] [stderr]    Compiling futures-task v0.3.31
[INFO] [stderr]    Compiling openssl v0.10.75
[INFO] [stderr]    Compiling futures-sink v0.3.31
[INFO] [stderr]    Compiling foreign-types-shared v0.1.1
[INFO] [stderr]    Compiling percent-encoding v2.3.2
[INFO] [stderr]    Compiling rustix v1.1.3
[INFO] [stderr]    Compiling httparse v1.10.1
[INFO] [stderr]    Compiling foreign-types v0.3.2
[INFO] [stderr]    Compiling fnv v1.0.7
[INFO] [stderr]    Compiling atomic-waker v1.1.2
[INFO] [stderr]    Compiling tower-service v0.3.3
[INFO] [stderr]    Compiling subtle v2.6.1
[INFO] [stderr]    Compiling crc32fast v1.5.0
[INFO] [stderr]    Compiling try-lock v0.2.5
[INFO] [stderr]    Compiling native-tls v0.2.14
[INFO] [stderr]    Compiling linux-raw-sys v0.11.0
[INFO] [stderr]    Compiling want v0.3.1
[INFO] [stderr]    Compiling futures-channel v0.3.31
[INFO] [stderr]    Compiling zmij v1.0.16
[INFO] [stderr]    Compiling simd-adler32 v0.3.8
[INFO] [stderr]    Compiling lazy_static v1.5.0
[INFO] [stderr]    Compiling indexmap v2.13.0
[INFO] [stderr]    Compiling cfg_aliases v0.2.1
[INFO] [stderr]    Compiling zstd-safe v7.2.4
[INFO] [stderr]    Compiling thiserror v2.0.18
[INFO] [stderr]    Compiling syn v2.0.114
[INFO] [stderr]    Compiling crossbeam-utils v0.8.21
[INFO] [stderr]    Compiling powerfmt v0.2.0
[INFO] [stderr]    Compiling http v1.4.0
[INFO] [stderr]    Compiling utf8parse v0.2.2
[INFO] [stderr]    Compiling openssl-probe v0.1.6
[INFO] [stderr]    Compiling regex-syntax v0.8.8
[INFO] [stderr]    Compiling getrandom v0.3.4
[INFO] [stderr]    Compiling deranged v0.5.5
[INFO] [stderr]    Compiling anstyle-parse v0.2.7
[INFO] [stderr]    Compiling nix v0.30.1
[INFO] [stderr]    Compiling form_urlencoded v1.2.2
[INFO] [stderr]    Compiling sync_wrapper v1.0.2
[INFO] [stderr]    Compiling memchr v2.7.6
[INFO] [stderr]    Compiling ipnet v2.11.0
[INFO] [stderr]    Compiling ryu v1.0.22
[INFO] [stderr]    Compiling adler2 v2.0.1
[INFO] [stderr]    Compiling portable-atomic v1.13.0
[INFO] [stderr]    Compiling is_terminal_polyfill v1.70.2
[INFO] [stderr]    Compiling base64 v0.22.1
[INFO] [stderr]    Compiling anstyle v1.0.13
[INFO] [stderr]    Compiling jobserver v0.1.34
[INFO] [stderr]    Compiling utf8_iter v1.0.4
[INFO] [stderr]    Compiling anstyle-query v1.1.5
[INFO] [stderr]    Compiling time-core v0.1.7
[INFO] [stderr]    Compiling tower-layer v0.3.3
[INFO] [stderr]    Compiling num-conv v0.1.0
[INFO] [stderr]    Compiling cc v1.2.53
[INFO] [stderr]    Compiling cpufeatures v0.2.17
[INFO] [stderr]    Compiling serde_json v1.0.149
[INFO] [stderr]    Compiling crc-catalog v2.4.0
[INFO] [stderr]    Compiling colorchoice v1.0.4
[INFO] [stderr]    Compiling crc v3.4.0
[INFO] [stderr]    Compiling anstream v0.6.21
[INFO] [stderr]    Compiling errno v0.3.14
[INFO] [stderr]    Compiling signal-hook-registry v1.4.8
[INFO] [stderr]    Compiling socket2 v0.6.1
[INFO] [stderr]    Compiling mio v1.1.1
[INFO] [stderr]    Compiling crypto-common v0.1.7
[INFO] [stderr]    Compiling block-buffer v0.10.4
[INFO] [stderr]    Compiling inout v0.1.4
[INFO] [stderr]    Compiling parking_lot v0.12.5
[INFO] [stderr]    Compiling digest v0.10.7
[INFO] [stderr]    Compiling cipher v0.4.4
[INFO] [stderr]    Compiling http-body v1.0.1
[INFO] [stderr]    Compiling miniz_oxide v0.8.9
[INFO] [stderr]    Compiling http-body-util v0.1.3
[INFO] [stderr]    Compiling tracing-log v0.2.0
[INFO] [stderr]    Compiling regex-automata v0.4.13
[INFO] [stderr]    Compiling hmac v0.12.1
[INFO] [stderr]    Compiling sharded-slab v0.1.7
[INFO] [stderr]    Compiling thread_local v1.1.9
[INFO] [stderr]    Compiling heck v0.5.0
[INFO] [stderr]    Compiling zip v2.4.2
[INFO] [stderr]    Compiling winnow v0.7.14
[INFO] [stderr]    Compiling unicode-width v0.2.2
[INFO] [stderr]    Compiling option-ext v0.2.0
[INFO] [stderr]    Compiling time v0.3.45
[INFO] [stderr]    Compiling clap_lex v0.7.7
[INFO] [stderr]    Compiling toml_write v0.1.2
[INFO] [stderr]    Compiling bumpalo v3.19.1
[INFO] [stderr]    Compiling nu-ansi-term v0.50.3
[INFO] [stderr]    Compiling byteorder v1.5.0
[INFO] [stderr]    Compiling iri-string v0.7.10
[INFO] [stderr]    Compiling strsim v0.11.1
[INFO] [stderr]    Compiling console v0.15.11
[INFO] [stderr]    Compiling lzma-rs v0.3.0
[INFO] [stderr]    Compiling flate2 v1.1.8
[INFO] [stderr]    Compiling zopfli v0.8.3
[INFO] [stderr]    Compiling clap_builder v4.5.54
[INFO] [stderr]    Compiling dirs-sys v0.4.1
[INFO] [stderr]    Compiling openssl-sys v0.9.111
[INFO] [stderr]    Compiling zstd-sys v2.0.16+zstd.1.5.7
[INFO] [stderr]    Compiling lzma-sys v0.1.20
[INFO] [stderr]    Compiling bzip2-sys v0.1.13+1.0.8
[INFO] [stderr]    Compiling bzip2 v0.5.2
[INFO] [stderr]    Compiling xattr v1.6.1
[INFO] [stderr]    Compiling crossbeam-channel v0.5.15
[INFO] [stderr]    Compiling xz2 v0.1.7
[INFO] [stderr]    Compiling pbkdf2 v0.12.2
[INFO] [stderr]    Compiling sha1 v0.10.6
[INFO] [stderr]    Compiling aes v0.8.4
[INFO] [stderr]    Compiling filetime v0.2.27
[INFO] [stderr]    Compiling encoding_rs v0.8.35
[INFO] [stderr]    Compiling deflate64 v0.1.10
[INFO] [stderr]    Compiling constant_time_eq v0.3.1
[INFO] [stderr]    Compiling either v1.15.0
[INFO] [stderr]    Compiling fastrand v2.3.0
[INFO] [stderr]    Compiling unsafe-libyaml v0.2.11
[INFO] [stderr]    Compiling env_home v0.1.0
[INFO] [stderr]    Compiling mime v0.3.17
[INFO] [stderr]    Compiling number_prefix v0.4.0
[INFO] [stderr]    Compiling doctest-file v1.0.0
[INFO] [stderr]    Compiling indicatif v0.17.11
[INFO] [stderr]    Compiling tempfile v3.24.0
[INFO] [stderr]    Compiling which v7.0.3
[INFO] [stderr]    Compiling tar v0.4.44
[INFO] [stderr]    Compiling directories v5.0.1
[INFO] [stderr]    Compiling colored v2.2.0
[INFO] [stderr]    Compiling matchers v0.2.0
[INFO] [stderr]    Compiling semver v1.0.27
[INFO] [stderr]    Compiling synstructure v0.13.2
[INFO] [stderr]    Compiling zerofrom-derive v0.1.6
[INFO] [stderr]    Compiling yoke-derive v0.8.1
[INFO] [stderr]    Compiling zerovec-derive v0.11.2
[INFO] [stderr]    Compiling displaydoc v0.2.5
[INFO] [stderr]    Compiling tokio-macros v2.6.0
[INFO] [stderr]    Compiling serde_derive v1.0.228
[INFO] [stderr]    Compiling tracing-attributes v0.1.31
[INFO] [stderr]    Compiling futures-macro v0.3.31
[INFO] [stderr]    Compiling openssl-macros v0.1.1
[INFO] [stderr]    Compiling zeroize_derive v1.4.3
[INFO] [stderr]    Compiling tokio v1.49.0
[INFO] [stderr]    Compiling zeroize v1.8.2
[INFO] [stderr]    Compiling thiserror-impl v2.0.18
[INFO] [stderr]    Compiling rustls-pki-types v1.14.0
[INFO] [stderr]    Compiling futures-util v0.3.31
[INFO] [stderr]    Compiling clap_derive v4.5.49
[INFO] [stderr]    Compiling zerofrom v0.1.6
[INFO] [stderr]    Compiling async-trait v0.1.89
[INFO] [stderr]    Compiling yoke v0.8.1
[INFO] [stderr]    Compiling zerovec v0.11.5
[INFO] [stderr]    Compiling tracing v0.1.44
[INFO] [stderr]    Compiling zerotrie v0.2.3
[INFO] [stderr]    Compiling tracing-subscriber v0.3.22
[INFO] [stderr]    Compiling tinystr v0.8.2
[INFO] [stderr]    Compiling potential_utf v0.1.4
[INFO] [stderr]    Compiling icu_locale_core v2.1.1
[INFO] [stderr]    Compiling icu_collections v2.1.1
[INFO] [stderr]    Compiling clap v4.5.54
[INFO] [stderr]    Compiling icu_provider v2.1.1
[INFO] [stderr]    Compiling icu_properties v2.1.2
[INFO] [stderr]    Compiling icu_normalizer v2.1.1
[INFO] [stderr]    Compiling serde_spanned v0.6.9
[INFO] [stderr]    Compiling toml_datetime v0.6.11
[INFO] [stderr]    Compiling serde_urlencoded v0.7.1
[INFO] [stderr]    Compiling toml_edit v0.22.27
[INFO] [stderr]    Compiling os_info v3.14.0
[INFO] [stderr]    Compiling serde_yaml v0.9.34+deprecated
[INFO] [stderr]    Compiling tracing-appender v0.2.4
[INFO] [stderr]    Compiling idna_adapter v1.2.1
[INFO] [stderr]    Compiling idna v1.1.0
[INFO] [stderr]    Compiling url v2.5.8
[INFO] [stderr]    Compiling tokio-util v0.7.18
[INFO] [stderr]    Compiling tokio-native-tls v0.3.1
[INFO] [stderr]    Compiling tower v0.5.3
[INFO] [stderr]    Compiling interprocess v2.2.3
[INFO] [stderr]    Compiling toml v0.8.23
[INFO] [stderr]    Compiling tower-http v0.6.8
[INFO] [stderr]    Compiling h2 v0.4.13
[INFO] [stderr]    Compiling hyper v1.8.1
[INFO] [stderr]    Compiling hyper-util v0.1.19
[INFO] [stderr]    Compiling hyper-tls v0.6.0
[INFO] [stderr]    Compiling reqwest v0.12.28
[INFO] [stderr]    Compiling zstd v0.13.3
[INFO] [stderr]    Compiling debugger-cli v0.1.3 (/opt/rustwide/workdir)
[INFO] [stdout] warning: value assigned to `last_error` is never read
[INFO] [stdout]    --> src/dap/client.rs:265:34
[INFO] [stdout]     |
[INFO] [stdout] 265 |             let mut last_error = None;
[INFO] [stdout]     |                                  ^^^^ this value is reassigned later and never used
[INFO] [stdout] ...
[INFO] [stdout] 275 |                         last_error = Some(e);
[INFO] [stdout]     |                         ---------- `last_error` is overwritten here before the previous value is read
[INFO] [stdout]     |
[INFO] [stdout]     = note: `#[warn(unused_assignments)]` (part of `#[warn(unused)]`) on by default
[INFO] [stdout] 
[INFO] [stdout] 
[INFO] [stdout] warning: value assigned to `last_error` is never read
[INFO] [stdout]    --> src/setup/verifier.rs:167:30
[INFO] [stdout]     |
[INFO] [stdout] 167 |         let mut last_error = String::new();
[INFO] [stdout]     |                              ^^^^^^^^^^^^^ this value is reassigned later and never used
[INFO] [stdout] ...
[INFO] [stdout] 177 |                     last_error = e.to_string();
[INFO] [stdout]     |                     ---------- `last_error` is overwritten here before the previous value is read
[INFO] [stdout] 
[INFO] [stdout] 
[INFO] [stdout] warning: variants `Idle`, `Initializing`, and `Configuring` are never constructed
[INFO] [stdout]   --> src/daemon/session.rs:22:5
[INFO] [stdout]    |
[INFO] [stdout] 20 | pub enum SessionState {
[INFO] [stdout]    |          ------------ variants in this enum
[INFO] [stdout] 21 |     /// No active session
[INFO] [stdout] 22 |     Idle,
[INFO] [stdout]    |     ^^^^
[INFO] [stdout] 23 |     /// DAP adapter starting
[INFO] [stdout] 24 |     Initializing,
[INFO] [stdout]    |     ^^^^^^^^^^^^
[INFO] [stdout] 25 |     /// Setting initial breakpoints
[INFO] [stdout] 26 |     Configuring,
[INFO] [stdout]    |     ^^^^^^^^^^^
[INFO] [stdout]    |
[INFO] [stdout]    = note: `SessionState` has derived impls for the traits `Clone` and `Debug`, but these are intentionally ignored during dead code analysis
[INFO] [stdout]    = note: `#[warn(dead_code)]` (part of `#[warn(unused)]`) on by default
[INFO] [stdout] 
[INFO] [stdout] 
[INFO] [stdout] warning: fields `category` and `timestamp` are never read
[INFO] [stdout]   --> src/daemon/session.rs:67:9
[INFO] [stdout]    |
[INFO] [stdout] 66 | pub struct OutputEvent {
[INFO] [stdout]    |            ----------- fields in this struct
[INFO] [stdout] 67 |     pub category: String,
[INFO] [stdout]    |         ^^^^^^^^
[INFO] [stdout] 68 |     pub output: String,
[INFO] [stdout] 69 |     pub timestamp: std::time::Instant,
[INFO] [stdout]    |         ^^^^^^^^^
[INFO] [stdout]    |
[INFO] [stdout]    = note: `OutputEvent` has derived impls for the traits `Clone` and `Debug`, but these are intentionally ignored during dead code analysis
[INFO] [stdout] 
[INFO] [stdout] 
[INFO] [stdout] warning: fields `args` and `dap_request_timeout` are never read
[INFO] [stdout]    --> src/daemon/session.rs:85:5
[INFO] [stdout]     |
[INFO] [stdout]  73 | pub struct DebugSession {
[INFO] [stdout]     |            ------------ fields in this struct
[INFO] [stdout] ...
[INFO] [stdout]  85 |     args: Vec<String>,
[INFO] [stdout]     |     ^^^^
[INFO] [stdout] ...
[INFO] [stdout] 123 |     dap_request_timeout: std::time::Duration,
[INFO] [stdout]     |     ^^^^^^^^^^^^^^^^^^^
[INFO] [stdout] 
[INFO] [stdout] 
[INFO] [stdout] warning: method `get_selected_thread` is never used
[INFO] [stdout]     --> src/daemon/session.rs:1154:12
[INFO] [stdout]      |
[INFO] [stdout]  126 | impl DebugSession {
[INFO] [stdout]      | ----------------- method in this implementation
[INFO] [stdout] ...
[INFO] [stdout] 1154 |     pub fn get_selected_thread(&self) -> Option<i64> {
[INFO] [stdout]      |            ^^^^^^^^^^^^^^^^^^^
[INFO] [stdout] 
[INFO] [stdout] 
[INFO] [stderr] warning: unused dependency `os_info`
[INFO] [stderr]   --> Cargo.toml:86:34
[INFO] [stderr]    |
[INFO] [stderr] 86 | [target."cfg(unix)".dependencies.os_info]
[INFO] [stderr]    |                                  ^^^^^^^^
[INFO] [stderr]    |
[INFO] [stderr]    = note: `cargo::unused_dependencies` is set to `warn` by default
[INFO] [stderr] help: consider removing the dependency on `os_info`
[INFO] [stderr] warning: unused dependency `semver`
[INFO] [stderr]   --> Cargo.toml:93:34
[INFO] [stderr]    |
[INFO] [stderr] 93 | [target."cfg(unix)".dependencies.semver]
[INFO] [stderr]    |                                  ^^^^^^^
[INFO] [stderr]    |
[INFO] [stderr] help: consider removing the dependency on `semver`
[INFO] [stderr] warning: unused dependency `tracing-appender`
[INFO] [stderr]   --> Cargo.toml:30:15
[INFO] [stderr]    |
[INFO] [stderr] 30 | [dependencies.tracing-appender]
[INFO] [stderr]    |               ^^^^^^^^^^^^^^^^^
[INFO] [stderr]    |
[INFO] [stderr] help: consider removing the dependency on `tracing-appender`
[INFO] [stderr] warning: `debugger-cli` (manifest) generated 3 warnings
[INFO] [stderr]     Finished `release` profile [optimized] target(s) in 4m 02s
[INFO] [stderr] warning: the following packages contain code that will be rejected by a future version of Rust: nix v0.30.1
[INFO] [stderr] note: to see what the problems were, use the option `--future-incompat-report`, or run `cargo report future-incompatibilities --id 1`
[INFO] running `Command { std: "docker" "inspect" "9887ace96e7e53b1a88f591c422c7e1b69e15f033220638925e60d0eafa384a2", kill_on_drop: false }`
[INFO] running `Command { std: "docker" "exec" "-e" "SOURCE_DIR=/opt/rustwide/workdir" "-e" "CARGO_HOME=/opt/rustwide/cargo-home" "-e" "RUSTUP_HOME=/opt/rustwide/rustup-home" "-e" "CARGO_TARGET_DIR=/opt/rustwide/target" "-e" "CARGO_INCREMENTAL=0" "-e" "RUST_BACKTRACE=full" "-e" "RUSTFLAGS=--cap-lints=warn" "-e" "RUSTDOCFLAGS=--cap-lints=warn" "-w" "/opt/rustwide/workdir" "--user" "0:0" "9887ace96e7e53b1a88f591c422c7e1b69e15f033220638925e60d0eafa384a2" "/opt/rustwide/cargo-home/bin/cargo" "+1.100.0-beta.1" "test" "--frozen" "--no-run" "--message-format=json" "--release", kill_on_drop: false }`
[INFO] [stderr] warning: `package.homepage` is redundant with `package.repository`
[INFO] [stderr]   --> Cargo.toml:53:12
[INFO] [stderr]    |
[INFO] [stderr] 53 | homepage = "https://github.com/akiselev/debugger-cli"
[INFO] [stderr]    |            ^^^^^^^^^^^^^^^^^^^^^^^^^^^^^^^^^^^^^^^^^^
[INFO] [stderr] ...
[INFO] [stderr] 58 | repository = "https://github.com/akiselev/debugger-cli"
[INFO] [stderr]    |              ------------------------------------------
[INFO] [stderr]    |
[INFO] [stderr]    = note: `cargo::redundant_homepage` is set to `warn` by default
[INFO] [stderr] help: consider removing `package.homepage`
[INFO] [stderr] warning: `debugger-cli` (manifest) generated 1 warning
[INFO] [stdout] warning: value assigned to `last_error` is never read
[INFO] [stdout]    --> src/dap/client.rs:265:34
[INFO] [stdout]     |
[INFO] [stdout] 265 |             let mut last_error = None;
[INFO] [stdout]     |                                  ^^^^ this value is reassigned later and never used
[INFO] [stdout] ...
[INFO] [stdout] 275 |                         last_error = Some(e);
[INFO] [stdout]     |                         ---------- `last_error` is overwritten here before the previous value is read
[INFO] [stdout]     |
[INFO] [stdout]     = note: `#[warn(unused_assignments)]` (part of `#[warn(unused)]`) on by default
[INFO] [stdout] 
[INFO] [stdout] 
[INFO] [stdout] warning: value assigned to `last_error` is never read
[INFO] [stdout]    --> src/setup/verifier.rs:167:30
[INFO] [stdout]     |
[INFO] [stdout] 167 |         let mut last_error = String::new();
[INFO] [stdout]     |                              ^^^^^^^^^^^^^ this value is reassigned later and never used
[INFO] [stdout] ...
[INFO] [stdout] 177 |                     last_error = e.to_string();
[INFO] [stdout]     |                     ---------- `last_error` is overwritten here before the previous value is read
[INFO] [stdout] 
[INFO] [stdout] 
[INFO] [stdout] warning: variants `Idle`, `Initializing`, and `Configuring` are never constructed
[INFO] [stdout]   --> src/daemon/session.rs:22:5
[INFO] [stdout]    |
[INFO] [stdout] 20 | pub enum SessionState {
[INFO] [stdout]    |          ------------ variants in this enum
[INFO] [stdout] 21 |     /// No active session
[INFO] [stdout] 22 |     Idle,
[INFO] [stdout]    |     ^^^^
[INFO] [stdout] 23 |     /// DAP adapter starting
[INFO] [stdout] 24 |     Initializing,
[INFO] [stdout]    |     ^^^^^^^^^^^^
[INFO] [stdout] 25 |     /// Setting initial breakpoints
[INFO] [stdout] 26 |     Configuring,
[INFO] [stdout]    |     ^^^^^^^^^^^
[INFO] [stdout]    |
[INFO] [stdout]    = note: `SessionState` has derived impls for the traits `Clone` and `Debug`, but these are intentionally ignored during dead code analysis
[INFO] [stdout]    = note: `#[warn(dead_code)]` (part of `#[warn(unused)]`) on by default
[INFO] [stdout] 
[INFO] [stdout] 
[INFO] [stdout] warning: fields `category` and `timestamp` are never read
[INFO] [stdout]   --> src/daemon/session.rs:67:9
[INFO] [stdout]    |
[INFO] [stdout] 66 | pub struct OutputEvent {
[INFO] [stdout]    |            ----------- fields in this struct
[INFO] [stdout] 67 |     pub category: String,
[INFO] [stdout]    |         ^^^^^^^^
[INFO] [stdout] 68 |     pub output: String,
[INFO] [stdout] 69 |     pub timestamp: std::time::Instant,
[INFO] [stdout]    |         ^^^^^^^^^
[INFO] [stdout]    |
[INFO] [stdout]    = note: `OutputEvent` has derived impls for the traits `Clone` and `Debug`, but these are intentionally ignored during dead code analysis
[INFO] [stdout] 
[INFO] [stdout] 
[INFO] [stdout] warning: fields `args` and `dap_request_timeout` are never read
[INFO] [stdout]    --> src/daemon/session.rs:85:5
[INFO] [stdout]     |
[INFO] [stdout]  73 | pub struct DebugSession {
[INFO] [stdout]     |            ------------ fields in this struct
[INFO] [stdout] ...
[INFO] [stdout]  85 |     args: Vec<String>,
[INFO] [stdout]     |     ^^^^
[INFO] [stdout] ...
[INFO] [stdout] 123 |     dap_request_timeout: std::time::Duration,
[INFO] [stdout]     |     ^^^^^^^^^^^^^^^^^^^
[INFO] [stdout] 
[INFO] [stdout] 
[INFO] [stdout] warning: method `get_selected_thread` is never used
[INFO] [stdout]     --> src/daemon/session.rs:1154:12
[INFO] [stdout]      |
[INFO] [stdout]  126 | impl DebugSession {
[INFO] [stdout]      | ----------------- method in this implementation
[INFO] [stdout] ...
[INFO] [stdout] 1154 |     pub fn get_selected_thread(&self) -> Option<i64> {
[INFO] [stdout]      |            ^^^^^^^^^^^^^^^^^^^
[INFO] [stdout] 
[INFO] [stdout] 
[INFO] [stderr]    Compiling debugger-cli v0.1.3 (/opt/rustwide/workdir)
[INFO] [stdout] warning: unused import: `BufReader`
[INFO] [stdout]   --> tests/integration.rs:11:24
[INFO] [stdout]    |
[INFO] [stdout] 11 | use std::io::{BufRead, BufReader};
[INFO] [stdout]    |                        ^^^^^^^^^
[INFO] [stdout]    |
[INFO] [stdout]    = note: `#[warn(unused_imports)]` (part of `#[warn(unused)]`) on by default
[INFO] [stdout] 
[INFO] [stdout] 
[INFO] [stdout] warning: unused import: `Stdio`
[INFO] [stdout]   --> tests/integration.rs:13:29
[INFO] [stdout]    |
[INFO] [stdout] 13 | use std::process::{Command, Stdio};
[INFO] [stdout]    |                             ^^^^^
[INFO] [stdout] 
[INFO] [stdout] 
[INFO] [stdout] warning: unused import: `BufRead`
[INFO] [stdout]   --> tests/integration.rs:11:15
[INFO] [stdout]    |
[INFO] [stdout] 11 | use std::io::{BufRead, BufReader};
[INFO] [stdout]    |               ^^^^^^^
[INFO] [stdout] 
[INFO] [stdout] 
[INFO] [stdout] warning: method `build_rust_fixture` is never used
[INFO] [stdout]   --> tests/integration.rs:96:8
[INFO] [stdout]    |
[INFO] [stdout] 32 | impl TestContext {
[INFO] [stdout]    | ---------------- method in this implementation
[INFO] [stdout] ...
[INFO] [stdout] 96 |     fn build_rust_fixture(&mut self, name: &str) -> &PathBuf {
[INFO] [stdout]    |        ^^^^^^^^^^^^^^^^^^
[INFO] [stdout]    |
[INFO] [stdout]    = note: `#[warn(dead_code)]` (part of `#[warn(unused)]`) on by default
[INFO] [stdout] 
[INFO] [stdout] 
[INFO] [stdout] warning: field `code` is never read
[INFO] [stdout]    --> tests/integration.rs:292:5
[INFO] [stdout]     |
[INFO] [stdout] 288 | struct DebuggerOutput {
[INFO] [stdout]     |        -------------- field in this struct
[INFO] [stdout] ...
[INFO] [stdout] 292 |     code: Option<i32>,
[INFO] [stdout]     |     ^^^^
[INFO] [stdout]     |
[INFO] [stdout]     = note: `DebuggerOutput` has a derived impl for the trait `Debug`, but this is intentionally ignored during dead code analysis
[INFO] [stdout] 
[INFO] [stdout] 
[INFO] [stdout] warning: value assigned to `last_error` is never read
[INFO] [stdout]    --> src/dap/client.rs:265:34
[INFO] [stdout]     |
[INFO] [stdout] 265 |             let mut last_error = None;
[INFO] [stdout]     |                                  ^^^^ this value is reassigned later and never used
[INFO] [stdout] ...
[INFO] [stdout] 275 |                         last_error = Some(e);
[INFO] [stdout]     |                         ---------- `last_error` is overwritten here before the previous value is read
[INFO] [stdout]     |
[INFO] [stdout]     = note: `#[warn(unused_assignments)]` (part of `#[warn(unused)]`) on by default
[INFO] [stdout] 
[INFO] [stdout] 
[INFO] [stdout] warning: value assigned to `last_error` is never read
[INFO] [stdout]    --> src/setup/verifier.rs:167:30
[INFO] [stdout]     |
[INFO] [stdout] 167 |         let mut last_error = String::new();
[INFO] [stdout]     |                              ^^^^^^^^^^^^^ this value is reassigned later and never used
[INFO] [stdout] ...
[INFO] [stdout] 177 |                     last_error = e.to_string();
[INFO] [stdout]     |                     ---------- `last_error` is overwritten here before the previous value is read
[INFO] [stdout] 
[INFO] [stdout] 
[INFO] [stdout] warning: variants `Idle`, `Initializing`, and `Configuring` are never constructed
[INFO] [stdout]   --> src/daemon/session.rs:22:5
[INFO] [stdout]    |
[INFO] [stdout] 20 | pub enum SessionState {
[INFO] [stdout]    |          ------------ variants in this enum
[INFO] [stdout] 21 |     /// No active session
[INFO] [stdout] 22 |     Idle,
[INFO] [stdout]    |     ^^^^
[INFO] [stdout] 23 |     /// DAP adapter starting
[INFO] [stdout] 24 |     Initializing,
[INFO] [stdout]    |     ^^^^^^^^^^^^
[INFO] [stdout] 25 |     /// Setting initial breakpoints
[INFO] [stdout] 26 |     Configuring,
[INFO] [stdout]    |     ^^^^^^^^^^^
[INFO] [stdout]    |
[INFO] [stdout]    = note: `SessionState` has derived impls for the traits `Clone` and `Debug`, but these are intentionally ignored during dead code analysis
[INFO] [stdout]    = note: `#[warn(dead_code)]` (part of `#[warn(unused)]`) on by default
[INFO] [stdout] 
[INFO] [stdout] 
[INFO] [stdout] warning: fields `category` and `timestamp` are never read
[INFO] [stdout]   --> src/daemon/session.rs:67:9
[INFO] [stdout]    |
[INFO] [stdout] 66 | pub struct OutputEvent {
[INFO] [stdout]    |            ----------- fields in this struct
[INFO] [stdout] 67 |     pub category: String,
[INFO] [stdout]    |         ^^^^^^^^
[INFO] [stdout] 68 |     pub output: String,
[INFO] [stdout] 69 |     pub timestamp: std::time::Instant,
[INFO] [stdout]    |         ^^^^^^^^^
[INFO] [stdout]    |
[INFO] [stdout]    = note: `OutputEvent` has derived impls for the traits `Clone` and `Debug`, but these are intentionally ignored during dead code analysis
[INFO] [stdout] 
[INFO] [stdout] 
[INFO] [stdout] warning: fields `args` and `dap_request_timeout` are never read
[INFO] [stdout]    --> src/daemon/session.rs:85:5
[INFO] [stdout]     |
[INFO] [stdout]  73 | pub struct DebugSession {
[INFO] [stdout]     |            ------------ fields in this struct
[INFO] [stdout] ...
[INFO] [stdout]  85 |     args: Vec<String>,
[INFO] [stdout]     |     ^^^^
[INFO] [stdout] ...
[INFO] [stdout] 123 |     dap_request_timeout: std::time::Duration,
[INFO] [stdout]     |     ^^^^^^^^^^^^^^^^^^^
[INFO] [stdout] 
[INFO] [stdout] 
[INFO] [stdout] warning: method `get_selected_thread` is never used
[INFO] [stdout]     --> src/daemon/session.rs:1154:12
[INFO] [stdout]      |
[INFO] [stdout]  126 | impl DebugSession {
[INFO] [stdout]      | ----------------- method in this implementation
[INFO] [stdout] ...
[INFO] [stdout] 1154 |     pub fn get_selected_thread(&self) -> Option<i64> {
[INFO] [stdout]      |            ^^^^^^^^^^^^^^^^^^^
[INFO] [stdout] 
[INFO] [stdout] 
[INFO] [stderr] warning: unused dependency `os_info`
[INFO] [stderr]   --> Cargo.toml:86:34
[INFO] [stderr]    |
[INFO] [stderr] 86 | [target."cfg(unix)".dependencies.os_info]
[INFO] [stderr]    |                                  ^^^^^^^^
[INFO] [stderr]    |
[INFO] [stderr]    = note: `cargo::unused_dependencies` is set to `warn` by default
[INFO] [stderr] help: consider removing the dependency on `os_info`
[INFO] [stderr] warning: unused dependency `semver`
[INFO] [stderr]   --> Cargo.toml:93:34
[INFO] [stderr]    |
[INFO] [stderr] 93 | [target."cfg(unix)".dependencies.semver]
[INFO] [stderr]    |                                  ^^^^^^^
[INFO] [stderr]    |
[INFO] [stderr] help: consider removing the dependency on `semver`
[INFO] [stderr] warning: unused dependency `tracing-appender`
[INFO] [stderr]   --> Cargo.toml:30:15
[INFO] [stderr]    |
[INFO] [stderr] 30 | [dependencies.tracing-appender]
[INFO] [stderr]    |               ^^^^^^^^^^^^^^^^^
[INFO] [stderr]    |
[INFO] [stderr] help: consider removing the dependency on `tracing-appender`
[INFO] [stderr] warning: `debugger-cli` (manifest) generated 3 warnings
[INFO] [stderr]     Finished `release` profile [optimized] target(s) in 44.20s
[INFO] [stderr] warning: the following packages contain code that will be rejected by a future version of Rust: nix v0.30.1
[INFO] [stderr] note: to see what the problems were, use the option `--future-incompat-report`, or run `cargo report future-incompatibilities --id 1`
[INFO] running `Command { std: "docker" "inspect" "9887ace96e7e53b1a88f591c422c7e1b69e15f033220638925e60d0eafa384a2", kill_on_drop: false }`
[INFO] running `Command { std: "docker" "exec" "-e" "SOURCE_DIR=/opt/rustwide/workdir" "-e" "CARGO_HOME=/opt/rustwide/cargo-home" "-e" "RUSTUP_HOME=/opt/rustwide/rustup-home" "-e" "CARGO_TARGET_DIR=/opt/rustwide/target" "-e" "CARGO_INCREMENTAL=0" "-e" "RUST_BACKTRACE=full" "-e" "RUSTFLAGS=--cap-lints=warn" "-e" "RUSTDOCFLAGS=--cap-lints=warn" "-w" "/opt/rustwide/workdir" "--user" "0:0" "9887ace96e7e53b1a88f591c422c7e1b69e15f033220638925e60d0eafa384a2" "/opt/rustwide/cargo-home/bin/cargo" "+1.100.0-beta.1" "test" "--frozen" "--release", kill_on_drop: false }`
[INFO] [stderr] warning: `package.homepage` is redundant with `package.repository`
[INFO] [stderr]   --> Cargo.toml:53:12
[INFO] [stderr]    |
[INFO] [stderr] 53 | homepage = "https://github.com/akiselev/debugger-cli"
[INFO] [stderr]    |            ^^^^^^^^^^^^^^^^^^^^^^^^^^^^^^^^^^^^^^^^^^
[INFO] [stderr] ...
[INFO] [stderr] 58 | repository = "https://github.com/akiselev/debugger-cli"
[INFO] [stderr]    |              ------------------------------------------
[INFO] [stderr]    |
[INFO] [stderr]    = note: `cargo::redundant_homepage` is set to `warn` by default
[INFO] [stderr] help: consider removing `package.homepage`
[INFO] [stderr] warning: `debugger-cli` (manifest) generated 1 warning
[INFO] [stderr] warning: value assigned to `last_error` is never read
[INFO] [stderr]    --> src/dap/client.rs:265:34
[INFO] [stderr]     |
[INFO] [stderr] 265 |             let mut last_error = None;
[INFO] [stderr]     |                                  ^^^^ this value is reassigned later and never used
[INFO] [stderr] ...
[INFO] [stderr] 275 |                         last_error = Some(e);
[INFO] [stderr]     |                         ---------- `last_error` is overwritten here before the previous value is read
[INFO] [stderr]     |
[INFO] [stderr]     = note: `#[warn(unused_assignments)]` (part of `#[warn(unused)]`) on by default
[INFO] [stderr] 
[INFO] [stderr] warning: value assigned to `last_error` is never read
[INFO] [stderr]    --> src/setup/verifier.rs:167:30
[INFO] [stderr]     |
[INFO] [stderr] 167 |         let mut last_error = String::new();
[INFO] [stderr]     |                              ^^^^^^^^^^^^^ this value is reassigned later and never used
[INFO] [stderr] ...
[INFO] [stderr] 177 |                     last_error = e.to_string();
[INFO] [stderr]     |                     ---------- `last_error` is overwritten here before the previous value is read
[INFO] [stderr] 
[INFO] [stderr] warning: variants `Idle`, `Initializing`, and `Configuring` are never constructed
[INFO] [stderr]   --> src/daemon/session.rs:22:5
[INFO] [stderr]    |
[INFO] [stderr] 20 | pub enum SessionState {
[INFO] [stderr]    |          ------------ variants in this enum
[INFO] [stderr] 21 |     /// No active session
[INFO] [stderr] 22 |     Idle,
[INFO] [stderr]    |     ^^^^
[INFO] [stderr] 23 |     /// DAP adapter starting
[INFO] [stderr] 24 |     Initializing,
[INFO] [stderr]    |     ^^^^^^^^^^^^
[INFO] [stderr] 25 |     /// Setting initial breakpoints
[INFO] [stderr] 26 |     Configuring,
[INFO] [stderr]    |     ^^^^^^^^^^^
[INFO] [stderr]    |
[INFO] [stderr]    = note: `SessionState` has derived impls for the traits `Clone` and `Debug`, but these are intentionally ignored during dead code analysis
[INFO] [stderr]    = note: `#[warn(dead_code)]` (part of `#[warn(unused)]`) on by default
[INFO] [stderr] 
[INFO] [stderr] warning: fields `category` and `timestamp` are never read
[INFO] [stderr]   --> src/daemon/session.rs:67:9
[INFO] [stderr]    |
[INFO] [stderr] 66 | pub struct OutputEvent {
[INFO] [stderr]    |            ----------- fields in this struct
[INFO] [stderr] 67 |     pub category: String,
[INFO] [stderr]    |         ^^^^^^^^
[INFO] [stderr] 68 |     pub output: String,
[INFO] [stderr] 69 |     pub timestamp: std::time::Instant,
[INFO] [stderr]    |         ^^^^^^^^^
[INFO] [stderr]    |
[INFO] [stderr]    = note: `OutputEvent` has derived impls for the traits `Clone` and `Debug`, but these are intentionally ignored during dead code analysis
[INFO] [stderr] 
[INFO] [stderr] warning: fields `args` and `dap_request_timeout` are never read
[INFO] [stderr]    --> src/daemon/session.rs:85:5
[INFO] [stderr]     |
[INFO] [stderr]  73 | pub struct DebugSession {
[INFO] [stderr]     |            ------------ fields in this struct
[INFO] [stderr] ...
[INFO] [stderr]  85 |     args: Vec<String>,
[INFO] [stderr]     |     ^^^^
[INFO] [stderr] ...
[INFO] [stderr] 123 |     dap_request_timeout: std::time::Duration,
[INFO] [stderr]     |     ^^^^^^^^^^^^^^^^^^^
[INFO] [stderr] 
[INFO] [stderr] warning: method `get_selected_thread` is never used
[INFO] [stderr]     --> src/daemon/session.rs:1154:12
[INFO] [stderr]      |
[INFO] [stderr]  126 | impl DebugSession {
[INFO] [stderr]      | ----------------- method in this implementation
[INFO] [stderr] ...
[INFO] [stderr] 1154 |     pub fn get_selected_thread(&self) -> Option<i64> {
[INFO] [stderr]      |            ^^^^^^^^^^^^^^^^^^^
[INFO] [stderr] 
[INFO] [stderr] warning: `debugger-cli` (lib) generated 6 warnings
[INFO] [stderr] warning: `debugger-cli` (lib test) generated 6 warnings (6 duplicates)
[INFO] [stderr] warning: unused import: `BufReader`
[INFO] [stderr]   --> tests/integration.rs:11:24
[INFO] [stderr]    |
[INFO] [stderr] 11 | use std::io::{BufRead, BufReader};
[INFO] [stderr]    |                        ^^^^^^^^^
[INFO] [stderr]    |
[INFO] [stderr]    = note: `#[warn(unused_imports)]` (part of `#[warn(unused)]`) on by default
[INFO] [stderr] 
[INFO] [stderr] warning: unused import: `Stdio`
[INFO] [stderr]   --> tests/integration.rs:13:29
[INFO] [stderr]    |
[INFO] [stderr] 13 | use std::process::{Command, Stdio};
[INFO] [stderr]    |                             ^^^^^
[INFO] [stderr] 
[INFO] [stderr] warning: unused import: `BufRead`
[INFO] [stderr]   --> tests/integration.rs:11:15
[INFO] [stderr]    |
[INFO] [stderr] 11 | use std::io::{BufRead, BufReader};
[INFO] [stderr]    |               ^^^^^^^
[INFO] [stderr] 
[INFO] [stderr] warning: method `build_rust_fixture` is never used
[INFO] [stderr]   --> tests/integration.rs:96:8
[INFO] [stderr]    |
[INFO] [stderr] 32 | impl TestContext {
[INFO] [stderr]    | ---------------- method in this implementation
[INFO] [stderr] ...
[INFO] [stderr] 96 |     fn build_rust_fixture(&mut self, name: &str) -> &PathBuf {
[INFO] [stderr]    |        ^^^^^^^^^^^^^^^^^^
[INFO] [stderr]    |
[INFO] [stderr]    = note: `#[warn(dead_code)]` (part of `#[warn(unused)]`) on by default
[INFO] [stderr] 
[INFO] [stderr] warning: field `code` is never read
[INFO] [stderr]    --> tests/integration.rs:292:5
[INFO] [stderr]     |
[INFO] [stderr] 288 | struct DebuggerOutput {
[INFO] [stderr]     |        -------------- field in this struct
[INFO] [stderr] ...
[INFO] [stderr] 292 |     code: Option<i32>,
[INFO] [stderr]     |     ^^^^
[INFO] [stderr]     |
[INFO] [stderr]     = note: `DebuggerOutput` has a derived impl for the trait `Debug`, but this is intentionally ignored during dead code analysis
[INFO] [stderr] 
[INFO] [stderr] warning: `debugger-cli` (test "integration") generated 5 warnings (run `cargo fix --test "integration" -p debugger-cli` to apply 2 suggestions)
[INFO] [stderr] warning: unused dependency `os_info`
[INFO] [stderr]   --> Cargo.toml:86:34
[INFO] [stderr]    |
[INFO] [stderr] 86 | [target."cfg(unix)".dependencies.os_info]
[INFO] [stderr]    |                                  ^^^^^^^^
[INFO] [stderr]    |
[INFO] [stderr]    = note: `cargo::unused_dependencies` is set to `warn` by default
[INFO] [stderr] help: consider removing the dependency on `os_info`
[INFO] [stderr] warning: unused dependency `semver`
[INFO] [stderr]   --> Cargo.toml:93:34
[INFO] [stderr]    |
[INFO] [stderr] 93 | [target."cfg(unix)".dependencies.semver]
[INFO] [stderr]    |                                  ^^^^^^^
[INFO] [stderr]    |
[INFO] [stderr] help: consider removing the dependency on `semver`
[INFO] [stderr] warning: unused dependency `tracing-appender`
[INFO] [stderr]   --> Cargo.toml:30:15
[INFO] [stderr]    |
[INFO] [stderr] 30 | [dependencies.tracing-appender]
[INFO] [stderr]    |               ^^^^^^^^^^^^^^^^^
[INFO] [stderr]    |
[INFO] [stderr] help: consider removing the dependency on `tracing-appender`
[INFO] [stderr] warning: `debugger-cli` (manifest) generated 3 warnings
[INFO] [stderr]     Finished `release` profile [optimized] target(s) in 0.48s
[INFO] [stderr] warning: the following packages contain code that will be rejected by a future version of Rust: nix v0.30.1
[INFO] [stderr] note: to see what the problems were, use the option `--future-incompat-report`, or run `cargo report future-incompatibilities --id 1`
[INFO] [stderr]      Running unittests src/lib.rs (/opt/rustwide/target/release/build/debugger-cli/70ace095c5aea4a9/out/debugger-70ace095c5aea4a9)
[INFO] [stdout] 
[INFO] [stdout] running 18 tests
[INFO] [stdout] test dap::codec::tests::test_read_message ... ok
[INFO] [stdout] test common::paths::tests::test_socket_path_is_valid ... ok
[INFO] [stdout] test dap::codec::tests::test_read_message_with_extra_headers ... ok
[INFO] [stdout] test ipc::protocol::tests::test_parse_namespaced_function ... ok
[INFO] [stdout] test common::paths::tests::test_config_dir_is_valid ... ok
[INFO] [stdout] test setup::registry::tests::test_debuggers_for_language ... ok
[INFO] [stdout] test setup::detector::tests::test_debuggers_for_rust ... ok
[INFO] [stdout] test testing::runner::tests::test_parse_breakpoint_subcommands ... ok
[INFO] [stdout] test testing::runner::tests::test_parse_print_commands ... ok
[INFO] [stdout] test setup::registry::tests::test_all_debuggers_has_entries ... ok
[INFO] [stdout] test setup::detector::tests::test_detect_rust_project ... ok
[INFO] [stdout] test testing::runner::tests::test_parse_simple_commands ... ok
[INFO] [stdout] test testing::runner::tests::test_parse_break_commands ... ok
[INFO] [stdout] test ipc::protocol::tests::test_parse_function ... ok
[INFO] [stdout] test setup::registry::tests::test_get_debugger ... ok
[INFO] [stdout] test dap::codec::tests::test_write_message ... ok
[INFO] [stdout] test setup::detector::tests::test_detect_python_project ... ok
[INFO] [stdout] test ipc::protocol::tests::test_parse_file_line ... ok
[INFO] [stdout] 
[INFO] [stdout] test result: ok. 18 passed; 0 failed; 0 ignored; 0 measured; 0 filtered out; finished in 0.01s
[INFO] [stdout] 
[INFO] [stderr]      Running unittests src/main.rs (/opt/rustwide/target/release/build/debugger-cli/074623f9b67beb09/out/debugger-074623f9b67beb09)
[INFO] [stdout] 
[INFO] [stdout] running 0 tests
[INFO] [stdout] 
[INFO] [stdout] test result: ok. 0 passed; 0 failed; 0 ignored; 0 measured; 0 filtered out; finished in 0.00s
[INFO] [stdout] 
[INFO] [stderr]      Running tests/integration.rs (/opt/rustwide/target/release/build/debugger-cli/f5542e9874ee104f/out/integration-f5542e9874ee104f)
[INFO] [stdout] 
[INFO] [stdout] running 16 tests
[INFO] [stdout] test test_basic_debugging_workflow_c ... ignored, requires lldb-dap
[INFO] [stdout] test test_basic_debugging_workflow_c_gdb ... ignored, GDB DAP mode has different stopOnEntry behavior than LLDB
[INFO] [stdout] test test_basic_debugging_workflow_js ... ignored, requires js-debug
[INFO] [stdout] test test_basic_debugging_workflow_ts ... ignored, requires js-debug
[INFO] [stdout] test test_expression_evaluation_c ... ignored, requires lldb-dap
[INFO] [stdout] test test_expression_evaluation_js ... ignored, requires js-debug
[INFO] [stdout] test test_frame_navigation_c ... ignored, requires lldb-dap
[INFO] [stdout] test test_multiple_breakpoints_c ... ignored, requires lldb-dap
[INFO] [stdout] test test_output_capture_c ... ignored, requires lldb-dap
[INFO] [stdout] test test_stepping_c ... ignored, requires lldb-dap
[INFO] [stdout] test test_stepping_js ... ignored, requires js-debug
[INFO] [stdout] test test_threads_c ... ignored, requires lldb-dap
[INFO] [stdout] test test_breakpoint_location_parsing ... ok
[INFO] [stdout] test test_cuda_gdb_adapter_available ... ok
[INFO] [stderr] warning: `package.homepage` is redundant with `package.repository`
[INFO] [stderr]   --> Cargo.toml:53:12
[INFO] [stderr]    |
[INFO] [stderr] 53 | homepage = "https://github.com/akiselev/debugger-cli"
[INFO] [stderr]    |            ^^^^^^^^^^^^^^^^^^^^^^^^^^^^^^^^^^^^^^^^^^
[INFO] [stderr] ...
[INFO] [stderr] 58 | repository = "https://github.com/akiselev/debugger-cli"
[INFO] [stderr]    |              ------------------------------------------
[INFO] [stderr]    |
[INFO] [stderr]    = note: `cargo::redundant_homepage` is set to `warn` by default
[INFO] [stderr] help: consider removing `package.homepage`
[INFO] [stderr] warning: `debugger-cli` (manifest) generated 1 warning
[INFO] [stderr] warning: `package.homepage` is redundant with `package.repository`
[INFO] [stderr]   --> Cargo.toml:53:12
[INFO] [stderr]    |
[INFO] [stderr] 53 | homepage = "https://github.com/akiselev/debugger-cli"
[INFO] [stderr]    |            ^^^^^^^^^^^^^^^^^^^^^^^^^^^^^^^^^^^^^^^^^^
[INFO] [stderr] ...
[INFO] [stderr] 58 | repository = "https://github.com/akiselev/debugger-cli"
[INFO] [stderr]    |              ------------------------------------------
[INFO] [stderr]    |
[INFO] [stderr]    = note: `cargo::redundant_homepage` is set to `warn` by default
[INFO] [stderr] help: consider removing `package.homepage`
[INFO] [stderr] warning: `debugger-cli` (manifest) generated 1 warning
[INFO] [stderr]     Blocking waiting for file lock on build directory
[INFO] [stderr]    Compiling proc-macro2 v1.0.105
[INFO] [stderr]    Compiling unicode-ident v1.0.22
[INFO] [stderr]    Compiling quote v1.0.43
[INFO] [stderr]    Compiling libc v0.2.180
[INFO] [stderr]    Compiling cfg-if v1.0.4
[INFO] [stderr]    Compiling find-msvc-tools v0.1.8
[INFO] [stderr]    Compiling shlex v1.3.0
[INFO] [stderr]    Compiling pkg-config v0.3.32
[INFO] [stderr]    Compiling smallvec v1.15.1
[INFO] [stderr]    Compiling once_cell v1.21.3
[INFO] [stderr]    Compiling pin-project-lite v0.2.16
[INFO] [stderr]    Compiling itoa v1.0.17
[INFO] [stderr]    Compiling bytes v1.11.0
[INFO] [stderr]    Compiling stable_deref_trait v1.2.1
[INFO] [stderr]    Compiling parking_lot_core v0.9.12
[INFO] [stderr]    Compiling scopeguard v1.2.0
[INFO] [stderr]    Compiling typenum v1.19.0
[INFO] [stderr]    Compiling bitflags v2.10.0
[INFO] [stderr]    Compiling version_check v0.9.5
[INFO] [stderr]    Compiling futures-core v0.3.31
[INFO] [stderr]    Compiling lock_api v0.4.14
[INFO] [stderr]    Compiling serde_core v1.0.228
[INFO] [stderr]    Compiling hashbrown v0.16.1
[INFO] [stderr]    Compiling vcpkg v0.2.15
[INFO] [stderr]    Compiling log v0.4.29
[INFO] [stderr]    Compiling serde v1.0.228
[INFO] [stderr]    Compiling equivalent v1.0.2
[INFO] [stderr]    Compiling tracing-core v0.1.36
[INFO] [stderr]    Compiling slab v0.4.11
[INFO] [stderr]    Compiling litemap v0.8.1
[INFO] [stderr]    Compiling writeable v0.6.2
[INFO] [stderr]    Compiling icu_normalizer_data v2.1.1
[INFO] [stderr]    Compiling icu_properties_data v2.1.2
[INFO] [stderr]    Compiling generic-array v0.14.7
[INFO] [stderr]    Compiling pin-utils v0.1.0
[INFO] [stderr]    Compiling openssl v0.10.75
[INFO] [stderr]    Compiling futures-sink v0.3.31
[INFO] [stderr]    Compiling foreign-types-shared v0.1.1
[INFO] [stderr]    Compiling percent-encoding v2.3.2
[INFO] [stderr]    Compiling rustix v1.1.3
[INFO] [stderr]    Compiling httparse v1.10.1
[INFO] [stderr]    Compiling futures-task v0.3.31
[INFO] [stderr]    Compiling foreign-types v0.3.2
[INFO] [stderr]    Compiling native-tls v0.2.14
[INFO] [stderr]    Compiling linux-raw-sys v0.11.0
[INFO] [stderr]    Compiling fnv v1.0.7
[INFO] [stderr]    Compiling atomic-waker v1.1.2
[INFO] [stderr]    Compiling crc32fast v1.5.0
[INFO] [stderr]    Compiling tower-service v0.3.3
[INFO] [stderr]    Compiling http v1.4.0
[INFO] [stderr]    Compiling subtle v2.6.1
[INFO] [stderr]    Compiling try-lock v0.2.5
[INFO] [stderr]    Compiling futures-channel v0.3.31
[INFO] [stderr]    Compiling openssl-probe v0.1.6
[INFO] [stderr]    Compiling want v0.3.1
[INFO] [stderr]    Compiling regex-syntax v0.8.8
[INFO] [stderr]    Compiling getrandom v0.3.4
[INFO] [stderr]    Compiling zmij v1.0.16
[INFO] [stderr]    Compiling indexmap v2.13.0
[INFO] [stderr]    Compiling simd-adler32 v0.3.8
[INFO] [stderr]    Compiling lazy_static v1.5.0
[INFO] [stderr]    Compiling zstd-safe v7.2.4
[INFO] [stderr]    Compiling cfg_aliases v0.2.1
[INFO] [stderr]    Compiling thiserror v2.0.18
[INFO] [stderr]    Compiling crossbeam-utils v0.8.21
[INFO] [stderr]    Compiling utf8parse v0.2.2
[INFO] [stderr]    Compiling powerfmt v0.2.0
[INFO] [stderr]    Compiling anstyle-parse v0.2.7
[INFO] [stderr]    Compiling nix v0.30.1
[INFO] [stderr]    Compiling form_urlencoded v1.2.2
[INFO] [stderr]    Compiling sync_wrapper v1.0.2
[INFO] [stderr]    Compiling syn v2.0.114
[INFO] [stderr]    Compiling deranged v0.5.5
[INFO] [stderr]    Compiling num-conv v0.1.0
[INFO] [stderr]    Compiling cpufeatures v0.2.17
[INFO] [stderr]    Compiling crc-catalog v2.4.0
[INFO] [stderr]    Compiling serde_json v1.0.149
[INFO] [stderr]    Compiling colorchoice v1.0.4
[INFO] [stderr]    Compiling adler2 v2.0.1
[INFO] [stderr]    Compiling memchr v2.7.6
[INFO] [stderr]    Compiling ipnet v2.11.0
[INFO] [stderr]    Compiling ryu v1.0.22
[INFO] [stderr]    Compiling is_terminal_polyfill v1.70.2
[INFO] [stderr]    Compiling portable-atomic v1.13.0
[INFO] [stderr]    Compiling jobserver v0.1.34
[INFO] [stderr]    Compiling anstyle v1.0.13
[INFO] [stderr]    Compiling base64 v0.22.1
[INFO] [stderr]    Compiling utf8_iter v1.0.4
[INFO] [stderr]    Compiling anstyle-query v1.1.5
[INFO] [stderr]    Compiling time-core v0.1.7
[INFO] [stderr]    Compiling tower-layer v0.3.3
[INFO] [stderr]    Compiling cc v1.2.53
[INFO] [stderr]    Compiling crypto-common v0.1.7
[INFO] [stderr]    Compiling block-buffer v0.10.4
[INFO] [stderr]    Compiling inout v0.1.4
[INFO] [stderr]    Compiling http-body v1.0.1
[INFO] [stderr]    Compiling anstream v0.6.21
[INFO] [stderr]    Compiling miniz_oxide v0.8.9
[INFO] [stderr]    Compiling digest v0.10.7
[INFO] [stderr]    Compiling cipher v0.4.4
[INFO] [stderr]    Compiling http-body-util v0.1.3
[INFO] [stderr]    Compiling crc v3.4.0
[INFO] [stderr]    Compiling hmac v0.12.1
[INFO] [stderr]    Compiling sharded-slab v0.1.7
[INFO] [stderr]    Compiling tracing-log v0.2.0
[INFO] [stderr]    Compiling thread_local v1.1.9
[INFO] [stderr]    Compiling iri-string v0.7.10
[INFO] [stderr]    Compiling heck v0.5.0
[INFO] [stderr]    Compiling zip v2.4.2
[INFO] [stderr]    Compiling winnow v0.7.14
[INFO] [stderr]    Compiling errno v0.3.14
[INFO] [stderr]    Compiling socket2 v0.6.1
[INFO] [stderr]    Compiling mio v1.1.1
[INFO] [stderr]    Compiling parking_lot v0.12.5
[INFO] [stderr]    Compiling signal-hook-registry v1.4.8
[INFO] [stderr]    Compiling regex-automata v0.4.13
[INFO] [stderr]    Compiling unicode-width v0.2.2
[INFO] [stderr]    Compiling option-ext v0.2.0
[INFO] [stderr]    Compiling clap_lex v0.7.7
[INFO] [stderr]    Compiling bumpalo v3.19.1
[INFO] [stderr]    Compiling toml_write v0.1.2
[INFO] [stderr]    Compiling nu-ansi-term v0.50.3
[INFO] [stderr]    Compiling time v0.3.45
[INFO] [stderr]    Compiling byteorder v1.5.0
[INFO] [stderr]    Compiling strsim v0.11.1
[INFO] [stderr]    Compiling xattr v1.6.1
[INFO] [stderr]    Compiling zopfli v0.8.3
[INFO] [stderr]    Compiling clap_builder v4.5.54
[INFO] [stderr]    Compiling lzma-rs v0.3.0
[INFO] [stderr]    Compiling dirs-sys v0.4.1
[INFO] [stderr]    Compiling console v0.15.11
[INFO] [stderr]    Compiling crossbeam-channel v0.5.15
[INFO] [stderr]    Compiling flate2 v1.1.8
[INFO] [stderr]    Compiling filetime v0.2.27
[INFO] [stderr]    Compiling pbkdf2 v0.12.2
[INFO] [stderr]    Compiling aes v0.8.4
[INFO] [stderr]    Compiling sha1 v0.10.6
[INFO] [stderr]    Compiling encoding_rs v0.8.35
[INFO] [stderr]    Compiling deflate64 v0.1.10
[INFO] [stderr]    Compiling openssl-sys v0.9.111
[INFO] [stderr]    Compiling zstd-sys v2.0.16+zstd.1.5.7
[INFO] [stderr]    Compiling lzma-sys v0.1.20
[INFO] [stderr]    Compiling bzip2-sys v0.1.13+1.0.8
[INFO] [stderr]    Compiling constant_time_eq v0.3.1
[INFO] [stderr]    Compiling either v1.15.0
[INFO] [stderr]    Compiling xz2 v0.1.7
[INFO] [stderr]    Compiling fastrand v2.3.0
[INFO] [stderr]    Compiling bzip2 v0.5.2
[INFO] [stderr]    Compiling unsafe-libyaml v0.2.11
[INFO] [stderr]    Compiling env_home v0.1.0
[INFO] [stderr]    Compiling mime v0.3.17
[INFO] [stderr]    Compiling number_prefix v0.4.0
[INFO] [stderr]    Compiling doctest-file v1.0.0
[INFO] [stderr]    Compiling tempfile v3.24.0
[INFO] [stderr]    Compiling indicatif v0.17.11
[INFO] [stderr]    Compiling which v7.0.3
[INFO] [stderr]    Compiling tar v0.4.44
[INFO] [stderr]    Compiling matchers v0.2.0
[INFO] [stderr]    Compiling directories v5.0.1
[INFO] [stderr]    Compiling colored v2.2.0
[INFO] [stderr]    Compiling semver v1.0.27
[INFO] [stderr]    Compiling synstructure v0.13.2
[INFO] [stderr]    Compiling zerovec-derive v0.11.2
[INFO] [stderr]    Compiling displaydoc v0.2.5
[INFO] [stderr]    Compiling tokio-macros v2.6.0
[INFO] [stderr]    Compiling serde_derive v1.0.228
[INFO] [stderr]    Compiling tracing-attributes v0.1.31
[INFO] [stderr]    Compiling futures-macro v0.3.31
[INFO] [stderr]    Compiling openssl-macros v0.1.1
[INFO] [stderr]    Compiling zeroize_derive v1.4.3
[INFO] [stderr]    Compiling thiserror-impl v2.0.18
[INFO] [stderr]    Compiling clap_derive v4.5.49
[INFO] [stderr]    Compiling async-trait v0.1.89
[INFO] [stderr]    Compiling zerofrom-derive v0.1.6
[INFO] [stderr]    Compiling yoke-derive v0.8.1
[INFO] [stderr]    Compiling futures-util v0.3.31
[INFO] [stderr]    Compiling tokio v1.49.0
[INFO] [stderr]    Compiling zeroize v1.8.2
[INFO] [stderr]    Compiling rustls-pki-types v1.14.0
[INFO] [stderr]    Compiling zerofrom v0.1.6
[INFO] [stderr]    Compiling tracing v0.1.44
[INFO] [stderr]    Compiling yoke v0.8.1
[INFO] [stderr]    Compiling zerovec v0.11.5
[INFO] [stderr]    Compiling zerotrie v0.2.3
[INFO] [stderr]    Compiling tracing-subscriber v0.3.22
[INFO] [stderr]    Compiling clap v4.5.54
[INFO] [stderr]    Compiling tinystr v0.8.2
[INFO] [stderr]    Compiling potential_utf v0.1.4
[INFO] [stderr]    Compiling icu_collections v2.1.1
[INFO] [stderr]    Compiling icu_locale_core v2.1.1
[INFO] [stderr]    Compiling zstd v0.13.3
[INFO] [stderr]    Compiling toml_datetime v0.6.11
[INFO] [stderr]    Compiling serde_spanned v0.6.9
[INFO] [stderr]    Compiling serde_urlencoded v0.7.1
[INFO] [stderr]    Compiling os_info v3.14.0
[INFO] [stderr]    Compiling serde_yaml v0.9.34+deprecated
[INFO] [stderr]    Compiling icu_provider v2.1.1
[INFO] [stderr]    Compiling toml_edit v0.22.27
[INFO] [stdout] test test_config_loading has been running for over 60 seconds
[INFO] [stdout] test test_status_no_daemon has been running for over 60 seconds
[INFO] [stderr]    Compiling icu_properties v2.1.2
[INFO] [stderr]    Compiling icu_normalizer v2.1.1
[INFO] [stderr]    Compiling tracing-appender v0.2.4
[INFO] [stderr]    Compiling idna_adapter v1.2.1
[INFO] [stderr]    Compiling idna v1.1.0
[INFO] [stderr]    Compiling url v2.5.8
[INFO] [stderr]    Compiling toml v0.8.23
[INFO] [stderr]    Compiling tokio-util v0.7.18
[INFO] [stderr]    Compiling tower v0.5.3
[INFO] [stderr]    Compiling tokio-native-tls v0.3.1
[INFO] [stderr]    Compiling interprocess v2.2.3
[INFO] [stderr]    Compiling tower-http v0.6.8
[INFO] [stderr]    Compiling h2 v0.4.13
[INFO] [stderr]    Compiling hyper v1.8.1
[INFO] [stderr]    Compiling hyper-util v0.1.19
[INFO] [stderr]    Compiling hyper-tls v0.6.0
[INFO] [stderr]    Compiling reqwest v0.12.28
[INFO] [stderr]    Compiling debugger-cli v0.1.3 (/opt/rustwide/workdir)
[INFO] [stderr] warning: value assigned to `last_error` is never read
[INFO] [stderr]    --> src/dap/client.rs:265:34
[INFO] [stderr]     |
[INFO] [stderr] 265 |             let mut last_error = None;
[INFO] [stderr]     |                                  ^^^^ this value is reassigned later and never used
[INFO] [stderr] ...
[INFO] [stderr] 275 |                         last_error = Some(e);
[INFO] [stderr]     |                         ---------- `last_error` is overwritten here before the previous value is read
[INFO] [stderr]     |
[INFO] [stderr]     = note: `#[warn(unused_assignments)]` (part of `#[warn(unused)]`) on by default
[INFO] [stderr] 
[INFO] [stderr] warning: value assigned to `last_error` is never read
[INFO] [stderr]    --> src/setup/verifier.rs:167:30
[INFO] [stderr]     |
[INFO] [stderr] 167 |         let mut last_error = String::new();
[INFO] [stderr]     |                              ^^^^^^^^^^^^^ this value is reassigned later and never used
[INFO] [stderr] ...
[INFO] [stderr] 177 |                     last_error = e.to_string();
[INFO] [stderr]     |                     ---------- `last_error` is overwritten here before the previous value is read
[INFO] [stderr] 
[INFO] [stderr] warning: variants `Idle`, `Initializing`, and `Configuring` are never constructed
[INFO] [stderr]   --> src/daemon/session.rs:22:5
[INFO] [stderr]    |
[INFO] [stderr] 20 | pub enum SessionState {
[INFO] [stderr]    |          ------------ variants in this enum
[INFO] [stderr] 21 |     /// No active session
[INFO] [stderr] 22 |     Idle,
[INFO] [stderr]    |     ^^^^
[INFO] [stderr] 23 |     /// DAP adapter starting
[INFO] [stderr] 24 |     Initializing,
[INFO] [stderr]    |     ^^^^^^^^^^^^
[INFO] [stderr] 25 |     /// Setting initial breakpoints
[INFO] [stderr] 26 |     Configuring,
[INFO] [stderr]    |     ^^^^^^^^^^^
[INFO] [stderr]    |
[INFO] [stderr]    = note: `SessionState` has derived impls for the traits `Clone` and `Debug`, but these are intentionally ignored during dead code analysis
[INFO] [stderr]    = note: `#[warn(dead_code)]` (part of `#[warn(unused)]`) on by default
[INFO] [stderr] 
[INFO] [stderr] warning: fields `category` and `timestamp` are never read
[INFO] [stderr]   --> src/daemon/session.rs:67:9
[INFO] [stderr]    |
[INFO] [stderr] 66 | pub struct OutputEvent {
[INFO] [stderr]    |            ----------- fields in this struct
[INFO] [stderr] 67 |     pub category: String,
[INFO] [stderr]    |         ^^^^^^^^
[INFO] [stderr] 68 |     pub output: String,
[INFO] [stderr] 69 |     pub timestamp: std::time::Instant,
[INFO] [stderr]    |         ^^^^^^^^^
[INFO] [stderr]    |
[INFO] [stderr]    = note: `OutputEvent` has derived impls for the traits `Clone` and `Debug`, but these are intentionally ignored during dead code analysis
[INFO] [stderr] 
[INFO] [stderr] warning: fields `args` and `dap_request_timeout` are never read
[INFO] [stderr]    --> src/daemon/session.rs:85:5
[INFO] [stderr]     |
[INFO] [stderr]  73 | pub struct DebugSession {
[INFO] [stderr]     |            ------------ fields in this struct
[INFO] [stderr] ...
[INFO] [stderr]  85 |     args: Vec<String>,
[INFO] [stderr]     |     ^^^^
[INFO] [stderr] ...
[INFO] [stderr] 123 |     dap_request_timeout: std::time::Duration,
[INFO] [stderr]     |     ^^^^^^^^^^^^^^^^^^^
[INFO] [stderr] 
[INFO] [stderr] warning: method `get_selected_thread` is never used
[INFO] [stderr]     --> src/daemon/session.rs:1154:12
[INFO] [stderr]      |
[INFO] [stderr]  126 | impl DebugSession {
[INFO] [stderr]      | ----------------- method in this implementation
[INFO] [stderr] ...
[INFO] [stderr] 1154 |     pub fn get_selected_thread(&self) -> Option<i64> {
[INFO] [stderr]      |            ^^^^^^^^^^^^^^^^^^^
[INFO] [stderr] 
[INFO] [stderr] warning: `debugger-cli` (lib) generated 6 warnings
[INFO] [stderr] warning: unused dependency `os_info`
[INFO] [stderr]   --> Cargo.toml:86:34
[INFO] [stderr]    |
[INFO] [stderr] 86 | [target."cfg(unix)".dependencies.os_info]
[INFO] [stderr]    |                                  ^^^^^^^^
[INFO] [stderr]    |
[INFO] [stderr]    = note: `cargo::unused_dependencies` is set to `warn` by default
[INFO] [stderr] help: consider removing the dependency on `os_info`
[INFO] [stderr] warning: unused dependency `semver`
[INFO] [stderr]   --> Cargo.toml:93:34
[INFO] [stderr]    |
[INFO] [stderr] 93 | [target."cfg(unix)".dependencies.semver]
[INFO] [stderr]    |                                  ^^^^^^^
[INFO] [stderr]    |
[INFO] [stderr] help: consider removing the dependency on `semver`
[INFO] [stderr] warning: unused dependency `tracing-appender`
[INFO] [stderr]   --> Cargo.toml:30:15
[INFO] [stderr]    |
[INFO] [stderr] 30 | [dependencies.tracing-appender]
[INFO] [stderr]    |               ^^^^^^^^^^^^^^^^^
[INFO] [stderr]    |
[INFO] [stderr] help: consider removing the dependency on `tracing-appender`
[INFO] [stderr] warning: `debugger-cli` (manifest) generated 3 warnings
[INFO] [stderr]     Finished `dev` profile [unoptimized + debuginfo] target(s) in 1m 38s
[INFO] [stderr] warning: the following packages contain code that will be rejected by a future version of Rust: nix v0.30.1
[INFO] [stderr] note: to see what the problems were, use the option `--future-incompat-report`, or run `cargo report future-incompatibilities --id 1`
[INFO] [stderr] 
[INFO] [stdout] 
[INFO] [stderr] thread 'test_config_loading' (3485) panicked at /rustc/e3feeb59cd1bdd011a2bfcc0747b55125d9b8527/library/core/src/panicking.rs:233:5:
[INFO] [stdout] thread 'test_config_loading' (3485) panicked at tests/integration.rs:237:14:
[INFO] [stderr] panic in a destructor during cleanup
[INFO] [stdout] Failed to run debugger: Os { code: 2, kind: NotFound, message: "No such file or directory" }
[INFO] [stderr] thread caused non-unwinding panic. aborting.
[INFO] [stdout] stack backtrace:
[INFO] [stdout]    0:     0x653cf56096e5 - <unknown>
[INFO] [stdout]    1:     0x653cf55ec27a - <unknown>
[INFO] [stdout]    2:     0x653cf5608d7b - <unknown>
[INFO] [stdout]    3:     0x653cf560885f - <unknown>
[INFO] [stdout]    4:     0x653cf560848a - <unknown>
[INFO] [stdout]    5:     0x653cf5607fc5 - <unknown>
[INFO] [stdout]    6:     0x653cf562ee01 - <unknown>
[INFO] [stdout]    7:     0x653cf562edb9 - <unknown>
[INFO] [stdout]    8:     0x653cf562f2bc - <unknown>
[INFO] [stdout]    9:     0x653cf55ec10b - <unknown>
[INFO] [stdout]   10:     0x653cf55ef6a1 - <unknown>
[INFO] [stdout]   11:     0x653cf55da272 - <unknown>
[INFO] [stdout]   12:     0x653cf55e0c06 - <unknown>
[INFO] [stdout]   13:     0x653cf564899b - <unknown>
[INFO] [stdout]   14:     0x653cf5644941 - <unknown>
[INFO] [stdout]   15:     0x653cf564412c - <unknown>
[INFO] [stdout]   16:     0x653cf5663dec - <unknown>
[INFO] [stdout]   17:     0x653cf5630b34 - <unknown>
[INFO] [stdout]   18:     0x75a54100fdfa - <unknown>
[INFO] [stdout]   19:     0x75a5410a33d4 - clone
[INFO] [stdout]   20:                0x0 - <unknown>
[INFO] [stdout] 
[INFO] [stdout] thread 'test_config_loading' (3485) panicked at tests/integration.rs:237:14:
[INFO] [stdout] Failed to run debugger: Os { code: 2, kind: NotFound, message: "No such file or directory" }
[INFO] [stdout] stack backtrace:
[INFO] [stdout]    0:     0x653cf56096e5 - <unknown>
[INFO] [stdout]    1:     0x653cf55ec27a - <unknown>
[INFO] [stdout]    2:     0x653cf5608d7b - <unknown>
[INFO] [stdout]    3:     0x653cf560885f - <unknown>
[INFO] [stdout]    4:     0x653cf560848a - <unknown>
[INFO] [stdout]    5:     0x653cf5607fc5 - <unknown>
[INFO] [stdout]    6:     0x653cf562ee01 - <unknown>
[INFO] [stdout]    7:     0x653cf562edb9 - <unknown>
[INFO] [stdout]    8:     0x653cf562f2bc - <unknown>
[INFO] [stdout]    9:     0x653cf55ec10b - <unknown>
[INFO] [stdout]   10:     0x653cf55ef6a1 - <unknown>
[INFO] [stdout]   11:     0x653cf55da272 - <unknown>
[INFO] [stdout]   12:     0x653cf55d6a7a - <unknown>
[INFO] [stdout]   13:     0x653cf55e0cca - <unknown>
[INFO] [stdout]   14:     0x653cf564899b - <unknown>
[INFO] [stdout]   15:     0x653cf5644941 - <unknown>
[INFO] [stdout]   16:     0x653cf564412c - <unknown>
[INFO] [stdout]   17:     0x653cf5663dec - <unknown>
[INFO] [stdout]   18:     0x653cf5630b34 - <unknown>
[INFO] [stdout]   19:     0x75a54100fdfa - <unknown>
[INFO] [stdout]   20:     0x75a5410a33d4 - clone
[INFO] [stdout]   21:                0x0 - <unknown>
[INFO] [stderr] warning: value assigned to `last_error` is never read
[INFO] [stderr]    --> src/dap/client.rs:265:34
[INFO] [stderr]     |
[INFO] [stderr] 265 |             let mut last_error = None;
[INFO] [stderr]     |                                  ^^^^ this value is reassigned later and never used
[INFO] [stderr] ...
[INFO] [stderr] 275 |                         last_error = Some(e);
[INFO] [stderr]     |                         ---------- `last_error` is overwritten here before the previous value is read
[INFO] [stderr]     |
[INFO] [stderr]     = note: `#[warn(unused_assignments)]` (part of `#[warn(unused)]`) on by default
[INFO] [stderr] 
[INFO] [stderr] warning: value assigned to `last_error` is never read
[INFO] [stderr]    --> src/setup/verifier.rs:167:30
[INFO] [stderr]     |
[INFO] [stderr] 167 |         let mut last_error = String::new();
[INFO] [stderr]     |                              ^^^^^^^^^^^^^ this value is reassigned later and never used
[INFO] [stderr] ...
[INFO] [stderr] 177 |                     last_error = e.to_string();
[INFO] [stderr]     |                     ---------- `last_error` is overwritten here before the previous value is read
[INFO] [stderr] 
[INFO] [stderr] warning: variants `Idle`, `Initializing`, and `Configuring` are never constructed
[INFO] [stderr]   --> src/daemon/session.rs:22:5
[INFO] [stderr]    |
[INFO] [stderr] 20 | pub enum SessionState {
[INFO] [stderr]    |          ------------ variants in this enum
[INFO] [stderr] 21 |     /// No active session
[INFO] [stderr] 22 |     Idle,
[INFO] [stderr]    |     ^^^^
[INFO] [stderr] 23 |     /// DAP adapter starting
[INFO] [stderr] 24 |     Initializing,
[INFO] [stderr]    |     ^^^^^^^^^^^^
[INFO] [stderr] 25 |     /// Setting initial breakpoints
[INFO] [stderr] 26 |     Configuring,
[INFO] [stderr]    |     ^^^^^^^^^^^
[INFO] [stderr]    |
[INFO] [stderr]    = note: `SessionState` has derived impls for the traits `Clone` and `Debug`, but these are intentionally ignored during dead code analysis
[INFO] [stderr]    = note: `#[warn(dead_code)]` (part of `#[warn(unused)]`) on by default
[INFO] [stderr] 
[INFO] [stderr] warning: fields `category` and `timestamp` are never read
[INFO] [stderr]   --> src/daemon/session.rs:67:9
[INFO] [stderr]    |
[INFO] [stderr] 66 | pub struct OutputEvent {
[INFO] [stderr]    |            ----------- fields in this struct
[INFO] [stderr] 67 |     pub category: String,
[INFO] [stderr]    |         ^^^^^^^^
[INFO] [stderr] 68 |     pub output: String,
[INFO] [stderr] 69 |     pub timestamp: std::time::Instant,
[INFO] [stderr]    |         ^^^^^^^^^
[INFO] [stderr]    |
[INFO] [stderr]    = note: `OutputEvent` has derived impls for the traits `Clone` and `Debug`, but these are intentionally ignored during dead code analysis
[INFO] [stderr] 
[INFO] [stderr] warning: fields `args` and `dap_request_timeout` are never read
[INFO] [stderr]    --> src/daemon/session.rs:85:5
[INFO] [stderr]     |
[INFO] [stderr]  73 | pub struct DebugSession {
[INFO] [stderr]     |            ------------ fields in this struct
[INFO] [stderr] ...
[INFO] [stderr]  85 |     args: Vec<String>,
[INFO] [stderr]     |     ^^^^
[INFO] [stderr] ...
[INFO] [stderr] 123 |     dap_request_timeout: std::time::Duration,
[INFO] [stderr]     |     ^^^^^^^^^^^^^^^^^^^
[INFO] [stderr] 
[INFO] [stderr] warning: method `get_selected_thread` is never used
[INFO] [stderr]     --> src/daemon/session.rs:1154:12
[INFO] [stderr]      |
[INFO] [stderr]  126 | impl DebugSession {
[INFO] [stderr]      | ----------------- method in this implementation
[INFO] [stderr] ...
[INFO] [stderr] 1154 |     pub fn get_selected_thread(&self) -> Option<i64> {
[INFO] [stderr]      |            ^^^^^^^^^^^^^^^^^^^
[INFO] [stderr] 
[INFO] [stderr] warning: `debugger-cli` (lib) generated 6 warnings
[INFO] [stderr] warning: unused dependency `os_info`
[INFO] [stderr]   --> Cargo.toml:86:34
[INFO] [stderr]    |
[INFO] [stderr] 86 | [target."cfg(unix)".dependencies.os_info]
[INFO] [stderr]    |                                  ^^^^^^^^
[INFO] [stderr]    |
[INFO] [stderr]    = note: `cargo::unused_dependencies` is set to `warn` by default
[INFO] [stderr] help: consider removing the dependency on `os_info`
[INFO] [stderr] warning: unused dependency `semver`
[INFO] [stderr]   --> Cargo.toml:93:34
[INFO] [stderr]    |
[INFO] [stderr] 93 | [target."cfg(unix)".dependencies.semver]
[INFO] [stderr]    |                                  ^^^^^^^
[INFO] [stderr]    |
[INFO] [stderr] help: consider removing the dependency on `semver`
[INFO] [stderr] warning: unused dependency `tracing-appender`
[INFO] [stderr]   --> Cargo.toml:30:15
[INFO] [stderr]    |
[INFO] [stderr] 30 | [dependencies.tracing-appender]
[INFO] [stderr]    |               ^^^^^^^^^^^^^^^^^
[INFO] [stderr]    |
[INFO] [stderr] help: consider removing the dependency on `tracing-appender`
[INFO] [stderr] warning: `debugger-cli` (manifest) generated 3 warnings
[INFO] [stderr]     Finished `dev` profile [unoptimized + debuginfo] target(s) in 1m 38s
[INFO] [stderr] warning: the following packages contain code that will be rejected by a future version of Rust: nix v0.30.1
[INFO] [stderr] note: to see what the problems were, use the option `--future-incompat-report`, or run `cargo report future-incompatibilities --id 1`
[INFO] [stderr] error: test failed, to rerun pass `--test integration`
[INFO] [stderr] 
[INFO] [stderr] Caused by:
[INFO] [stderr]   process didn't exit successfully: `/opt/rustwide/target/release/build/debugger-cli/f5542e9874ee104f/out/integration-f5542e9874ee104f` (signal: 6, SIGABRT: process abort signal)
[INFO] running `Command { std: "docker" "inspect" "9887ace96e7e53b1a88f591c422c7e1b69e15f033220638925e60d0eafa384a2", kill_on_drop: false }`
[INFO] running `Command { std: "docker" "rm" "-f" "9887ace96e7e53b1a88f591c422c7e1b69e15f033220638925e60d0eafa384a2", kill_on_drop: false }`
[INFO] [stdout] 9887ace96e7e53b1a88f591c422c7e1b69e15f033220638925e60d0eafa384a2
