[INFO] fetching crate debouncer-udevmon 0.2.3...
[INFO] testing debouncer-udevmon-0.2.3 against 1.100.0-beta.1+cargoflags=--release for beta-release-1.100-2
[INFO] extracting crate debouncer-udevmon 0.2.3 into /workspace/builds/worker-2-tc2/source
[INFO] started tweaking crates.io crate debouncer-udevmon 0.2.3
[INFO] finished tweaking crates.io crate debouncer-udevmon 0.2.3
[INFO] tweaked toml for crates.io crate debouncer-udevmon 0.2.3 written to /workspace/builds/worker-2-tc2/source/Cargo.toml
[INFO] validating manifest of crates.io crate debouncer-udevmon 0.2.3 on toolchain 1.100.0-beta.1
[INFO] running `Command { std: CARGO_HOME="/workspace/cargo-home" RUSTUP_HOME="/workspace/rustup-home" "/workspace/cargo-home/bin/cargo" "+1.100.0-beta.1" "metadata" "--manifest-path" "Cargo.toml" "--no-deps", kill_on_drop: false }`
[INFO] crate crates.io crate debouncer-udevmon 0.2.3 already has a lockfile, it will not be regenerated
[INFO] running `Command { std: CARGO_HOME="/workspace/cargo-home" RUSTUP_HOME="/workspace/rustup-home" "/workspace/cargo-home/bin/cargo" "+1.100.0-beta.1" "fetch" "--manifest-path" "Cargo.toml", kill_on_drop: false }`
[INFO] running `Command { std: "docker" "create" "-v" "/var/lib/crater-agent-workspace/builds/worker-2-tc2/source:/opt/rustwide/workdir:ro,Z" "-v" "/var/lib/crater-agent-workspace/builds/worker-2-tc2/target:/opt/rustwide/target:rw,Z" "-v" "/var/lib/crater-agent-workspace/cargo-home:/opt/rustwide/cargo-home:ro,Z" "-v" "/var/lib/crater-agent-workspace/rustup-home:/opt/rustwide/rustup-home:ro,Z" "-m" "1610612736" "--network" "none" "ghcr.io/rust-lang/crates-build-env/linux@sha256:77db811e55d90add9212f6832c23229e3de5f1c1f9905e8cb07319ea15df73ac" "sleep" "infinity", kill_on_drop: false }`
[INFO] [stdout] f2c17eb682cbe917e88758dda95461b3b93e73b4273087390f7c9765633d9d2d
[INFO] running `Command { std: "docker" "start" "f2c17eb682cbe917e88758dda95461b3b93e73b4273087390f7c9765633d9d2d", kill_on_drop: false }`
[INFO] running `Command { std: "docker" "inspect" "f2c17eb682cbe917e88758dda95461b3b93e73b4273087390f7c9765633d9d2d", kill_on_drop: false }`
[INFO] running `Command { std: "docker" "exec" "-e" "SOURCE_DIR=/opt/rustwide/workdir" "-e" "CARGO_HOME=/opt/rustwide/cargo-home" "-e" "RUSTUP_HOME=/opt/rustwide/rustup-home" "-e" "CARGO_TARGET_DIR=/opt/rustwide/target" "-w" "/opt/rustwide/workdir" "--user" "0:0" "f2c17eb682cbe917e88758dda95461b3b93e73b4273087390f7c9765633d9d2d" "/opt/rustwide/cargo-home/bin/cargo" "+1.100.0-beta.1" "metadata" "--no-deps" "--format-version=1", kill_on_drop: false }`
[INFO] running `Command { std: "docker" "inspect" "f2c17eb682cbe917e88758dda95461b3b93e73b4273087390f7c9765633d9d2d", kill_on_drop: false }`
[INFO] running `Command { std: "docker" "exec" "-e" "SOURCE_DIR=/opt/rustwide/workdir" "-e" "CARGO_HOME=/opt/rustwide/cargo-home" "-e" "RUSTUP_HOME=/opt/rustwide/rustup-home" "-e" "CARGO_TARGET_DIR=/opt/rustwide/target" "-e" "CARGO_INCREMENTAL=0" "-e" "RUST_BACKTRACE=full" "-e" "RUSTFLAGS=--cap-lints=warn" "-e" "RUSTDOCFLAGS=--cap-lints=warn" "-w" "/opt/rustwide/workdir" "--user" "0:0" "f2c17eb682cbe917e88758dda95461b3b93e73b4273087390f7c9765633d9d2d" "/opt/rustwide/cargo-home/bin/cargo" "+1.100.0-beta.1" "build" "--frozen" "--message-format=json" "--release", kill_on_drop: false }`
[INFO] [stderr]    Compiling libc v0.2.174
[INFO] [stderr]    Compiling serde v1.0.219
[INFO] [stderr]    Compiling stable_deref_trait v1.2.0
[INFO] [stderr]    Compiling zerocopy v0.8.26
[INFO] [stderr]    Compiling phf_shared v0.11.3
[INFO] [stderr]    Compiling cc v1.2.32
[INFO] [stderr]    Compiling thiserror v2.0.14
[INFO] [stderr]    Compiling memchr v2.7.5
[INFO] [stderr]    Compiling mio v1.0.4
[INFO] [stderr]    Compiling crunchy v0.2.4
[INFO] [stderr]    Compiling serde_derive v1.0.219
[INFO] [stderr]    Compiling synstructure v0.13.2
[INFO] [stderr]    Compiling zerovec-derive v0.11.1
[INFO] [stderr]    Compiling displaydoc v0.2.5
[INFO] [stderr]    Compiling futures-macro v0.3.31
[INFO] [stderr]    Compiling thiserror-impl v2.0.14
[INFO] [stderr]    Compiling log v0.4.27
[INFO] [stderr]    Compiling siphasher v0.3.11
[INFO] [stderr]    Compiling tiny-keccak v2.0.2
[INFO] [stderr]    Compiling http-body v1.0.1
[INFO] [stderr]    Compiling glob v0.3.2
[INFO] [stderr]    Compiling indexmap v2.10.0
[INFO] [stderr]    Compiling tracing v0.1.41
[INFO] [stderr]    Compiling phf_shared v0.10.0
[INFO] [stderr]    Compiling tokio v1.47.1
[INFO] [stderr]    Compiling parking_lot_core v0.9.11
[INFO] [stderr]    Compiling openssl-macros v0.1.1
[INFO] [stderr]    Compiling once_cell v1.21.3
[INFO] [stderr]    Compiling clang-sys v1.8.1
[INFO] [stderr]    Compiling prettyplease v0.2.36
[INFO] [stderr]    Compiling ucd-trie v0.1.7
[INFO] [stderr]    Compiling zerofrom-derive v0.1.6
[INFO] [stderr]    Compiling yoke-derive v0.8.0
[INFO] [stderr]    Compiling parking_lot v0.12.4
[INFO] [stderr]    Compiling getrandom v0.3.3
[INFO] [stderr]    Compiling futures-util v0.3.31
[INFO] [stderr]    Compiling regex-syntax v0.8.5
[INFO] [stderr]    Compiling pest v2.8.1
[INFO] [stderr]    Compiling typeid v1.0.3
[INFO] [stderr]    Compiling dtoa v1.0.10
[INFO] [stderr]    Compiling getrandom v0.2.16
[INFO] [stderr]    Compiling minimal-lexical v0.2.1
[INFO] [stderr]    Compiling dtoa-short v0.3.5
[INFO] [stderr]    Compiling rand_core v0.6.4
[INFO] [stderr]    Compiling const-random-macro v0.1.16
[INFO] [stderr]    Compiling nom v7.1.3
[INFO] [stderr]    Compiling ahash v0.8.12
[INFO] [stderr]    Compiling html5ever v0.27.0
[INFO] [stderr]    Compiling cssparser-macros v0.6.1
[INFO] [stderr]    Compiling libloading v0.8.8
[INFO] [stderr]    Compiling sync_wrapper v1.0.2
[INFO] [stderr]    Compiling const-random v0.1.18
[INFO] [stderr]    Compiling either v1.15.0
[INFO] [stderr]    Compiling bindgen v0.72.0
[INFO] [stderr]    Compiling dlv-list v0.5.2
[INFO] [stderr]    Compiling phf v0.10.1
[INFO] [stderr]    Compiling itertools v0.13.0
[INFO] [stderr]    Compiling openssl-sys v0.9.109
[INFO] [stderr]    Compiling http-body-util v0.1.3
[INFO] [stderr]    Compiling ppv-lite86 v0.2.21
[INFO] [stderr]    Compiling servo_arc v0.3.0
[INFO] [stderr]    Compiling derive_more v0.99.20
[INFO] [stderr]    Compiling zerofrom v0.1.6
[INFO] [stderr]    Compiling yoke v0.8.0
[INFO] [stderr]    Compiling rustc-hash v2.1.1
[INFO] [stderr]    Compiling zerovec v0.11.4
[INFO] [stderr]    Compiling zerotrie v0.2.2
[INFO] [stderr]    Compiling unicode-width v0.2.1
[INFO] [stderr]    Compiling openssl v0.10.73
[INFO] [stderr]    Compiling native-tls v0.2.14
[INFO] [stderr]    Compiling iri-string v0.7.8
[INFO] [stderr]    Compiling bitflags v2.9.1
[INFO] [stderr]    Compiling rand_chacha v0.3.1
[INFO] [stderr]    Compiling regex-automata v0.4.9
[INFO] [stderr]    Compiling pest_meta v2.8.1
[INFO] [stderr]    Compiling serde_json v1.0.142
[INFO] [stderr]    Compiling winnow v0.7.12
[INFO] [stderr]    Compiling rand v0.8.5
[INFO] [stderr]    Compiling ordered-multimap v0.7.3
[INFO] [stderr]    Compiling getopts v0.2.23
[INFO] [stderr]    Compiling tinystr v0.8.1
[INFO] [stderr]    Compiling icu_locale_core v2.0.0
[INFO] [stderr]    Compiling potential_utf v0.1.2
[INFO] [stderr]    Compiling rustls-pki-types v1.12.0
[INFO] [stderr]    Compiling icu_collections v2.0.0
[INFO] [stderr]    Compiling phf_generator v0.11.3
[INFO] [stderr]    Compiling phf_macros v0.11.3
[INFO] [stderr]    Compiling phf_codegen v0.11.3
[INFO] [stderr]    Compiling string_cache_codegen v0.5.4
[INFO] [stderr]    Compiling phf_generator v0.10.0
[INFO] [stderr]    Compiling phf_codegen v0.10.0
[INFO] [stderr]    Compiling selectors v0.25.0
[INFO] [stderr]    Compiling markup5ever v0.12.1
[INFO] [stderr]    Compiling phf v0.11.3
[INFO] [stderr]    Compiling icu_provider v2.0.0
[INFO] [stderr]    Compiling regex v1.11.1
[INFO] [stderr]    Compiling cssparser v0.31.2
[INFO] [stderr]    Compiling cexpr v0.6.0
[INFO] [stderr]    Compiling pest_generator v2.8.1
[INFO] [stderr]    Compiling icu_properties v2.0.1
[INFO] [stderr]    Compiling icu_normalizer v2.0.0
[INFO] [stderr]    Compiling futures-executor v0.3.31
[INFO] [stderr]    Compiling hashlink v0.10.0
[INFO] [stderr]    Compiling ego-tree v0.6.3
[INFO] [stderr]    Compiling arraydeque v0.5.1
[INFO] [stderr]    Compiling futures v0.3.31
[INFO] [stderr]    Compiling convert_case v0.6.0
[INFO] [stderr]    Compiling yaml-rust2 v0.10.3
[INFO] [stderr]    Compiling rust-ini v0.21.2
[INFO] [stderr]    Compiling async-trait v0.1.89
[INFO] [stderr]    Compiling pathdiff v0.2.3
[INFO] [stderr]    Compiling pest_derive v2.8.1
[INFO] [stderr]    Compiling toml_parser v1.0.2
[INFO] [stderr]    Compiling idna_adapter v1.2.1
[INFO] [stderr]    Compiling string_cache v0.8.9
[INFO] [stderr]    Compiling idna v1.0.3
[INFO] [stderr]    Compiling serde_urlencoded v0.7.1
[INFO] [stderr]    Compiling erased-serde v0.4.6
[INFO] [stderr]    Compiling toml_datetime v0.7.0
[INFO] [stderr]    Compiling serde_spanned v1.0.0
[INFO] [stderr]    Compiling ron v0.8.1
[INFO] [stderr]    Compiling json5 v0.4.1
[INFO] [stderr]    Compiling toml v0.9.5
[INFO] [stderr]    Compiling url v2.5.4
[INFO] [stderr]    Compiling tokio-util v0.7.16
[INFO] [stderr]    Compiling tower v0.5.2
[INFO] [stderr]    Compiling serde-untagged v0.1.8
[INFO] [stderr]    Compiling h2 v0.4.12
[INFO] [stderr]    Compiling tokio-stream v0.1.17
[INFO] [stderr]    Compiling tower-http v0.6.6
[INFO] [stderr]    Compiling config v0.15.14
[INFO] [stderr]    Compiling scraper v0.20.0
[INFO] [stderr]    Compiling tokio-native-tls v0.3.1
[INFO] [stderr]    Compiling hyper v1.6.0
[INFO] [stderr]    Compiling debouncer-udevmon v0.2.3 (/opt/rustwide/workdir)
[INFO] [stderr]    Compiling hyper-util v0.1.16
[INFO] [stderr]    Compiling hyper-tls v0.6.0
[INFO] [stderr]    Compiling reqwest v0.12.22
[INFO] [stderr]    Compiling trpl v0.2.0
[INFO] [stderr]     Finished `release` profile [optimized] target(s) in 1m 38s
[INFO] running `Command { std: "docker" "inspect" "f2c17eb682cbe917e88758dda95461b3b93e73b4273087390f7c9765633d9d2d", kill_on_drop: false }`
[INFO] running `Command { std: "docker" "exec" "-e" "SOURCE_DIR=/opt/rustwide/workdir" "-e" "CARGO_HOME=/opt/rustwide/cargo-home" "-e" "RUSTUP_HOME=/opt/rustwide/rustup-home" "-e" "CARGO_TARGET_DIR=/opt/rustwide/target" "-e" "CARGO_INCREMENTAL=0" "-e" "RUST_BACKTRACE=full" "-e" "RUSTFLAGS=--cap-lints=warn" "-e" "RUSTDOCFLAGS=--cap-lints=warn" "-w" "/opt/rustwide/workdir" "--user" "0:0" "f2c17eb682cbe917e88758dda95461b3b93e73b4273087390f7c9765633d9d2d" "/opt/rustwide/cargo-home/bin/cargo" "+1.100.0-beta.1" "test" "--frozen" "--no-run" "--message-format=json" "--release", kill_on_drop: false }`
[INFO] [stderr]    Compiling debouncer-udevmon v0.2.3 (/opt/rustwide/workdir)
[INFO] [stderr]     Finished `release` profile [optimized] target(s) in 1.95s
[INFO] running `Command { std: "docker" "inspect" "f2c17eb682cbe917e88758dda95461b3b93e73b4273087390f7c9765633d9d2d", kill_on_drop: false }`
[INFO] running `Command { std: "docker" "exec" "-e" "SOURCE_DIR=/opt/rustwide/workdir" "-e" "CARGO_HOME=/opt/rustwide/cargo-home" "-e" "RUSTUP_HOME=/opt/rustwide/rustup-home" "-e" "CARGO_TARGET_DIR=/opt/rustwide/target" "-e" "CARGO_INCREMENTAL=0" "-e" "RUST_BACKTRACE=full" "-e" "RUSTFLAGS=--cap-lints=warn" "-e" "RUSTDOCFLAGS=--cap-lints=warn" "-w" "/opt/rustwide/workdir" "--user" "0:0" "f2c17eb682cbe917e88758dda95461b3b93e73b4273087390f7c9765633d9d2d" "/opt/rustwide/cargo-home/bin/cargo" "+1.100.0-beta.1" "test" "--frozen" "--release", kill_on_drop: false }`
[INFO] [stderr]     Finished `release` profile [optimized] target(s) in 0.28s
[INFO] [stderr]      Running unittests src/main.rs (/opt/rustwide/target/release/build/debouncer-udevmon/e59c1477be0445da/out/debouncer_udevmon-e59c1477be0445da)
[INFO] [stdout] 
[INFO] [stdout] running 2 tests
[INFO] [stdout] test utils::test::default_config ... FAILED
[INFO] [stdout] test utils::test::config_not_found - should panic ... ok
[INFO] [stdout] 
[INFO] [stdout] failures:
[INFO] [stdout] 
[INFO] [stdout] ---- utils::test::default_config stdout ----
[INFO] [stdout] 
[INFO] [stdout] thread 'utils::test::default_config' (2911) panicked at src/utils.rs:88:14:
[INFO] [stdout] called `Result::unwrap()` on an `Err` value: missing field `debounce_time`
[INFO] [stdout] stack backtrace:
[INFO] [stdout]    0:     0x56b87b23fd51 - <<std[617be2ca0a6fd877]::sys::backtrace::BacktraceLock>::print::DisplayBacktrace as core[a373ad73a504971]::fmt::Display>::fmt
[INFO] [stdout]    1:     0x56b87b2564ba - core[a373ad73a504971]::fmt::write
[INFO] [stdout]    2:     0x56b87b24401c - <alloc[2e1b2a31b91974c5]::vec::Vec<u8> as core[a373ad73a504971]::io::write::Write>::write_fmt
[INFO] [stdout]    3:     0x56b87b21bb96 - std[617be2ca0a6fd877]::panicking::default_hook::{closure#0}
[INFO] [stdout]    4:     0x56b87b2380d9 - std[617be2ca0a6fd877]::panicking::default_hook
[INFO] [stdout]    5:     0x56b87b1d3800 - test[aada8e7e76ba119b]::test_main_inner::{closure#0}
[INFO] [stdout]    6:     0x56b87b238292 - std[617be2ca0a6fd877]::panicking::panic_with_hook
[INFO] [stdout]    7:     0x56b87b21bc42 - std[617be2ca0a6fd877]::panicking::panic_handler::{closure#0}
[INFO] [stdout]    8:     0x56b87b214799 - std[617be2ca0a6fd877]::sys::backtrace::__rust_end_short_backtrace::<std[617be2ca0a6fd877]::panicking::panic_handler::{closure#0}, !>
[INFO] [stdout]    9:     0x56b87b21c84d - __rustc[ea4f61d10b84890b]::rust_begin_unwind
[INFO] [stdout]   10:     0x56b87b256c2c - core[a373ad73a504971]::panicking::panic_fmt
[INFO] [stdout]   11:     0x56b87b256a02 - core[a373ad73a504971]::result::unwrap_failed
[INFO] [stdout]   12:     0x56b87b0fb644 - <debouncer_udevmon[bdf6668ce280154f]::utils::test::default_config::{closure#0} as core[a373ad73a504971]::ops::function::FnOnce<()>>::call_once
[INFO] [stdout]   13:     0x56b87b1c6c4b - test[aada8e7e76ba119b]::__rust_begin_short_backtrace::<core[a373ad73a504971]::result::Result<(), alloc[2e1b2a31b91974c5]::string::String>, fn() -> core[a373ad73a504971]::result::Result<(), alloc[2e1b2a31b91974c5]::string::String>>
[INFO] [stdout]   14:     0x56b87b1d3e25 - test[aada8e7e76ba119b]::run_test::{closure#0}
[INFO] [stdout]   15:     0x56b87b1cd714 - std[617be2ca0a6fd877]::sys::backtrace::__rust_begin_short_backtrace::<test[aada8e7e76ba119b]::run_test::{closure#1}, ()>
[INFO] [stdout]   16:     0x56b87b1d6eb2 - <std[617be2ca0a6fd877]::thread::lifecycle::spawn_unchecked<test[aada8e7e76ba119b]::run_test::{closure#1}, ()>::{closure#1} as core[a373ad73a504971]::ops::function::FnOnce<()>>::call_once::{shim:vtable#0}
[INFO] [stdout]   17:     0x56b87b23f29f - <std[617be2ca0a6fd877]::sys::thread::unix::Thread>::new::thread_start
[INFO] [stdout]   18:     0x7046c01c2dfa - <unknown>
[INFO] [stdout]   19:     0x7046c02563d4 - clone
[INFO] [stdout]   20:                0x0 - <unknown>
[INFO] [stdout] 
[INFO] [stdout] 
[INFO] [stdout] failures:
[INFO] [stdout]     utils::test::default_config
[INFO] [stdout] 
[INFO] [stdout] test result: FAILED. 1 passed; 1 failed; 0 ignored; 0 measured; 0 filtered out; finished in 0.00s
[INFO] [stdout] 
[INFO] [stderr] error: test failed, to rerun pass `--bin debouncer-udevmon`
[INFO] running `Command { std: "docker" "inspect" "f2c17eb682cbe917e88758dda95461b3b93e73b4273087390f7c9765633d9d2d", kill_on_drop: false }`
[INFO] running `Command { std: "docker" "rm" "-f" "f2c17eb682cbe917e88758dda95461b3b93e73b4273087390f7c9765633d9d2d", kill_on_drop: false }`
[INFO] [stdout] f2c17eb682cbe917e88758dda95461b3b93e73b4273087390f7c9765633d9d2d
