[INFO] fetching crate dear-implot3d 0.20.0...
[INFO] testing dear-implot3d-0.20.0 against 1.99.0-beta.8+cargoflags=--release for beta-release-1.100-2
[INFO] extracting crate dear-implot3d 0.20.0 into /workspace/builds/worker-0-tc1/source
[INFO] started tweaking crates.io crate dear-implot3d 0.20.0
[INFO] removed 0 missing tests
[INFO] finished tweaking crates.io crate dear-implot3d 0.20.0
[INFO] tweaked toml for crates.io crate dear-implot3d 0.20.0 written to /workspace/builds/worker-0-tc1/source/Cargo.toml
[INFO] validating manifest of crates.io crate dear-implot3d 0.20.0 on toolchain 1.99.0-beta.8
[INFO] running `Command { std: CARGO_HOME="/workspace/cargo-home" RUSTUP_HOME="/workspace/rustup-home" "/workspace/cargo-home/bin/cargo" "+1.99.0-beta.8" "metadata" "--manifest-path" "Cargo.toml" "--no-deps", kill_on_drop: false }`
[INFO] crate crates.io crate dear-implot3d 0.20.0 already has a lockfile, it will not be regenerated
[INFO] running `Command { std: CARGO_HOME="/workspace/cargo-home" RUSTUP_HOME="/workspace/rustup-home" "/workspace/cargo-home/bin/cargo" "+1.99.0-beta.8" "fetch" "--manifest-path" "Cargo.toml", kill_on_drop: false }`
[INFO] [stderr]     Updating crates.io index
[INFO] [stderr]  Downloading crates ...
[INFO] [stderr]   Downloaded dear-imgui-build-support v0.20.0
[INFO] [stderr]   Downloaded ureq-proto v0.6.4
[INFO] [stderr]   Downloaded ureq v3.4.2
[INFO] [stderr]   Downloaded dear-implot3d-sys v0.20.0
[INFO] [stderr]   Downloaded cc v1.7.0
[INFO] [stderr]   Downloaded syn v3.0.7
[INFO] [stderr]   Downloaded dear-imgui-rs v0.20.0
[INFO] [stderr]   Downloaded dear-imgui-sys v0.20.0
[INFO] running `Command { std: "docker" "create" "-v" "/var/lib/crater-agent-workspace/builds/worker-0-tc1/source:/opt/rustwide/workdir:ro,Z" "-v" "/var/lib/crater-agent-workspace/builds/worker-0-tc1/target:/opt/rustwide/target:rw,Z" "-v" "/var/lib/crater-agent-workspace/cargo-home:/opt/rustwide/cargo-home:ro,Z" "-v" "/var/lib/crater-agent-workspace/rustup-home:/opt/rustwide/rustup-home:ro,Z" "-m" "1610612736" "--network" "none" "ghcr.io/rust-lang/crates-build-env/linux@sha256:77db811e55d90add9212f6832c23229e3de5f1c1f9905e8cb07319ea15df73ac" "sleep" "infinity", kill_on_drop: false }`
[INFO] [stdout] 039a586659db6511630f5c2538ea62ba02389c9c2f8e092ea897142610fbc933
[INFO] running `Command { std: "docker" "start" "039a586659db6511630f5c2538ea62ba02389c9c2f8e092ea897142610fbc933", kill_on_drop: false }`
[INFO] running `Command { std: "docker" "inspect" "039a586659db6511630f5c2538ea62ba02389c9c2f8e092ea897142610fbc933", kill_on_drop: false }`
[INFO] running `Command { std: "docker" "exec" "-e" "SOURCE_DIR=/opt/rustwide/workdir" "-e" "CARGO_HOME=/opt/rustwide/cargo-home" "-e" "RUSTUP_HOME=/opt/rustwide/rustup-home" "-e" "CARGO_TARGET_DIR=/opt/rustwide/target" "-w" "/opt/rustwide/workdir" "--user" "0:0" "039a586659db6511630f5c2538ea62ba02389c9c2f8e092ea897142610fbc933" "/opt/rustwide/cargo-home/bin/cargo" "+1.99.0-beta.8" "metadata" "--no-deps" "--format-version=1", kill_on_drop: false }`
[INFO] running `Command { std: "docker" "inspect" "039a586659db6511630f5c2538ea62ba02389c9c2f8e092ea897142610fbc933", kill_on_drop: false }`
[INFO] running `Command { std: "docker" "exec" "-e" "SOURCE_DIR=/opt/rustwide/workdir" "-e" "CARGO_HOME=/opt/rustwide/cargo-home" "-e" "RUSTUP_HOME=/opt/rustwide/rustup-home" "-e" "CARGO_TARGET_DIR=/opt/rustwide/target" "-e" "CARGO_INCREMENTAL=0" "-e" "RUST_BACKTRACE=full" "-e" "RUSTFLAGS=--cap-lints=warn" "-e" "RUSTDOCFLAGS=--cap-lints=warn" "-w" "/opt/rustwide/workdir" "--user" "0:0" "039a586659db6511630f5c2538ea62ba02389c9c2f8e092ea897142610fbc933" "/opt/rustwide/cargo-home/bin/cargo" "+1.99.0-beta.8" "build" "--frozen" "--message-format=json" "--release", kill_on_drop: false }`
[INFO] [stderr]    Compiling syn v3.0.7
[INFO] [stderr]    Compiling thiserror v2.0.21
[INFO] [stderr]    Compiling smallvec v1.16.3
[INFO] [stderr]    Compiling mint v0.5.9
[INFO] [stderr]    Compiling serde_core v1.0.229
[INFO] [stderr]    Compiling serde v1.0.229
[INFO] [stderr]    Compiling cc v1.7.0
[INFO] [stderr]    Compiling parking_lot_core v0.9.12
[INFO] [stderr]    Compiling parking_lot v0.12.5
[INFO] [stderr]    Compiling serde_derive v1.0.229
[INFO] [stderr]    Compiling thiserror-impl v2.0.21
[INFO] [stderr]    Compiling serde_json v1.0.151
[INFO] [stderr]    Compiling dear-imgui-build-support v0.20.0
[INFO] [stderr]    Compiling dear-imgui-sys v0.20.0
[INFO] [stderr]    Compiling dear-implot3d-sys v0.20.0
[INFO] [stderr]    Compiling dear-imgui-rs v0.20.0
[INFO] [stderr]    Compiling dear-implot3d v0.20.0 (/opt/rustwide/workdir)
[INFO] [stderr]     Finished `release` profile [optimized] target(s) in 2m 17s
[INFO] running `Command { std: "docker" "inspect" "039a586659db6511630f5c2538ea62ba02389c9c2f8e092ea897142610fbc933", kill_on_drop: false }`
[INFO] running `Command { std: "docker" "exec" "-e" "SOURCE_DIR=/opt/rustwide/workdir" "-e" "CARGO_HOME=/opt/rustwide/cargo-home" "-e" "RUSTUP_HOME=/opt/rustwide/rustup-home" "-e" "CARGO_TARGET_DIR=/opt/rustwide/target" "-e" "CARGO_INCREMENTAL=0" "-e" "RUST_BACKTRACE=full" "-e" "RUSTFLAGS=--cap-lints=warn" "-e" "RUSTDOCFLAGS=--cap-lints=warn" "-w" "/opt/rustwide/workdir" "--user" "0:0" "039a586659db6511630f5c2538ea62ba02389c9c2f8e092ea897142610fbc933" "/opt/rustwide/cargo-home/bin/cargo" "+1.99.0-beta.8" "test" "--frozen" "--no-run" "--message-format=json" "--release", kill_on_drop: false }`
[INFO] [stderr]    Compiling dear-implot3d-sys v0.20.0
[INFO] [stderr]    Compiling dear-implot3d v0.20.0 (/opt/rustwide/workdir)
[INFO] [stderr]     Finished `release` profile [optimized] target(s) in 1m 00s
[INFO] running `Command { std: "docker" "inspect" "039a586659db6511630f5c2538ea62ba02389c9c2f8e092ea897142610fbc933", kill_on_drop: false }`
[INFO] running `Command { std: "docker" "exec" "-e" "SOURCE_DIR=/opt/rustwide/workdir" "-e" "CARGO_HOME=/opt/rustwide/cargo-home" "-e" "RUSTUP_HOME=/opt/rustwide/rustup-home" "-e" "CARGO_TARGET_DIR=/opt/rustwide/target" "-e" "CARGO_INCREMENTAL=0" "-e" "RUST_BACKTRACE=full" "-e" "RUSTFLAGS=--cap-lints=warn" "-e" "RUSTDOCFLAGS=--cap-lints=warn" "-w" "/opt/rustwide/workdir" "--user" "0:0" "039a586659db6511630f5c2538ea62ba02389c9c2f8e092ea897142610fbc933" "/opt/rustwide/cargo-home/bin/cargo" "+1.99.0-beta.8" "test" "--frozen" "--release", kill_on_drop: false }`
[INFO] [stderr]     Finished `release` profile [optimized] target(s) in 0.05s
[INFO] [stderr]      Running unittests src/lib.rs (/opt/rustwide/target/release/deps/dear_implot3d-1d59aa8d590fd1bb)
[INFO] [stdout] 
[INFO] [stdout] running 32 tests
[INFO] [stdout] test item_style::tests::plot3d_item_style_applies_fields ... ok
[INFO] [stdout] test item_style::tests::scoped_next_spec_item_flags_merge_with_plot_flags ... ok
[INFO] [stdout] test item_style::tests::scoped_next_spec_merges_with_previous_when_consumed ... ok
[INFO] [stdout] test layout::tests::zero_data_stride_panics_before_ffi - should panic ... ok
[INFO] [stdout] test layout::tests::data_layout_allows_signed_sample_offsets ... ok
[INFO] [stdout] test layout::tests::axis_ticks_range_count_is_checked_before_ffi ... ok
[INFO] [stdout] test plots::surface::tests::axis_and_flattened_inputs_share_z_shape_errors ... ok
[INFO] [stdout] test item_style::tests::scoped_next_spec_restores_previous_if_closure_panics ... ok
[INFO] [stdout] test context::tests::ffi_layout_implot3d_point_is_3_f64 ... ok
[INFO] [stdout] test item_style::tests::scoped_next_spec_restores_previous_when_not_consumed ... ok
[INFO] [stdout] test plots::surface::tests::checked_shape_rejects_cpp_int_overflow_without_allocating ... ok
[INFO] [stdout] test plots::surface::tests::checked_shape_rejects_usize_multiplication_overflow ... ok
[INFO] [stdout] test plots::surface::tests::flattened_grid_requires_all_coordinate_arrays_to_match ... ok
[INFO] [stdout] test plots::surface::tests::surface_labels_reject_embedded_nul_consistently ... ok
[INFO] [stdout] test style::tests::tests::colormap_count_conversion_rejects_negative_ffi_values - should panic ... ok
[INFO] [stdout] test plots::surface::tests::empty_axes_are_rejected ... ok
[INFO] [stdout] test plots::surface::tests::axis_grid_rejects_z_length_mismatch ... ok
[INFO] [stdout] test plots::surface::tests::grid_mismatch_display_uses_validated_expected_count ... ok
[INFO] [stdout] test layout::tests::data_stride_bytes_are_positive ... ok
[INFO] [stdout] test plots::surface::tests::one_by_n_axis_grid_is_valid ... ok
[INFO] [stdout] test plots::surface::tests::cpp_probe_receives_equal_length_row_major_surface_arrays ... FAILED
[INFO] [stdout] test plots::surface::tests::flattened_grid_borrows_contiguous_coordinates ... ok
[INFO] [stdout] test style::tests::tests::colormap_indices_reject_negative_values ... ok
[INFO] [stdout] test style::tests::tests::next_plot3d_item_array_style_is_consumed_by_next_spec ... ok
[INFO] [stdout] test style::tests::tests::next_plot3d_item_array_style_is_restored_if_closure_panics ... ok
[INFO] [stdout] test context::tests::plot3d_tokens_bind_own_context_before_drop ... ok
[INFO] [stdout] test context::tests::plot3d_ui_binds_own_context ... ok
[INFO] [stdout] test style::tests::tests::next_plot3d_item_array_style_is_restored_if_unused ... ok
[INFO] [stdout] test context::tests::plot3d_ui_binds_owner_context ... ok
[INFO] [stdout] test context::tests::dropping_non_current_plot3d_context_restores_previous_context ... ok
[INFO] [stdout] test context::tests::dropping_current_plot3d_context_clears_current_context ... ok
[INFO] [stdout] test plots::surface::tests::axis_grid_flattens_in_row_major_order ... ok
[INFO] [stdout] 
[INFO] [stdout] failures:
[INFO] [stdout] 
[INFO] [stdout] ---- plots::surface::tests::cpp_probe_receives_equal_length_row_major_surface_arrays stdout ----
[INFO] [stdout] 
[INFO] [stdout] thread 'plots::surface::tests::cpp_probe_receives_equal_length_row_major_surface_arrays' (827) panicked at /opt/rustwide/cargo-home/registry/src/index.crates.io-1949cf8c6b5b557f/dear-imgui-rs-0.20.0/src/context/core.rs:100:28:
[INFO] [stdout] Failed to create Dear ImGui context: ContextThreadConflict
[INFO] [stdout] stack backtrace:
[INFO] [stdout]    0:     0x62147b918d01 - <<std[70759c8f55707aa4]::sys::backtrace::BacktraceLock>::print::DisplayBacktrace as core[df12db4294e9bfd3]::fmt::Display>::fmt
[INFO] [stdout]    1:     0x62147b92deda - core[df12db4294e9bfd3]::fmt::write
[INFO] [stdout]    2:     0x62147b91d19c - <alloc[2182bb758b4b3781]::vec::Vec<u8> as core[df12db4294e9bfd3]::io::write::Write>::write_fmt
[INFO] [stdout]    3:     0x62147b8f52b6 - std[70759c8f55707aa4]::panicking::default_hook::{closure#0}
[INFO] [stdout]    4:     0x62147b911429 - std[70759c8f55707aa4]::panicking::default_hook
[INFO] [stdout]    5:     0x62147b7f01d0 - test[9d35eded1c95d3be]::test_main_inner::<test[9d35eded1c95d3be]::test_main_static::{closure#0}>::{closure#0}
[INFO] [stdout]    6:     0x62147b9115e2 - std[70759c8f55707aa4]::panicking::panic_with_hook
[INFO] [stdout]    7:     0x62147b8f5362 - std[70759c8f55707aa4]::panicking::panic_handler::{closure#0}
[INFO] [stdout]    8:     0x62147b8ee0e9 - std[70759c8f55707aa4]::sys::backtrace::__rust_end_short_backtrace::<std[70759c8f55707aa4]::panicking::panic_handler::{closure#0}, !>
[INFO] [stdout]    9:     0x62147b8f5f5d - __rustc[8fa7c3cbc660c2b3]::rust_begin_unwind
[INFO] [stdout]   10:     0x62147b92e63c - core[df12db4294e9bfd3]::panicking::panic_fmt
[INFO] [stdout]   11:     0x62147b92e412 - core[df12db4294e9bfd3]::result::unwrap_failed
[INFO] [stdout]   12:     0x62147b852213 - <dear_imgui_rs[a7dedac5056940b6]::context::core::Context>::create
[INFO] [stdout]   13:     0x62147b7e2641 - dear_implot3d[ca08e6fa4032cb58]::plots::surface::tests::cpp_probe_receives_equal_length_row_major_surface_arrays
[INFO] [stdout]   14:     0x62147b7da769 - <dear_implot3d[ca08e6fa4032cb58]::plots::surface::tests::cpp_probe_receives_equal_length_row_major_surface_arrays::{closure#0} as core[df12db4294e9bfd3]::ops::function::FnOnce<()>>::call_once
[INFO] [stdout]   15:     0x62147b7e34bb - test[9d35eded1c95d3be]::__rust_begin_short_backtrace::<core[df12db4294e9bfd3]::result::Result<(), alloc[2182bb758b4b3781]::string::String>, fn() -> core[df12db4294e9bfd3]::result::Result<(), alloc[2182bb758b4b3781]::string::String>>
[INFO] [stdout]   16:     0x62147b7f0b25 - test[9d35eded1c95d3be]::run_test::{closure#0}
[INFO] [stdout]   17:     0x62147b7ea3e4 - std[70759c8f55707aa4]::sys::backtrace::__rust_begin_short_backtrace::<test[9d35eded1c95d3be]::run_test::{closure#1}, ()>
[INFO] [stdout]   18:     0x62147b7f3c82 - <std[70759c8f55707aa4]::thread::lifecycle::spawn_unchecked<test[9d35eded1c95d3be]::run_test::{closure#1}, ()>::{closure#1} as core[df12db4294e9bfd3]::ops::function::FnOnce<()>>::call_once::{shim:vtable#0}
[INFO] [stdout]   19:     0x62147b9185d9 - <std[70759c8f55707aa4]::sys::thread::unix::Thread>::new::thread_start
[INFO] [stdout]   20:     0x7f1e8e507dfa - <unknown>
[INFO] [stdout]   21:     0x7f1e8e59b3d4 - clone
[INFO] [stdout]   22:                0x0 - <unknown>
[INFO] [stdout] 
[INFO] [stdout] 
[INFO] [stdout] failures:
[INFO] [stdout]     plots::surface::tests::cpp_probe_receives_equal_length_row_major_surface_arrays
[INFO] [stdout] 
[INFO] [stdout] test result: FAILED. 31 passed; 1 failed; 0 ignored; 0 measured; 0 filtered out; finished in 0.01s
[INFO] [stdout] 
[INFO] [stderr] error: test failed, to rerun pass `--lib`
[INFO] running `Command { std: "docker" "inspect" "039a586659db6511630f5c2538ea62ba02389c9c2f8e092ea897142610fbc933", kill_on_drop: false }`
[INFO] running `Command { std: "docker" "rm" "-f" "039a586659db6511630f5c2538ea62ba02389c9c2f8e092ea897142610fbc933", kill_on_drop: false }`
[INFO] [stdout] 039a586659db6511630f5c2538ea62ba02389c9c2f8e092ea897142610fbc933
