[INFO] fetching crate dear-implot 0.20.0...
[INFO] testing dear-implot-0.20.0 against 1.100.0-beta.1+cargoflags=--release for beta-release-1.100-2
[INFO] extracting crate dear-implot 0.20.0 into /workspace/builds/worker-4-tc2/source
[INFO] started tweaking crates.io crate dear-implot 0.20.0
[INFO] removed 0 missing tests
[INFO] finished tweaking crates.io crate dear-implot 0.20.0
[INFO] tweaked toml for crates.io crate dear-implot 0.20.0 written to /workspace/builds/worker-4-tc2/source/Cargo.toml
[INFO] validating manifest of crates.io crate dear-implot 0.20.0 on toolchain 1.100.0-beta.1
[INFO] running `Command { std: CARGO_HOME="/workspace/cargo-home" RUSTUP_HOME="/workspace/rustup-home" "/workspace/cargo-home/bin/cargo" "+1.100.0-beta.1" "metadata" "--manifest-path" "Cargo.toml" "--no-deps", kill_on_drop: false }`
[INFO] crate crates.io crate dear-implot 0.20.0 already has a lockfile, it will not be regenerated
[INFO] running `Command { std: CARGO_HOME="/workspace/cargo-home" RUSTUP_HOME="/workspace/rustup-home" "/workspace/cargo-home/bin/cargo" "+1.100.0-beta.1" "fetch" "--manifest-path" "Cargo.toml", kill_on_drop: false }`
[INFO] [stderr] warning: `package.homepage` is redundant with `package.repository`
[INFO] [stderr]   --> Cargo.toml:49:12
[INFO] [stderr]    |
[INFO] [stderr] 49 | homepage = "https://github.com/Latias94/dear-imgui-rs"
[INFO] [stderr]    |            ^^^^^^^^^^^^^^^^^^^^^^^^^^^^^^^^^^^^^^^^^^^
[INFO] [stderr] ...
[INFO] [stderr] 54 | repository = "https://github.com/Latias94/dear-imgui-rs"
[INFO] [stderr]    |              -------------------------------------------
[INFO] [stderr]    |
[INFO] [stderr]    = note: `cargo::redundant_homepage` is set to `warn` by default
[INFO] [stderr] help: consider removing `package.homepage`
[INFO] [stderr] warning: `dear-implot` (manifest) generated 1 warning
[INFO] running `Command { std: "docker" "create" "-v" "/var/lib/crater-agent-workspace/builds/worker-4-tc2/source:/opt/rustwide/workdir:ro,Z" "-v" "/var/lib/crater-agent-workspace/builds/worker-4-tc2/target:/opt/rustwide/target:rw,Z" "-v" "/var/lib/crater-agent-workspace/cargo-home:/opt/rustwide/cargo-home:ro,Z" "-v" "/var/lib/crater-agent-workspace/rustup-home:/opt/rustwide/rustup-home:ro,Z" "-m" "1610612736" "--network" "none" "ghcr.io/rust-lang/crates-build-env/linux@sha256:77db811e55d90add9212f6832c23229e3de5f1c1f9905e8cb07319ea15df73ac" "sleep" "infinity", kill_on_drop: false }`
[INFO] [stdout] e8bd2f61d390159d2853006315b2b962dd8cf15750499bdc28214489bd86f7b6
[INFO] running `Command { std: "docker" "start" "e8bd2f61d390159d2853006315b2b962dd8cf15750499bdc28214489bd86f7b6", kill_on_drop: false }`
[INFO] running `Command { std: "docker" "inspect" "e8bd2f61d390159d2853006315b2b962dd8cf15750499bdc28214489bd86f7b6", kill_on_drop: false }`
[INFO] running `Command { std: "docker" "exec" "-e" "SOURCE_DIR=/opt/rustwide/workdir" "-e" "CARGO_HOME=/opt/rustwide/cargo-home" "-e" "RUSTUP_HOME=/opt/rustwide/rustup-home" "-e" "CARGO_TARGET_DIR=/opt/rustwide/target" "-w" "/opt/rustwide/workdir" "--user" "0:0" "e8bd2f61d390159d2853006315b2b962dd8cf15750499bdc28214489bd86f7b6" "/opt/rustwide/cargo-home/bin/cargo" "+1.100.0-beta.1" "metadata" "--no-deps" "--format-version=1", kill_on_drop: false }`
[INFO] running `Command { std: "docker" "inspect" "e8bd2f61d390159d2853006315b2b962dd8cf15750499bdc28214489bd86f7b6", kill_on_drop: false }`
[INFO] running `Command { std: "docker" "exec" "-e" "SOURCE_DIR=/opt/rustwide/workdir" "-e" "CARGO_HOME=/opt/rustwide/cargo-home" "-e" "RUSTUP_HOME=/opt/rustwide/rustup-home" "-e" "CARGO_TARGET_DIR=/opt/rustwide/target" "-e" "CARGO_INCREMENTAL=0" "-e" "RUST_BACKTRACE=full" "-e" "RUSTFLAGS=--cap-lints=warn" "-e" "RUSTDOCFLAGS=--cap-lints=warn" "-w" "/opt/rustwide/workdir" "--user" "0:0" "e8bd2f61d390159d2853006315b2b962dd8cf15750499bdc28214489bd86f7b6" "/opt/rustwide/cargo-home/bin/cargo" "+1.100.0-beta.1" "build" "--frozen" "--message-format=json" "--release", kill_on_drop: false }`
[INFO] [stderr] warning: `package.homepage` is redundant with `package.repository`
[INFO] [stderr]   --> Cargo.toml:49:12
[INFO] [stderr]    |
[INFO] [stderr] 49 | homepage = "https://github.com/Latias94/dear-imgui-rs"
[INFO] [stderr]    |            ^^^^^^^^^^^^^^^^^^^^^^^^^^^^^^^^^^^^^^^^^^^
[INFO] [stderr] ...
[INFO] [stderr] 54 | repository = "https://github.com/Latias94/dear-imgui-rs"
[INFO] [stderr]    |              -------------------------------------------
[INFO] [stderr]    |
[INFO] [stderr]    = note: `cargo::redundant_homepage` is set to `warn` by default
[INFO] [stderr] help: consider removing `package.homepage`
[INFO] [stderr] warning: `dear-implot` (manifest) generated 1 warning
[INFO] [stderr]    Compiling unicode-ident v1.0.26
[INFO] [stderr]    Compiling libc v0.2.190
[INFO] [stderr]    Compiling smallvec v1.16.3
[INFO] [stderr]    Compiling cc v1.7.0
[INFO] [stderr]    Compiling serde_json v1.0.151
[INFO] [stderr]    Compiling proc-macro2 v1.0.107
[INFO] [stderr]    Compiling quote v1.0.47
[INFO] [stderr]    Compiling syn v3.0.7
[INFO] [stderr]    Compiling cmake v0.1.58
[INFO] [stderr]    Compiling parking_lot_core v0.9.12
[INFO] [stderr]    Compiling parking_lot v0.12.5
[INFO] [stderr]    Compiling serde_derive v1.0.229
[INFO] [stderr]    Compiling thiserror-impl v2.0.21
[INFO] [stderr]    Compiling thiserror v2.0.21
[INFO] [stderr]    Compiling serde v1.0.229
[INFO] [stderr]    Compiling dear-imgui-build-support v0.20.0
[INFO] [stderr]    Compiling dear-imgui-sys v0.20.0
[INFO] [stderr]    Compiling dear-implot-sys v0.20.0
[INFO] [stderr]    Compiling dear-imgui-rs v0.20.0
[INFO] [stderr]    Compiling dear-implot v0.20.0 (/opt/rustwide/workdir)
[INFO] [stderr]     Finished `release` profile [optimized] target(s) in 6m 09s
[INFO] running `Command { std: "docker" "inspect" "e8bd2f61d390159d2853006315b2b962dd8cf15750499bdc28214489bd86f7b6", kill_on_drop: false }`
[INFO] running `Command { std: "docker" "exec" "-e" "SOURCE_DIR=/opt/rustwide/workdir" "-e" "CARGO_HOME=/opt/rustwide/cargo-home" "-e" "RUSTUP_HOME=/opt/rustwide/rustup-home" "-e" "CARGO_TARGET_DIR=/opt/rustwide/target" "-e" "CARGO_INCREMENTAL=0" "-e" "RUST_BACKTRACE=full" "-e" "RUSTFLAGS=--cap-lints=warn" "-e" "RUSTDOCFLAGS=--cap-lints=warn" "-w" "/opt/rustwide/workdir" "--user" "0:0" "e8bd2f61d390159d2853006315b2b962dd8cf15750499bdc28214489bd86f7b6" "/opt/rustwide/cargo-home/bin/cargo" "+1.100.0-beta.1" "test" "--frozen" "--no-run" "--message-format=json" "--release", kill_on_drop: false }`
[INFO] [stderr] warning: `package.homepage` is redundant with `package.repository`
[INFO] [stderr]   --> Cargo.toml:49:12
[INFO] [stderr]    |
[INFO] [stderr] 49 | homepage = "https://github.com/Latias94/dear-imgui-rs"
[INFO] [stderr]    |            ^^^^^^^^^^^^^^^^^^^^^^^^^^^^^^^^^^^^^^^^^^^
[INFO] [stderr] ...
[INFO] [stderr] 54 | repository = "https://github.com/Latias94/dear-imgui-rs"
[INFO] [stderr]    |              -------------------------------------------
[INFO] [stderr]    |
[INFO] [stderr]    = note: `cargo::redundant_homepage` is set to `warn` by default
[INFO] [stderr] help: consider removing `package.homepage`
[INFO] [stderr] warning: `dear-implot` (manifest) generated 1 warning
[INFO] [stderr]    Compiling diff v0.1.13
[INFO] [stderr]    Compiling yansi v1.0.1
[INFO] [stderr]    Compiling approx v0.5.1
[INFO] [stderr]    Compiling pretty_assertions v1.4.1
[INFO] [stderr]    Compiling dear-implot v0.20.0 (/opt/rustwide/workdir)
[INFO] [stderr]     Finished `release` profile [optimized] target(s) in 6.86s
[INFO] running `Command { std: "docker" "inspect" "e8bd2f61d390159d2853006315b2b962dd8cf15750499bdc28214489bd86f7b6", kill_on_drop: false }`
[INFO] running `Command { std: "docker" "exec" "-e" "SOURCE_DIR=/opt/rustwide/workdir" "-e" "CARGO_HOME=/opt/rustwide/cargo-home" "-e" "RUSTUP_HOME=/opt/rustwide/rustup-home" "-e" "CARGO_TARGET_DIR=/opt/rustwide/target" "-e" "CARGO_INCREMENTAL=0" "-e" "RUST_BACKTRACE=full" "-e" "RUSTFLAGS=--cap-lints=warn" "-e" "RUSTDOCFLAGS=--cap-lints=warn" "-w" "/opt/rustwide/workdir" "--user" "0:0" "e8bd2f61d390159d2853006315b2b962dd8cf15750499bdc28214489bd86f7b6" "/opt/rustwide/cargo-home/bin/cargo" "+1.100.0-beta.1" "test" "--frozen" "--release", kill_on_drop: false }`
[INFO] [stderr] warning: `package.homepage` is redundant with `package.repository`
[INFO] [stderr]   --> Cargo.toml:49:12
[INFO] [stderr]    |
[INFO] [stderr] 49 | homepage = "https://github.com/Latias94/dear-imgui-rs"
[INFO] [stderr]    |            ^^^^^^^^^^^^^^^^^^^^^^^^^^^^^^^^^^^^^^^^^^^
[INFO] [stderr] ...
[INFO] [stderr] 54 | repository = "https://github.com/Latias94/dear-imgui-rs"
[INFO] [stderr]    |              -------------------------------------------
[INFO] [stderr]    |
[INFO] [stderr]    = note: `cargo::redundant_homepage` is set to `warn` by default
[INFO] [stderr] help: consider removing `package.homepage`
[INFO] [stderr] warning: `dear-implot` (manifest) generated 1 warning
[INFO] [stderr]     Finished `release` profile [optimized] target(s) in 0.09s
[INFO] [stderr]      Running unittests src/lib.rs (/opt/rustwide/target/release/build/dear-implot/2eb5d60b1697277c/out/dear_implot-2eb5d60b1697277c)
[INFO] [stdout] 
[INFO] [stdout] running 60 tests
[INFO] [stdout] test context::tests::axis_ticks_range_count_is_checked_before_ffi ... ok
[INFO] [stdout] test numeric_format::tests::axis_formats_validate_numeric_type_and_storage_length ... ok
[INFO] [stdout] test plots::bar::tests::test_bar_plot_empty_data ... ok
[INFO] [stdout] test plots::bar::tests::test_bar_plot_style_trait_builders ... ok
[INFO] [stdout] test plots::bar::tests::test_bar_plot_creation ... ok
[INFO] [stdout] test plots::bar::tests::test_positional_bar_plot ... ok
[INFO] [stdout] test plots::bar::tests::test_positional_bar_plot_validation ... ok
[INFO] [stdout] test advanced::tests::subplot_grid_rejects_invalid_counts_before_ffi ... FAILED
[INFO] [stdout] test plots::error_bars::tests::test_simple_error_bars_plot_flags ... ok
[INFO] [stdout] test advanced::tests::subplot_grid_ratio_lengths_follow_usize_counts ... FAILED
[INFO] [stdout] test plots::heatmap::tests::heatmap_rejects_i32_count_overflow_before_ffi ... ok
[INFO] [stdout] test plots::heatmap::tests::heatmap_rejects_zero_counts_before_ffi ... ok
[INFO] [stdout] test plots::heatmap::tests::heatmap_f32_uses_checked_grid_counts ... ok
[INFO] [stdout] test plots::histogram::tests::histogram_bins_reject_zero_counts_before_ffi - should panic ... ok
[INFO] [stdout] test plots::histogram::tests::histogram_bins_distinguish_counts_from_methods ... ok
[INFO] [stdout] test plots::heatmap::tests::heatmap_rejects_count_multiplication_overflow_before_ffi ... ok
[INFO] [stdout] test plots::layout_tests::data_layout_allows_signed_sample_offsets ... ok
[INFO] [stdout] test plots::layout_tests::data_stride_bytes_are_positive ... ok
[INFO] [stdout] test plots::histogram::tests::histogram_builders_accept_typed_bins ... ok
[INFO] [stdout] test plots::histogram::tests::histogram_bins_reject_oversized_counts_before_ffi - should panic ... ok
[INFO] [stdout] test plots::line::tests::test_line_plot_style_builders ... ok
[INFO] [stdout] test context::tests::axis_zoom_constraints_reject_non_positive_min_before_ffi - should panic ... ok
[INFO] [stdout] test plots::line::tests::test_line_plot_validation ... ok
[INFO] [stdout] test plots::line::tests::test_simple_line_plot ... ok
[INFO] [stdout] test plots::line::tests::test_line_plot_creation ... ok
[INFO] [stdout] test plots::layout_tests::zero_data_stride_panics_before_ffi - should panic ... ok
[INFO] [stdout] test plots::scatter::tests::test_scatter_plot_validation ... ok
[INFO] [stdout] test context::tests::dropping_current_plot_context_clears_current_context ... ok
[INFO] [stdout] test plots::scatter::tests::test_simple_scatter_plot ... ok
[INFO] [stdout] test plots::shaded::tests::test_shaded_plot_creation ... ok
[INFO] [stdout] test plots::scatter::tests::test_scatter_plot_style_builders ... ok
[INFO] [stdout] test plots::shaded::tests::test_shaded_plot_validation ... ok
[INFO] [stdout] test plots::shaded::tests::test_shaded_between_plot ... ok
[INFO] [stdout] test plots::polygon::tests::polygon_plot_validation ... ok
[INFO] [stdout] test plots::shaded::tests::test_simple_shaded_plot_flags ... ok
[INFO] [stdout] test context::tests::dead_plot_binding_never_enters_the_native_scope ... ok
[INFO] [stdout] test plots::scatter::tests::test_scatter_plot_creation ... ok
[INFO] [stdout] test plots::stems::tests::test_stem_plot_creation ... ok
[INFO] [stdout] test plots::stems::tests::test_simple_stem_plot ... ok
[INFO] [stdout] test plots::stems::tests::test_stem_plot_validation ... ok
[INFO] [stdout] test plots::stems::tests::test_stem_plot_with_ref ... ok
[INFO] [stdout] test style::tests::colormap_count_conversion_rejects_negative_ffi_values - should panic ... ok
[INFO] [stdout] test plots::polygon::tests::polygon_plot_creation ... ok
[INFO] [stdout] test style::tests::colormap_indices_reject_negative_values ... ok
[INFO] [stdout] test utils::tests::drag_tool_id_round_trips_raw_values ... ok
[INFO] [stdout] test style::tests::next_plot_item_array_style_is_consumed_by_next_spec ... ok
[INFO] [stdout] test context::tests::nested_plot_bindings_restore_imgui_and_implot_contexts ... ok
[INFO] [stdout] test utils::tests::literal_plot_text_borrows_strings_without_percent_signs ... ok
[INFO] [stdout] test utils::tests::literal_plot_text_escapes_every_printf_directive ... ok
[INFO] [stdout] test style::tests::sample_colormap_rejects_out_of_range_t_before_ffi - should panic ... ok
[INFO] [stdout] test style::tests::next_plot_item_array_style_is_restored_if_closure_panics ... ok
[INFO] [stdout] test style::tests::next_plot_item_array_style_is_restored_if_unused ... ok
[INFO] [stdout] test context::tests::plot_ui_binds_own_context_before_calls ... ok
[INFO] [stdout] test context::tests::secondary_axis_links_are_explicitly_unlinked_on_the_same_plot ... ok
[INFO] [stdout] test context::tests::set_next_axis_limits_rejects_non_finite_values_before_ffi - should panic ... ok
[INFO] [stdout] test context::tests::typed_axis_apis_accept_valid_axes ... ok
[INFO] [stdout] test context::tests::style_and_plot_clip_tokens_bind_own_context_before_drop ... ok
[INFO] [stdout] test context::tests::dropping_non_current_plot_context_restores_previous_context ... ok
[INFO] [stdout] test context::tests::plot_token_binds_own_context_before_drop ... ok
[INFO] [stdout] test context::tests::nested_plot_binding_never_restores_a_destroyed_outer_context ... ok
[INFO] [stdout] 
[INFO] [stdout] failures:
[INFO] [stdout] 
[INFO] [stdout] ---- advanced::tests::subplot_grid_rejects_invalid_counts_before_ffi stdout ----
[INFO] [stdout] 
[INFO] [stdout] thread 'advanced::tests::subplot_grid_rejects_invalid_counts_before_ffi' (832) panicked at /opt/rustwide/cargo-home/registry/src/index.crates.io-1949cf8c6b5b557f/dear-imgui-rs-0.20.0/src/context/core.rs:100:28:
[INFO] [stdout] Failed to create Dear ImGui context: ContextThreadConflict
[INFO] [stdout] stack backtrace:
[INFO] [stdout]    0:     0x5ffb3d7bdda1 - <<std[617be2ca0a6fd877]::sys::backtrace::BacktraceLock>::print::DisplayBacktrace as core[a373ad73a504971]::fmt::Display>::fmt
[INFO] [stdout]    1:     0x5ffb3d7d2d0a - core[a373ad73a504971]::fmt::write
[INFO] [stdout]    2:     0x5ffb3d7c1fbc - <alloc[2e1b2a31b91974c5]::vec::Vec<u8> as core[a373ad73a504971]::io::write::Write>::write_fmt
[INFO] [stdout]    3:     0x5ffb3d79a1c6 - std[617be2ca0a6fd877]::panicking::default_hook::{closure#0}
[INFO] [stdout]    4:     0x5ffb3d7b63f9 - std[617be2ca0a6fd877]::panicking::default_hook
[INFO] [stdout]    5:     0x5ffb3d68eaa0 - test[aada8e7e76ba119b]::test_main_inner::{closure#0}
[INFO] [stdout]    6:     0x5ffb3d7b65b2 - std[617be2ca0a6fd877]::panicking::panic_with_hook
[INFO] [stdout]    7:     0x5ffb3d79a272 - std[617be2ca0a6fd877]::panicking::panic_handler::{closure#0}
[INFO] [stdout]    8:     0x5ffb3d792f89 - std[617be2ca0a6fd877]::sys::backtrace::__rust_end_short_backtrace::<std[617be2ca0a6fd877]::panicking::panic_handler::{closure#0}, !>
[INFO] [stdout]    9:     0x5ffb3d79ae7d - __rustc[ea4f61d10b84890b]::rust_begin_unwind
[INFO] [stdout]   10:     0x5ffb3d7d346c - core[a373ad73a504971]::panicking::panic_fmt
[INFO] [stdout]   11:     0x5ffb3d7d3242 - core[a373ad73a504971]::result::unwrap_failed
[INFO] [stdout]   12:     0x5ffb3d6c9473 - <dear_imgui_rs[f5334c94f2c8000]::context::core::Context>::create
[INFO] [stdout]   13:     0x5ffb3d67f8fb - dear_implot[9028fb43fe5e6ec]::advanced::tests::setup_context
[INFO] [stdout]   14:     0x5ffb3d6808d4 - <dear_implot[9028fb43fe5e6ec]::advanced::tests::subplot_grid_rejects_invalid_counts_before_ffi::{closure#0} as core[a373ad73a504971]::ops::function::FnOnce<()>>::call_once
[INFO] [stdout]   15:     0x5ffb3d681eeb - test[aada8e7e76ba119b]::__rust_begin_short_backtrace::<core[a373ad73a504971]::result::Result<(), alloc[2e1b2a31b91974c5]::string::String>, fn() -> core[a373ad73a504971]::result::Result<(), alloc[2e1b2a31b91974c5]::string::String>>
[INFO] [stdout]   16:     0x5ffb3d68f0c5 - test[aada8e7e76ba119b]::run_test::{closure#0}
[INFO] [stdout]   17:     0x5ffb3d6889b4 - std[617be2ca0a6fd877]::sys::backtrace::__rust_begin_short_backtrace::<test[aada8e7e76ba119b]::run_test::{closure#1}, ()>
[INFO] [stdout]   18:     0x5ffb3d692152 - <std[617be2ca0a6fd877]::thread::lifecycle::spawn_unchecked<test[aada8e7e76ba119b]::run_test::{closure#1}, ()>::{closure#1} as core[a373ad73a504971]::ops::function::FnOnce<()>>::call_once::{shim:vtable#0}
[INFO] [stdout]   19:     0x5ffb3d7bd5ff - <std[617be2ca0a6fd877]::sys::thread::unix::Thread>::new::thread_start
[INFO] [stdout]   20:     0x76a5cf3a8dfa - <unknown>
[INFO] [stdout]   21:     0x76a5cf43c3d4 - clone
[INFO] [stdout]   22:                0x0 - <unknown>
[INFO] [stdout] 
[INFO] [stdout] ---- advanced::tests::subplot_grid_ratio_lengths_follow_usize_counts stdout ----
[INFO] [stdout] 
[INFO] [stdout] thread 'advanced::tests::subplot_grid_ratio_lengths_follow_usize_counts' (831) panicked at /opt/rustwide/cargo-home/registry/src/index.crates.io-1949cf8c6b5b557f/dear-imgui-rs-0.20.0/src/context/core.rs:100:28:
[INFO] [stdout] Failed to create Dear ImGui context: ContextThreadConflict
[INFO] [stdout] stack backtrace:
[INFO] [stdout]    0:     0x5ffb3d7bdda1 - <<std[617be2ca0a6fd877]::sys::backtrace::BacktraceLock>::print::DisplayBacktrace as core[a373ad73a504971]::fmt::Display>::fmt
[INFO] [stdout]    1:     0x5ffb3d7d2d0a - core[a373ad73a504971]::fmt::write
[INFO] [stdout]    2:     0x5ffb3d7c1fbc - <alloc[2e1b2a31b91974c5]::vec::Vec<u8> as core[a373ad73a504971]::io::write::Write>::write_fmt
[INFO] [stdout]    3:     0x5ffb3d79a1c6 - std[617be2ca0a6fd877]::panicking::default_hook::{closure#0}
[INFO] [stdout]    4:     0x5ffb3d7b63f9 - std[617be2ca0a6fd877]::panicking::default_hook
[INFO] [stdout]    5:     0x5ffb3d68eaa0 - test[aada8e7e76ba119b]::test_main_inner::{closure#0}
[INFO] [stdout]    6:     0x5ffb3d7b65b2 - std[617be2ca0a6fd877]::panicking::panic_with_hook
[INFO] [stdout]    7:     0x5ffb3d79a272 - std[617be2ca0a6fd877]::panicking::panic_handler::{closure#0}
[INFO] [stdout]    8:     0x5ffb3d792f89 - std[617be2ca0a6fd877]::sys::backtrace::__rust_end_short_backtrace::<std[617be2ca0a6fd877]::panicking::panic_handler::{closure#0}, !>
[INFO] [stdout]    9:     0x5ffb3d79ae7d - __rustc[ea4f61d10b84890b]::rust_begin_unwind
[INFO] [stdout]   10:     0x5ffb3d7d346c - core[a373ad73a504971]::panicking::panic_fmt
[INFO] [stdout]   11:     0x5ffb3d7d3242 - core[a373ad73a504971]::result::unwrap_failed
[INFO] [stdout]   12:     0x5ffb3d6c9473 - <dear_imgui_rs[f5334c94f2c8000]::context::core::Context>::create
[INFO] [stdout]   13:     0x5ffb3d67f8fb - dear_implot[9028fb43fe5e6ec]::advanced::tests::setup_context
[INFO] [stdout]   14:     0x5ffb3d680541 - <dear_implot[9028fb43fe5e6ec]::advanced::tests::subplot_grid_ratio_lengths_follow_usize_counts::{closure#0} as core[a373ad73a504971]::ops::function::FnOnce<()>>::call_once
[INFO] [stdout]   15:     0x5ffb3d681eeb - test[aada8e7e76ba119b]::__rust_begin_short_backtrace::<core[a373ad73a504971]::result::Result<(), alloc[2e1b2a31b91974c5]::string::String>, fn() -> core[a373ad73a504971]::result::Result<(), alloc[2e1b2a31b91974c5]::string::String>>
[INFO] [stdout]   16:     0x5ffb3d68f0c5 - test[aada8e7e76ba119b]::run_test::{closure#0}
[INFO] [stdout]   17:     0x5ffb3d6889b4 - std[617be2ca0a6fd877]::sys::backtrace::__rust_begin_short_backtrace::<test[aada8e7e76ba119b]::run_test::{closure#1}, ()>
[INFO] [stdout]   18:     0x5ffb3d692152 - <std[617be2ca0a6fd877]::thread::lifecycle::spawn_unchecked<test[aada8e7e76ba119b]::run_test::{closure#1}, ()>::{closure#1} as core[a373ad73a504971]::ops::function::FnOnce<()>>::call_once::{shim:vtable#0}
[INFO] [stdout]   19:     0x5ffb3d7bd5ff - <std[617be2ca0a6fd877]::sys::thread::unix::Thread>::new::thread_start
[INFO] [stdout]   20:     0x76a5cf3a8dfa - <unknown>
[INFO] [stdout]   21:     0x76a5cf43c3d4 - clone
[INFO] [stdout]   22:                0x0 - <unknown>
[INFO] [stdout] 
[INFO] [stdout] 
[INFO] [stdout] failures:
[INFO] [stdout]     advanced::tests::subplot_grid_ratio_lengths_follow_usize_counts
[INFO] [stdout]     advanced::tests::subplot_grid_rejects_invalid_counts_before_ffi
[INFO] [stdout] 
[INFO] [stdout] test result: FAILED. 58 passed; 2 failed; 0 ignored; 0 measured; 0 filtered out; finished in 0.05s
[INFO] [stdout] 
[INFO] [stderr] error: test failed, to rerun pass `--lib`
[INFO] running `Command { std: "docker" "inspect" "e8bd2f61d390159d2853006315b2b962dd8cf15750499bdc28214489bd86f7b6", kill_on_drop: false }`
[INFO] running `Command { std: "docker" "rm" "-f" "e8bd2f61d390159d2853006315b2b962dd8cf15750499bdc28214489bd86f7b6", kill_on_drop: false }`
[INFO] [stdout] e8bd2f61d390159d2853006315b2b962dd8cf15750499bdc28214489bd86f7b6
