[INFO] fetching crate dear-imgui-wgpu 0.20.0...
[INFO] testing dear-imgui-wgpu-0.20.0 against 1.100.0-beta.1+cargoflags=--release for beta-release-1.100-2
[INFO] extracting crate dear-imgui-wgpu 0.20.0 into /workspace/builds/worker-6-tc2/source
[INFO] started tweaking crates.io crate dear-imgui-wgpu 0.20.0
[INFO] removed 0 missing tests
[INFO] finished tweaking crates.io crate dear-imgui-wgpu 0.20.0
[INFO] tweaked toml for crates.io crate dear-imgui-wgpu 0.20.0 written to /workspace/builds/worker-6-tc2/source/Cargo.toml
[INFO] validating manifest of crates.io crate dear-imgui-wgpu 0.20.0 on toolchain 1.100.0-beta.1
[INFO] running `Command { std: CARGO_HOME="/workspace/cargo-home" RUSTUP_HOME="/workspace/rustup-home" "/workspace/cargo-home/bin/cargo" "+1.100.0-beta.1" "metadata" "--manifest-path" "Cargo.toml" "--no-deps", kill_on_drop: false }`
[INFO] crate crates.io crate dear-imgui-wgpu 0.20.0 already has a lockfile, it will not be regenerated
[INFO] running `Command { std: CARGO_HOME="/workspace/cargo-home" RUSTUP_HOME="/workspace/rustup-home" "/workspace/cargo-home/bin/cargo" "+1.100.0-beta.1" "fetch" "--manifest-path" "Cargo.toml", kill_on_drop: false }`
[INFO] [stderr] warning: `package.homepage` is redundant with `package.repository`
[INFO] [stderr]    --> Cargo.toml:103:12
[INFO] [stderr]     |
[INFO] [stderr] 103 | homepage = "https://github.com/Latias94/dear-imgui-rs"
[INFO] [stderr]     |            ^^^^^^^^^^^^^^^^^^^^^^^^^^^^^^^^^^^^^^^^^^^
[INFO] [stderr] ...
[INFO] [stderr] 108 | repository = "https://github.com/Latias94/dear-imgui-rs"
[INFO] [stderr]     |              -------------------------------------------
[INFO] [stderr]     |
[INFO] [stderr]     = note: `cargo::redundant_homepage` is set to `warn` by default
[INFO] [stderr] help: consider removing `package.homepage`
[INFO] [stderr] warning: `dear-imgui-wgpu` (manifest) generated 1 warning
[INFO] running `Command { std: "docker" "create" "-v" "/var/lib/crater-agent-workspace/builds/worker-6-tc2/source:/opt/rustwide/workdir:ro,Z" "-v" "/var/lib/crater-agent-workspace/builds/worker-6-tc2/target:/opt/rustwide/target:rw,Z" "-v" "/var/lib/crater-agent-workspace/cargo-home:/opt/rustwide/cargo-home:ro,Z" "-v" "/var/lib/crater-agent-workspace/rustup-home:/opt/rustwide/rustup-home:ro,Z" "-m" "1610612736" "--network" "none" "ghcr.io/rust-lang/crates-build-env/linux@sha256:77db811e55d90add9212f6832c23229e3de5f1c1f9905e8cb07319ea15df73ac" "sleep" "infinity", kill_on_drop: false }`
[INFO] [stdout] b6f4e981a808c0cacfc718911dfaa724ed472252be8689f2e9aa7a5ab37198e3
[INFO] running `Command { std: "docker" "start" "b6f4e981a808c0cacfc718911dfaa724ed472252be8689f2e9aa7a5ab37198e3", kill_on_drop: false }`
[INFO] running `Command { std: "docker" "inspect" "b6f4e981a808c0cacfc718911dfaa724ed472252be8689f2e9aa7a5ab37198e3", kill_on_drop: false }`
[INFO] running `Command { std: "docker" "exec" "-e" "SOURCE_DIR=/opt/rustwide/workdir" "-e" "CARGO_HOME=/opt/rustwide/cargo-home" "-e" "RUSTUP_HOME=/opt/rustwide/rustup-home" "-e" "CARGO_TARGET_DIR=/opt/rustwide/target" "-w" "/opt/rustwide/workdir" "--user" "0:0" "b6f4e981a808c0cacfc718911dfaa724ed472252be8689f2e9aa7a5ab37198e3" "/opt/rustwide/cargo-home/bin/cargo" "+1.100.0-beta.1" "metadata" "--no-deps" "--format-version=1", kill_on_drop: false }`
[INFO] running `Command { std: "docker" "inspect" "b6f4e981a808c0cacfc718911dfaa724ed472252be8689f2e9aa7a5ab37198e3", kill_on_drop: false }`
[INFO] running `Command { std: "docker" "exec" "-e" "SOURCE_DIR=/opt/rustwide/workdir" "-e" "CARGO_HOME=/opt/rustwide/cargo-home" "-e" "RUSTUP_HOME=/opt/rustwide/rustup-home" "-e" "CARGO_TARGET_DIR=/opt/rustwide/target" "-e" "CARGO_INCREMENTAL=0" "-e" "RUST_BACKTRACE=full" "-e" "RUSTFLAGS=--cap-lints=warn" "-e" "RUSTDOCFLAGS=--cap-lints=warn" "-w" "/opt/rustwide/workdir" "--user" "0:0" "b6f4e981a808c0cacfc718911dfaa724ed472252be8689f2e9aa7a5ab37198e3" "/opt/rustwide/cargo-home/bin/cargo" "+1.100.0-beta.1" "build" "--frozen" "--message-format=json" "--release", kill_on_drop: false }`
[INFO] [stderr] warning: `package.homepage` is redundant with `package.repository`
[INFO] [stderr]    --> Cargo.toml:103:12
[INFO] [stderr]     |
[INFO] [stderr] 103 | homepage = "https://github.com/Latias94/dear-imgui-rs"
[INFO] [stderr]     |            ^^^^^^^^^^^^^^^^^^^^^^^^^^^^^^^^^^^^^^^^^^^
[INFO] [stderr] ...
[INFO] [stderr] 108 | repository = "https://github.com/Latias94/dear-imgui-rs"
[INFO] [stderr]     |              -------------------------------------------
[INFO] [stderr]     |
[INFO] [stderr]     = note: `cargo::redundant_homepage` is set to `warn` by default
[INFO] [stderr] help: consider removing `package.homepage`
[INFO] [stderr] warning: `dear-imgui-wgpu` (manifest) generated 1 warning
[INFO] [stderr]    Compiling unicode-ident v1.0.26
[INFO] [stderr]    Compiling cfg_aliases v0.2.2
[INFO] [stderr]    Compiling foldhash v0.2.0
[INFO] [stderr]    Compiling thiserror v2.0.21
[INFO] [stderr]    Compiling libc v0.2.190
[INFO] [stderr]    Compiling bitflags v2.13.2
[INFO] [stderr]    Compiling log v0.4.34
[INFO] [stderr]    Compiling zerocopy v0.8.62
[INFO] [stderr]    Compiling serde_core v1.0.229
[INFO] [stderr]    Compiling rustc-hash v1.1.0
[INFO] [stderr]    Compiling num-traits v0.2.19
[INFO] [stderr]    Compiling libloading v0.8.9
[INFO] [stderr]    Compiling zmij v1.0.23
[INFO] [stderr]    Compiling ash v0.38.0+1.3.281
[INFO] [stderr]    Compiling serde_json v1.0.151
[INFO] [stderr]    Compiling serde v1.0.229
[INFO] [stderr]    Compiling proc-macro2 v1.0.107
[INFO] [stderr]    Compiling bit-vec v0.9.1
[INFO] [stderr]    Compiling naga v30.0.1
[INFO] [stderr]    Compiling smallvec v1.16.3
[INFO] [stderr]    Compiling unicode-width v0.2.2
[INFO] [stderr]    Compiling wayland-sys v0.31.11
[INFO] [stderr]    Compiling raw-window-handle v0.6.2
[INFO] [stderr]    Compiling hashbrown v0.17.1
[INFO] [stderr]    Compiling memchr v2.8.3
[INFO] [stderr]    Compiling arrayvec v0.7.8
[INFO] [stderr]    Compiling spirv v0.4.0+sdk-1.4.341.0
[INFO] [stderr]    Compiling allocator-api2 v0.2.21
[INFO] [stderr]    Compiling khronos-egl v6.0.0
[INFO] [stderr]    Compiling codespan-reporting v0.13.1
[INFO] [stderr]    Compiling bit-set v0.10.0
[INFO] [stderr]    Compiling cc v1.7.0
[INFO] [stderr]    Compiling wgpu-hal v30.0.1
[INFO] [stderr]    Compiling dlib v0.5.3
[INFO] [stderr]    Compiling presser v0.3.1
[INFO] [stderr]    Compiling renderdoc-sys v1.1.0
[INFO] [stderr]    Compiling profiling v1.0.18
[INFO] [stderr]    Compiling glow v0.17.0
[INFO] [stderr]    Compiling wgpu-core v30.0.1
[INFO] [stderr]    Compiling litrs v1.0.0
[INFO] [stderr]    Compiling hashbrown v0.16.1
[INFO] [stderr]    Compiling quote v1.0.47
[INFO] [stderr]    Compiling wgpu v30.0.1
[INFO] [stderr]    Compiling syn v3.0.7
[INFO] [stderr]    Compiling syn v2.0.119
[INFO] [stderr]    Compiling mint v0.5.9
[INFO] [stderr]    Compiling document-features v0.2.12
[INFO] [stderr]    Compiling indexmap v2.14.2
[INFO] [stderr]    Compiling ordered-float v5.5.0
[INFO] [stderr]    Compiling parking_lot_core v0.9.12
[INFO] [stderr]    Compiling parking_lot v0.12.5
[INFO] [stderr]    Compiling thiserror-impl v2.0.21
[INFO] [stderr]    Compiling bytemuck_derive v1.12.1
[INFO] [stderr]    Compiling serde_derive v1.0.229
[INFO] [stderr]    Compiling zerocopy-derive v0.8.62
[INFO] [stderr]    Compiling bytemuck v1.25.2
[INFO] [stderr]    Compiling naga-types v30.0.1
[INFO] [stderr]    Compiling wgpu-types v30.0.1
[INFO] [stderr]    Compiling dear-imgui-build-support v0.20.0
[INFO] [stderr]    Compiling dear-imgui-sys v0.20.0
[INFO] [stderr]    Compiling half v2.7.1
[INFO] [stderr]    Compiling gpu-allocator v0.28.0
[INFO] [stderr]    Compiling wgpu-naga-bridge v30.0.1
[INFO] [stderr]    Compiling wgpu-core-deps-windows-linux-android v30.0.1
[INFO] [stderr]    Compiling dear-imgui-rs v0.20.0
[INFO] [stderr]    Compiling dear-imgui-wgpu v0.20.0 (/opt/rustwide/workdir)
[INFO] [stderr]     Finished `release` profile [optimized] target(s) in 2m 24s
[INFO] running `Command { std: "docker" "inspect" "b6f4e981a808c0cacfc718911dfaa724ed472252be8689f2e9aa7a5ab37198e3", kill_on_drop: false }`
[INFO] running `Command { std: "docker" "exec" "-e" "SOURCE_DIR=/opt/rustwide/workdir" "-e" "CARGO_HOME=/opt/rustwide/cargo-home" "-e" "RUSTUP_HOME=/opt/rustwide/rustup-home" "-e" "CARGO_TARGET_DIR=/opt/rustwide/target" "-e" "CARGO_INCREMENTAL=0" "-e" "RUST_BACKTRACE=full" "-e" "RUSTFLAGS=--cap-lints=warn" "-e" "RUSTDOCFLAGS=--cap-lints=warn" "-w" "/opt/rustwide/workdir" "--user" "0:0" "b6f4e981a808c0cacfc718911dfaa724ed472252be8689f2e9aa7a5ab37198e3" "/opt/rustwide/cargo-home/bin/cargo" "+1.100.0-beta.1" "test" "--frozen" "--no-run" "--message-format=json" "--release", kill_on_drop: false }`
[INFO] [stderr] warning: `package.homepage` is redundant with `package.repository`
[INFO] [stderr]    --> Cargo.toml:103:12
[INFO] [stderr]     |
[INFO] [stderr] 103 | homepage = "https://github.com/Latias94/dear-imgui-rs"
[INFO] [stderr]     |            ^^^^^^^^^^^^^^^^^^^^^^^^^^^^^^^^^^^^^^^^^^^
[INFO] [stderr] ...
[INFO] [stderr] 108 | repository = "https://github.com/Latias94/dear-imgui-rs"
[INFO] [stderr]     |              -------------------------------------------
[INFO] [stderr]     |
[INFO] [stderr]     = note: `cargo::redundant_homepage` is set to `warn` by default
[INFO] [stderr] help: consider removing `package.homepage`
[INFO] [stderr] warning: `dear-imgui-wgpu` (manifest) generated 1 warning
[INFO] [stderr]    Compiling pollster v1.0.1
[INFO] [stderr]    Compiling dear-imgui-wgpu v0.20.0 (/opt/rustwide/workdir)
[INFO] [stderr]     Finished `release` profile [optimized] target(s) in 4.73s
[INFO] running `Command { std: "docker" "inspect" "b6f4e981a808c0cacfc718911dfaa724ed472252be8689f2e9aa7a5ab37198e3", kill_on_drop: false }`
[INFO] running `Command { std: "docker" "exec" "-e" "SOURCE_DIR=/opt/rustwide/workdir" "-e" "CARGO_HOME=/opt/rustwide/cargo-home" "-e" "RUSTUP_HOME=/opt/rustwide/rustup-home" "-e" "CARGO_TARGET_DIR=/opt/rustwide/target" "-e" "CARGO_INCREMENTAL=0" "-e" "RUST_BACKTRACE=full" "-e" "RUSTFLAGS=--cap-lints=warn" "-e" "RUSTDOCFLAGS=--cap-lints=warn" "-w" "/opt/rustwide/workdir" "--user" "0:0" "b6f4e981a808c0cacfc718911dfaa724ed472252be8689f2e9aa7a5ab37198e3" "/opt/rustwide/cargo-home/bin/cargo" "+1.100.0-beta.1" "test" "--frozen" "--release", kill_on_drop: false }`
[INFO] [stderr] warning: `package.homepage` is redundant with `package.repository`
[INFO] [stderr]    --> Cargo.toml:103:12
[INFO] [stderr]     |
[INFO] [stderr] 103 | homepage = "https://github.com/Latias94/dear-imgui-rs"
[INFO] [stderr]     |            ^^^^^^^^^^^^^^^^^^^^^^^^^^^^^^^^^^^^^^^^^^^
[INFO] [stderr] ...
[INFO] [stderr] 108 | repository = "https://github.com/Latias94/dear-imgui-rs"
[INFO] [stderr]     |              -------------------------------------------
[INFO] [stderr]     |
[INFO] [stderr]     = note: `cargo::redundant_homepage` is set to `warn` by default
[INFO] [stderr] help: consider removing `package.homepage`
[INFO] [stderr] warning: `dear-imgui-wgpu` (manifest) generated 1 warning
[INFO] [stderr]     Finished `release` profile [optimized] target(s) in 0.22s
[INFO] [stderr]      Running unittests src/lib.rs (/opt/rustwide/target/release/build/dear-imgui-wgpu/b6a25d51fd46e4eb/out/dear_imgui_wgpu-b6a25d51fd46e4eb)
[INFO] [stdout] 
[INFO] [stdout] running 35 tests
[INFO] [stdout] test renderer::callbacks::tests::standard_draw_callbacks_have_distinct_addresses ... ok
[INFO] [stdout] test data::tests::frame_epoch_cursor_rejects_one_epoch_under_two_native_frames ... ok
[INFO] [stdout] test data::tests::viewport_surface_defaults_are_explicit_and_throughput_safe ... ok
[INFO] [stdout] test renderer::core::tests::dropped_owner_is_not_confused_with_a_reused_context_address ... ok
[INFO] [stdout] test renderer::lifecycle::tests::context_first_renderer_drop_uses_the_native_destroyed_path ... ok
[INFO] [stdout] test renderer::lifecycle::tests::foreign_user_data_is_drift_and_survives_teardown ... ok
[INFO] [stdout] test renderer::lifecycle::tests::dropping_renderer_defers_resources_to_context_teardown ... ok
[INFO] [stdout] test renderer::lifecycle::tests::renderer_contract_fault_is_sticky_across_raw_aba_restoration ... ok
[INFO] [stdout] test renderer::lifecycle::tests::explicit_shutdown_revokes_context_state_and_allows_replacement ... ok
[INFO] [stdout] test renderer::lifecycle::tests::foreign_context_lifecycle_calls_are_transactional ... ok
[INFO] [stdout] test renderer::init::tests::context_preflight_rejects_an_existing_renderer_name ... FAILED
[INFO] [stdout] test renderer::lifecycle::tests::drop_preserves_flags_after_complete_foreign_renderer_takeover ... ok
[INFO] [stdout] test renderer::init::tests::unconfigure_removes_the_exclusive_wgpu_claim ... FAILED
[INFO] [stdout] test renderer::lifecycle::tests::moving_renderer_preserves_published_token_and_name_identity ... ok
[INFO] [stdout] test renderer::init::tests::context_preflight_rejects_reserved_renderer_flags ... FAILED
[INFO] [stdout] test renderer::draw::tests::scissor_projection_rejects_non_finite_values_before_clamping ... ok
[INFO] [stdout] test renderer::init::tests::context_preflight_always_rejects_the_viewport_renderer_capability ... ok
[INFO] [stdout] test renderer::draw::tests::scissor_projection_clamps_only_finite_rectangles ... ok
[INFO] [stdout] test texture::upload::conversion_tests::out_of_bounds_update_rect_is_rejected ... ok
[INFO] [stdout] test texture::upload::conversion_tests::truncated_rows_are_rejected ... ok
[INFO] [stdout] test uniforms::tests::orthographic_matrix_matches_imgui_wgpu_projection ... ok
[INFO] [stdout] test data::tests::viewport_surface_config_copies_supported_main_surface_policy ... ok
[INFO] [stdout] test uniforms::tests::uniform_layout_matches_the_shader_contract ... ok
[INFO] [stdout] test frame_resources::arena_tests::frame_arena_never_reuses_upload_resources_across_epochs ... ok
[INFO] [stdout] test renderer::lifecycle::tests::renderer_owns_the_context_synchronous_consumer ... ok
[INFO] [stdout] test renderer::lifecycle::tests::same_bytes_at_a_foreign_name_pointer_are_drift_and_survive_teardown ... ok
[INFO] [stdout] test uniforms::tests::gamma_policy_distinguishes_srgb_and_linear_targets ... ok
[INFO] [stdout] test renderer::callbacks::tests::standard_draw_callbacks_classify_as_three_distinct_commands ... ok
[INFO] [stdout] test data::tests::frame_epoch_cursor_is_idempotent_and_rejects_stale_frames ... ok
[INFO] [stdout] test renderer::lifecycle::tests::shutdown_preserves_flags_after_complete_foreign_renderer_takeover ... ok
[INFO] [stdout] test texture::upload::conversion_tests::alpha_rows_with_padding_expand_to_rgba ... ok
[INFO] [stdout] test renderer::lifecycle::tests::unbound_device_invalidation_preserves_managed_texture_bindings ... ok
[INFO] [stdout] test texture::tests::managed_requests_are_idempotent_and_retired_work_cannot_resurrect ... ok
[INFO] [stdout] test texture::tests::external_texture_handles_are_unique_and_renderer_scoped ... ok
[INFO] [stdout] test texture::tests::managed_destroy_and_renderer_invalidation_preserve_external_texture_handles ... ok
[INFO] [stdout] 
[INFO] [stdout] failures:
[INFO] [stdout] 
[INFO] [stdout] ---- renderer::init::tests::context_preflight_rejects_an_existing_renderer_name stdout ----
[INFO] [stdout] 
[INFO] [stdout] thread 'renderer::init::tests::context_preflight_rejects_an_existing_renderer_name' (1715) panicked at /opt/rustwide/cargo-home/registry/src/index.crates.io-1949cf8c6b5b557f/dear-imgui-rs-0.20.0/src/context/core.rs:100:28:
[INFO] [stdout] Failed to create Dear ImGui context: ContextThreadConflict
[INFO] [stdout] stack backtrace:
[INFO] [stdout]    0:     0x62247f3ad3f1 - <<std[617be2ca0a6fd877]::sys::backtrace::BacktraceLock>::print::DisplayBacktrace as core[a373ad73a504971]::fmt::Display>::fmt
[INFO] [stdout]    1:     0x62247f3c4c0a - core[a373ad73a504971]::fmt::write
[INFO] [stdout]    2:     0x62247f3b160c - <alloc[2e1b2a31b91974c5]::vec::Vec<u8> as core[a373ad73a504971]::io::write::Write>::write_fmt
[INFO] [stdout]    3:     0x62247f389626 - std[617be2ca0a6fd877]::panicking::default_hook::{closure#0}
[INFO] [stdout]    4:     0x62247f3a5859 - std[617be2ca0a6fd877]::panicking::default_hook
[INFO] [stdout]    5:     0x62247f005390 - test[aada8e7e76ba119b]::test_main_inner::{closure#0}
[INFO] [stdout]    6:     0x62247f3a5a12 - std[617be2ca0a6fd877]::panicking::panic_with_hook
[INFO] [stdout]    7:     0x62247f3896d2 - std[617be2ca0a6fd877]::panicking::panic_handler::{closure#0}
[INFO] [stdout]    8:     0x62247f3823e9 - std[617be2ca0a6fd877]::sys::backtrace::__rust_end_short_backtrace::<std[617be2ca0a6fd877]::panicking::panic_handler::{closure#0}, !>
[INFO] [stdout]    9:     0x62247f38a2dd - __rustc[ea4f61d10b84890b]::rust_begin_unwind
[INFO] [stdout]   10:     0x62247f3c536c - core[a373ad73a504971]::panicking::panic_fmt
[INFO] [stdout]   11:     0x62247f3c5142 - core[a373ad73a504971]::result::unwrap_failed
[INFO] [stdout]   12:     0x62247f04a573 - <dear_imgui_rs[f6a58fb4bed9a49d]::context::core::Context>::create
[INFO] [stdout]   13:     0x62247eff476b - <dear_imgui_wgpu[efa00452789e858b]::renderer::init::tests::context_preflight_rejects_an_existing_renderer_name::{closure#0} as core[a373ad73a504971]::ops::function::FnOnce<()>>::call_once
[INFO] [stdout]   14:     0x62247eff87db - test[aada8e7e76ba119b]::__rust_begin_short_backtrace::<core[a373ad73a504971]::result::Result<(), alloc[2e1b2a31b91974c5]::string::String>, fn() -> core[a373ad73a504971]::result::Result<(), alloc[2e1b2a31b91974c5]::string::String>>
[INFO] [stdout]   15:     0x62247f0059b5 - test[aada8e7e76ba119b]::run_test::{closure#0}
[INFO] [stdout]   16:     0x62247efff2a4 - std[617be2ca0a6fd877]::sys::backtrace::__rust_begin_short_backtrace::<test[aada8e7e76ba119b]::run_test::{closure#1}, ()>
[INFO] [stdout]   17:     0x62247f008a42 - <std[617be2ca0a6fd877]::thread::lifecycle::spawn_unchecked<test[aada8e7e76ba119b]::run_test::{closure#1}, ()>::{closure#1} as core[a373ad73a504971]::ops::function::FnOnce<()>>::call_once::{shim:vtable#0}
[INFO] [stdout]   18:     0x62247f3acc1f - <std[617be2ca0a6fd877]::sys::thread::unix::Thread>::new::thread_start
[INFO] [stdout]   19:     0x7b148010edfa - <unknown>
[INFO] [stdout]   20:     0x7b14801a23d4 - clone
[INFO] [stdout]   21:                0x0 - <unknown>
[INFO] [stdout] 
[INFO] [stdout] ---- renderer::init::tests::unconfigure_removes_the_exclusive_wgpu_claim stdout ----
[INFO] [stdout] 
[INFO] [stdout] thread 'renderer::init::tests::unconfigure_removes_the_exclusive_wgpu_claim' (1717) panicked at /opt/rustwide/cargo-home/registry/src/index.crates.io-1949cf8c6b5b557f/dear-imgui-rs-0.20.0/src/context/core.rs:100:28:
[INFO] [stdout] Failed to create Dear ImGui context: ContextThreadConflict
[INFO] [stdout] stack backtrace:
[INFO] [stdout]    0:     0x62247f3ad3f1 - <<std[617be2ca0a6fd877]::sys::backtrace::BacktraceLock>::print::DisplayBacktrace as core[a373ad73a504971]::fmt::Display>::fmt
[INFO] [stdout]    1:     0x62247f3c4c0a - core[a373ad73a504971]::fmt::write
[INFO] [stdout]    2:     0x62247f3b160c - <alloc[2e1b2a31b91974c5]::vec::Vec<u8> as core[a373ad73a504971]::io::write::Write>::write_fmt
[INFO] [stdout]    3:     0x62247f389626 - std[617be2ca0a6fd877]::panicking::default_hook::{closure#0}
[INFO] [stdout]    4:     0x62247f3a5859 - std[617be2ca0a6fd877]::panicking::default_hook
[INFO] [stdout]    5:     0x62247f005390 - test[aada8e7e76ba119b]::test_main_inner::{closure#0}
[INFO] [stdout]    6:     0x62247f3a5a12 - std[617be2ca0a6fd877]::panicking::panic_with_hook
[INFO] [stdout]    7:     0x62247f3896d2 - std[617be2ca0a6fd877]::panicking::panic_handler::{closure#0}
[INFO] [stdout]    8:     0x62247f3823e9 - std[617be2ca0a6fd877]::sys::backtrace::__rust_end_short_backtrace::<std[617be2ca0a6fd877]::panicking::panic_handler::{closure#0}, !>
[INFO] [stdout]    9:     0x62247f38a2dd - __rustc[ea4f61d10b84890b]::rust_begin_unwind
[INFO] [stdout]   10:     0x62247f3c536c - core[a373ad73a504971]::panicking::panic_fmt
[INFO] [stdout]   11:     0x62247f3c5142 - core[a373ad73a504971]::result::unwrap_failed
[INFO] [stdout]   12:     0x62247f04a573 - <dear_imgui_rs[f6a58fb4bed9a49d]::context::core::Context>::create
[INFO] [stdout]   13:     0x62247eff42d0 - <dear_imgui_wgpu[efa00452789e858b]::renderer::init::tests::unconfigure_removes_the_exclusive_wgpu_claim::{closure#0} as core[a373ad73a504971]::ops::function::FnOnce<()>>::call_once
[INFO] [stdout]   14:     0x62247eff87db - test[aada8e7e76ba119b]::__rust_begin_short_backtrace::<core[a373ad73a504971]::result::Result<(), alloc[2e1b2a31b91974c5]::string::String>, fn() -> core[a373ad73a504971]::result::Result<(), alloc[2e1b2a31b91974c5]::string::String>>
[INFO] [stdout]   15:     0x62247f0059b5 - test[aada8e7e76ba119b]::run_test::{closure#0}
[INFO] [stdout]   16:     0x62247efff2a4 - std[617be2ca0a6fd877]::sys::backtrace::__rust_begin_short_backtrace::<test[aada8e7e76ba119b]::run_test::{closure#1}, ()>
[INFO] [stdout]   17:     0x62247f008a42 - <std[617be2ca0a6fd877]::thread::lifecycle::spawn_unchecked<test[aada8e7e76ba119b]::run_test::{closure#1}, ()>::{closure#1} as core[a373ad73a504971]::ops::function::FnOnce<()>>::call_once::{shim:vtable#0}
[INFO] [stdout]   18:     0x62247f3acc1f - <std[617be2ca0a6fd877]::sys::thread::unix::Thread>::new::thread_start
[INFO] [stdout]   19:     0x7b148010edfa - <unknown>
[INFO] [stdout]   20:     0x7b14801a23d4 - clone
[INFO] [stdout]   21:                0x0 - <unknown>
[INFO] [stdout] 
[INFO] [stdout] ---- renderer::init::tests::context_preflight_rejects_reserved_renderer_flags stdout ----
[INFO] [stdout] 
[INFO] [stdout] thread 'renderer::init::tests::context_preflight_rejects_reserved_renderer_flags' (1716) panicked at /opt/rustwide/cargo-home/registry/src/index.crates.io-1949cf8c6b5b557f/dear-imgui-rs-0.20.0/src/context/core.rs:100:28:
[INFO] [stdout] Failed to create Dear ImGui context: ContextThreadConflict
[INFO] [stdout] stack backtrace:
[INFO] [stdout]    0:     0x62247f3ad3f1 - <<std[617be2ca0a6fd877]::sys::backtrace::BacktraceLock>::print::DisplayBacktrace as core[a373ad73a504971]::fmt::Display>::fmt
[INFO] [stdout]    1:     0x62247f3c4c0a - core[a373ad73a504971]::fmt::write
[INFO] [stdout]    2:     0x62247f3b160c - <alloc[2e1b2a31b91974c5]::vec::Vec<u8> as core[a373ad73a504971]::io::write::Write>::write_fmt
[INFO] [stdout]    3:     0x62247f389626 - std[617be2ca0a6fd877]::panicking::default_hook::{closure#0}
[INFO] [stdout]    4:     0x62247f3a5859 - std[617be2ca0a6fd877]::panicking::default_hook
[INFO] [stdout]    5:     0x62247f005390 - test[aada8e7e76ba119b]::test_main_inner::{closure#0}
[INFO] [stdout]    6:     0x62247f3a5a12 - std[617be2ca0a6fd877]::panicking::panic_with_hook
[INFO] [stdout]    7:     0x62247f3896d2 - std[617be2ca0a6fd877]::panicking::panic_handler::{closure#0}
[INFO] [stdout]    8:     0x62247f3823e9 - std[617be2ca0a6fd877]::sys::backtrace::__rust_end_short_backtrace::<std[617be2ca0a6fd877]::panicking::panic_handler::{closure#0}, !>
[INFO] [stdout]    9:     0x62247f38a2dd - __rustc[ea4f61d10b84890b]::rust_begin_unwind
[INFO] [stdout]   10:     0x62247f3c536c - core[a373ad73a504971]::panicking::panic_fmt
[INFO] [stdout]   11:     0x62247f3c5142 - core[a373ad73a504971]::result::unwrap_failed
[INFO] [stdout]   12:     0x62247f04a573 - <dear_imgui_rs[f6a58fb4bed9a49d]::context::core::Context>::create
[INFO] [stdout]   13:     0x62247eff469b - <dear_imgui_wgpu[efa00452789e858b]::renderer::init::tests::context_preflight_rejects_reserved_renderer_flags::{closure#0} as core[a373ad73a504971]::ops::function::FnOnce<()>>::call_once
[INFO] [stdout]   14:     0x62247eff87db - test[aada8e7e76ba119b]::__rust_begin_short_backtrace::<core[a373ad73a504971]::result::Result<(), alloc[2e1b2a31b91974c5]::string::String>, fn() -> core[a373ad73a504971]::result::Result<(), alloc[2e1b2a31b91974c5]::string::String>>
[INFO] [stdout]   15:     0x62247f0059b5 - test[aada8e7e76ba119b]::run_test::{closure#0}
[INFO] [stdout]   16:     0x62247efff2a4 - std[617be2ca0a6fd877]::sys::backtrace::__rust_begin_short_backtrace::<test[aada8e7e76ba119b]::run_test::{closure#1}, ()>
[INFO] [stdout]   17:     0x62247f008a42 - <std[617be2ca0a6fd877]::thread::lifecycle::spawn_unchecked<test[aada8e7e76ba119b]::run_test::{closure#1}, ()>::{closure#1} as core[a373ad73a504971]::ops::function::FnOnce<()>>::call_once::{shim:vtable#0}
[INFO] [stdout]   18:     0x62247f3acc1f - <std[617be2ca0a6fd877]::sys::thread::unix::Thread>::new::thread_start
[INFO] [stdout]   19:     0x7b148010edfa - <unknown>
[INFO] [stdout]   20:     0x7b14801a23d4 - clone
[INFO] [stdout]   21:                0x0 - <unknown>
[INFO] [stdout] 
[INFO] [stdout] 
[INFO] [stdout] failures:
[INFO] [stdout]     renderer::init::tests::context_preflight_rejects_an_existing_renderer_name
[INFO] [stdout]     renderer::init::tests::context_preflight_rejects_reserved_renderer_flags
[INFO] [stdout]     renderer::init::tests::unconfigure_removes_the_exclusive_wgpu_claim
[INFO] [stdout] 
[INFO] [stdout] test result: FAILED. 32 passed; 3 failed; 0 ignored; 0 measured; 0 filtered out; finished in 0.62s
[INFO] [stdout] 
[INFO] [stderr] error: test failed, to rerun pass `--lib`
[INFO] running `Command { std: "docker" "inspect" "b6f4e981a808c0cacfc718911dfaa724ed472252be8689f2e9aa7a5ab37198e3", kill_on_drop: false }`
[INFO] running `Command { std: "docker" "rm" "-f" "b6f4e981a808c0cacfc718911dfaa724ed472252be8689f2e9aa7a5ab37198e3", kill_on_drop: false }`
[INFO] [stdout] b6f4e981a808c0cacfc718911dfaa724ed472252be8689f2e9aa7a5ab37198e3
