[INFO] fetching crate dear-imgui-sdl3 0.20.0...
[INFO] testing dear-imgui-sdl3-0.20.0 against 1.99.0-beta.8+cargoflags=--release for beta-release-1.100-2
[INFO] extracting crate dear-imgui-sdl3 0.20.0 into /workspace/builds/worker-4-tc1/source
[INFO] started tweaking crates.io crate dear-imgui-sdl3 0.20.0
[INFO] finished tweaking crates.io crate dear-imgui-sdl3 0.20.0
[INFO] tweaked toml for crates.io crate dear-imgui-sdl3 0.20.0 written to /workspace/builds/worker-4-tc1/source/Cargo.toml
[INFO] validating manifest of crates.io crate dear-imgui-sdl3 0.20.0 on toolchain 1.99.0-beta.8
[INFO] running `Command { std: CARGO_HOME="/workspace/cargo-home" RUSTUP_HOME="/workspace/rustup-home" "/workspace/cargo-home/bin/cargo" "+1.99.0-beta.8" "metadata" "--manifest-path" "Cargo.toml" "--no-deps", kill_on_drop: false }`
[INFO] crate crates.io crate dear-imgui-sdl3 0.20.0 already has a lockfile, it will not be regenerated
[INFO] running `Command { std: CARGO_HOME="/workspace/cargo-home" RUSTUP_HOME="/workspace/rustup-home" "/workspace/cargo-home/bin/cargo" "+1.99.0-beta.8" "fetch" "--manifest-path" "Cargo.toml", kill_on_drop: false }`
[INFO] [stderr]     Updating crates.io index
[INFO] [stderr]  Downloading crates ...
[INFO] [stderr]   Downloaded rpkg-config v0.1.2
[INFO] [stderr]   Downloaded cc v1.7.0
[INFO] [stderr]   Downloaded sdl3-net-sys v0.7.0+SDL-net-3.2.0
[INFO] [stderr]   Downloaded sdl3-image-sys v0.7.1+SDL-image-3.4.8
[INFO] [stderr]   Downloaded sdl3-ttf-sys v0.7.1+SDL-ttf-3.2.2
[INFO] [stderr]   Downloaded dear-imgui-build-support v0.20.0
[INFO] [stderr]   Downloaded syn v3.0.7
[INFO] [stderr]   Downloaded dear-imgui-rs v0.20.0
[INFO] [stderr]   Downloaded sdl3-sys v0.7.2+SDL-3.4.18
[INFO] [stderr]   Downloaded sdl3-mixer-sys v0.7.0+SDL-mixer-3.2.4
[INFO] [stderr]   Downloaded sdl3 v0.20.0
[INFO] [stderr]   Downloaded dear-imgui-sys v0.20.0
[INFO] [stderr]   Downloaded sdl3-net-src v3.2.0
[INFO] [stderr]   Downloaded sdl3-src v3.4.18
[INFO] [stderr]   Downloaded sdl3-image-src v3.4.8
[INFO] [stderr]   Downloaded sdl3-ttf-src v3.2.3
[INFO] [stderr]   Downloaded sdl3-mixer-src v3.2.4
[INFO] running `Command { std: "docker" "create" "-v" "/var/lib/crater-agent-workspace/builds/worker-4-tc1/source:/opt/rustwide/workdir:ro,Z" "-v" "/var/lib/crater-agent-workspace/builds/worker-4-tc1/target:/opt/rustwide/target:rw,Z" "-v" "/var/lib/crater-agent-workspace/cargo-home:/opt/rustwide/cargo-home:ro,Z" "-v" "/var/lib/crater-agent-workspace/rustup-home:/opt/rustwide/rustup-home:ro,Z" "-m" "1610612736" "--network" "none" "ghcr.io/rust-lang/crates-build-env/linux@sha256:77db811e55d90add9212f6832c23229e3de5f1c1f9905e8cb07319ea15df73ac" "sleep" "infinity", kill_on_drop: false }`
[INFO] [stdout] a9c14d1589e9cb6dd37f1095167d9c67580bec2409d870b93d62240afa196c10
[INFO] running `Command { std: "docker" "start" "a9c14d1589e9cb6dd37f1095167d9c67580bec2409d870b93d62240afa196c10", kill_on_drop: false }`
[INFO] running `Command { std: "docker" "inspect" "a9c14d1589e9cb6dd37f1095167d9c67580bec2409d870b93d62240afa196c10", kill_on_drop: false }`
[INFO] running `Command { std: "docker" "exec" "-e" "SOURCE_DIR=/opt/rustwide/workdir" "-e" "CARGO_HOME=/opt/rustwide/cargo-home" "-e" "RUSTUP_HOME=/opt/rustwide/rustup-home" "-e" "CARGO_TARGET_DIR=/opt/rustwide/target" "-w" "/opt/rustwide/workdir" "--user" "0:0" "a9c14d1589e9cb6dd37f1095167d9c67580bec2409d870b93d62240afa196c10" "/opt/rustwide/cargo-home/bin/cargo" "+1.99.0-beta.8" "metadata" "--no-deps" "--format-version=1", kill_on_drop: false }`
[INFO] running `Command { std: "docker" "inspect" "a9c14d1589e9cb6dd37f1095167d9c67580bec2409d870b93d62240afa196c10", kill_on_drop: false }`
[INFO] running `Command { std: "docker" "exec" "-e" "SOURCE_DIR=/opt/rustwide/workdir" "-e" "CARGO_HOME=/opt/rustwide/cargo-home" "-e" "RUSTUP_HOME=/opt/rustwide/rustup-home" "-e" "CARGO_TARGET_DIR=/opt/rustwide/target" "-e" "CARGO_INCREMENTAL=0" "-e" "RUST_BACKTRACE=full" "-e" "RUSTFLAGS=--cap-lints=warn" "-e" "RUSTDOCFLAGS=--cap-lints=warn" "-w" "/opt/rustwide/workdir" "--user" "0:0" "a9c14d1589e9cb6dd37f1095167d9c67580bec2409d870b93d62240afa196c10" "/opt/rustwide/cargo-home/bin/cargo" "+1.99.0-beta.8" "build" "--frozen" "--message-format=json" "--release", kill_on_drop: false }`
[INFO] [stderr]    Compiling cc v1.7.0
[INFO] [stderr]    Compiling sdl3-src v3.4.18
[INFO] [stderr]    Compiling rpkg-config v0.1.2
[INFO] [stderr]    Compiling serde_json v1.0.151
[INFO] [stderr]    Compiling syn v3.0.7
[INFO] [stderr]    Compiling smallvec v1.16.3
[INFO] [stderr]    Compiling mint v0.5.9
[INFO] [stderr]    Compiling bitflags v2.13.2
[INFO] [stderr]    Compiling parking_lot_core v0.9.12
[INFO] [stderr]    Compiling parking_lot v0.12.5
[INFO] [stderr]    Compiling cmake v0.1.58
[INFO] [stderr]    Compiling serde_derive v1.0.229
[INFO] [stderr]    Compiling thiserror-impl v2.0.21
[INFO] [stderr]    Compiling sdl3-sys v0.7.2+SDL-3.4.18
[INFO] [stderr]    Compiling thiserror v2.0.21
[INFO] [stderr]    Compiling sdl3 v0.20.0
[INFO] [stderr]    Compiling serde v1.0.229
[INFO] [stderr]    Compiling dear-imgui-build-support v0.20.0
[INFO] [stderr]    Compiling dear-imgui-sys v0.20.0
[INFO] [stderr]    Compiling dear-imgui-sdl3 v0.20.0 (/opt/rustwide/workdir)
[INFO] [stderr]    Compiling dear-imgui-rs v0.20.0
[INFO] [stderr] warning: dear-imgui-sdl3@0.20.0: dear-imgui-sdl3: using SDL3 headers from DEP_SDL3_OUT_DIR=/opt/rustwide/target/release/build/sdl3-sys-7b77a499b7c59608/out
[INFO] [stdout] warning: function `ImGui_ImplSDL3_InitForD3D_Rust` is never used
[INFO] [stdout]   --> src/core.rs:73:16
[INFO] [stdout]    |
[INFO] [stdout] 73 |         pub fn ImGui_ImplSDL3_InitForD3D_Rust(window: *mut sdl3_sys::video::SDL_Window) -> bool;
[INFO] [stdout]    |                ^^^^^^^^^^^^^^^^^^^^^^^^^^^^^^
[INFO] [stdout]    |
[INFO] [stdout]    = note: `#[warn(dead_code)]` (part of `#[warn(unused)]`) on by default
[INFO] [stdout] 
[INFO] [stdout] 
[INFO] [stderr]     Finished `release` profile [optimized] target(s) in 5m 30s
[INFO] running `Command { std: "docker" "inspect" "a9c14d1589e9cb6dd37f1095167d9c67580bec2409d870b93d62240afa196c10", kill_on_drop: false }`
[INFO] running `Command { std: "docker" "exec" "-e" "SOURCE_DIR=/opt/rustwide/workdir" "-e" "CARGO_HOME=/opt/rustwide/cargo-home" "-e" "RUSTUP_HOME=/opt/rustwide/rustup-home" "-e" "CARGO_TARGET_DIR=/opt/rustwide/target" "-e" "CARGO_INCREMENTAL=0" "-e" "RUST_BACKTRACE=full" "-e" "RUSTFLAGS=--cap-lints=warn" "-e" "RUSTDOCFLAGS=--cap-lints=warn" "-w" "/opt/rustwide/workdir" "--user" "0:0" "a9c14d1589e9cb6dd37f1095167d9c67580bec2409d870b93d62240afa196c10" "/opt/rustwide/cargo-home/bin/cargo" "+1.99.0-beta.8" "test" "--frozen" "--no-run" "--message-format=json" "--release", kill_on_drop: false }`
[INFO] [stderr] warning: dear-imgui-sdl3@0.20.0: dear-imgui-sdl3: using SDL3 headers from DEP_SDL3_OUT_DIR=/opt/rustwide/target/release/build/sdl3-sys-7b77a499b7c59608/out
[INFO] [stderr]    Compiling dear-imgui-sdl3 v0.20.0 (/opt/rustwide/workdir)
[INFO] [stdout] warning: function `ImGui_ImplSDL3_InitForD3D_Rust` is never used
[INFO] [stdout]   --> src/core.rs:73:16
[INFO] [stdout]    |
[INFO] [stdout] 73 |         pub fn ImGui_ImplSDL3_InitForD3D_Rust(window: *mut sdl3_sys::video::SDL_Window) -> bool;
[INFO] [stdout]    |                ^^^^^^^^^^^^^^^^^^^^^^^^^^^^^^
[INFO] [stdout]    |
[INFO] [stdout]    = note: `#[warn(dead_code)]` (part of `#[warn(unused)]`) on by default
[INFO] [stdout] 
[INFO] [stdout] 
[INFO] [stdout] warning: function `ImGui_ImplSDL3_InitForD3D_Rust` is never used
[INFO] [stdout]   --> src/core.rs:73:16
[INFO] [stdout]    |
[INFO] [stdout] 73 |         pub fn ImGui_ImplSDL3_InitForD3D_Rust(window: *mut sdl3_sys::video::SDL_Window) -> bool;
[INFO] [stdout]    |                ^^^^^^^^^^^^^^^^^^^^^^^^^^^^^^
[INFO] [stdout]    |
[INFO] [stdout]    = note: `#[warn(dead_code)]` (part of `#[warn(unused)]`) on by default
[INFO] [stdout] 
[INFO] [stdout] 
[INFO] [stderr]     Finished `release` profile [optimized] target(s) in 8.13s
[INFO] running `Command { std: "docker" "inspect" "a9c14d1589e9cb6dd37f1095167d9c67580bec2409d870b93d62240afa196c10", kill_on_drop: false }`
[INFO] running `Command { std: "docker" "exec" "-e" "SOURCE_DIR=/opt/rustwide/workdir" "-e" "CARGO_HOME=/opt/rustwide/cargo-home" "-e" "RUSTUP_HOME=/opt/rustwide/rustup-home" "-e" "CARGO_TARGET_DIR=/opt/rustwide/target" "-e" "CARGO_INCREMENTAL=0" "-e" "RUST_BACKTRACE=full" "-e" "RUSTFLAGS=--cap-lints=warn" "-e" "RUSTDOCFLAGS=--cap-lints=warn" "-w" "/opt/rustwide/workdir" "--user" "0:0" "a9c14d1589e9cb6dd37f1095167d9c67580bec2409d870b93d62240afa196c10" "/opt/rustwide/cargo-home/bin/cargo" "+1.99.0-beta.8" "test" "--frozen" "--release", kill_on_drop: false }`
[INFO] [stderr] warning: dear-imgui-sdl3@0.20.0: dear-imgui-sdl3: using SDL3 headers from DEP_SDL3_OUT_DIR=/opt/rustwide/target/release/build/sdl3-sys-7b77a499b7c59608/out
[INFO] [stderr] warning: function `ImGui_ImplSDL3_InitForD3D_Rust` is never used
[INFO] [stderr]   --> src/core.rs:73:16
[INFO] [stderr]    |
[INFO] [stderr] 73 |         pub fn ImGui_ImplSDL3_InitForD3D_Rust(window: *mut sdl3_sys::video::SDL_Window) -> bool;
[INFO] [stderr]    |                ^^^^^^^^^^^^^^^^^^^^^^^^^^^^^^
[INFO] [stderr]    |
[INFO] [stderr]    = note: `#[warn(dead_code)]` (part of `#[warn(unused)]`) on by default
[INFO] [stderr] 
[INFO] [stderr] warning: `dear-imgui-sdl3` (lib) generated 1 warning
[INFO] [stderr] warning: `dear-imgui-sdl3` (lib test) generated 1 warning (1 duplicate)
[INFO] [stderr]     Finished `release` profile [optimized] target(s) in 0.12s
[INFO] [stderr]      Running unittests src/lib.rs (/opt/rustwide/target/release/deps/dear_imgui_sdl3-f42187f20c6d78c6)
[INFO] [stdout] 
[INFO] [stdout] running 64 tests
[INFO] [stdout] test backend::input_control_surface_tests::platform_owner_exposes_the_complete_input_control_surface ... ok
[INFO] [stdout] test callback_events::tests::callback_panic_is_contained_and_reported ... ok
[INFO] [stdout] test callback_events::tests::a_full_ordered_queue_reports_and_drops_new_events_without_growing ... ok
[INFO] [stdout] test callback_events::tests::application_summary_preserves_surface_and_exit_events ... ok
[INFO] [stdout] test callback_events::tests::display_usable_bounds_changes_reach_imgui ... ok
[INFO] [stdout] test callback_events::tests::ordered_events_do_not_consume_the_coalescible_budget ... ok
[INFO] [stdout] test callback_events::tests::ordered_events_evict_coalescible_state_before_overflowing ... ok
[INFO] [stdout] test callback_events::tests::drain_detaches_faults_and_events_together ... ok
[INFO] [stdout] test callback_events::tests::callback_events_can_cross_from_a_worker_thread ... ok
[INFO] [stdout] test callback_events::tests::high_frequency_state_events_coalesce_at_their_latest_ordered_position ... FAILED
[INFO] [stdout] test callback_events::tests::indexed_queue_matches_a_reference_model_under_mixed_operations ... FAILED
[INFO] [stdout] test callback_events::tests::repeated_callback_failures_are_latched_without_unbounded_growth ... ok
[INFO] [stdout] test callback_events::tests::unsupported_pointer_payload_is_retained_as_an_inert_application_event ... ok
[INFO] [stdout] test callback_events::tests::repeated_overflow_cannot_starve_retained_events ... ok
[INFO] [stdout] test callback_events::tests::one_batch_retains_all_distinct_fault_kinds_in_observation_order ... ok
[INFO] [stdout] test callback_ownership::inventory_tests::platform_window_callback_inventory_matches_imgui_impl_sdl3 ... ok
[INFO] [stdout] test events::tests::gamepad_device_events_preserve_the_joystick_identity ... ok
[INFO] [stdout] test events::tests::text_input_owns_bytes_for_the_entire_raw_call ... ok
[INFO] [stdout] test events::tests::text_input_rejects_interior_nul_without_entering_ffi ... ok
[INFO] [stdout] test events::tests::sdl_3_4_usable_bounds_event_reaches_the_safe_backend_path ... ok
[INFO] [stdout] test callback_events::tests::text_input_is_owned_before_the_callback_returns ... ok
[INFO] [stdout] test callback_events::tests::draining_one_batch_does_not_block_the_next_callback ... ok
[INFO] [stdout] test events::tests::unsupported_pointer_bearing_events_never_reach_ffi ... ok
[INFO] [stdout] test callback_events::tests::poisoned_queue_is_recovered_and_reported ... ok
[INFO] [stdout] test runtime::control::tests::lifecycle::context_first_shutdown_runs_each_phase_once_in_order ... ok
[INFO] [stdout] test callback_events::tests::high_frequency_state_events_reuse_their_indexed_queue_slot ... FAILED
[INFO] [stdout] test runtime::control::tests::lifecycle::platform_shutdown_keeps_platform_destroy_callbacks_live ... ok
[INFO] [stdout] test runtime::control::tests::lifecycle::renderer_adapter_retains_callback_output_and_duplicate_platform_faults ... ok
[INFO] [stdout] test runtime::control::tests::lifecycle::renderer_adapter_skips_callback_and_drains_all_preexisting_faults ... ok
[INFO] [stdout] test runtime::control::tests::lifecycle::runtime_entry_detects_callback_drift_while_unwinding ... ok
[INFO] [stdout] test runtime::control::tests::lifecycle::wrapper_drop_defers_each_phase_to_context_teardown ... ok
[INFO] [stdout] test runtime::control::tests::lifecycle::wrapper_first_and_repeated_shutdown_are_idempotent_after_move ... ok
[INFO] [stdout] test runtime::control::tests::platform_ownership::attachment_teardown_reports_renderer_panic_without_hidden_retry ... ok
[INFO] [stdout] test runtime::control::tests::platform_ownership::context_first_claimed_runtime_unregisters_callback_registry ... ok
[INFO] [stdout] test runtime::control::tests::platform_ownership::failed_viewport_creation_is_reported_on_next_rust_entry ... ok
[INFO] [stdout] test runtime::control::tests::lifecycle::deferred_owner_can_finish_fallible_teardown_before_context_drop ... ok
[INFO] [stdout] test runtime::control::tests::lifecycle::nested_dispatch_failure_merges_into_the_outer_scope_and_then_clears ... ok
[INFO] [stdout] test runtime::control::tests::platform_ownership::owned_callback_state_restores_baseline_without_dangling_native_data ... ok
[INFO] [stdout] test runtime::control::tests::platform_ownership::platform_claim_wraps_every_official_sdl3_window_callback ... ok
[INFO] [stdout] test runtime::control::tests::lifecycle::platform_only_shutdown_rejects_an_active_renderer_before_closing_the_frame ... ok
[INFO] [stdout] test runtime::control::tests::lifecycle::explicit_shutdown_reports_renderer_panic_after_completing_cleanup ... ok
[INFO] [stdout] test runtime::control::tests::lifecycle::platform_session_is_exclusive_and_reusable_across_contexts ... ok
[INFO] [stdout] test runtime::control::tests::platform_ownership::platform_service_override_does_not_revoke_viewport_ownership ... ok
[INFO] [stdout] test runtime::control::tests::viewport_callbacks::callback_panic_latches_shutdown_after_the_fault_is_consumed ... ok
[INFO] [stdout] test runtime::control::tests::platform_ownership::failed_viewport_opengl_context_is_reported_on_next_rust_entry ... ok
[INFO] [stdout] test runtime::control::tests::platform_ownership::foreign_callback_and_user_data_replacements_survive_shutdown ... ok
[INFO] [stdout] test runtime::control::tests::viewport_callbacks::complete_foreign_platform_takeover_preserves_capability_flags ... ok
[INFO] [stdout] test runtime::control::tests::viewport_callbacks::destroy_callback_never_revisits_a_reused_viewport_address ... ok
[INFO] [stdout] test runtime::control::tests::platform_ownership::platform_phase_does_not_drop_renderer_global_state ... ok
[INFO] [stdout] test runtime::control::tests::viewport_callbacks::native_faults_report_the_original_share_configuration_failure_first ... ok
[INFO] [stdout] test runtime::control::tests::viewport_callbacks::owned_platform_lease_accepts_an_in_place_docking_id_change ... ok
[INFO] [stdout] test runtime::control::tests::viewport_callbacks::owned_platform_lease_rejects_reused_address_with_foreign_sidecar ... ok
[INFO] [stdout] test runtime::control::tests::viewport_callbacks::platform_name_only_drift_revokes_reserved_capabilities ... ok
[INFO] [stdout] test tests::backend_error_display_is_stable ... ok
[INFO] [stdout] test tests::cpp_backend_uses_the_generated_imgui_io_layout ... ok
[INFO] [stdout] test runtime::control::tests::viewport_callbacks::platform_render_rejects_foreign_viewport_state_before_native_callback ... ok
[INFO] [stdout] test runtime::control::tests::viewport_callbacks::deferred_restore_rejects_a_reused_viewport_address_with_a_new_id ... ok
[INFO] [stdout] test tests::delayed_mouse_leave_remains_due_after_its_target_frame ... ok
[INFO] [stdout] test callback_events::tests::panicking_panic_payload_drop_cannot_escape_the_callback_boundary ... ok
[INFO] [stdout] test runtime::control::tests::lifecycle::explicit_shutdown_normalizes_an_open_frame_before_native_release ... ok
[INFO] [stdout] test runtime::control::tests::viewport_callbacks::platform_swap_rejects_foreign_viewport_state_before_native_callback ... ok
[INFO] [stdout] test tests::opengl_viewport_swap_interval_policies_have_stable_native_values ... ok
[INFO] [stderr] error: test failed, to rerun pass `--lib`
[INFO] [stdout] test runtime::control::tests::viewport_callbacks::foreign_write_to_reserved_platform_slot_blocks_direct_trampoline ... ok
[INFO] [stdout] test runtime::control::tests::viewport_callbacks::main_viewport_handle_drift_blocks_unrelated_direct_trampoline ... ok
[INFO] [stdout] 
[INFO] [stdout] failures:
[INFO] [stdout] 
[INFO] [stdout] ---- callback_events::tests::high_frequency_state_events_coalesce_at_their_latest_ordered_position stdout ----
[INFO] [stdout] 
[INFO] [stdout] thread 'callback_events::tests::high_frequency_state_events_coalesce_at_their_latest_ordered_position' (5844) panicked at src/callback_events.rs:1137:9:
[INFO] [stdout] assertion `left == right` failed
[INFO] [stdout]   left: 3
[INFO] [stdout]  right: 2
[INFO] [stdout] stack backtrace:
[INFO] [stdout]    0:     0x639bc66d5911 - <<std[70759c8f55707aa4]::sys::backtrace::BacktraceLock>::print::DisplayBacktrace as core[df12db4294e9bfd3]::fmt::Display>::fmt
[INFO] [stdout]    1:     0x639bc66eb2fa - core[df12db4294e9bfd3]::fmt::write
[INFO] [stdout]    2:     0x639bc66d9dfc - <alloc[2182bb758b4b3781]::vec::Vec<u8> as core[df12db4294e9bfd3]::io::write::Write>::write_fmt
[INFO] [stdout]    3:     0x639bc66b1d36 - std[70759c8f55707aa4]::panicking::default_hook::{closure#0}
[INFO] [stdout]    4:     0x639bc66cdeb9 - std[70759c8f55707aa4]::panicking::default_hook
[INFO] [stdout]    5:     0x639bc65db410 - test[9d35eded1c95d3be]::test_main_inner::<test[9d35eded1c95d3be]::test_main_static::{closure#0}>::{closure#0}
[INFO] [stdout]    6:     0x639bc66ce1e2 - std[70759c8f55707aa4]::panicking::panic_with_hook
[INFO] [stdout]    7:     0x639bc66b1de2 - std[70759c8f55707aa4]::panicking::panic_handler::{closure#0}
[INFO] [stdout]    8:     0x639bc66aab69 - std[70759c8f55707aa4]::sys::backtrace::__rust_end_short_backtrace::<std[70759c8f55707aa4]::panicking::panic_handler::{closure#0}, !>
[INFO] [stdout]    9:     0x639bc66b29dd - __rustc[8fa7c3cbc660c2b3]::rust_begin_unwind
[INFO] [stdout]   10:     0x639bc66eba5c - core[df12db4294e9bfd3]::panicking::panic_fmt
[INFO] [stdout]   11:     0x639bc66eb973 - core[df12db4294e9bfd3]::panicking::assert_failed_inner
[INFO] [stdout]   12:     0x639bc66e6c4d - core[df12db4294e9bfd3]::panicking::assert_failed::<usize, usize>
[INFO] [stdout]   13:     0x639bc65abc01 - dear_imgui_sdl3[8924153d0008b161]::callback_events::tests::high_frequency_state_events_coalesce_at_their_latest_ordered_position
[INFO] [stdout]   14:     0x639bc65c9659 - <dear_imgui_sdl3[8924153d0008b161]::callback_events::tests::high_frequency_state_events_coalesce_at_their_latest_ordered_position::{closure#0} as core[df12db4294e9bfd3]::ops::function::FnOnce<()>>::call_once
[INFO] [stdout]   15:     0x639bc65ce6fb - test[9d35eded1c95d3be]::__rust_begin_short_backtrace::<core[df12db4294e9bfd3]::result::Result<(), alloc[2182bb758b4b3781]::string::String>, fn() -> core[df12db4294e9bfd3]::result::Result<(), alloc[2182bb758b4b3781]::string::String>>
[INFO] [stdout]   16:     0x639bc65dbd65 - test[9d35eded1c95d3be]::run_test::{closure#0}
[INFO] [stdout]   17:     0x639bc65d5624 - std[70759c8f55707aa4]::sys::backtrace::__rust_begin_short_backtrace::<test[9d35eded1c95d3be]::run_test::{closure#1}, ()>
[INFO] [stdout]   18:     0x639bc65deec2 - <std[70759c8f55707aa4]::thread::lifecycle::spawn_unchecked<test[9d35eded1c95d3be]::run_test::{closure#1}, ()>::{closure#1} as core[df12db4294e9bfd3]::ops::function::FnOnce<()>>::call_once::{shim:vtable#0}
[INFO] [stdout]   19:     0x639bc66d51d9 - <std[70759c8f55707aa4]::sys::thread::unix::Thread>::new::thread_start
[INFO] [stdout]   20:     0x7b635f15cdfa - <unknown>
[INFO] [stdout]   21:     0x7b635f1f03d4 - clone
[INFO] [stdout]   22:                0x0 - <unknown>
[INFO] [stdout] 
[INFO] [stdout] ---- callback_events::tests::indexed_queue_matches_a_reference_model_under_mixed_operations stdout ----
[INFO] [stdout] 
[INFO] [stdout] thread 'callback_events::tests::indexed_queue_matches_a_reference_model_under_mixed_operations' (5846) panicked at src/callback_events.rs:582:9:
[INFO] [stdout] assertion `left == right` failed
[INFO] [stdout]   left: 1
[INFO] [stdout]  right: 0
[INFO] [stdout] stack backtrace:
[INFO] [stdout]    0:     0x639bc66d5911 - <<std[70759c8f55707aa4]::sys::backtrace::BacktraceLock>::print::DisplayBacktrace as core[df12db4294e9bfd3]::fmt::Display>::fmt
[INFO] [stdout]    1:     0x639bc66eb2fa - core[df12db4294e9bfd3]::fmt::write
[INFO] [stdout]    2:     0x639bc66d9dfc - <alloc[2182bb758b4b3781]::vec::Vec<u8> as core[df12db4294e9bfd3]::io::write::Write>::write_fmt
[INFO] [stdout]    3:     0x639bc66b1d36 - std[70759c8f55707aa4]::panicking::default_hook::{closure#0}
[INFO] [stdout]    4:     0x639bc66cdeb9 - std[70759c8f55707aa4]::panicking::default_hook
[INFO] [stdout]    5:     0x639bc65db410 - test[9d35eded1c95d3be]::test_main_inner::<test[9d35eded1c95d3be]::test_main_static::{closure#0}>::{closure#0}
[INFO] [stdout]    6:     0x639bc66ce1e2 - std[70759c8f55707aa4]::panicking::panic_with_hook
[INFO] [stdout]    7:     0x639bc66b1de2 - std[70759c8f55707aa4]::panicking::panic_handler::{closure#0}
[INFO] [stdout]    8:     0x639bc66aab69 - std[70759c8f55707aa4]::sys::backtrace::__rust_end_short_backtrace::<std[70759c8f55707aa4]::panicking::panic_handler::{closure#0}, !>
[INFO] [stdout]    9:     0x639bc66b29dd - __rustc[8fa7c3cbc660c2b3]::rust_begin_unwind
[INFO] [stdout]   10:     0x639bc66eba5c - core[df12db4294e9bfd3]::panicking::panic_fmt
[INFO] [stdout]   11:     0x639bc66eb973 - core[df12db4294e9bfd3]::panicking::assert_failed_inner
[INFO] [stdout]   12:     0x639bc66e6c4d - core[df12db4294e9bfd3]::panicking::assert_failed::<usize, usize>
[INFO] [stdout]   13:     0x639bc65b41cd - <dear_imgui_sdl3[8924153d0008b161]::callback_events::CallbackEventQueue>::assert_invariants
[INFO] [stdout]   14:     0x639bc65aa2d2 - dear_imgui_sdl3[8924153d0008b161]::callback_events::tests::indexed_queue_matches_a_reference_model_under_mixed_operations
[INFO] [stdout]   15:     0x639bc65c95b9 - <dear_imgui_sdl3[8924153d0008b161]::callback_events::tests::indexed_queue_matches_a_reference_model_under_mixed_operations::{closure#0} as core[df12db4294e9bfd3]::ops::function::FnOnce<()>>::call_once
[INFO] [stdout]   16:     0x639bc65ce6fb - test[9d35eded1c95d3be]::__rust_begin_short_backtrace::<core[df12db4294e9bfd3]::result::Result<(), alloc[2182bb758b4b3781]::string::String>, fn() -> core[df12db4294e9bfd3]::result::Result<(), alloc[2182bb758b4b3781]::string::String>>
[INFO] [stdout]   17:     0x639bc65dbd65 - test[9d35eded1c95d3be]::run_test::{closure#0}
[INFO] [stdout]   18:     0x639bc65d5624 - std[70759c8f55707aa4]::sys::backtrace::__rust_begin_short_backtrace::<test[9d35eded1c95d3be]::run_test::{closure#1}, ()>
[INFO] [stdout]   19:     0x639bc65deec2 - <std[70759c8f55707aa4]::thread::lifecycle::spawn_unchecked<test[9d35eded1c95d3be]::run_test::{closure#1}, ()>::{closure#1} as core[df12db4294e9bfd3]::ops::function::FnOnce<()>>::call_once::{shim:vtable#0}
[INFO] [stdout]   20:     0x639bc66d51d9 - <std[70759c8f55707aa4]::sys::thread::unix::Thread>::new::thread_start
[INFO] [stdout]   21:     0x7b635f15cdfa - <unknown>
[INFO] [stdout]   22:     0x7b635f1f03d4 - clone
[INFO] [stdout]   23:                0x0 - <unknown>
[INFO] [stdout] 
[INFO] [stdout] ---- callback_events::tests::high_frequency_state_events_reuse_their_indexed_queue_slot stdout ----
[INFO] [stdout] 
[INFO] [stdout] thread 'callback_events::tests::high_frequency_state_events_reuse_their_indexed_queue_slot' (5845) panicked at src/callback_events.rs:1165:13:
[INFO] [stdout] assertion `left == right` failed
[INFO] [stdout]   left: 4
[INFO] [stdout]  right: 1
[INFO] [stdout] stack backtrace:
[INFO] [stdout]    0:     0x639bc66d5911 - <<std[70759c8f55707aa4]::sys::backtrace::BacktraceLock>::print::DisplayBacktrace as core[df12db4294e9bfd3]::fmt::Display>::fmt
[INFO] [stdout]    1:     0x639bc66eb2fa - core[df12db4294e9bfd3]::fmt::write
[INFO] [stdout]    2:     0x639bc66d9dfc - <alloc[2182bb758b4b3781]::vec::Vec<u8> as core[df12db4294e9bfd3]::io::write::Write>::write_fmt
[INFO] [stdout]    3:     0x639bc66b1d36 - std[70759c8f55707aa4]::panicking::default_hook::{closure#0}
[INFO] [stdout]    4:     0x639bc66cdeb9 - std[70759c8f55707aa4]::panicking::default_hook
[INFO] [stdout]    5:     0x639bc65db410 - test[9d35eded1c95d3be]::test_main_inner::<test[9d35eded1c95d3be]::test_main_static::{closure#0}>::{closure#0}
[INFO] [stdout]    6:     0x639bc66ce1e2 - std[70759c8f55707aa4]::panicking::panic_with_hook
[INFO] [stdout]    7:     0x639bc66b1de2 - std[70759c8f55707aa4]::panicking::panic_handler::{closure#0}
[INFO] [stdout]    8:     0x639bc66aab69 - std[70759c8f55707aa4]::sys::backtrace::__rust_end_short_backtrace::<std[70759c8f55707aa4]::panicking::panic_handler::{closure#0}, !>
[INFO] [stdout]    9:     0x639bc66b29dd - __rustc[8fa7c3cbc660c2b3]::rust_begin_unwind
[INFO] [stdout]   10:     0x639bc66eba5c - core[df12db4294e9bfd3]::panicking::panic_fmt
[INFO] [stdout]   11:     0x639bc66eb973 - core[df12db4294e9bfd3]::panicking::assert_failed_inner
[INFO] [stdout]   12:     0x639bc66e6c4d - core[df12db4294e9bfd3]::panicking::assert_failed::<usize, usize>
[INFO] [stdout]   13:     0x639bc65a9953 - dear_imgui_sdl3[8924153d0008b161]::callback_events::tests::high_frequency_state_events_reuse_their_indexed_queue_slot
[INFO] [stdout]   14:     0x639bc65c9599 - <dear_imgui_sdl3[8924153d0008b161]::callback_events::tests::high_frequency_state_events_reuse_their_indexed_queue_slot::{closure#0} as core[df12db4294e9bfd3]::ops::function::FnOnce<()>>::call_once
[INFO] [stdout]   15:     0x639bc65ce6fb - test[9d35eded1c95d3be]::__rust_begin_short_backtrace::<core[df12db4294e9bfd3]::result::Result<(), alloc[2182bb758b4b3781]::string::String>, fn() -> core[df12db4294e9bfd3]::result::Result<(), alloc[2182bb758b4b3781]::string::String>>
[INFO] [stdout]   16:     0x639bc65dbd65 - test[9d35eded1c95d3be]::run_test::{closure#0}
[INFO] [stdout]   17:     0x639bc65d5624 - std[70759c8f55707aa4]::sys::backtrace::__rust_begin_short_backtrace::<test[9d35eded1c95d3be]::run_test::{closure#1}, ()>
[INFO] [stdout]   18:     0x639bc65deec2 - <std[70759c8f55707aa4]::thread::lifecycle::spawn_unchecked<test[9d35eded1c95d3be]::run_test::{closure#1}, ()>::{closure#1} as core[df12db4294e9bfd3]::ops::function::FnOnce<()>>::call_once::{shim:vtable#0}
[INFO] [stdout]   19:     0x639bc66d51d9 - <std[70759c8f55707aa4]::sys::thread::unix::Thread>::new::thread_start
[INFO] [stdout]   20:     0x7b635f15cdfa - <unknown>
[INFO] [stdout]   21:     0x7b635f1f03d4 - clone
[INFO] [stdout]   22:                0x0 - <unknown>
[INFO] [stdout] 
[INFO] [stdout] 
[INFO] [stdout] failures:
[INFO] [stdout]     callback_events::tests::high_frequency_state_events_coalesce_at_their_latest_ordered_position
[INFO] [stdout]     callback_events::tests::high_frequency_state_events_reuse_their_indexed_queue_slot
[INFO] [stdout]     callback_events::tests::indexed_queue_matches_a_reference_model_under_mixed_operations
[INFO] [stdout] 
[INFO] [stdout] test result: FAILED. 61 passed; 3 failed; 0 ignored; 0 measured; 0 filtered out; finished in 0.02s
[INFO] [stdout] 
[INFO] running `Command { std: "docker" "inspect" "a9c14d1589e9cb6dd37f1095167d9c67580bec2409d870b93d62240afa196c10", kill_on_drop: false }`
[INFO] running `Command { std: "docker" "rm" "-f" "a9c14d1589e9cb6dd37f1095167d9c67580bec2409d870b93d62240afa196c10", kill_on_drop: false }`
[INFO] [stdout] a9c14d1589e9cb6dd37f1095167d9c67580bec2409d870b93d62240afa196c10
