[INFO] fetching crate dear-imgui-cte 0.20.0...
[INFO] testing dear-imgui-cte-0.20.0 against 1.99.0-beta.8+cargoflags=--release for beta-release-1.100-2
[INFO] extracting crate dear-imgui-cte 0.20.0 into /workspace/builds/worker-5-tc1/source
[INFO] started tweaking crates.io crate dear-imgui-cte 0.20.0
[INFO] removed 0 missing tests
[INFO] finished tweaking crates.io crate dear-imgui-cte 0.20.0
[INFO] tweaked toml for crates.io crate dear-imgui-cte 0.20.0 written to /workspace/builds/worker-5-tc1/source/Cargo.toml
[INFO] validating manifest of crates.io crate dear-imgui-cte 0.20.0 on toolchain 1.99.0-beta.8
[INFO] running `Command { std: CARGO_HOME="/workspace/cargo-home" RUSTUP_HOME="/workspace/rustup-home" "/workspace/cargo-home/bin/cargo" "+1.99.0-beta.8" "metadata" "--manifest-path" "Cargo.toml" "--no-deps", kill_on_drop: false }`
[INFO] crate crates.io crate dear-imgui-cte 0.20.0 already has a lockfile, it will not be regenerated
[INFO] running `Command { std: CARGO_HOME="/workspace/cargo-home" RUSTUP_HOME="/workspace/rustup-home" "/workspace/cargo-home/bin/cargo" "+1.99.0-beta.8" "fetch" "--manifest-path" "Cargo.toml", kill_on_drop: false }`
[INFO] [stderr]     Updating crates.io index
[INFO] [stderr]  Downloading crates ...
[INFO] [stderr]   Downloaded mint v0.5.9
[INFO] [stderr]   Downloaded dear-implot v0.20.0
[INFO] [stderr]   Downloaded dear-imnodes v0.20.0
[INFO] [stderr]   Downloaded dear-imgui-build-support v0.20.0
[INFO] [stderr]   Downloaded dear-imnodes-sys v0.20.0
[INFO] [stderr]   Downloaded dear-implot-sys v0.20.0
[INFO] [stderr]   Downloaded syn v3.0.7
[INFO] [stderr]   Downloaded dear-imgui-rs v0.20.0
[INFO] [stderr]   Downloaded dear-imgui-sys v0.20.0
[INFO] [stderr]   Downloaded dear-imgui-cte-sys v0.20.0
[INFO] running `Command { std: "docker" "create" "-v" "/var/lib/crater-agent-workspace/builds/worker-5-tc1/source:/opt/rustwide/workdir:ro,Z" "-v" "/var/lib/crater-agent-workspace/builds/worker-5-tc1/target:/opt/rustwide/target:rw,Z" "-v" "/var/lib/crater-agent-workspace/cargo-home:/opt/rustwide/cargo-home:ro,Z" "-v" "/var/lib/crater-agent-workspace/rustup-home:/opt/rustwide/rustup-home:ro,Z" "-m" "1610612736" "--network" "none" "ghcr.io/rust-lang/crates-build-env/linux@sha256:77db811e55d90add9212f6832c23229e3de5f1c1f9905e8cb07319ea15df73ac" "sleep" "infinity", kill_on_drop: false }`
[INFO] [stdout] 48a391b77b5ab6d245aae6720f84be3bb66323d2332eb30484690302e6efca52
[INFO] running `Command { std: "docker" "start" "48a391b77b5ab6d245aae6720f84be3bb66323d2332eb30484690302e6efca52", kill_on_drop: false }`
[INFO] running `Command { std: "docker" "inspect" "48a391b77b5ab6d245aae6720f84be3bb66323d2332eb30484690302e6efca52", kill_on_drop: false }`
[INFO] running `Command { std: "docker" "exec" "-e" "SOURCE_DIR=/opt/rustwide/workdir" "-e" "CARGO_HOME=/opt/rustwide/cargo-home" "-e" "RUSTUP_HOME=/opt/rustwide/rustup-home" "-e" "CARGO_TARGET_DIR=/opt/rustwide/target" "-w" "/opt/rustwide/workdir" "--user" "0:0" "48a391b77b5ab6d245aae6720f84be3bb66323d2332eb30484690302e6efca52" "/opt/rustwide/cargo-home/bin/cargo" "+1.99.0-beta.8" "metadata" "--no-deps" "--format-version=1", kill_on_drop: false }`
[INFO] running `Command { std: "docker" "inspect" "48a391b77b5ab6d245aae6720f84be3bb66323d2332eb30484690302e6efca52", kill_on_drop: false }`
[INFO] running `Command { std: "docker" "exec" "-e" "SOURCE_DIR=/opt/rustwide/workdir" "-e" "CARGO_HOME=/opt/rustwide/cargo-home" "-e" "RUSTUP_HOME=/opt/rustwide/rustup-home" "-e" "CARGO_TARGET_DIR=/opt/rustwide/target" "-e" "CARGO_INCREMENTAL=0" "-e" "RUST_BACKTRACE=full" "-e" "RUSTFLAGS=--cap-lints=warn" "-e" "RUSTDOCFLAGS=--cap-lints=warn" "-w" "/opt/rustwide/workdir" "--user" "0:0" "48a391b77b5ab6d245aae6720f84be3bb66323d2332eb30484690302e6efca52" "/opt/rustwide/cargo-home/bin/cargo" "+1.99.0-beta.8" "build" "--frozen" "--message-format=json" "--release", kill_on_drop: false }`
[INFO] [stderr]    Compiling syn v3.0.7
[INFO] [stderr]    Compiling memchr v2.8.3
[INFO] [stderr]    Compiling libc v0.2.190
[INFO] [stderr]    Compiling smallvec v1.16.3
[INFO] [stderr]    Compiling serde_core v1.0.229
[INFO] [stderr]    Compiling zmij v1.0.23
[INFO] [stderr]    Compiling serde_json v1.0.151
[INFO] [stderr]    Compiling serde v1.0.229
[INFO] [stderr]    Compiling cc v1.7.0
[INFO] [stderr]    Compiling mint v0.5.9
[INFO] [stderr]    Compiling bitflags v2.13.2
[INFO] [stderr]    Compiling parking_lot_core v0.9.12
[INFO] [stderr]    Compiling serde_derive v1.0.229
[INFO] [stderr]    Compiling thiserror-impl v2.0.21
[INFO] [stderr]    Compiling parking_lot v0.12.5
[INFO] [stderr]    Compiling thiserror v2.0.21
[INFO] [stderr]    Compiling dear-imgui-build-support v0.20.0
[INFO] [stderr]    Compiling dear-imgui-sys v0.20.0
[INFO] [stderr]    Compiling dear-imgui-cte-sys v0.20.0
[INFO] [stderr]    Compiling dear-imgui-rs v0.20.0
[INFO] [stderr]    Compiling dear-imgui-cte v0.20.0 (/opt/rustwide/workdir)
[INFO] [stderr]     Finished `release` profile [optimized] target(s) in 2m 02s
[INFO] running `Command { std: "docker" "inspect" "48a391b77b5ab6d245aae6720f84be3bb66323d2332eb30484690302e6efca52", kill_on_drop: false }`
[INFO] running `Command { std: "docker" "exec" "-e" "SOURCE_DIR=/opt/rustwide/workdir" "-e" "CARGO_HOME=/opt/rustwide/cargo-home" "-e" "RUSTUP_HOME=/opt/rustwide/rustup-home" "-e" "CARGO_TARGET_DIR=/opt/rustwide/target" "-e" "CARGO_INCREMENTAL=0" "-e" "RUST_BACKTRACE=full" "-e" "RUSTFLAGS=--cap-lints=warn" "-e" "RUSTDOCFLAGS=--cap-lints=warn" "-w" "/opt/rustwide/workdir" "--user" "0:0" "48a391b77b5ab6d245aae6720f84be3bb66323d2332eb30484690302e6efca52" "/opt/rustwide/cargo-home/bin/cargo" "+1.99.0-beta.8" "test" "--frozen" "--no-run" "--message-format=json" "--release", kill_on_drop: false }`
[INFO] [stderr]    Compiling cmake v0.1.58
[INFO] [stderr]    Compiling dear-imnodes-sys v0.20.0
[INFO] [stderr]    Compiling dear-implot-sys v0.20.0
[INFO] [stderr]    Compiling dear-imnodes v0.20.0
[INFO] [stderr]    Compiling dear-implot v0.20.0
[INFO] [stderr]    Compiling dear-imgui-cte v0.20.0 (/opt/rustwide/workdir)
[INFO] [stderr]     Finished `release` profile [optimized] target(s) in 4m 53s
[INFO] running `Command { std: "docker" "inspect" "48a391b77b5ab6d245aae6720f84be3bb66323d2332eb30484690302e6efca52", kill_on_drop: false }`
[INFO] running `Command { std: "docker" "exec" "-e" "SOURCE_DIR=/opt/rustwide/workdir" "-e" "CARGO_HOME=/opt/rustwide/cargo-home" "-e" "RUSTUP_HOME=/opt/rustwide/rustup-home" "-e" "CARGO_TARGET_DIR=/opt/rustwide/target" "-e" "CARGO_INCREMENTAL=0" "-e" "RUST_BACKTRACE=full" "-e" "RUSTFLAGS=--cap-lints=warn" "-e" "RUSTDOCFLAGS=--cap-lints=warn" "-w" "/opt/rustwide/workdir" "--user" "0:0" "48a391b77b5ab6d245aae6720f84be3bb66323d2332eb30484690302e6efca52" "/opt/rustwide/cargo-home/bin/cargo" "+1.99.0-beta.8" "test" "--frozen" "--release", kill_on_drop: false }`
[INFO] [stderr]     Finished `release` profile [optimized] target(s) in 0.08s
[INFO] [stderr]      Running unittests src/lib.rs (/opt/rustwide/target/release/deps/dear_imgui_cte-38a8005b1fc09297)
[INFO] [stdout] 
[INFO] [stdout] running 5 tests
[INFO] [stdout] test callbacks::tests::callback_trampoline_reentry_is_a_no_op_and_resets_after_return ... ok
[INFO] [stdout] test callbacks::tests::ui_trampolines_copy_event_values_and_receive_the_active_ui ... FAILED
[INFO] [stdout] test text_diff::tests::renderer_preserves_the_upstream_no_move_flag ... ok
[INFO] [stdout] test text_editor::render::tests::renderer_restores_upstream_interaction_flags ... ok
[INFO] [stdout] test autocomplete::tests::default_shortcut_matches_the_upstream_apple_contract ... ok
[INFO] [stdout] 
[INFO] [stdout] failures:
[INFO] [stdout] 
[INFO] [stdout] ---- callbacks::tests::ui_trampolines_copy_event_values_and_receive_the_active_ui stdout ----
[INFO] [stdout] 
[INFO] [stdout] thread 'callbacks::tests::ui_trampolines_copy_event_values_and_receive_the_active_ui' (1186) panicked at /opt/rustwide/cargo-home/registry/src/index.crates.io-1949cf8c6b5b557f/dear-imgui-rs-0.20.0/src/context/core.rs:100:28:
[INFO] [stdout] Failed to create Dear ImGui context: ContextThreadConflict
[INFO] [stdout] stack backtrace:
[INFO] [stdout]    0:     0x568d135479e1 - <<std[70759c8f55707aa4]::sys::backtrace::BacktraceLock>::print::DisplayBacktrace as core[df12db4294e9bfd3]::fmt::Display>::fmt
[INFO] [stdout]    1:     0x568d1355cd1a - core[df12db4294e9bfd3]::fmt::write
[INFO] [stdout]    2:     0x568d1354becc - <alloc[2182bb758b4b3781]::vec::Vec<u8> as core[df12db4294e9bfd3]::io::write::Write>::write_fmt
[INFO] [stdout]    3:     0x568d13523e06 - std[70759c8f55707aa4]::panicking::default_hook::{closure#0}
[INFO] [stdout]    4:     0x568d1353ff89 - std[70759c8f55707aa4]::panicking::default_hook
[INFO] [stdout]    5:     0x568d1344de50 - test[9d35eded1c95d3be]::test_main_inner::<test[9d35eded1c95d3be]::test_main_static::{closure#0}>::{closure#0}
[INFO] [stdout]    6:     0x568d135402b2 - std[70759c8f55707aa4]::panicking::panic_with_hook
[INFO] [stdout]    7:     0x568d13523eb2 - std[70759c8f55707aa4]::panicking::panic_handler::{closure#0}
[INFO] [stdout]    8:     0x568d1351cc39 - std[70759c8f55707aa4]::sys::backtrace::__rust_end_short_backtrace::<std[70759c8f55707aa4]::panicking::panic_handler::{closure#0}, !>
[INFO] [stdout]    9:     0x568d13524aad - __rustc[8fa7c3cbc660c2b3]::rust_begin_unwind
[INFO] [stdout]   10:     0x568d1355d47c - core[df12db4294e9bfd3]::panicking::panic_fmt
[INFO] [stdout]   11:     0x568d1355d252 - core[df12db4294e9bfd3]::result::unwrap_failed
[INFO] [stdout]   12:     0x568d13495603 - <dear_imgui_rs[a7dedac5056940b6]::context::core::Context>::create
[INFO] [stdout]   13:     0x568d1343deb0 - dear_imgui_cte[75377b487488a8e8]::callbacks::tests::ui_trampolines_copy_event_values_and_receive_the_active_ui
[INFO] [stdout]   14:     0x568d13440e39 - <dear_imgui_cte[75377b487488a8e8]::callbacks::tests::ui_trampolines_copy_event_values_and_receive_the_active_ui::{closure#0} as core[df12db4294e9bfd3]::ops::function::FnOnce<()>>::call_once
[INFO] [stdout]   15:     0x568d1344113b - test[9d35eded1c95d3be]::__rust_begin_short_backtrace::<core[df12db4294e9bfd3]::result::Result<(), alloc[2182bb758b4b3781]::string::String>, fn() -> core[df12db4294e9bfd3]::result::Result<(), alloc[2182bb758b4b3781]::string::String>>
[INFO] [stdout]   16:     0x568d1344e7a5 - test[9d35eded1c95d3be]::run_test::{closure#0}
[INFO] [stdout]   17:     0x568d13448064 - std[70759c8f55707aa4]::sys::backtrace::__rust_begin_short_backtrace::<test[9d35eded1c95d3be]::run_test::{closure#1}, ()>
[INFO] [stdout]   18:     0x568d13451902 - <std[70759c8f55707aa4]::thread::lifecycle::spawn_unchecked<test[9d35eded1c95d3be]::run_test::{closure#1}, ()>::{closure#1} as core[df12db4294e9bfd3]::ops::function::FnOnce<()>>::call_once::{shim:vtable#0}
[INFO] [stdout]   19:     0x568d135472a9 - <std[70759c8f55707aa4]::sys::thread::unix::Thread>::new::thread_start
[INFO] [stdout]   20:     0x7f19cf2d6dfa - <unknown>
[INFO] [stdout]   21:     0x7f19cf36a3d4 - clone
[INFO] [stdout]   22:                0x0 - <unknown>
[INFO] [stdout] 
[INFO] [stdout] 
[INFO] [stdout] failures:
[INFO] [stdout]     callbacks::tests::ui_trampolines_copy_event_values_and_receive_the_active_ui
[INFO] [stdout] 
[INFO] [stdout] test result: FAILED. 4 passed; 1 failed; 0 ignored; 0 measured; 0 filtered out; finished in 0.06s
[INFO] [stdout] 
[INFO] [stderr] error: test failed, to rerun pass `--lib`
[INFO] running `Command { std: "docker" "inspect" "48a391b77b5ab6d245aae6720f84be3bb66323d2332eb30484690302e6efca52", kill_on_drop: false }`
[INFO] running `Command { std: "docker" "rm" "-f" "48a391b77b5ab6d245aae6720f84be3bb66323d2332eb30484690302e6efca52", kill_on_drop: false }`
[INFO] [stdout] 48a391b77b5ab6d245aae6720f84be3bb66323d2332eb30484690302e6efca52
