[INFO] fetching crate dear-imgui-ash 0.20.0...
[INFO] testing dear-imgui-ash-0.20.0 against 1.99.0-beta.8+cargoflags=--release for beta-release-1.100-2
[INFO] extracting crate dear-imgui-ash 0.20.0 into /workspace/builds/worker-3-tc1/source
[INFO] started tweaking crates.io crate dear-imgui-ash 0.20.0
[INFO] finished tweaking crates.io crate dear-imgui-ash 0.20.0
[INFO] tweaked toml for crates.io crate dear-imgui-ash 0.20.0 written to /workspace/builds/worker-3-tc1/source/Cargo.toml
[INFO] validating manifest of crates.io crate dear-imgui-ash 0.20.0 on toolchain 1.99.0-beta.8
[INFO] running `Command { std: CARGO_HOME="/workspace/cargo-home" RUSTUP_HOME="/workspace/rustup-home" "/workspace/cargo-home/bin/cargo" "+1.99.0-beta.8" "metadata" "--manifest-path" "Cargo.toml" "--no-deps", kill_on_drop: false }`
[INFO] crate crates.io crate dear-imgui-ash 0.20.0 already has a lockfile, it will not be regenerated
[INFO] running `Command { std: CARGO_HOME="/workspace/cargo-home" RUSTUP_HOME="/workspace/rustup-home" "/workspace/cargo-home/bin/cargo" "+1.99.0-beta.8" "fetch" "--manifest-path" "Cargo.toml", kill_on_drop: false }`
[INFO] [stderr]     Updating crates.io index
[INFO] [stderr]  Downloading crates ...
[INFO] [stderr]   Downloaded wayland-cursor v0.31.14
[INFO] [stderr]   Downloaded cursor-icon v1.2.0
[INFO] [stderr]   Downloaded ab_glyph_rasterizer v0.1.10
[INFO] [stderr]   Downloaded owned_ttf_parser v0.25.1
[INFO] [stderr]   Downloaded libredox v0.1.25
[INFO] [stderr]   Downloaded wayland-protocols-wlr v0.3.12
[INFO] [stderr]   Downloaded ab_glyph v0.2.32
[INFO] [stderr]   Downloaded redox_syscall v0.9.4
[INFO] [stderr]   Downloaded wayland-scanner v0.31.11
[INFO] [stderr]   Downloaded dpi v0.1.2
[INFO] [stderr]   Downloaded foreign-types-macros v0.2.4
[INFO] [stderr]   Downloaded wayland-protocols-plasma v0.3.12
[INFO] [stderr]   Downloaded wayland-client v0.31.15
[INFO] [stderr]   Downloaded wayland-backend v0.3.17
[INFO] [stderr]   Downloaded wayland-protocols v0.32.13
[INFO] [stderr]   Downloaded cc v1.7.0
[INFO] [stderr]   Downloaded x11rb v0.13.2
[INFO] [stderr]   Downloaded objc2 v0.5.3
[INFO] [stderr]   Downloaded mint v0.5.9
[INFO] [stderr]   Downloaded syn v3.0.7
[INFO] [stderr]   Downloaded zerocopy-derive v0.8.62
[INFO] [stderr]   Downloaded dear-imgui-winit v0.20.0
[INFO] [stderr]   Downloaded android-activity v0.6.1
[INFO] [stderr]   Downloaded winit v0.30.13
[INFO] [stderr]   Downloaded dear-imgui-build-support v0.20.0
[INFO] [stderr]   Downloaded sdl3-ttf-sys v0.7.1+SDL-ttf-3.2.2
[INFO] [stderr]   Downloaded sdl3-image-sys v0.7.1+SDL-image-3.4.8
[INFO] [stderr]   Downloaded raw-window-metal v0.4.0
[INFO] [stderr]   Downloaded x11rb-protocol v0.13.2
[INFO] [stderr]   Downloaded rpkg-config v0.1.2
[INFO] [stderr]   Downloaded sdl3-net-sys v0.7.0+SDL-net-3.2.0
[INFO] [stderr]   Downloaded ash-window v0.13.0
[INFO] [stderr]   Downloaded cocoa v0.25.0
[INFO] [stderr]   Downloaded zerocopy v0.8.62
[INFO] [stderr]   Downloaded objc2 v0.6.5
[INFO] [stderr]   Downloaded dear-imgui-sdl3 v0.20.0
[INFO] [stderr]   Downloaded objc2-app-kit v0.3.2
[INFO] [stderr]   Downloaded dear-imgui-rs v0.20.0
[INFO] [stderr]   Downloaded sdl3-mixer-sys v0.7.0+SDL-mixer-3.2.4
[INFO] [stderr]   Downloaded sdl3-sys v0.7.2+SDL-3.4.18
[INFO] [stderr]   Downloaded orbclient v0.3.55
[INFO] [stderr]   Downloaded sdl3 v0.20.0
[INFO] [stderr]   Downloaded vk-mem v0.5.0
[INFO] [stderr]   Downloaded dear-imgui-sys v0.20.0
[INFO] [stderr]   Downloaded sdl3-net-src v3.2.0
[INFO] [stderr]   Downloaded sdl3-src v3.4.18
[INFO] [stderr]   Downloaded sdl3-image-src v3.4.8
[INFO] [stderr]   Downloaded sdl3-ttf-src v3.2.3
[INFO] [stderr]   Downloaded sdl3-mixer-src v3.2.4
[INFO] running `Command { std: "docker" "create" "-v" "/var/lib/crater-agent-workspace/builds/worker-3-tc1/source:/opt/rustwide/workdir:ro,Z" "-v" "/var/lib/crater-agent-workspace/builds/worker-3-tc1/target:/opt/rustwide/target:rw,Z" "-v" "/var/lib/crater-agent-workspace/cargo-home:/opt/rustwide/cargo-home:ro,Z" "-v" "/var/lib/crater-agent-workspace/rustup-home:/opt/rustwide/rustup-home:ro,Z" "-m" "1610612736" "--network" "none" "ghcr.io/rust-lang/crates-build-env/linux@sha256:77db811e55d90add9212f6832c23229e3de5f1c1f9905e8cb07319ea15df73ac" "sleep" "infinity", kill_on_drop: false }`
[INFO] [stdout] 2fe707340af3be2e2f9b1e9e586fea105d0931879bd52c50ce5166a83c522cc6
[INFO] running `Command { std: "docker" "start" "2fe707340af3be2e2f9b1e9e586fea105d0931879bd52c50ce5166a83c522cc6", kill_on_drop: false }`
[INFO] running `Command { std: "docker" "inspect" "2fe707340af3be2e2f9b1e9e586fea105d0931879bd52c50ce5166a83c522cc6", kill_on_drop: false }`
[INFO] running `Command { std: "docker" "exec" "-e" "SOURCE_DIR=/opt/rustwide/workdir" "-e" "CARGO_HOME=/opt/rustwide/cargo-home" "-e" "RUSTUP_HOME=/opt/rustwide/rustup-home" "-e" "CARGO_TARGET_DIR=/opt/rustwide/target" "-w" "/opt/rustwide/workdir" "--user" "0:0" "2fe707340af3be2e2f9b1e9e586fea105d0931879bd52c50ce5166a83c522cc6" "/opt/rustwide/cargo-home/bin/cargo" "+1.99.0-beta.8" "metadata" "--no-deps" "--format-version=1", kill_on_drop: false }`
[INFO] running `Command { std: "docker" "inspect" "2fe707340af3be2e2f9b1e9e586fea105d0931879bd52c50ce5166a83c522cc6", kill_on_drop: false }`
[INFO] running `Command { std: "docker" "exec" "-e" "SOURCE_DIR=/opt/rustwide/workdir" "-e" "CARGO_HOME=/opt/rustwide/cargo-home" "-e" "RUSTUP_HOME=/opt/rustwide/rustup-home" "-e" "CARGO_TARGET_DIR=/opt/rustwide/target" "-e" "CARGO_INCREMENTAL=0" "-e" "RUST_BACKTRACE=full" "-e" "RUSTFLAGS=--cap-lints=warn" "-e" "RUSTDOCFLAGS=--cap-lints=warn" "-w" "/opt/rustwide/workdir" "--user" "0:0" "2fe707340af3be2e2f9b1e9e586fea105d0931879bd52c50ce5166a83c522cc6" "/opt/rustwide/cargo-home/bin/cargo" "+1.99.0-beta.8" "build" "--frozen" "--message-format=json" "--release", kill_on_drop: false }`
[INFO] [stderr]    Compiling unicode-ident v1.0.26
[INFO] [stderr]    Compiling find-msvc-tools v0.1.14
[INFO] [stderr]    Compiling serde_core v1.0.229
[INFO] [stderr]    Compiling serde v1.0.229
[INFO] [stderr]    Compiling libc v0.2.190
[INFO] [stderr]    Compiling thiserror v2.0.21
[INFO] [stderr]    Compiling smallvec v1.16.3
[INFO] [stderr]    Compiling mint v0.5.9
[INFO] [stderr]    Compiling ash v0.38.0+1.3.281
[INFO] [stderr]    Compiling bitflags v2.13.2
[INFO] [stderr]    Compiling proc-macro2 v1.0.107
[INFO] [stderr]    Compiling cc v1.7.0
[INFO] [stderr]    Compiling quote v1.0.47
[INFO] [stderr]    Compiling syn v3.0.7
[INFO] [stderr]    Compiling parking_lot_core v0.9.12
[INFO] [stderr]    Compiling parking_lot v0.12.5
[INFO] [stderr]    Compiling serde_json v1.0.151
[INFO] [stderr]    Compiling serde_derive v1.0.229
[INFO] [stderr]    Compiling thiserror-impl v2.0.21
[INFO] [stderr]    Compiling dear-imgui-build-support v0.20.0
[INFO] [stderr]    Compiling dear-imgui-sys v0.20.0
[INFO] [stderr]    Compiling dear-imgui-rs v0.20.0
[INFO] [stderr]    Compiling dear-imgui-ash v0.20.0 (/opt/rustwide/workdir)
[INFO] [stderr]     Finished `release` profile [optimized] target(s) in 1m 42s
[INFO] running `Command { std: "docker" "inspect" "2fe707340af3be2e2f9b1e9e586fea105d0931879bd52c50ce5166a83c522cc6", kill_on_drop: false }`
[INFO] running `Command { std: "docker" "exec" "-e" "SOURCE_DIR=/opt/rustwide/workdir" "-e" "CARGO_HOME=/opt/rustwide/cargo-home" "-e" "RUSTUP_HOME=/opt/rustwide/rustup-home" "-e" "CARGO_TARGET_DIR=/opt/rustwide/target" "-e" "CARGO_INCREMENTAL=0" "-e" "RUST_BACKTRACE=full" "-e" "RUSTFLAGS=--cap-lints=warn" "-e" "RUSTDOCFLAGS=--cap-lints=warn" "-w" "/opt/rustwide/workdir" "--user" "0:0" "2fe707340af3be2e2f9b1e9e586fea105d0931879bd52c50ce5166a83c522cc6" "/opt/rustwide/cargo-home/bin/cargo" "+1.99.0-beta.8" "test" "--frozen" "--no-run" "--message-format=json" "--release", kill_on_drop: false }`
[INFO] [stderr]    Compiling dear-imgui-ash v0.20.0 (/opt/rustwide/workdir)
[INFO] [stderr]     Finished `release` profile [optimized] target(s) in 5.15s
[INFO] running `Command { std: "docker" "inspect" "2fe707340af3be2e2f9b1e9e586fea105d0931879bd52c50ce5166a83c522cc6", kill_on_drop: false }`
[INFO] running `Command { std: "docker" "exec" "-e" "SOURCE_DIR=/opt/rustwide/workdir" "-e" "CARGO_HOME=/opt/rustwide/cargo-home" "-e" "RUSTUP_HOME=/opt/rustwide/rustup-home" "-e" "CARGO_TARGET_DIR=/opt/rustwide/target" "-e" "CARGO_INCREMENTAL=0" "-e" "RUST_BACKTRACE=full" "-e" "RUSTFLAGS=--cap-lints=warn" "-e" "RUSTDOCFLAGS=--cap-lints=warn" "-w" "/opt/rustwide/workdir" "--user" "0:0" "2fe707340af3be2e2f9b1e9e586fea105d0931879bd52c50ce5166a83c522cc6" "/opt/rustwide/cargo-home/bin/cargo" "+1.99.0-beta.8" "test" "--frozen" "--release", kill_on_drop: false }`
[INFO] [stderr]     Finished `release` profile [optimized] target(s) in 0.11s
[INFO] [stderr]      Running unittests src/lib.rs (/opt/rustwide/target/release/deps/dear_imgui_ash-57f3ef1d4c4f5ebf)
[INFO] [stdout] 
[INFO] [stdout] running 53 tests
[INFO] [stdout] test renderer::context_state::tests::foreign_user_data_is_detected_and_preserved ... ok
[INFO] [stdout] test renderer::callbacks::tests::callback_state_is_scoped_non_reentrant_and_handle_complete ... ok
[INFO] [stdout] test renderer::context_state::tests::same_bytes_foreign_name_is_detected_and_preserved ... ok
[INFO] [stdout] test renderer::draw::tests::element_range_rejects_arithmetic_and_vulkan_offset_overflow ... ok
[INFO] [stdout] test renderer::lifecycle::shutdown_transaction_tests::drop_cleanup_never_runs_while_the_context_is_alive ... ok
[INFO] [stdout] test renderer::draw::tests::element_range_rejects_index_and_vertex_violations ... ok
[INFO] [stdout] test renderer::callbacks::tests::callback_state_retains_the_upstream_vulkan_handle_prefix ... ok
[INFO] [stdout] test renderer::draw::tests::unknown_texture_id_is_rejected_before_recording ... ok
[INFO] [stdout] test renderer::lifecycle::device_idle_tests::device_lost_is_terminal_but_other_wait_errors_are_retryable ... ok
[INFO] [stdout] test renderer::retirement::tests::abandoned_reservation_does_not_block_later_retirement ... ok
[INFO] [stdout] test renderer::retirement::tests::retirement_rejects_unissued_future_batches ... ok
[INFO] [stdout] test renderer::retirement::tests::retirement_waits_for_the_matching_completion_batch ... ok
[INFO] [stdout] test renderer::draw::tests::rejected_prepare_abandons_the_epoch_and_reissues_requests ... ok
[INFO] [stdout] test renderer::lifecycle::shutdown_transaction_tests::terminal_device_loss_commits_reset_and_releases_consumer ... FAILED
[INFO] [stdout] test renderer::context_state::tests::published_identity_survives_state_moves ... FAILED
[INFO] [stdout] test renderer::retirement::tests::repeated_completion_is_idempotent ... ok
[INFO] [stdout] test renderer::retirement::tests::retirement_rejects_a_batch_from_another_queue ... ok
[INFO] [stdout] test renderer::lifecycle::shutdown_transaction_tests::retryable_destroy_failure_restores_consumer_and_leaves_map_intact ... FAILED
[INFO] [stdout] test renderer::retirement::tests::destroy_is_acknowledged_only_after_gpu_retirement_completes ... ok
[INFO] [stdout] test renderer::draw::tests::split_prepare_and_record_reconciles_once_and_preserves_retirement_batch ... FAILED
[INFO] [stdout] test renderer::lifecycle::shutdown_transaction_tests::drop_cleanup_runs_only_after_native_context_teardown ... FAILED
[INFO] [stdout] test renderer::retirement::tests::later_completion_may_arrive_before_an_earlier_batch ... ok
[INFO] [stdout] test renderer::lifecycle::shutdown_transaction_tests::terminal_resource_destruction_clears_external_descriptor_bookkeeping ... ok
[INFO] [stdout] test renderer::context_state::tests::first_contract_drift_is_sticky_and_keeps_owned_capabilities_revoked ... ok
[INFO] [stdout] test renderer::retirement::tests::stale_generation_destroy_does_not_touch_a_reused_slot ... ok
[INFO] [stdout] test renderer::retirement::tests::superseded_texture_retires_before_a_later_active_destroy ... ok
[INFO] [stdout] test renderer::retirement::tests::teardown_drain_makes_late_completion_a_noop ... ok
[INFO] [stdout] test renderer::shaders::tests::checked_in_vertex_spirv_parses ... ok
[INFO] [stdout] test renderer::callbacks::tests::standard_draw_callbacks_retain_distinct_identity_and_classification ... ok
[INFO] [stdout] test renderer::texture::managed_lifecycle_tests::retry_watermark_cannot_prune_unacknowledged_destroy_tombstone ... ok
[INFO] [stdout] test renderer::texture::managed_lifecycle_tests::superseded_then_destroyed_texture_preserves_mapping_until_final_completion ... ok
[INFO] [stdout] test renderer::tests::managed_update_composes_a_complete_replacement_image ... ok
[INFO] [stdout] test renderer::shaders::tests::fragment_source_and_spirv_use_split_image_and_sampler_sets ... ok
[INFO] [stdout] test renderer::uploads::tests::completed_upload_can_be_taken_without_rechecking_its_identity ... ok
[INFO] [stdout] test renderer::uploads::tests::pending_upload_cannot_produce_feedback_until_completion ... ok
[INFO] [stdout] test renderer::tests::managed_update_rejects_out_of_bounds_without_mutating_shadow ... ok
[INFO] [stdout] test renderer::texture::operational_gate_tests::every_resource_entry_rejects_destroyed_renderer_before_vulkan ... ok
[INFO] [stdout] test renderer::uploads::tests::changed_request_waits_and_old_completion_cannot_ack_it ... ok
[INFO] [stdout] test renderer::uploads::tests::recoverable_wait_failure_keeps_destroy_upload_owned ... ok
[INFO] [stdout] test renderer::tests::request_upload_alpha8_honors_row_pitch ... ok
[INFO] [stderr] error: test failed, to rerun pass `--lib`
[INFO] [stdout] test renderer::tests::request_upload_rgba32_honors_row_pitch ... ok
[INFO] [stdout] test renderer::texture::managed_lifecycle_tests::advancing_watermark_keeps_destroy_tombstones_bounded ... ok
[INFO] [stdout] test renderer::texture::managed_lifecycle_tests::destroy_tombstones_use_max_epoch_and_contiguous_watermark ... ok
[INFO] [stdout] test renderer::uploads::tests::operation_kind_is_part_of_upload_identity ... ok
[INFO] [stdout] test renderer::uploads::tests::recoverable_wait_failure_keeps_managed_upload_owned ... ok
[INFO] [stdout] test renderer::vulkan::tests::scissor_clamps_fractional_clip_rectangles_to_the_framebuffer ... ok
[INFO] [stdout] test renderer::vulkan::tests::standard_samplers_match_upstream_filter_and_lod_contract ... ok
[INFO] [stdout] test renderer::vulkan::tests::descriptor_pool_reserves_images_and_two_renderer_owned_samplers ... ok
[INFO] [stdout] test texture::tests::texture_update_result_apply_to_sets_status_and_id ... ok
[INFO] [stdout] test renderer::tests::texture_subrect_alpha8 ... ok
[INFO] [stdout] test renderer::uploads::tests::upload_identity_is_copyable_and_payload_independent ... ok
[INFO] [stdout] test renderer::tests::texture_subrect_rgba32 ... ok
[INFO] [stdout] test renderer::vulkan::tests::scissor_rejects_non_finite_empty_and_offscreen_clip_rectangles ... ok
[INFO] [stdout] 
[INFO] [stdout] failures:
[INFO] [stdout] 
[INFO] [stdout] ---- renderer::lifecycle::shutdown_transaction_tests::terminal_device_loss_commits_reset_and_releases_consumer stdout ----
[INFO] [stdout] 
[INFO] [stdout] thread 'renderer::lifecycle::shutdown_transaction_tests::terminal_device_loss_commits_reset_and_releases_consumer' (714) panicked at /opt/rustwide/cargo-home/registry/src/index.crates.io-1949cf8c6b5b557f/dear-imgui-rs-0.20.0/src/context/core.rs:100:28:
[INFO] [stdout] Failed to create Dear ImGui context: ContextThreadConflict
[INFO] [stdout] stack backtrace:
[INFO] [stdout]    0:     0x5c43902f7d61 - <<std[70759c8f55707aa4]::sys::backtrace::BacktraceLock>::print::DisplayBacktrace as core[df12db4294e9bfd3]::fmt::Display>::fmt
[INFO] [stdout]    1:     0x5c439030d6ba - core[df12db4294e9bfd3]::fmt::write
[INFO] [stdout]    2:     0x5c43902fc1fc - <alloc[2182bb758b4b3781]::vec::Vec<u8> as core[df12db4294e9bfd3]::io::write::Write>::write_fmt
[INFO] [stdout]    3:     0x5c43902d4316 - std[70759c8f55707aa4]::panicking::default_hook::{closure#0}
[INFO] [stdout]    4:     0x5c43902f0489 - std[70759c8f55707aa4]::panicking::default_hook
[INFO] [stdout]    5:     0x5c43901ec970 - test[9d35eded1c95d3be]::test_main_inner::<test[9d35eded1c95d3be]::test_main_static::{closure#0}>::{closure#0}
[INFO] [stdout]    6:     0x5c43902f0642 - std[70759c8f55707aa4]::panicking::panic_with_hook
[INFO] [stdout]    7:     0x5c43902d43c2 - std[70759c8f55707aa4]::panicking::panic_handler::{closure#0}
[INFO] [stdout]    8:     0x5c43902cd149 - std[70759c8f55707aa4]::sys::backtrace::__rust_end_short_backtrace::<std[70759c8f55707aa4]::panicking::panic_handler::{closure#0}, !>
[INFO] [stdout]    9:     0x5c43902d4fbd - __rustc[8fa7c3cbc660c2b3]::rust_begin_unwind
[INFO] [stdout]   10:     0x5c439030de1c - core[df12db4294e9bfd3]::panicking::panic_fmt
[INFO] [stdout]   11:     0x5c439030dbf2 - core[df12db4294e9bfd3]::result::unwrap_failed
[INFO] [stdout]   12:     0x5c439023f8a3 - <dear_imgui_rs[a7dedac5056940b6]::context::core::Context>::create
[INFO] [stdout]   13:     0x5c43901c7bd7 - dear_imgui_ash[b9b99e205f97ef86]::renderer::lifecycle::shutdown_transaction_tests::terminal_device_loss_commits_reset_and_releases_consumer
[INFO] [stdout]   14:     0x5c43901d9d39 - <dear_imgui_ash[b9b99e205f97ef86]::renderer::lifecycle::shutdown_transaction_tests::terminal_device_loss_commits_reset_and_releases_consumer::{closure#0} as core[df12db4294e9bfd3]::ops::function::FnOnce<()>>::call_once
[INFO] [stdout]   15:     0x5c43901dfc5b - test[9d35eded1c95d3be]::__rust_begin_short_backtrace::<core[df12db4294e9bfd3]::result::Result<(), alloc[2182bb758b4b3781]::string::String>, fn() -> core[df12db4294e9bfd3]::result::Result<(), alloc[2182bb758b4b3781]::string::String>>
[INFO] [stdout]   16:     0x5c43901ed2c5 - test[9d35eded1c95d3be]::run_test::{closure#0}
[INFO] [stdout]   17:     0x5c43901e6b84 - std[70759c8f55707aa4]::sys::backtrace::__rust_begin_short_backtrace::<test[9d35eded1c95d3be]::run_test::{closure#1}, ()>
[INFO] [stdout]   18:     0x5c43901f0422 - <std[70759c8f55707aa4]::thread::lifecycle::spawn_unchecked<test[9d35eded1c95d3be]::run_test::{closure#1}, ()>::{closure#1} as core[df12db4294e9bfd3]::ops::function::FnOnce<()>>::call_once::{shim:vtable#0}
[INFO] [stdout]   19:     0x5c43902f7639 - <std[70759c8f55707aa4]::sys::thread::unix::Thread>::new::thread_start
[INFO] [stdout]   20:     0x7b4d8ee95dfa - <unknown>
[INFO] [stdout]   21:     0x7b4d8ef293d4 - clone
[INFO] [stdout]   22:                0x0 - <unknown>
[INFO] [stdout] 
[INFO] [stdout] ---- renderer::context_state::tests::published_identity_survives_state_moves stdout ----
[INFO] [stdout] 
[INFO] [stdout] thread 'renderer::context_state::tests::published_identity_survives_state_moves' (703) panicked at /opt/rustwide/cargo-home/registry/src/index.crates.io-1949cf8c6b5b557f/dear-imgui-rs-0.20.0/src/context/core.rs:100:28:
[INFO] [stdout] Failed to create Dear ImGui context: ContextThreadConflict
[INFO] [stdout] stack backtrace:
[INFO] [stdout]    0:     0x5c43902f7d61 - <<std[70759c8f55707aa4]::sys::backtrace::BacktraceLock>::print::DisplayBacktrace as core[df12db4294e9bfd3]::fmt::Display>::fmt
[INFO] [stdout]    1:     0x5c439030d6ba - core[df12db4294e9bfd3]::fmt::write
[INFO] [stdout]    2:     0x5c43902fc1fc - <alloc[2182bb758b4b3781]::vec::Vec<u8> as core[df12db4294e9bfd3]::io::write::Write>::write_fmt
[INFO] [stdout]    3:     0x5c43902d4316 - std[70759c8f55707aa4]::panicking::default_hook::{closure#0}
[INFO] [stdout]    4:     0x5c43902f0489 - std[70759c8f55707aa4]::panicking::default_hook
[INFO] [stdout]    5:     0x5c43901ec970 - test[9d35eded1c95d3be]::test_main_inner::<test[9d35eded1c95d3be]::test_main_static::{closure#0}>::{closure#0}
[INFO] [stdout]    6:     0x5c43902f0642 - std[70759c8f55707aa4]::panicking::panic_with_hook
[INFO] [stdout]    7:     0x5c43902d43c2 - std[70759c8f55707aa4]::panicking::panic_handler::{closure#0}
[INFO] [stdout]    8:     0x5c43902cd149 - std[70759c8f55707aa4]::sys::backtrace::__rust_end_short_backtrace::<std[70759c8f55707aa4]::panicking::panic_handler::{closure#0}, !>
[INFO] [stdout]    9:     0x5c43902d4fbd - __rustc[8fa7c3cbc660c2b3]::rust_begin_unwind
[INFO] [stdout]   10:     0x5c439030de1c - core[df12db4294e9bfd3]::panicking::panic_fmt
[INFO] [stdout]   11:     0x5c439030dbf2 - core[df12db4294e9bfd3]::result::unwrap_failed
[INFO] [stdout]   12:     0x5c439023f8a3 - <dear_imgui_rs[a7dedac5056940b6]::context::core::Context>::create
[INFO] [stdout]   13:     0x5c43901c1d6d - dear_imgui_ash[b9b99e205f97ef86]::renderer::context_state::tests::published_identity_survives_state_moves
[INFO] [stdout]   14:     0x5c43901d8219 - <dear_imgui_ash[b9b99e205f97ef86]::renderer::context_state::tests::published_identity_survives_state_moves::{closure#0} as core[df12db4294e9bfd3]::ops::function::FnOnce<()>>::call_once
[INFO] [stdout]   15:     0x5c43901dfc5b - test[9d35eded1c95d3be]::__rust_begin_short_backtrace::<core[df12db4294e9bfd3]::result::Result<(), alloc[2182bb758b4b3781]::string::String>, fn() -> core[df12db4294e9bfd3]::result::Result<(), alloc[2182bb758b4b3781]::string::String>>
[INFO] [stdout]   16:     0x5c43901ed2c5 - test[9d35eded1c95d3be]::run_test::{closure#0}
[INFO] [stdout]   17:     0x5c43901e6b84 - std[70759c8f55707aa4]::sys::backtrace::__rust_begin_short_backtrace::<test[9d35eded1c95d3be]::run_test::{closure#1}, ()>
[INFO] [stdout]   18:     0x5c43901f0422 - <std[70759c8f55707aa4]::thread::lifecycle::spawn_unchecked<test[9d35eded1c95d3be]::run_test::{closure#1}, ()>::{closure#1} as core[df12db4294e9bfd3]::ops::function::FnOnce<()>>::call_once::{shim:vtable#0}
[INFO] [stdout]   19:     0x5c43902f7639 - <std[70759c8f55707aa4]::sys::thread::unix::Thread>::new::thread_start
[INFO] [stdout]   20:     0x7b4d8ee95dfa - <unknown>
[INFO] [stdout]   21:     0x7b4d8ef293d4 - clone
[INFO] [stdout]   22:                0x0 - <unknown>
[INFO] [stdout] 
[INFO] [stdout] ---- renderer::lifecycle::shutdown_transaction_tests::retryable_destroy_failure_restores_consumer_and_leaves_map_intact stdout ----
[INFO] [stdout] 
[INFO] [stdout] thread 'renderer::lifecycle::shutdown_transaction_tests::retryable_destroy_failure_restores_consumer_and_leaves_map_intact' (713) panicked at /opt/rustwide/cargo-home/registry/src/index.crates.io-1949cf8c6b5b557f/dear-imgui-rs-0.20.0/src/context/core.rs:100:28:
[INFO] [stdout] Failed to create Dear ImGui context: ContextThreadConflict
[INFO] [stdout] stack backtrace:
[INFO] [stdout]    0:     0x5c43902f7d61 - <<std[70759c8f55707aa4]::sys::backtrace::BacktraceLock>::print::DisplayBacktrace as core[df12db4294e9bfd3]::fmt::Display>::fmt
[INFO] [stdout]    1:     0x5c439030d6ba - core[df12db4294e9bfd3]::fmt::write
[INFO] [stdout]    2:     0x5c43902fc1fc - <alloc[2182bb758b4b3781]::vec::Vec<u8> as core[df12db4294e9bfd3]::io::write::Write>::write_fmt
[INFO] [stdout]    3:     0x5c43902d4316 - std[70759c8f55707aa4]::panicking::default_hook::{closure#0}
[INFO] [stdout]    4:     0x5c43902f0489 - std[70759c8f55707aa4]::panicking::default_hook
[INFO] [stdout]    5:     0x5c43901ec970 - test[9d35eded1c95d3be]::test_main_inner::<test[9d35eded1c95d3be]::test_main_static::{closure#0}>::{closure#0}
[INFO] [stdout]    6:     0x5c43902f0642 - std[70759c8f55707aa4]::panicking::panic_with_hook
[INFO] [stdout]    7:     0x5c43902d43c2 - std[70759c8f55707aa4]::panicking::panic_handler::{closure#0}
[INFO] [stdout]    8:     0x5c43902cd149 - std[70759c8f55707aa4]::sys::backtrace::__rust_end_short_backtrace::<std[70759c8f55707aa4]::panicking::panic_handler::{closure#0}, !>
[INFO] [stdout]    9:     0x5c43902d4fbd - __rustc[8fa7c3cbc660c2b3]::rust_begin_unwind
[INFO] [stdout]   10:     0x5c439030de1c - core[df12db4294e9bfd3]::panicking::panic_fmt
[INFO] [stdout]   11:     0x5c439030dbf2 - core[df12db4294e9bfd3]::result::unwrap_failed
[INFO] [stdout]   12:     0x5c439023f8a3 - <dear_imgui_rs[a7dedac5056940b6]::context::core::Context>::create
[INFO] [stdout]   13:     0x5c43901c7e97 - dear_imgui_ash[b9b99e205f97ef86]::renderer::lifecycle::shutdown_transaction_tests::retryable_destroy_failure_restores_consumer_and_leaves_map_intact
[INFO] [stdout]   14:     0x5c43901d9d59 - <dear_imgui_ash[b9b99e205f97ef86]::renderer::lifecycle::shutdown_transaction_tests::retryable_destroy_failure_restores_consumer_and_leaves_map_intact::{closure#0} as core[df12db4294e9bfd3]::ops::function::FnOnce<()>>::call_once
[INFO] [stdout]   15:     0x5c43901dfc5b - test[9d35eded1c95d3be]::__rust_begin_short_backtrace::<core[df12db4294e9bfd3]::result::Result<(), alloc[2182bb758b4b3781]::string::String>, fn() -> core[df12db4294e9bfd3]::result::Result<(), alloc[2182bb758b4b3781]::string::String>>
[INFO] [stdout]   16:     0x5c43901ed2c5 - test[9d35eded1c95d3be]::run_test::{closure#0}
[INFO] [stdout]   17:     0x5c43901e6b84 - std[70759c8f55707aa4]::sys::backtrace::__rust_begin_short_backtrace::<test[9d35eded1c95d3be]::run_test::{closure#1}, ()>
[INFO] [stdout]   18:     0x5c43901f0422 - <std[70759c8f55707aa4]::thread::lifecycle::spawn_unchecked<test[9d35eded1c95d3be]::run_test::{closure#1}, ()>::{closure#1} as core[df12db4294e9bfd3]::ops::function::FnOnce<()>>::call_once::{shim:vtable#0}
[INFO] [stdout]   19:     0x5c43902f7639 - <std[70759c8f55707aa4]::sys::thread::unix::Thread>::new::thread_start
[INFO] [stdout]   20:     0x7b4d8ee95dfa - <unknown>
[INFO] [stdout]   21:     0x7b4d8ef293d4 - clone
[INFO] [stdout]   22:                0x0 - <unknown>
[INFO] [stdout] 
[INFO] [stdout] ---- renderer::draw::tests::split_prepare_and_record_reconciles_once_and_preserves_retirement_batch stdout ----
[INFO] [stdout] 
[INFO] [stdout] thread 'renderer::draw::tests::split_prepare_and_record_reconciles_once_and_preserves_retirement_batch' (708) panicked at /opt/rustwide/cargo-home/registry/src/index.crates.io-1949cf8c6b5b557f/dear-imgui-rs-0.20.0/src/context/core.rs:100:28:
[INFO] [stdout] Failed to create Dear ImGui context: ContextThreadConflict
[INFO] [stdout] stack backtrace:
[INFO] [stdout]    0:     0x5c43902f7d61 - <<std[70759c8f55707aa4]::sys::backtrace::BacktraceLock>::print::DisplayBacktrace as core[df12db4294e9bfd3]::fmt::Display>::fmt
[INFO] [stdout]    1:     0x5c439030d6ba - core[df12db4294e9bfd3]::fmt::write
[INFO] [stdout]    2:     0x5c43902fc1fc - <alloc[2182bb758b4b3781]::vec::Vec<u8> as core[df12db4294e9bfd3]::io::write::Write>::write_fmt
[INFO] [stdout]    3:     0x5c43902d4316 - std[70759c8f55707aa4]::panicking::default_hook::{closure#0}
[INFO] [stdout]    4:     0x5c43902f0489 - std[70759c8f55707aa4]::panicking::default_hook
[INFO] [stdout]    5:     0x5c43901ec970 - test[9d35eded1c95d3be]::test_main_inner::<test[9d35eded1c95d3be]::test_main_static::{closure#0}>::{closure#0}
[INFO] [stdout]    6:     0x5c43902f0642 - std[70759c8f55707aa4]::panicking::panic_with_hook
[INFO] [stdout]    7:     0x5c43902d43c2 - std[70759c8f55707aa4]::panicking::panic_handler::{closure#0}
[INFO] [stdout]    8:     0x5c43902cd149 - std[70759c8f55707aa4]::sys::backtrace::__rust_end_short_backtrace::<std[70759c8f55707aa4]::panicking::panic_handler::{closure#0}, !>
[INFO] [stdout]    9:     0x5c43902d4fbd - __rustc[8fa7c3cbc660c2b3]::rust_begin_unwind
[INFO] [stdout]   10:     0x5c439030de1c - core[df12db4294e9bfd3]::panicking::panic_fmt
[INFO] [stdout]   11:     0x5c439030dbf2 - core[df12db4294e9bfd3]::result::unwrap_failed
[INFO] [stdout]   12:     0x5c439023f8a3 - <dear_imgui_rs[a7dedac5056940b6]::context::core::Context>::create
[INFO] [stdout]   13:     0x5c43901cbb0d - dear_imgui_ash[b9b99e205f97ef86]::renderer::draw::tests::split_prepare_and_record_reconciles_once_and_preserves_retirement_batch
[INFO] [stdout]   14:     0x5c43901d8319 - <dear_imgui_ash[b9b99e205f97ef86]::renderer::draw::tests::split_prepare_and_record_reconciles_once_and_preserves_retirement_batch::{closure#0} as core[df12db4294e9bfd3]::ops::function::FnOnce<()>>::call_once
[INFO] [stdout]   15:     0x5c43901dfc5b - test[9d35eded1c95d3be]::__rust_begin_short_backtrace::<core[df12db4294e9bfd3]::result::Result<(), alloc[2182bb758b4b3781]::string::String>, fn() -> core[df12db4294e9bfd3]::result::Result<(), alloc[2182bb758b4b3781]::string::String>>
[INFO] [stdout]   16:     0x5c43901ed2c5 - test[9d35eded1c95d3be]::run_test::{closure#0}
[INFO] [stdout]   17:     0x5c43901e6b84 - std[70759c8f55707aa4]::sys::backtrace::__rust_begin_short_backtrace::<test[9d35eded1c95d3be]::run_test::{closure#1}, ()>
[INFO] [stdout]   18:     0x5c43901f0422 - <std[70759c8f55707aa4]::thread::lifecycle::spawn_unchecked<test[9d35eded1c95d3be]::run_test::{closure#1}, ()>::{closure#1} as core[df12db4294e9bfd3]::ops::function::FnOnce<()>>::call_once::{shim:vtable#0}
[INFO] [stdout]   19:     0x5c43902f7639 - <std[70759c8f55707aa4]::sys::thread::unix::Thread>::new::thread_start
[INFO] [stdout]   20:     0x7b4d8ee95dfa - <unknown>
[INFO] [stdout]   21:     0x7b4d8ef293d4 - clone
[INFO] [stdout]   22:                0x0 - <unknown>
[INFO] [stdout] 
[INFO] [stdout] ---- renderer::lifecycle::shutdown_transaction_tests::drop_cleanup_runs_only_after_native_context_teardown stdout ----
[INFO] [stdout] 
[INFO] [stdout] thread 'renderer::lifecycle::shutdown_transaction_tests::drop_cleanup_runs_only_after_native_context_teardown' (712) panicked at /opt/rustwide/cargo-home/registry/src/index.crates.io-1949cf8c6b5b557f/dear-imgui-rs-0.20.0/src/context/core.rs:100:28:
[INFO] [stdout] Failed to create Dear ImGui context: ContextThreadConflict
[INFO] [stdout] stack backtrace:
[INFO] [stdout]    0:     0x5c43902f7d61 - <<std[70759c8f55707aa4]::sys::backtrace::BacktraceLock>::print::DisplayBacktrace as core[df12db4294e9bfd3]::fmt::Display>::fmt
[INFO] [stdout]    1:     0x5c439030d6ba - core[df12db4294e9bfd3]::fmt::write
[INFO] [stdout]    2:     0x5c43902fc1fc - <alloc[2182bb758b4b3781]::vec::Vec<u8> as core[df12db4294e9bfd3]::io::write::Write>::write_fmt
[INFO] [stdout]    3:     0x5c43902d4316 - std[70759c8f55707aa4]::panicking::default_hook::{closure#0}
[INFO] [stdout]    4:     0x5c43902f0489 - std[70759c8f55707aa4]::panicking::default_hook
[INFO] [stdout]    5:     0x5c43901ec970 - test[9d35eded1c95d3be]::test_main_inner::<test[9d35eded1c95d3be]::test_main_static::{closure#0}>::{closure#0}
[INFO] [stdout]    6:     0x5c43902f0642 - std[70759c8f55707aa4]::panicking::panic_with_hook
[INFO] [stdout]    7:     0x5c43902d43c2 - std[70759c8f55707aa4]::panicking::panic_handler::{closure#0}
[INFO] [stdout]    8:     0x5c43902cd149 - std[70759c8f55707aa4]::sys::backtrace::__rust_end_short_backtrace::<std[70759c8f55707aa4]::panicking::panic_handler::{closure#0}, !>
[INFO] [stdout]    9:     0x5c43902d4fbd - __rustc[8fa7c3cbc660c2b3]::rust_begin_unwind
[INFO] [stdout]   10:     0x5c439030de1c - core[df12db4294e9bfd3]::panicking::panic_fmt
[INFO] [stdout]   11:     0x5c439030dbf2 - core[df12db4294e9bfd3]::result::unwrap_failed
[INFO] [stdout]   12:     0x5c439023f8a3 - <dear_imgui_rs[a7dedac5056940b6]::context::core::Context>::create
[INFO] [stdout]   13:     0x5c43901c7a9d - dear_imgui_ash[b9b99e205f97ef86]::renderer::lifecycle::shutdown_transaction_tests::drop_cleanup_runs_only_after_native_context_teardown
[INFO] [stdout]   14:     0x5c43901d9d19 - <dear_imgui_ash[b9b99e205f97ef86]::renderer::lifecycle::shutdown_transaction_tests::drop_cleanup_runs_only_after_native_context_teardown::{closure#0} as core[df12db4294e9bfd3]::ops::function::FnOnce<()>>::call_once
[INFO] [stdout]   15:     0x5c43901dfc5b - test[9d35eded1c95d3be]::__rust_begin_short_backtrace::<core[df12db4294e9bfd3]::result::Result<(), alloc[2182bb758b4b3781]::string::String>, fn() -> core[df12db4294e9bfd3]::result::Result<(), alloc[2182bb758b4b3781]::string::String>>
[INFO] [stdout]   16:     0x5c43901ed2c5 - test[9d35eded1c95d3be]::run_test::{closure#0}
[INFO] [stdout]   17:     0x5c43901e6b84 - std[70759c8f55707aa4]::sys::backtrace::__rust_begin_short_backtrace::<test[9d35eded1c95d3be]::run_test::{closure#1}, ()>
[INFO] [stdout]   18:     0x5c43901f0422 - <std[70759c8f55707aa4]::thread::lifecycle::spawn_unchecked<test[9d35eded1c95d3be]::run_test::{closure#1}, ()>::{closure#1} as core[df12db4294e9bfd3]::ops::function::FnOnce<()>>::call_once::{shim:vtable#0}
[INFO] [stdout]   19:     0x5c43902f7639 - <std[70759c8f55707aa4]::sys::thread::unix::Thread>::new::thread_start
[INFO] [stdout]   20:     0x7b4d8ee95dfa - <unknown>
[INFO] [stdout]   21:     0x7b4d8ef293d4 - clone
[INFO] [stdout]   22:                0x0 - <unknown>
[INFO] [stdout] 
[INFO] [stdout] 
[INFO] [stdout] failures:
[INFO] [stdout]     renderer::context_state::tests::published_identity_survives_state_moves
[INFO] [stdout]     renderer::draw::tests::split_prepare_and_record_reconciles_once_and_preserves_retirement_batch
[INFO] [stdout]     renderer::lifecycle::shutdown_transaction_tests::drop_cleanup_runs_only_after_native_context_teardown
[INFO] [stdout]     renderer::lifecycle::shutdown_transaction_tests::retryable_destroy_failure_restores_consumer_and_leaves_map_intact
[INFO] [stdout]     renderer::lifecycle::shutdown_transaction_tests::terminal_device_loss_commits_reset_and_releases_consumer
[INFO] [stdout] 
[INFO] [stdout] test result: FAILED. 48 passed; 5 failed; 0 ignored; 0 measured; 0 filtered out; finished in 0.02s
[INFO] [stdout] 
[INFO] running `Command { std: "docker" "inspect" "2fe707340af3be2e2f9b1e9e586fea105d0931879bd52c50ce5166a83c522cc6", kill_on_drop: false }`
[INFO] running `Command { std: "docker" "rm" "-f" "2fe707340af3be2e2f9b1e9e586fea105d0931879bd52c50ce5166a83c522cc6", kill_on_drop: false }`
[INFO] [stdout] 2fe707340af3be2e2f9b1e9e586fea105d0931879bd52c50ce5166a83c522cc6
