[INFO] fetching crate deadpool_imap 0.1.3...
[INFO] testing deadpool_imap-0.1.3 against 1.99.0-beta.8+cargoflags=--release for beta-release-1.100-2
[INFO] extracting crate deadpool_imap 0.1.3 into /workspace/builds/worker-7-tc1/source
[INFO] started tweaking crates.io crate deadpool_imap 0.1.3
[INFO] removed 0 missing tests
[INFO] finished tweaking crates.io crate deadpool_imap 0.1.3
[INFO] tweaked toml for crates.io crate deadpool_imap 0.1.3 written to /workspace/builds/worker-7-tc1/source/Cargo.toml
[INFO] validating manifest of crates.io crate deadpool_imap 0.1.3 on toolchain 1.99.0-beta.8
[INFO] running `Command { std: CARGO_HOME="/workspace/cargo-home" RUSTUP_HOME="/workspace/rustup-home" "/workspace/cargo-home/bin/cargo" "+1.99.0-beta.8" "metadata" "--manifest-path" "Cargo.toml" "--no-deps", kill_on_drop: false }`
[INFO] crate crates.io crate deadpool_imap 0.1.3 already has a lockfile, it will not be regenerated
[INFO] running `Command { std: CARGO_HOME="/workspace/cargo-home" RUSTUP_HOME="/workspace/rustup-home" "/workspace/cargo-home/bin/cargo" "+1.99.0-beta.8" "fetch" "--manifest-path" "Cargo.toml", kill_on_drop: false }`
[INFO] [stderr]     Updating crates.io index
[INFO] [stderr]  Downloading crates ...
[INFO] [stderr]   Downloaded test-context v0.5.8
[INFO] [stderr]   Downloaded test-context-macros v0.5.8
[INFO] [stderr]   Downloaded lettre v0.11.22
[INFO] [stderr]   Downloaded hostname v0.4.1
[INFO] [stderr]   Downloaded imap_session v0.1.3
[INFO] [stderr]   Downloaded async-imap v0.11.2
[INFO] [stderr]   Downloaded stop-token v0.7.0
[INFO] [stderr]   Downloaded imap-proto v0.16.6
[INFO] [stderr]   Downloaded async-native-tls v0.6.0
[INFO] [stderr]   Downloaded fake v5.1.0
[INFO] [stderr]   Downloaded deadpool v0.13.0
[INFO] [stderr]   Downloaded dummy v0.12.0
[INFO] [stderr]   Downloaded deadpool-runtime v0.3.1
[INFO] [stderr]   Downloaded config v0.15.27
[INFO] [stderr]   Downloaded toml_writer v1.1.3+spec-1.1.0
[INFO] [stderr]   Downloaded toml_parser v1.1.1+spec-1.1.0
[INFO] [stderr]   Downloaded toml v1.1.1+spec-1.1.0
[INFO] [stderr]   Downloaded ron v0.12.0
[INFO] [stderr]   Downloaded json5 v1.3.1
[INFO] running `Command { std: "docker" "create" "-v" "/var/lib/crater-agent-workspace/builds/worker-7-tc1/source:/opt/rustwide/workdir:ro,Z" "-v" "/var/lib/crater-agent-workspace/builds/worker-7-tc1/target:/opt/rustwide/target:rw,Z" "-v" "/var/lib/crater-agent-workspace/cargo-home:/opt/rustwide/cargo-home:ro,Z" "-v" "/var/lib/crater-agent-workspace/rustup-home:/opt/rustwide/rustup-home:ro,Z" "-m" "1610612736" "--network" "none" "ghcr.io/rust-lang/crates-build-env/linux@sha256:77db811e55d90add9212f6832c23229e3de5f1c1f9905e8cb07319ea15df73ac" "sleep" "infinity", kill_on_drop: false }`
[INFO] [stdout] cb150ffb700b67d7caa4708aed060a6d80e11f78347580754c120d6e9fb2a229
[INFO] running `Command { std: "docker" "start" "cb150ffb700b67d7caa4708aed060a6d80e11f78347580754c120d6e9fb2a229", kill_on_drop: false }`
[INFO] running `Command { std: "docker" "inspect" "cb150ffb700b67d7caa4708aed060a6d80e11f78347580754c120d6e9fb2a229", kill_on_drop: false }`
[INFO] running `Command { std: "docker" "exec" "-e" "SOURCE_DIR=/opt/rustwide/workdir" "-e" "CARGO_HOME=/opt/rustwide/cargo-home" "-e" "RUSTUP_HOME=/opt/rustwide/rustup-home" "-e" "CARGO_TARGET_DIR=/opt/rustwide/target" "-w" "/opt/rustwide/workdir" "--user" "0:0" "cb150ffb700b67d7caa4708aed060a6d80e11f78347580754c120d6e9fb2a229" "/opt/rustwide/cargo-home/bin/cargo" "+1.99.0-beta.8" "metadata" "--no-deps" "--format-version=1", kill_on_drop: false }`
[INFO] running `Command { std: "docker" "inspect" "cb150ffb700b67d7caa4708aed060a6d80e11f78347580754c120d6e9fb2a229", kill_on_drop: false }`
[INFO] running `Command { std: "docker" "exec" "-e" "SOURCE_DIR=/opt/rustwide/workdir" "-e" "CARGO_HOME=/opt/rustwide/cargo-home" "-e" "RUSTUP_HOME=/opt/rustwide/rustup-home" "-e" "CARGO_TARGET_DIR=/opt/rustwide/target" "-e" "CARGO_INCREMENTAL=0" "-e" "RUST_BACKTRACE=full" "-e" "RUSTFLAGS=--cap-lints=warn" "-e" "RUSTDOCFLAGS=--cap-lints=warn" "-w" "/opt/rustwide/workdir" "--user" "0:0" "cb150ffb700b67d7caa4708aed060a6d80e11f78347580754c120d6e9fb2a229" "/opt/rustwide/cargo-home/bin/cargo" "+1.99.0-beta.8" "build" "--frozen" "--message-format=json" "--release", kill_on_drop: false }`
[INFO] [stderr]    Compiling find-msvc-tools v0.1.5
[INFO] [stderr]    Compiling icu_properties_data v2.1.1
[INFO] [stderr]    Compiling crossbeam-utils v0.8.21
[INFO] [stderr]    Compiling proc-macro2 v1.0.106
[INFO] [stderr]    Compiling futures-sink v0.3.32
[INFO] [stderr]    Compiling strsim v0.11.1
[INFO] [stderr]    Compiling slab v0.4.11
[INFO] [stderr]    Compiling serde v1.0.228
[INFO] [stderr]    Compiling event-listener v5.4.2
[INFO] [stderr]    Compiling tokio v1.50.0
[INFO] [stderr]    Compiling thiserror v2.0.21
[INFO] [stderr]    Compiling log v0.4.28
[INFO] [stderr]    Compiling native-tls v0.2.14
[INFO] [stderr]    Compiling convert_case v0.10.0
[INFO] [stderr]    Compiling tracing-core v0.1.36
[INFO] [stderr]    Compiling imap-proto v0.16.6
[INFO] [stderr]    Compiling cc v1.2.46
[INFO] [stderr]    Compiling futures-channel v0.3.32
[INFO] [stderr]    Compiling self_cell v1.2.1
[INFO] [stderr]    Compiling event-listener-strategy v0.5.4
[INFO] [stderr]    Compiling num_cpus v1.17.0
[INFO] [stderr]    Compiling deadpool-runtime v0.3.1
[INFO] [stderr]    Compiling quote v1.0.45
[INFO] [stderr]    Compiling syn v2.0.110
[INFO] [stderr]    Compiling syn v3.0.9
[INFO] [stderr]    Compiling concurrent-queue v2.5.0
[INFO] [stderr]    Compiling async-channel v1.9.0
[INFO] [stderr]    Compiling async-channel v2.5.0
[INFO] [stderr]    Compiling stop-token v0.7.0
[INFO] [stderr]    Compiling openssl-sys v0.9.116
[INFO] [stderr]    Compiling openssl v0.10.80
[INFO] [stderr]    Compiling deadpool v0.13.0
[INFO] [stderr]    Compiling darling_core v0.24.1
[INFO] [stderr]    Compiling thiserror-impl v2.0.21
[INFO] [stderr]    Compiling synstructure v0.13.2
[INFO] [stderr]    Compiling zerofrom-derive v0.1.6
[INFO] [stderr]    Compiling yoke-derive v0.8.1
[INFO] [stderr]    Compiling zerovec-derive v0.11.2
[INFO] [stderr]    Compiling displaydoc v0.2.5
[INFO] [stderr]    Compiling futures-macro v0.3.32
[INFO] [stderr]    Compiling openssl-macros v0.1.1
[INFO] [stderr]    Compiling serde_derive v1.0.228
[INFO] [stderr]    Compiling pin-project-internal v1.1.10
[INFO] [stderr]    Compiling thiserror-impl v1.0.69
[INFO] [stderr]    Compiling tracing-attributes v0.1.31
[INFO] [stderr]    Compiling derive_more-impl v2.1.1
[INFO] [stderr]    Compiling futures-util v0.3.32
[INFO] [stderr]    Compiling zerofrom v0.1.6
[INFO] [stderr]    Compiling thiserror v1.0.69
[INFO] [stderr]    Compiling yoke v0.8.1
[INFO] [stderr]    Compiling tracing v0.1.44
[INFO] [stderr]    Compiling pin-project v1.1.10
[INFO] [stderr]    Compiling zerovec v0.11.5
[INFO] [stderr]    Compiling zerotrie v0.2.3
[INFO] [stderr]    Compiling darling_macro v0.24.1
[INFO] [stderr]    Compiling darling v0.24.1
[INFO] [stderr]    Compiling serde_with_macros v3.24.0
[INFO] [stderr]    Compiling tinystr v0.8.2
[INFO] [stderr]    Compiling potential_utf v0.1.4
[INFO] [stderr]    Compiling icu_collections v2.1.1
[INFO] [stderr]    Compiling icu_locale_core v2.1.1
[INFO] [stderr]    Compiling serde_with v3.24.0
[INFO] [stderr]    Compiling derive_more v2.1.1
[INFO] [stderr]    Compiling icu_provider v2.1.1
[INFO] [stderr]    Compiling icu_normalizer v2.1.1
[INFO] [stderr]    Compiling icu_properties v2.1.1
[INFO] [stderr]    Compiling chrono v0.4.45
[INFO] [stderr]    Compiling futures-executor v0.3.31
[INFO] [stderr]    Compiling futures v0.3.31
[INFO] [stderr]    Compiling idna_adapter v1.2.1
[INFO] [stderr]    Compiling idna v1.1.0
[INFO] [stderr]    Compiling url v2.5.8
[INFO] [stderr]    Compiling async-imap v0.11.2
[INFO] [stderr]    Compiling async-native-tls v0.6.0
[INFO] [stderr]    Compiling imap_session v0.1.3
[INFO] [stderr]    Compiling deadpool_imap v0.1.3 (/opt/rustwide/workdir)
[INFO] [stderr]     Finished `release` profile [optimized] target(s) in 48.17s
[INFO] running `Command { std: "docker" "inspect" "cb150ffb700b67d7caa4708aed060a6d80e11f78347580754c120d6e9fb2a229", kill_on_drop: false }`
[INFO] running `Command { std: "docker" "exec" "-e" "SOURCE_DIR=/opt/rustwide/workdir" "-e" "CARGO_HOME=/opt/rustwide/cargo-home" "-e" "RUSTUP_HOME=/opt/rustwide/rustup-home" "-e" "CARGO_TARGET_DIR=/opt/rustwide/target" "-e" "CARGO_INCREMENTAL=0" "-e" "RUST_BACKTRACE=full" "-e" "RUSTFLAGS=--cap-lints=warn" "-e" "RUSTDOCFLAGS=--cap-lints=warn" "-w" "/opt/rustwide/workdir" "--user" "0:0" "cb150ffb700b67d7caa4708aed060a6d80e11f78347580754c120d6e9fb2a229" "/opt/rustwide/cargo-home/bin/cargo" "+1.99.0-beta.8" "test" "--frozen" "--no-run" "--message-format=json" "--release", kill_on_drop: false }`
[INFO] [stderr]    Compiling dunce v1.0.5
[INFO] [stderr]    Compiling fs_extra v1.3.0
[INFO] [stderr]    Compiling jobserver v0.1.34
[INFO] [stderr]    Compiling tokio-macros v2.6.0
[INFO] [stderr]    Compiling signal-hook-registry v1.4.6
[INFO] [stderr]    Compiling bitflags v2.10.0
[INFO] [stderr]    Compiling futures-util v0.3.32
[INFO] [stderr]    Compiling aws-lc-rs v1.18.1
[INFO] [stderr]    Compiling serde v1.0.228
[INFO] [stderr]    Compiling crunchy v0.2.4
[INFO] [stderr]    Compiling http v1.3.1
[INFO] [stderr]    Compiling tiny-keccak v2.0.2
[INFO] [stderr]    Compiling rustls-pki-types v1.13.0
[INFO] [stderr]    Compiling icu_normalizer v2.1.1
[INFO] [stderr]    Compiling getrandom v0.2.16
[INFO] [stderr]    Compiling typeid v1.0.3
[INFO] [stderr]    Compiling once_cell v1.21.3
[INFO] [stderr]    Compiling rustls v0.23.45
[INFO] [stderr]    Compiling darling_core v0.20.11
[INFO] [stderr]    Compiling getrandom v0.4.2
[INFO] [stderr]    Compiling erased-serde v0.4.9
[INFO] [stderr]    Compiling hashbrown v0.16.0
[INFO] [stderr]    Compiling cc v1.2.46
[INFO] [stderr]    Compiling digest v0.10.7
[INFO] [stderr]    Compiling serde_json v1.0.154
[INFO] [stderr]    Compiling winnow v1.0.1
[INFO] [stderr]    Compiling const-random-macro v0.1.16
[INFO] [stderr]    Compiling hashbrown v0.14.5
[INFO] [stderr]    Compiling ipnet v2.11.0
[INFO] [stderr]    Compiling cpufeatures v0.3.0
[INFO] [stderr]    Compiling bytemuck v1.24.0
[INFO] [stderr]    Compiling idna_adapter v1.2.1
[INFO] [stderr]    Compiling tokio v1.50.0
[INFO] [stderr]    Compiling idna v1.1.0
[INFO] [stderr]    Compiling const-random v0.1.18
[INFO] [stderr]    Compiling dlv-list v0.5.2
[INFO] [stderr]    Compiling atomic v0.6.1
[INFO] [stderr]    Compiling rustls-native-certs v0.8.3
[INFO] [stderr]    Compiling chacha20 v0.10.2
[INFO] [stderr]    Compiling ordered-multimap v0.7.3
[INFO] [stderr]    Compiling chrono v0.4.45
[INFO] [stderr]    Compiling hashlink v0.11.0
[INFO] [stderr]    Compiling md-5 v0.10.6
[INFO] [stderr]    Compiling url v2.5.8
[INFO] [stderr]    Compiling serde_with v3.24.0
[INFO] [stderr]    Compiling cmake v0.1.58
[INFO] [stderr]    Compiling http-body v1.0.1
[INFO] [stderr]    Compiling async-trait v0.1.89
[INFO] [stderr]    Compiling serde_spanned v1.1.1
[INFO] [stderr]    Compiling ucd-trie v0.1.7
[INFO] [stderr]    Compiling toml_parser v1.1.1+spec-1.1.0
[INFO] [stderr]    Compiling unicode-ident v1.0.22
[INFO] [stderr]    Compiling sha1_smol v1.0.1
[INFO] [stderr]    Compiling aws-lc-sys v0.45.0
[INFO] [stderr]    Compiling openssl-sys v0.9.116
[INFO] [stderr]    Compiling arraydeque v0.5.1
[INFO] [stderr]    Compiling unicode-segmentation v1.12.0
[INFO] [stderr]    Compiling toml_datetime v1.1.1+spec-1.1.0
[INFO] [stderr]    Compiling iri-string v0.7.9
[INFO] [stderr]    Compiling yaml-rust2 v0.11.0
[INFO] [stderr]    Compiling openssl v0.10.80
[INFO] [stderr]    Compiling native-tls v0.2.14
[INFO] [stderr]    Compiling toml v1.1.1+spec-1.1.0
[INFO] [stderr]    Compiling convert_case v0.6.0
[INFO] [stderr]    Compiling serde-untagged v0.1.9
[INFO] [stderr]    Compiling uuid v1.18.1
[INFO] [stderr]    Compiling ron v0.12.0
[INFO] [stderr]    Compiling darling_macro v0.20.11
[INFO] [stderr]    Compiling darling v0.20.11
[INFO] [stderr]    Compiling json5 v1.3.1
[INFO] [stderr]    Compiling dummy v0.12.0
[INFO] [stderr]    Compiling futures-executor v0.3.31
[INFO] [stderr]    Compiling http-body-util v0.1.3
[INFO] [stderr]    Compiling futures v0.3.31
[INFO] [stderr]    Compiling rand v0.10.1
[INFO] [stderr]    Compiling rust-ini v0.21.3
[INFO] [stderr]    Compiling email-encoding v0.4.1
[INFO] [stderr]    Compiling hostname v0.4.1
[INFO] [stderr]    Compiling test-context-macros v0.5.8
[INFO] [stderr]    Compiling nom v8.0.0
[INFO] [stderr]    Compiling quoted_printable v0.5.1
[INFO] [stderr]    Compiling deunicode v1.6.2
[INFO] [stderr]    Compiling either v1.15.0
[INFO] [stderr]    Compiling test-context v0.5.8
[INFO] [stderr]    Compiling fake v5.1.0
[INFO] [stderr]    Compiling config v0.15.27
[INFO] [stderr]    Compiling tokio-util v0.7.17
[INFO] [stderr]    Compiling async-native-tls v0.6.0
[INFO] [stderr]    Compiling tower v0.5.2
[INFO] [stderr]    Compiling async-imap v0.11.2
[INFO] [stderr]    Compiling tokio-native-tls v0.3.1
[INFO] [stderr]    Compiling deadpool v0.13.0
[INFO] [stderr]    Compiling lettre v0.11.22
[INFO] [stderr]    Compiling tower-http v0.6.8
[INFO] [stderr]    Compiling h2 v0.4.20
[INFO] [stderr]    Compiling imap_session v0.1.3
[INFO] [stderr]    Compiling deadpool_imap v0.1.3 (/opt/rustwide/workdir)
[INFO] [stderr]    Compiling hyper v1.8.1
[INFO] [stderr]    Compiling hyper-util v0.1.18
[INFO] [stderr]    Compiling rustls-webpki v0.103.15
[INFO] [stderr]    Compiling tokio-rustls v0.26.4
[INFO] [stderr]    Compiling rustls-platform-verifier v0.6.2
[INFO] [stderr]    Compiling hyper-rustls v0.27.7
[INFO] [stderr]    Compiling reqwest v0.13.5
[INFO] [stderr]     Finished `release` profile [optimized] target(s) in 2m 34s
[INFO] running `Command { std: "docker" "inspect" "cb150ffb700b67d7caa4708aed060a6d80e11f78347580754c120d6e9fb2a229", kill_on_drop: false }`
[INFO] running `Command { std: "docker" "exec" "-e" "SOURCE_DIR=/opt/rustwide/workdir" "-e" "CARGO_HOME=/opt/rustwide/cargo-home" "-e" "RUSTUP_HOME=/opt/rustwide/rustup-home" "-e" "CARGO_TARGET_DIR=/opt/rustwide/target" "-e" "CARGO_INCREMENTAL=0" "-e" "RUST_BACKTRACE=full" "-e" "RUSTFLAGS=--cap-lints=warn" "-e" "RUSTDOCFLAGS=--cap-lints=warn" "-w" "/opt/rustwide/workdir" "--user" "0:0" "cb150ffb700b67d7caa4708aed060a6d80e11f78347580754c120d6e9fb2a229" "/opt/rustwide/cargo-home/bin/cargo" "+1.99.0-beta.8" "test" "--frozen" "--release", kill_on_drop: false }`
[INFO] [stderr]     Finished `release` profile [optimized] target(s) in 0.39s
[INFO] [stderr]      Running unittests src/lib.rs (/opt/rustwide/target/release/deps/deadpool_imap-d0f4c0c41b2e24d4)
[INFO] [stdout] 
[INFO] [stdout] running 0 tests
[INFO] [stdout] 
[INFO] [stdout] test result: ok. 0 passed; 0 failed; 0 ignored; 0 measured; 0 filtered out; finished in 0.00s
[INFO] [stderr]      Running tests/config.rs (/opt/rustwide/target/release/deps/config-df7bd6f47ee57838)
[INFO] [stdout] 
[INFO] [stderr]      Running tests/greenmail.rs (/opt/rustwide/target/release/deps/greenmail-14c7e48e9e5236e8)
[INFO] [stdout] 
[INFO] [stdout] running 0 tests
[INFO] [stdout] 
[INFO] [stdout] test result: ok. 0 passed; 0 failed; 0 ignored; 0 measured; 0 filtered out; finished in 0.00s
[INFO] [stdout] 
[INFO] [stdout] 
[INFO] [stdout] running 0 tests
[INFO] [stdout] 
[INFO] [stdout] test result: ok. 0 passed; 0 failed; 0 ignored; 0 measured; 0 filtered out; finished in 0.00s
[INFO] [stdout] 
[INFO] [stderr]      Running tests/lib.rs (/opt/rustwide/target/release/deps/lib-4fc2871c6b354034)
[INFO] [stdout] 
[INFO] [stdout] running 6 tests
[INFO] [stdout] test can_fetch_messages ... FAILED
[INFO] [stdout] test can_set_standard_flags ... FAILED
[INFO] [stdout] test searches_seen_emails ... FAILED
[INFO] [stdout] test searches_unseen_emails ... FAILED
[INFO] [stderr] error: test failed, to rerun pass `--test lib`
[INFO] [stdout] test can_set_custom_flags ... FAILED
[INFO] [stdout] test can_search_messages_containing_either_of_two_flags ... FAILED
[INFO] [stdout] 
[INFO] [stdout] failures:
[INFO] [stdout] 
[INFO] [stdout] ---- can_fetch_messages stdout ----
[INFO] [stdout] 
[INFO] [stdout] thread 'can_fetch_messages' (4690) panicked at tests/config.rs:23:14:
[INFO] [stdout] Error trying to deserialize: missing configuration field "host"
[INFO] [stdout] stack backtrace:
[INFO] [stdout]    0:     0x5a7a73c0e3f1 - <<std[70759c8f55707aa4]::sys::backtrace::BacktraceLock>::print::DisplayBacktrace as core[df12db4294e9bfd3]::fmt::Display>::fmt
[INFO] [stdout]    1:     0x5a7a73c270ea - core[df12db4294e9bfd3]::fmt::write
[INFO] [stdout]    2:     0x5a7a73c135dc - <alloc[2182bb758b4b3781]::vec::Vec<u8> as core[df12db4294e9bfd3]::io::write::Write>::write_fmt
[INFO] [stdout]    3:     0x5a7a73be8c66 - std[70759c8f55707aa4]::panicking::default_hook::{closure#0}
[INFO] [stdout]    4:     0x5a7a73c05b69 - std[70759c8f55707aa4]::panicking::default_hook
[INFO] [stdout]    5:     0x5a7a73ac46a0 - test[9d35eded1c95d3be]::test_main_inner::<test[9d35eded1c95d3be]::test_main_static::{closure#0}>::{closure#0}
[INFO] [stdout]    6:     0x5a7a73c05e92 - std[70759c8f55707aa4]::panicking::panic_with_hook
[INFO] [stdout]    7:     0x5a7a73be8d12 - std[70759c8f55707aa4]::panicking::panic_handler::{closure#0}
[INFO] [stdout]    8:     0x5a7a73be1919 - std[70759c8f55707aa4]::sys::backtrace::__rust_end_short_backtrace::<std[70759c8f55707aa4]::panicking::panic_handler::{closure#0}, !>
[INFO] [stdout]    9:     0x5a7a73be9afd - __rustc[8fa7c3cbc660c2b3]::rust_begin_unwind
[INFO] [stdout]   10:     0x5a7a73c2784c - core[df12db4294e9bfd3]::panicking::panic_fmt
[INFO] [stdout]   11:     0x5a7a73c27622 - core[df12db4294e9bfd3]::result::unwrap_failed
[INFO] [stdout]   12:     0x5a7a736f35b2 - <lib[ada06896b4f5ce1e]::config::Configuration>::load
[INFO] [stdout]   13:     0x5a7a736d036d - <lib[ada06896b4f5ce1e]::Context as test_context[642988347ad8be5e]::AsyncTestContext>::setup::{closure#0}
[INFO] [stdout]   14:     0x5a7a736ce1c0 - lib[ada06896b4f5ce1e]::can_fetch_messages::{closure#0}
[INFO] [stdout]   15:     0x5a7a736e04dd - tokio[23992b09beb7293c]::runtime::context::runtime::enter_runtime::<<tokio[23992b09beb7293c]::runtime::scheduler::multi_thread::MultiThread>::block_on<core[df12db4294e9bfd3]::pin::Pin<&mut dyn core[df12db4294e9bfd3]::future::future::Future<Output = ()>>>::{closure#0}, ()>
[INFO] [stdout]   16:     0x5a7a736eacc7 - <tokio[23992b09beb7293c]::runtime::runtime::Runtime>::block_on::<core[df12db4294e9bfd3]::pin::Pin<&mut dyn core[df12db4294e9bfd3]::future::future::Future<Output = ()>>>
[INFO] [stdout]   17:     0x5a7a736d3b8e - <lib[ada06896b4f5ce1e]::can_fetch_messages::{closure#0} as core[df12db4294e9bfd3]::ops::function::FnOnce<()>>::call_once
[INFO] [stdout]   18:     0x5a7a73ab798b - test[9d35eded1c95d3be]::__rust_begin_short_backtrace::<core[df12db4294e9bfd3]::result::Result<(), alloc[2182bb758b4b3781]::string::String>, fn() -> core[df12db4294e9bfd3]::result::Result<(), alloc[2182bb758b4b3781]::string::String>>
[INFO] [stdout]   19:     0x5a7a73ac4ff5 - test[9d35eded1c95d3be]::run_test::{closure#0}
[INFO] [stdout]   20:     0x5a7a73abe8b4 - std[70759c8f55707aa4]::sys::backtrace::__rust_begin_short_backtrace::<test[9d35eded1c95d3be]::run_test::{closure#1}, ()>
[INFO] [stdout]   21:     0x5a7a73ac8152 - <std[70759c8f55707aa4]::thread::lifecycle::spawn_unchecked<test[9d35eded1c95d3be]::run_test::{closure#1}, ()>::{closure#1} as core[df12db4294e9bfd3]::ops::function::FnOnce<()>>::call_once::{shim:vtable#0}
[INFO] [stdout]   22:     0x5a7a73c0d919 - <std[70759c8f55707aa4]::sys::thread::unix::Thread>::new::thread_start
[INFO] [stdout]   23:     0x745b7ca1bdfa - <unknown>
[INFO] [stdout]   24:     0x745b7caaf3d4 - clone
[INFO] [stdout]   25:                0x0 - <unknown>
[INFO] [stdout] 
[INFO] [stdout] ---- can_set_standard_flags stdout ----
[INFO] [stdout] 
[INFO] [stdout] thread 'can_set_standard_flags' (4693) panicked at tests/config.rs:23:14:
[INFO] [stdout] Error trying to deserialize: missing configuration field "host"
[INFO] [stdout] stack backtrace:
[INFO] [stdout]    0:     0x5a7a73c0e3f1 - <<std[70759c8f55707aa4]::sys::backtrace::BacktraceLock>::print::DisplayBacktrace as core[df12db4294e9bfd3]::fmt::Display>::fmt
[INFO] [stdout]    1:     0x5a7a73c270ea - core[df12db4294e9bfd3]::fmt::write
[INFO] [stdout]    2:     0x5a7a73c135dc - <alloc[2182bb758b4b3781]::vec::Vec<u8> as core[df12db4294e9bfd3]::io::write::Write>::write_fmt
[INFO] [stdout]    3:     0x5a7a73be8c66 - std[70759c8f55707aa4]::panicking::default_hook::{closure#0}
[INFO] [stdout]    4:     0x5a7a73c05b69 - std[70759c8f55707aa4]::panicking::default_hook
[INFO] [stdout]    5:     0x5a7a73ac46a0 - test[9d35eded1c95d3be]::test_main_inner::<test[9d35eded1c95d3be]::test_main_static::{closure#0}>::{closure#0}
[INFO] [stdout]    6:     0x5a7a73c05e92 - std[70759c8f55707aa4]::panicking::panic_with_hook
[INFO] [stdout]    7:     0x5a7a73be8d12 - std[70759c8f55707aa4]::panicking::panic_handler::{closure#0}
[INFO] [stdout]    8:     0x5a7a73be1919 - std[70759c8f55707aa4]::sys::backtrace::__rust_end_short_backtrace::<std[70759c8f55707aa4]::panicking::panic_handler::{closure#0}, !>
[INFO] [stdout]    9:     0x5a7a73be9afd - __rustc[8fa7c3cbc660c2b3]::rust_begin_unwind
[INFO] [stdout]   10:     0x5a7a73c2784c - core[df12db4294e9bfd3]::panicking::panic_fmt
[INFO] [stdout]   11:     0x5a7a73c27622 - core[df12db4294e9bfd3]::result::unwrap_failed
[INFO] [stdout]   12:     0x5a7a736f35b2 - <lib[ada06896b4f5ce1e]::config::Configuration>::load
[INFO] [stdout]   13:     0x5a7a736d036d - <lib[ada06896b4f5ce1e]::Context as test_context[642988347ad8be5e]::AsyncTestContext>::setup::{closure#0}
[INFO] [stdout]   14:     0x5a7a736ceaf0 - lib[ada06896b4f5ce1e]::can_set_standard_flags::{closure#0}
[INFO] [stdout]   15:     0x5a7a736e04dd - tokio[23992b09beb7293c]::runtime::context::runtime::enter_runtime::<<tokio[23992b09beb7293c]::runtime::scheduler::multi_thread::MultiThread>::block_on<core[df12db4294e9bfd3]::pin::Pin<&mut dyn core[df12db4294e9bfd3]::future::future::Future<Output = ()>>>::{closure#0}, ()>
[INFO] [stdout]   16:     0x5a7a736eacc7 - <tokio[23992b09beb7293c]::runtime::runtime::Runtime>::block_on::<core[df12db4294e9bfd3]::pin::Pin<&mut dyn core[df12db4294e9bfd3]::future::future::Future<Output = ()>>>
[INFO] [stdout]   17:     0x5a7a736d3fae - <lib[ada06896b4f5ce1e]::can_set_standard_flags::{closure#0} as core[df12db4294e9bfd3]::ops::function::FnOnce<()>>::call_once
[INFO] [stdout]   18:     0x5a7a73ab798b - test[9d35eded1c95d3be]::__rust_begin_short_backtrace::<core[df12db4294e9bfd3]::result::Result<(), alloc[2182bb758b4b3781]::string::String>, fn() -> core[df12db4294e9bfd3]::result::Result<(), alloc[2182bb758b4b3781]::string::String>>
[INFO] [stdout]   19:     0x5a7a73ac4ff5 - test[9d35eded1c95d3be]::run_test::{closure#0}
[INFO] [stdout]   20:     0x5a7a73abe8b4 - std[70759c8f55707aa4]::sys::backtrace::__rust_begin_short_backtrace::<test[9d35eded1c95d3be]::run_test::{closure#1}, ()>
[INFO] [stdout]   21:     0x5a7a73ac8152 - <std[70759c8f55707aa4]::thread::lifecycle::spawn_unchecked<test[9d35eded1c95d3be]::run_test::{closure#1}, ()>::{closure#1} as core[df12db4294e9bfd3]::ops::function::FnOnce<()>>::call_once::{shim:vtable#0}
[INFO] [stdout]   22:     0x5a7a73c0d919 - <std[70759c8f55707aa4]::sys::thread::unix::Thread>::new::thread_start
[INFO] [stdout]   23:     0x745b7ca1bdfa - <unknown>
[INFO] [stdout]   24:     0x745b7caaf3d4 - clone
[INFO] [stdout]   25:                0x0 - <unknown>
[INFO] [stdout] 
[INFO] [stdout] ---- searches_seen_emails stdout ----
[INFO] [stdout] 
[INFO] [stdout] thread 'searches_seen_emails' (4694) panicked at tests/config.rs:23:14:
[INFO] [stdout] Error trying to deserialize: missing configuration field "host"
[INFO] [stdout] stack backtrace:
[INFO] [stdout]    0:     0x5a7a73c0e3f1 - <<std[70759c8f55707aa4]::sys::backtrace::BacktraceLock>::print::DisplayBacktrace as core[df12db4294e9bfd3]::fmt::Display>::fmt
[INFO] [stdout]    1:     0x5a7a73c270ea - core[df12db4294e9bfd3]::fmt::write
[INFO] [stdout]    2:     0x5a7a73c135dc - <alloc[2182bb758b4b3781]::vec::Vec<u8> as core[df12db4294e9bfd3]::io::write::Write>::write_fmt
[INFO] [stdout]    3:     0x5a7a73be8c66 - std[70759c8f55707aa4]::panicking::default_hook::{closure#0}
[INFO] [stdout]    4:     0x5a7a73c05b69 - std[70759c8f55707aa4]::panicking::default_hook
[INFO] [stdout]    5:     0x5a7a73ac46a0 - test[9d35eded1c95d3be]::test_main_inner::<test[9d35eded1c95d3be]::test_main_static::{closure#0}>::{closure#0}
[INFO] [stdout]    6:     0x5a7a73c05e92 - std[70759c8f55707aa4]::panicking::panic_with_hook
[INFO] [stdout]    7:     0x5a7a73be8d12 - std[70759c8f55707aa4]::panicking::panic_handler::{closure#0}
[INFO] [stdout]    8:     0x5a7a73be1919 - std[70759c8f55707aa4]::sys::backtrace::__rust_end_short_backtrace::<std[70759c8f55707aa4]::panicking::panic_handler::{closure#0}, !>
[INFO] [stdout]    9:     0x5a7a73be9afd - __rustc[8fa7c3cbc660c2b3]::rust_begin_unwind
[INFO] [stdout]   10:     0x5a7a73c2784c - core[df12db4294e9bfd3]::panicking::panic_fmt
[INFO] [stdout]   11:     0x5a7a73c27622 - core[df12db4294e9bfd3]::result::unwrap_failed
[INFO] [stdout]   12:     0x5a7a736f35b2 - <lib[ada06896b4f5ce1e]::config::Configuration>::load
[INFO] [stdout]   13:     0x5a7a736d036d - <lib[ada06896b4f5ce1e]::Context as test_context[642988347ad8be5e]::AsyncTestContext>::setup::{closure#0}
[INFO] [stdout]   14:     0x5a7a736ce7e0 - lib[ada06896b4f5ce1e]::searches_seen_emails::{closure#0}
[INFO] [stdout]   15:     0x5a7a736e04dd - tokio[23992b09beb7293c]::runtime::context::runtime::enter_runtime::<<tokio[23992b09beb7293c]::runtime::scheduler::multi_thread::MultiThread>::block_on<core[df12db4294e9bfd3]::pin::Pin<&mut dyn core[df12db4294e9bfd3]::future::future::Future<Output = ()>>>::{closure#0}, ()>
[INFO] [stdout]   16:     0x5a7a736eacc7 - <tokio[23992b09beb7293c]::runtime::runtime::Runtime>::block_on::<core[df12db4294e9bfd3]::pin::Pin<&mut dyn core[df12db4294e9bfd3]::future::future::Future<Output = ()>>>
[INFO] [stdout]   17:     0x5a7a736d3e4e - <lib[ada06896b4f5ce1e]::searches_seen_emails::{closure#0} as core[df12db4294e9bfd3]::ops::function::FnOnce<()>>::call_once
[INFO] [stdout]   18:     0x5a7a73ab798b - test[9d35eded1c95d3be]::__rust_begin_short_backtrace::<core[df12db4294e9bfd3]::result::Result<(), alloc[2182bb758b4b3781]::string::String>, fn() -> core[df12db4294e9bfd3]::result::Result<(), alloc[2182bb758b4b3781]::string::String>>
[INFO] [stdout]   19:     0x5a7a73ac4ff5 - test[9d35eded1c95d3be]::run_test::{closure#0}
[INFO] [stdout]   20:     0x5a7a73abe8b4 - std[70759c8f55707aa4]::sys::backtrace::__rust_begin_short_backtrace::<test[9d35eded1c95d3be]::run_test::{closure#1}, ()>
[INFO] [stdout]   21:     0x5a7a73ac8152 - <std[70759c8f55707aa4]::thread::lifecycle::spawn_unchecked<test[9d35eded1c95d3be]::run_test::{closure#1}, ()>::{closure#1} as core[df12db4294e9bfd3]::ops::function::FnOnce<()>>::call_once::{shim:vtable#0}
[INFO] [stdout]   22:     0x5a7a73c0d919 - <std[70759c8f55707aa4]::sys::thread::unix::Thread>::new::thread_start
[INFO] [stdout]   23:     0x745b7ca1bdfa - <unknown>
[INFO] [stdout]   24:     0x745b7caaf3d4 - clone
[INFO] [stdout]   25:                0x0 - <unknown>
[INFO] [stdout] 
[INFO] [stdout] ---- searches_unseen_emails stdout ----
[INFO] [stdout] 
[INFO] [stdout] thread 'searches_unseen_emails' (4695) panicked at tests/config.rs:23:14:
[INFO] [stdout] Error trying to deserialize: missing configuration field "host"
[INFO] [stdout] stack backtrace:
[INFO] [stdout]    0:     0x5a7a73c0e3f1 - <<std[70759c8f55707aa4]::sys::backtrace::BacktraceLock>::print::DisplayBacktrace as core[df12db4294e9bfd3]::fmt::Display>::fmt
[INFO] [stdout]    1:     0x5a7a73c270ea - core[df12db4294e9bfd3]::fmt::write
[INFO] [stdout]    2:     0x5a7a73c135dc - <alloc[2182bb758b4b3781]::vec::Vec<u8> as core[df12db4294e9bfd3]::io::write::Write>::write_fmt
[INFO] [stdout]    3:     0x5a7a73be8c66 - std[70759c8f55707aa4]::panicking::default_hook::{closure#0}
[INFO] [stdout]    4:     0x5a7a73c05b69 - std[70759c8f55707aa4]::panicking::default_hook
[INFO] [stdout]    5:     0x5a7a73ac46a0 - test[9d35eded1c95d3be]::test_main_inner::<test[9d35eded1c95d3be]::test_main_static::{closure#0}>::{closure#0}
[INFO] [stdout]    6:     0x5a7a73c05e92 - std[70759c8f55707aa4]::panicking::panic_with_hook
[INFO] [stdout]    7:     0x5a7a73be8d12 - std[70759c8f55707aa4]::panicking::panic_handler::{closure#0}
[INFO] [stdout]    8:     0x5a7a73be1919 - std[70759c8f55707aa4]::sys::backtrace::__rust_end_short_backtrace::<std[70759c8f55707aa4]::panicking::panic_handler::{closure#0}, !>
[INFO] [stdout]    9:     0x5a7a73be9afd - __rustc[8fa7c3cbc660c2b3]::rust_begin_unwind
[INFO] [stdout]   10:     0x5a7a73c2784c - core[df12db4294e9bfd3]::panicking::panic_fmt
[INFO] [stdout]   11:     0x5a7a73c27622 - core[df12db4294e9bfd3]::result::unwrap_failed
[INFO] [stdout]   12:     0x5a7a736f35b2 - <lib[ada06896b4f5ce1e]::config::Configuration>::load
[INFO] [stdout]   13:     0x5a7a736d036d - <lib[ada06896b4f5ce1e]::Context as test_context[642988347ad8be5e]::AsyncTestContext>::setup::{closure#0}
[INFO] [stdout]   14:     0x5a7a736cee00 - lib[ada06896b4f5ce1e]::searches_unseen_emails::{closure#0}
[INFO] [stdout]   15:     0x5a7a736e04dd - tokio[23992b09beb7293c]::runtime::context::runtime::enter_runtime::<<tokio[23992b09beb7293c]::runtime::scheduler::multi_thread::MultiThread>::block_on<core[df12db4294e9bfd3]::pin::Pin<&mut dyn core[df12db4294e9bfd3]::future::future::Future<Output = ()>>>::{closure#0}, ()>
[INFO] [stdout]   16:     0x5a7a736eacc7 - <tokio[23992b09beb7293c]::runtime::runtime::Runtime>::block_on::<core[df12db4294e9bfd3]::pin::Pin<&mut dyn core[df12db4294e9bfd3]::future::future::Future<Output = ()>>>
[INFO] [stdout]   17:     0x5a7a736d410e - <lib[ada06896b4f5ce1e]::searches_unseen_emails::{closure#0} as core[df12db4294e9bfd3]::ops::function::FnOnce<()>>::call_once
[INFO] [stdout]   18:     0x5a7a73ab798b - test[9d35eded1c95d3be]::__rust_begin_short_backtrace::<core[df12db4294e9bfd3]::result::Result<(), alloc[2182bb758b4b3781]::string::String>, fn() -> core[df12db4294e9bfd3]::result::Result<(), alloc[2182bb758b4b3781]::string::String>>
[INFO] [stdout]   19:     0x5a7a73ac4ff5 - test[9d35eded1c95d3be]::run_test::{closure#0}
[INFO] [stdout]   20:     0x5a7a73abe8b4 - std[70759c8f55707aa4]::sys::backtrace::__rust_begin_short_backtrace::<test[9d35eded1c95d3be]::run_test::{closure#1}, ()>
[INFO] [stdout]   21:     0x5a7a73ac8152 - <std[70759c8f55707aa4]::thread::lifecycle::spawn_unchecked<test[9d35eded1c95d3be]::run_test::{closure#1}, ()>::{closure#1} as core[df12db4294e9bfd3]::ops::function::FnOnce<()>>::call_once::{shim:vtable#0}
[INFO] [stdout]   22:     0x5a7a73c0d919 - <std[70759c8f55707aa4]::sys::thread::unix::Thread>::new::thread_start
[INFO] [stdout]   23:     0x745b7ca1bdfa - <unknown>
[INFO] [stdout]   24:     0x745b7caaf3d4 - clone
[INFO] [stdout]   25:                0x0 - <unknown>
[INFO] [stdout] 
[INFO] [stdout] ---- can_set_custom_flags stdout ----
[INFO] [stdout] 
[INFO] [stdout] thread 'can_set_custom_flags' (4692) panicked at tests/config.rs:23:14:
[INFO] [stdout] Error trying to deserialize: missing configuration field "host"
[INFO] [stdout] stack backtrace:
[INFO] [stdout]    0:     0x5a7a73c0e3f1 - <<std[70759c8f55707aa4]::sys::backtrace::BacktraceLock>::print::DisplayBacktrace as core[df12db4294e9bfd3]::fmt::Display>::fmt
[INFO] [stdout]    1:     0x5a7a73c270ea - core[df12db4294e9bfd3]::fmt::write
[INFO] [stdout]    2:     0x5a7a73c135dc - <alloc[2182bb758b4b3781]::vec::Vec<u8> as core[df12db4294e9bfd3]::io::write::Write>::write_fmt
[INFO] [stdout]    3:     0x5a7a73be8c66 - std[70759c8f55707aa4]::panicking::default_hook::{closure#0}
[INFO] [stdout]    4:     0x5a7a73c05b69 - std[70759c8f55707aa4]::panicking::default_hook
[INFO] [stdout]    5:     0x5a7a73ac46a0 - test[9d35eded1c95d3be]::test_main_inner::<test[9d35eded1c95d3be]::test_main_static::{closure#0}>::{closure#0}
[INFO] [stdout]    6:     0x5a7a73c05e92 - std[70759c8f55707aa4]::panicking::panic_with_hook
[INFO] [stdout]    7:     0x5a7a73be8d12 - std[70759c8f55707aa4]::panicking::panic_handler::{closure#0}
[INFO] [stdout]    8:     0x5a7a73be1919 - std[70759c8f55707aa4]::sys::backtrace::__rust_end_short_backtrace::<std[70759c8f55707aa4]::panicking::panic_handler::{closure#0}, !>
[INFO] [stdout]    9:     0x5a7a73be9afd - __rustc[8fa7c3cbc660c2b3]::rust_begin_unwind
[INFO] [stdout]   10:     0x5a7a73c2784c - core[df12db4294e9bfd3]::panicking::panic_fmt
[INFO] [stdout]   11:     0x5a7a73c27622 - core[df12db4294e9bfd3]::result::unwrap_failed
[INFO] [stdout]   12:     0x5a7a736f35b2 - <lib[ada06896b4f5ce1e]::config::Configuration>::load
[INFO] [stdout]   13:     0x5a7a736d036d - <lib[ada06896b4f5ce1e]::Context as test_context[642988347ad8be5e]::AsyncTestContext>::setup::{closure#0}
[INFO] [stdout]   14:     0x5a7a736ce4d0 - lib[ada06896b4f5ce1e]::can_set_custom_flags::{closure#0}
[INFO] [stdout]   15:     0x5a7a736e04dd - tokio[23992b09beb7293c]::runtime::context::runtime::enter_runtime::<<tokio[23992b09beb7293c]::runtime::scheduler::multi_thread::MultiThread>::block_on<core[df12db4294e9bfd3]::pin::Pin<&mut dyn core[df12db4294e9bfd3]::future::future::Future<Output = ()>>>::{closure#0}, ()>
[INFO] [stdout]   16:     0x5a7a736eacc7 - <tokio[23992b09beb7293c]::runtime::runtime::Runtime>::block_on::<core[df12db4294e9bfd3]::pin::Pin<&mut dyn core[df12db4294e9bfd3]::future::future::Future<Output = ()>>>
[INFO] [stdout]   17:     0x5a7a736d3cee - <lib[ada06896b4f5ce1e]::can_set_custom_flags::{closure#0} as core[df12db4294e9bfd3]::ops::function::FnOnce<()>>::call_once
[INFO] [stdout]   18:     0x5a7a73ab798b - test[9d35eded1c95d3be]::__rust_begin_short_backtrace::<core[df12db4294e9bfd3]::result::Result<(), alloc[2182bb758b4b3781]::string::String>, fn() -> core[df12db4294e9bfd3]::result::Result<(), alloc[2182bb758b4b3781]::string::String>>
[INFO] [stdout]   19:     0x5a7a73ac4ff5 - test[9d35eded1c95d3be]::run_test::{closure#0}
[INFO] [stdout]   20:     0x5a7a73abe8b4 - std[70759c8f55707aa4]::sys::backtrace::__rust_begin_short_backtrace::<test[9d35eded1c95d3be]::run_test::{closure#1}, ()>
[INFO] [stdout]   21:     0x5a7a73ac8152 - <std[70759c8f55707aa4]::thread::lifecycle::spawn_unchecked<test[9d35eded1c95d3be]::run_test::{closure#1}, ()>::{closure#1} as core[df12db4294e9bfd3]::ops::function::FnOnce<()>>::call_once::{shim:vtable#0}
[INFO] [stdout]   22:     0x5a7a73c0d919 - <std[70759c8f55707aa4]::sys::thread::unix::Thread>::new::thread_start
[INFO] [stdout]   23:     0x745b7ca1bdfa - <unknown>
[INFO] [stdout]   24:     0x745b7caaf3d4 - clone
[INFO] [stdout]   25:                0x0 - <unknown>
[INFO] [stdout] 
[INFO] [stdout] ---- can_search_messages_containing_either_of_two_flags stdout ----
[INFO] [stdout] 
[INFO] [stdout] thread 'can_search_messages_containing_either_of_two_flags' (4691) panicked at tests/config.rs:23:14:
[INFO] [stdout] Error trying to deserialize: missing configuration field "host"
[INFO] [stdout] stack backtrace:
[INFO] [stdout]    0:     0x5a7a73c0e3f1 - <<std[70759c8f55707aa4]::sys::backtrace::BacktraceLock>::print::DisplayBacktrace as core[df12db4294e9bfd3]::fmt::Display>::fmt
[INFO] [stdout]    1:     0x5a7a73c270ea - core[df12db4294e9bfd3]::fmt::write
[INFO] [stdout]    2:     0x5a7a73c135dc - <alloc[2182bb758b4b3781]::vec::Vec<u8> as core[df12db4294e9bfd3]::io::write::Write>::write_fmt
[INFO] [stdout]    3:     0x5a7a73be8c66 - std[70759c8f55707aa4]::panicking::default_hook::{closure#0}
[INFO] [stdout]    4:     0x5a7a73c05b69 - std[70759c8f55707aa4]::panicking::default_hook
[INFO] [stdout]    5:     0x5a7a73ac46a0 - test[9d35eded1c95d3be]::test_main_inner::<test[9d35eded1c95d3be]::test_main_static::{closure#0}>::{closure#0}
[INFO] [stdout]    6:     0x5a7a73c05e92 - std[70759c8f55707aa4]::panicking::panic_with_hook
[INFO] [stdout]    7:     0x5a7a73be8d12 - std[70759c8f55707aa4]::panicking::panic_handler::{closure#0}
[INFO] [stdout]    8:     0x5a7a73be1919 - std[70759c8f55707aa4]::sys::backtrace::__rust_end_short_backtrace::<std[70759c8f55707aa4]::panicking::panic_handler::{closure#0}, !>
[INFO] [stdout]    9:     0x5a7a73be9afd - __rustc[8fa7c3cbc660c2b3]::rust_begin_unwind
[INFO] [stdout]   10:     0x5a7a73c2784c - core[df12db4294e9bfd3]::panicking::panic_fmt
[INFO] [stdout]   11:     0x5a7a73c27622 - core[df12db4294e9bfd3]::result::unwrap_failed
[INFO] [stdout]   12:     0x5a7a736f35b2 - <lib[ada06896b4f5ce1e]::config::Configuration>::load
[INFO] [stdout]   13:     0x5a7a736d036d - <lib[ada06896b4f5ce1e]::Context as test_context[642988347ad8be5e]::AsyncTestContext>::setup::{closure#0}
[INFO] [stdout]   14:     0x5a7a736cf110 - lib[ada06896b4f5ce1e]::can_search_messages_containing_either_of_two_flags::{closure#0}
[INFO] [stdout]   15:     0x5a7a736e04dd - tokio[23992b09beb7293c]::runtime::context::runtime::enter_runtime::<<tokio[23992b09beb7293c]::runtime::scheduler::multi_thread::MultiThread>::block_on<core[df12db4294e9bfd3]::pin::Pin<&mut dyn core[df12db4294e9bfd3]::future::future::Future<Output = ()>>>::{closure#0}, ()>
[INFO] [stdout]   16:     0x5a7a736eacc7 - <tokio[23992b09beb7293c]::runtime::runtime::Runtime>::block_on::<core[df12db4294e9bfd3]::pin::Pin<&mut dyn core[df12db4294e9bfd3]::future::future::Future<Output = ()>>>
[INFO] [stdout]   17:     0x5a7a736d426e - <lib[ada06896b4f5ce1e]::can_search_messages_containing_either_of_two_flags::{closure#0} as core[df12db4294e9bfd3]::ops::function::FnOnce<()>>::call_once
[INFO] [stdout]   18:     0x5a7a73ab798b - test[9d35eded1c95d3be]::__rust_begin_short_backtrace::<core[df12db4294e9bfd3]::result::Result<(), alloc[2182bb758b4b3781]::string::String>, fn() -> core[df12db4294e9bfd3]::result::Result<(), alloc[2182bb758b4b3781]::string::String>>
[INFO] [stdout]   19:     0x5a7a73ac4ff5 - test[9d35eded1c95d3be]::run_test::{closure#0}
[INFO] [stdout]   20:     0x5a7a73abe8b4 - std[70759c8f55707aa4]::sys::backtrace::__rust_begin_short_backtrace::<test[9d35eded1c95d3be]::run_test::{closure#1}, ()>
[INFO] [stdout]   21:     0x5a7a73ac8152 - <std[70759c8f55707aa4]::thread::lifecycle::spawn_unchecked<test[9d35eded1c95d3be]::run_test::{closure#1}, ()>::{closure#1} as core[df12db4294e9bfd3]::ops::function::FnOnce<()>>::call_once::{shim:vtable#0}
[INFO] [stdout]   22:     0x5a7a73c0d919 - <std[70759c8f55707aa4]::sys::thread::unix::Thread>::new::thread_start
[INFO] [stdout]   23:     0x745b7ca1bdfa - <unknown>
[INFO] [stdout]   24:     0x745b7caaf3d4 - clone
[INFO] [stdout]   25:                0x0 - <unknown>
[INFO] [stdout] 
[INFO] [stdout] 
[INFO] [stdout] failures:
[INFO] [stdout]     can_fetch_messages
[INFO] [stdout]     can_search_messages_containing_either_of_two_flags
[INFO] [stdout]     can_set_custom_flags
[INFO] [stdout]     can_set_standard_flags
[INFO] [stdout]     searches_seen_emails
[INFO] [stdout]     searches_unseen_emails
[INFO] [stdout] 
[INFO] [stdout] test result: FAILED. 0 passed; 6 failed; 0 ignored; 0 measured; 0 filtered out; finished in 0.04s
[INFO] [stdout] 
[INFO] running `Command { std: "docker" "inspect" "cb150ffb700b67d7caa4708aed060a6d80e11f78347580754c120d6e9fb2a229", kill_on_drop: false }`
[INFO] running `Command { std: "docker" "rm" "-f" "cb150ffb700b67d7caa4708aed060a6d80e11f78347580754c120d6e9fb2a229", kill_on_drop: false }`
[INFO] [stdout] cb150ffb700b67d7caa4708aed060a6d80e11f78347580754c120d6e9fb2a229
