[INFO] fetching crate ddns-route53 0.7.0...
[INFO] testing ddns-route53-0.7.0 against 1.100.0-beta.1+cargoflags=--release for beta-release-1.100-2
[INFO] extracting crate ddns-route53 0.7.0 into /workspace/builds/worker-1-tc2/source
[INFO] removed /workspace/builds/worker-1-tc2/source/rust-toolchain.toml
[INFO] started tweaking crates.io crate ddns-route53 0.7.0
[INFO] finished tweaking crates.io crate ddns-route53 0.7.0
[INFO] tweaked toml for crates.io crate ddns-route53 0.7.0 written to /workspace/builds/worker-1-tc2/source/Cargo.toml
[INFO] validating manifest of crates.io crate ddns-route53 0.7.0 on toolchain 1.100.0-beta.1
[INFO] running `Command { std: CARGO_HOME="/workspace/cargo-home" RUSTUP_HOME="/workspace/rustup-home" "/workspace/cargo-home/bin/cargo" "+1.100.0-beta.1" "metadata" "--manifest-path" "Cargo.toml" "--no-deps", kill_on_drop: false }`
[INFO] crate crates.io crate ddns-route53 0.7.0 already has a lockfile, it will not be regenerated
[INFO] running `Command { std: CARGO_HOME="/workspace/cargo-home" RUSTUP_HOME="/workspace/rustup-home" "/workspace/cargo-home/bin/cargo" "+1.100.0-beta.1" "fetch" "--manifest-path" "Cargo.toml", kill_on_drop: false }`
[INFO] running `Command { std: "docker" "create" "-v" "/var/lib/crater-agent-workspace/builds/worker-1-tc2/source:/opt/rustwide/workdir:ro,Z" "-v" "/var/lib/crater-agent-workspace/builds/worker-1-tc2/target:/opt/rustwide/target:rw,Z" "-v" "/var/lib/crater-agent-workspace/cargo-home:/opt/rustwide/cargo-home:ro,Z" "-v" "/var/lib/crater-agent-workspace/rustup-home:/opt/rustwide/rustup-home:ro,Z" "-m" "1610612736" "--network" "none" "ghcr.io/rust-lang/crates-build-env/linux@sha256:77db811e55d90add9212f6832c23229e3de5f1c1f9905e8cb07319ea15df73ac" "sleep" "infinity", kill_on_drop: false }`
[INFO] [stdout] e4c02293073159a987625a93e853f6d679c456be0cb12e2e7da356b144265237
[INFO] running `Command { std: "docker" "start" "e4c02293073159a987625a93e853f6d679c456be0cb12e2e7da356b144265237", kill_on_drop: false }`
[INFO] running `Command { std: "docker" "inspect" "e4c02293073159a987625a93e853f6d679c456be0cb12e2e7da356b144265237", kill_on_drop: false }`
[INFO] running `Command { std: "docker" "exec" "-e" "SOURCE_DIR=/opt/rustwide/workdir" "-e" "CARGO_HOME=/opt/rustwide/cargo-home" "-e" "RUSTUP_HOME=/opt/rustwide/rustup-home" "-e" "CARGO_TARGET_DIR=/opt/rustwide/target" "-w" "/opt/rustwide/workdir" "--user" "0:0" "e4c02293073159a987625a93e853f6d679c456be0cb12e2e7da356b144265237" "/opt/rustwide/cargo-home/bin/cargo" "+1.100.0-beta.1" "metadata" "--no-deps" "--format-version=1", kill_on_drop: false }`
[INFO] running `Command { std: "docker" "inspect" "e4c02293073159a987625a93e853f6d679c456be0cb12e2e7da356b144265237", kill_on_drop: false }`
[INFO] running `Command { std: "docker" "exec" "-e" "SOURCE_DIR=/opt/rustwide/workdir" "-e" "CARGO_HOME=/opt/rustwide/cargo-home" "-e" "RUSTUP_HOME=/opt/rustwide/rustup-home" "-e" "CARGO_TARGET_DIR=/opt/rustwide/target" "-e" "CARGO_INCREMENTAL=0" "-e" "RUST_BACKTRACE=full" "-e" "RUSTFLAGS=--cap-lints=warn" "-e" "RUSTDOCFLAGS=--cap-lints=warn" "-w" "/opt/rustwide/workdir" "--user" "0:0" "e4c02293073159a987625a93e853f6d679c456be0cb12e2e7da356b144265237" "/opt/rustwide/cargo-home/bin/cargo" "+1.100.0-beta.1" "build" "--frozen" "--message-format=json" "--release", kill_on_drop: false }`
[INFO] [stderr]    Compiling libc v0.2.186
[INFO] [stderr]    Compiling proc-macro2 v1.0.106
[INFO] [stderr]    Compiling quote v1.0.45
[INFO] [stderr]    Compiling bytes v1.11.1
[INFO] [stderr]    Compiling pin-project-lite v0.2.17
[INFO] [stderr]    Compiling futures-core v0.3.32
[INFO] [stderr]    Compiling itoa v1.0.18
[INFO] [stderr]    Compiling find-msvc-tools v0.1.9
[INFO] [stderr]    Compiling shlex v1.3.0
[INFO] [stderr]    Compiling fnv v1.0.7
[INFO] [stderr]    Compiling slab v0.4.12
[INFO] [stderr]    Compiling once_cell v1.21.4
[INFO] [stderr]    Compiling futures-sink v0.3.32
[INFO] [stderr]    Compiling futures-task v0.3.32
[INFO] [stderr]    Compiling cfg-if v1.0.4
[INFO] [stderr]    Compiling zeroize v1.8.2
[INFO] [stderr]    Compiling autocfg v1.5.0
[INFO] [stderr]    Compiling powerfmt v0.2.0
[INFO] [stderr]    Compiling hashbrown v0.17.0
[INFO] [stderr]    Compiling num-conv v0.2.1
[INFO] [stderr]    Compiling smallvec v1.15.1
[INFO] [stderr]    Compiling log v0.4.29
[INFO] [stderr]    Compiling futures-util v0.3.32
[INFO] [stderr]    Compiling fs_extra v1.3.0
[INFO] [stderr]    Compiling either v1.15.0
[INFO] [stderr]    Compiling typenum v1.20.0
[INFO] [stderr]    Compiling dunce v1.0.5
[INFO] [stderr]    Compiling vsimd v0.8.0
[INFO] [stderr]    Compiling untrusted v0.9.0
[INFO] [stderr]    Compiling tracing-core v0.1.36
[INFO] [stderr]    Compiling deranged v0.5.8
[INFO] [stderr]    Compiling time-core v0.1.8
[INFO] [stderr]    Compiling equivalent v1.0.2
[INFO] [stderr]    Compiling outref v0.5.2
[INFO] [stderr]    Compiling pin-utils v0.1.0
[INFO] [stderr]    Compiling ryu v1.0.23
[INFO] [stderr]    Compiling percent-encoding v2.3.2
[INFO] [stderr]    Compiling stable_deref_trait v1.2.1
[INFO] [stderr]    Compiling httparse v1.10.1
[INFO] [stderr]    Compiling aws-lc-rs v1.16.3
[INFO] [stderr]    Compiling try-lock v0.2.5
[INFO] [stderr]    Compiling num-traits v0.2.19
[INFO] [stderr]    Compiling tower-service v0.3.3
[INFO] [stderr]    Compiling want v0.3.1
[INFO] [stderr]    Compiling futures-channel v0.3.32
[INFO] [stderr]    Compiling base64-simd v0.8.0
[INFO] [stderr]    Compiling rustls-pki-types v1.14.1
[INFO] [stderr]    Compiling base64 v0.22.1
[INFO] [stderr]    Compiling atomic-waker v1.1.2
[INFO] [stderr]    Compiling rustls v0.21.12
[INFO] [stderr]    Compiling rustls v0.23.39
[INFO] [stderr]    Compiling ipnet v2.12.0
[INFO] [stderr]    Compiling form_urlencoded v1.2.2
[INFO] [stderr]    Compiling sync_wrapper v1.0.2
[INFO] [stderr]    Compiling http v1.4.0
[INFO] [stderr]    Compiling http v0.2.12
[INFO] [stderr]    Compiling bytes-utils v0.1.4
[INFO] [stderr]    Compiling tower-layer v0.3.3
[INFO] [stderr]    Compiling subtle v2.6.1
[INFO] [stderr]    Compiling cmov v0.5.3
[INFO] [stderr]    Compiling cpufeatures v0.3.0
[INFO] [stderr]    Compiling litemap v0.8.2
[INFO] [stderr]    Compiling writeable v0.6.3
[INFO] [stderr]    Compiling indexmap v2.14.0
[INFO] [stderr]    Compiling syn v2.0.117
[INFO] [stderr]    Compiling hybrid-array v0.4.11
[INFO] [stderr]    Compiling ctutils v0.4.2
[INFO] [stderr]    Compiling const-oid v0.10.2
[INFO] [stderr]    Compiling semver v1.0.28
[INFO] [stderr]    Compiling icu_normalizer_data v2.2.0
[INFO] [stderr]    Compiling icu_properties_data v2.2.0
[INFO] [stderr]    Compiling utf8_iter v1.0.4
[INFO] [stderr]    Compiling openssl-probe v0.2.1
[INFO] [stderr]    Compiling jobserver v0.1.34
[INFO] [stderr]    Compiling http-body v0.4.6
[INFO] [stderr]    Compiling num-integer v0.1.46
[INFO] [stderr]    Compiling httpdate v1.0.3
[INFO] [stderr]    Compiling rustls-native-certs v0.8.3
[INFO] [stderr]    Compiling rustc_version v0.4.1
[INFO] [stderr]    Compiling crypto-common v0.2.1
[INFO] [stderr]    Compiling block-buffer v0.12.0
[INFO] [stderr]    Compiling bitflags v2.11.1
[INFO] [stderr]    Compiling generic-array v0.14.7
[INFO] [stderr]    Compiling hex v0.4.3
[INFO] [stderr]    Compiling cc v1.2.61
[INFO] [stderr]    Compiling serde_core v1.0.228
[INFO] [stderr]    Compiling fastrand v2.4.1
[INFO] [stderr]    Compiling uuid v1.23.1
[INFO] [stderr]    Compiling regex-lite v0.1.9
[INFO] [stderr]    Compiling aws-types v1.3.15
[INFO] [stderr]    Compiling rustix v1.1.4
[INFO] [stderr]    Compiling xmlparser v0.13.6
[INFO] [stderr]    Compiling utf8parse v0.2.2
[INFO] [stderr]    Compiling linux-raw-sys v0.12.1
[INFO] [stderr]    Compiling getrandom v0.4.2
[INFO] [stderr]    Compiling rand_core v0.10.1
[INFO] [stderr]    Compiling anstyle-parse v1.0.0
[INFO] [stderr]    Compiling anstyle-query v1.1.5
[INFO] [stderr]    Compiling colorchoice v1.0.5
[INFO] [stderr]    Compiling errno v0.3.14
[INFO] [stderr]    Compiling mio v1.2.0
[INFO] [stderr]    Compiling socket2 v0.6.3
[INFO] [stderr]    Compiling getrandom v0.2.17
[INFO] [stderr]    Compiling socket2 v0.5.10
[INFO] [stderr]    Compiling signal-hook-registry v1.4.8
[INFO] [stderr]    Compiling http-body v1.0.1
[INFO] [stderr]    Compiling winnow v1.0.2
[INFO] [stderr]    Compiling http-body-util v0.1.3
[INFO] [stderr]    Compiling time v0.3.47
[INFO] [stderr]    Compiling crypto-common v0.1.7
[INFO] [stderr]    Compiling block-buffer v0.10.4
[INFO] [stderr]    Compiling cmake v0.1.58
[INFO] [stderr]    Compiling aws-smithy-xml v0.60.15
[INFO] [stderr]    Compiling is_terminal_polyfill v1.70.2
[INFO] [stderr]    Compiling urlencoding v2.1.3
[INFO] [stderr]    Compiling digest v0.11.2
[INFO] [stderr]    Compiling anstyle v1.0.14
[INFO] [stderr]    Compiling sha2 v0.11.0
[INFO] [stderr]    Compiling hmac v0.13.0
[INFO] [stderr]    Compiling digest v0.10.7
[INFO] [stderr]    Compiling netlink-packet-core v0.8.1
[INFO] [stderr]    Compiling chacha20 v0.10.0
[INFO] [stderr]    Compiling anstream v1.0.0
[INFO] [stderr]    Compiling clap_lex v1.1.0
[INFO] [stderr]    Compiling cpufeatures v0.2.17
[INFO] [stderr]    Compiling strsim v0.11.1
[INFO] [stderr]    Compiling toml_writer v1.1.1+spec-1.1.0
[INFO] [stderr]    Compiling iri-string v0.7.12
[INFO] [stderr]    Compiling serde v1.0.228
[INFO] [stderr]    Compiling xml-rs v0.8.28
[INFO] [stderr]    Compiling anyhow v1.0.102
[INFO] [stderr]    Compiling rand v0.10.1
[INFO] [stderr]    Compiling netlink-packet-route v0.29.0
[INFO] [stderr]    Compiling aws-lc-sys v0.40.0
[INFO] [stderr]    Compiling ring v0.17.14
[INFO] [stderr]    Compiling sha1 v0.10.6
[INFO] [stderr]    Compiling netlink-sys v0.8.8
[INFO] [stderr]    Compiling terminal_size v0.4.4
[INFO] [stderr]    Compiling clap_builder v4.6.0
[INFO] [stderr]    Compiling mac-addr v0.3.0
[INFO] [stderr]    Compiling fern v0.7.1
[INFO] [stderr]    Compiling encoding_rs v0.8.35
[INFO] [stderr]    Compiling mime v0.3.17
[INFO] [stderr]    Compiling toml_parser v1.1.2+spec-1.1.0
[INFO] [stderr]    Compiling xmltree v0.10.3
[INFO] [stderr]    Compiling humantime v2.3.0
[INFO] [stderr]    Compiling toml_datetime v1.1.1+spec-1.1.0
[INFO] [stderr]    Compiling serde_spanned v1.1.1
[INFO] [stderr]    Compiling toml_edit v0.25.11+spec-1.1.0
[INFO] [stderr]    Compiling toml v1.1.2+spec-1.1.0
[INFO] [stderr]    Compiling synstructure v0.13.2
[INFO] [stderr]    Compiling tokio-macros v2.7.0
[INFO] [stderr]    Compiling tracing-attributes v0.1.31
[INFO] [stderr]    Compiling zerofrom-derive v0.1.7
[INFO] [stderr]    Compiling yoke-derive v0.8.2
[INFO] [stderr]    Compiling zerovec-derive v0.11.3
[INFO] [stderr]    Compiling displaydoc v0.2.5
[INFO] [stderr]    Compiling aws-smithy-runtime-api-macros v1.0.0
[INFO] [stderr]    Compiling tokio v1.52.1
[INFO] [stderr]    Compiling clap_derive v4.6.1
[INFO] [stderr]    Compiling serde_derive v1.0.228
[INFO] [stderr]    Compiling zerofrom v0.1.7
[INFO] [stderr]    Compiling tracing v0.1.44
[INFO] [stderr]    Compiling yoke v0.8.2
[INFO] [stderr]    Compiling zerovec v0.11.6
[INFO] [stderr]    Compiling zerotrie v0.2.4
[INFO] [stderr]    Compiling tinystr v0.8.3
[INFO] [stderr]    Compiling potential_utf v0.1.5
[INFO] [stderr]    Compiling icu_collections v2.2.0
[INFO] [stderr]    Compiling clap v4.6.1
[INFO] [stderr]    Compiling icu_locale_core v2.2.0
[INFO] [stderr]    Compiling netdev v0.42.0
[INFO] [stderr]    Compiling icu_provider v2.2.0
[INFO] [stderr]    Compiling icu_properties v2.2.0
[INFO] [stderr]    Compiling icu_normalizer v2.2.0
[INFO] [stderr]    Compiling rustls-webpki v0.101.7
[INFO] [stderr]    Compiling sct v0.7.1
[INFO] [stderr]    Compiling idna_adapter v1.2.1
[INFO] [stderr]    Compiling idna v1.1.0
[INFO] [stderr]    Compiling url v2.5.8
[INFO] [stderr]    Compiling attohttpc v0.30.1
[INFO] [stderr]    Compiling tokio-util v0.7.18
[INFO] [stderr]    Compiling aws-smithy-async v1.2.14
[INFO] [stderr]    Compiling tower v0.5.3
[INFO] [stderr]    Compiling tokio-rustls v0.24.1
[INFO] [stderr]    Compiling tokio-stream v0.1.18
[INFO] [stderr]    Compiling igd-next v0.17.0
[INFO] [stderr]    Compiling aws-smithy-types v1.4.7
[INFO] [stderr]    Compiling h2 v0.4.13
[INFO] [stderr]    Compiling h2 v0.3.27
[INFO] [stderr]    Compiling tower-http v0.6.8
[INFO] [stderr]    Compiling aws-smithy-runtime-api v1.12.0
[INFO] [stderr]    Compiling aws-smithy-json v0.62.5
[INFO] [stderr]    Compiling aws-smithy-query v0.60.15
[INFO] [stderr]    Compiling aws-smithy-http v0.63.6
[INFO] [stderr]    Compiling aws-credential-types v1.2.14
[INFO] [stderr]    Compiling aws-smithy-observability v0.2.6
[INFO] [stderr]    Compiling aws-sigv4 v1.4.3
[INFO] [stderr]    Compiling hyper v1.9.0
[INFO] [stderr]    Compiling hyper v0.14.32
[INFO] [stderr]    Compiling hyper-util v0.1.20
[INFO] [stderr]    Compiling reqwest v0.13.2
[INFO] [stderr]    Compiling hyper-rustls v0.24.2
[INFO] [stderr]    Compiling rustls-webpki v0.103.13
[INFO] [stderr]    Compiling tokio-rustls v0.26.4
[INFO] [stderr]    Compiling hyper-rustls v0.27.9
[INFO] [stderr]    Compiling aws-smithy-http-client v1.1.12
[INFO] [stderr]    Compiling aws-smithy-runtime v1.11.1
[INFO] [stderr]    Compiling aws-runtime v1.7.3
[INFO] [stderr]    Compiling aws-sdk-ssooidc v1.100.0
[INFO] [stderr]    Compiling aws-sdk-sso v1.98.0
[INFO] [stderr]    Compiling aws-sdk-sts v1.103.0
[INFO] [stderr]    Compiling aws-sdk-route53 v1.111.0
[INFO] [stderr]    Compiling aws-config v1.8.16
[INFO] [stderr]    Compiling ddns-route53 v0.7.0 (/opt/rustwide/workdir)
[INFO] [stderr]     Finished `release` profile [optimized] target(s) in 5m 54s
[INFO] running `Command { std: "docker" "inspect" "e4c02293073159a987625a93e853f6d679c456be0cb12e2e7da356b144265237", kill_on_drop: false }`
[INFO] running `Command { std: "docker" "exec" "-e" "SOURCE_DIR=/opt/rustwide/workdir" "-e" "CARGO_HOME=/opt/rustwide/cargo-home" "-e" "RUSTUP_HOME=/opt/rustwide/rustup-home" "-e" "CARGO_TARGET_DIR=/opt/rustwide/target" "-e" "CARGO_INCREMENTAL=0" "-e" "RUST_BACKTRACE=full" "-e" "RUSTFLAGS=--cap-lints=warn" "-e" "RUSTDOCFLAGS=--cap-lints=warn" "-w" "/opt/rustwide/workdir" "--user" "0:0" "e4c02293073159a987625a93e853f6d679c456be0cb12e2e7da356b144265237" "/opt/rustwide/cargo-home/bin/cargo" "+1.100.0-beta.1" "test" "--frozen" "--no-run" "--message-format=json" "--release", kill_on_drop: false }`
[INFO] [stderr]    Compiling ddns-route53 v0.7.0 (/opt/rustwide/workdir)
[INFO] [stderr]     Finished `release` profile [optimized] target(s) in 43.58s
[INFO] running `Command { std: "docker" "inspect" "e4c02293073159a987625a93e853f6d679c456be0cb12e2e7da356b144265237", kill_on_drop: false }`
[INFO] running `Command { std: "docker" "exec" "-e" "SOURCE_DIR=/opt/rustwide/workdir" "-e" "CARGO_HOME=/opt/rustwide/cargo-home" "-e" "RUSTUP_HOME=/opt/rustwide/rustup-home" "-e" "CARGO_TARGET_DIR=/opt/rustwide/target" "-e" "CARGO_INCREMENTAL=0" "-e" "RUST_BACKTRACE=full" "-e" "RUSTFLAGS=--cap-lints=warn" "-e" "RUSTDOCFLAGS=--cap-lints=warn" "-w" "/opt/rustwide/workdir" "--user" "0:0" "e4c02293073159a987625a93e853f6d679c456be0cb12e2e7da356b144265237" "/opt/rustwide/cargo-home/bin/cargo" "+1.100.0-beta.1" "test" "--frozen" "--release", kill_on_drop: false }`
[INFO] [stderr]     Finished `release` profile [optimized] target(s) in 0.28s
[INFO] [stderr]      Running unittests src/main.rs (/opt/rustwide/target/release/build/ddns-route53/3d11353f2eb194d2/out/ddns_route53-3d11353f2eb194d2)
[INFO] [stdout] 
[INFO] [stdout] running 37 tests
[INFO] [stdout] test addresses::tests::test_from_multiple_v4_record_set ... ok
[INFO] [stdout] test addresses::tests::test_from_single_v6_record_set ... ok
[INFO] [stdout] test aws_route53::tests::test_host_not_in_domain ... ok
[INFO] [stdout] test addresses::tests::test_from_empty_record_set ... ok
[INFO] [stdout] test addresses::tests::test_from_multiple_v6_record_set ... ok
[INFO] [stdout] test addresses::tests::test_from_single_v4_record_set ... ok
[INFO] [stdout] test aws_route53::tests::test_rrset_matches_expected ... ok
[INFO] [stdout] test aws_route53::tests::test_host_in_domain ... ok
[INFO] [stdout] test aws_route53::tests::test_rrset_mismatch_for_mismatched_addrs ... ok
[INFO] [stdout] test addresses::tests::test_from_some_of_each_record_set ... ok
[INFO] [stdout] test addresses::tests::test_from_null_record_set ... ok
[INFO] [stdout] test aws_route53::tests::test_rrset_mismatch_for_special ... ok
[INFO] [stdout] test config::tests::test_level_filter ... ok
[INFO] [stdout] test aws_route53::tests::test_rrset_mismatch_for_ttl ... ok
[INFO] [stdout] test config::tests::test_normalize_host_name ... ok
[INFO] [stdout] test config::tests::test_validate_update_timeout ... ok
[INFO] [stdout] test ip_algorithms::tests::test_algorithm_combos_different_plugins_okay ... ok
[INFO] [stdout] test ip_algorithms::tests::test_algorithm_combos_different_urls_okay ... ok
[INFO] [stdout] test ip_algorithms::tests::test_algorithm_combos_empty ... ok
[INFO] [stdout] test ip_algorithms::tests::test_algorithm_combos_same_plugin_not_okay ... ok
[INFO] [stdout] test ip_algorithms::tests::test_deserialize_encoding_utf8 ... ok
[INFO] [stdout] test ip_algorithms::tests::test_deserialize_url ... ok
[INFO] [stdout] test ip_algorithms::tests::test_serialize_duration_to_toml ... ok
[INFO] [stdout] test ip_algorithms::tests::test_serialize_encoding_none ... ok
[INFO] [stdout] test ip_algorithms::tests::test_serialize_encoding_utf8 ... ok
[INFO] [stdout] test config::tests::test_validate_ttl ... ok
[INFO] [stdout] test ip_algorithms::tests::test_algorithm_combos_none_always_panics ... ok
[INFO] [stdout] test config::tests::test_validate_update_poll_interval ... ok
[INFO] [stdout] test config::tests::test_level_filter_empty ... ok
[INFO] [stdout] test ip_algorithms::tests::test_serialize_url ... ok
[INFO] [stdout] test config::tests::test_validate_idna_host_name ... ok
[INFO] [stdout] test ip_algorithms::tests::test_algorithm_combos_same_url_not_okay ... ok
[INFO] [stdout] test ip_algorithms::tests::test_algorithm_standard_algos_okay_on_their_own ... ok
[INFO] [stdout] test os_helpers::posix::tests::test_get_home_dir ... ok
[INFO] [stdout] test ip_algorithms::tests::test_get_plugin_output ... ok
[INFO] [stdout] test ip_algorithms::tests::test_get_web_services_document ... FAILED
[INFO] [stdout] test ip_algorithms::tests::test_parse_negative_duration_from_toml ... ok
[INFO] [stdout] 
[INFO] [stdout] failures:
[INFO] [stdout] 
[INFO] [stdout] ---- ip_algorithms::tests::test_get_web_services_document stdout ----
[INFO] [stdout] 
[INFO] [stdout] thread 'ip_algorithms::tests::test_get_web_services_document' (3797) panicked at src/ip_algorithms.rs:1148:18:
[INFO] [stdout] called `Result::unwrap()` on an `Err` value: error fetching url
[INFO] [stdout] 
[INFO] [stdout] Caused by:
[INFO] [stdout]     0: error sending request for url (http://captive.apple.com/)
[INFO] [stdout]     1: client error (Connect)
[INFO] [stdout]     2: dns error
[INFO] [stdout]     3: failed to lookup address information: Temporary failure in name resolution
[INFO] [stdout] 
[INFO] [stdout] Stack backtrace:
[INFO] [stdout]    0: <reqwest::error::Error as anyhow::context::ext::StdError>::ext_context::<&str>
[INFO] [stdout]    1: ddns_route53::ip_algorithms::get_web_service_document::{closure#0}
[INFO] [stdout]    2: <ddns_route53::ip_algorithms::tests::test_get_web_services_document::{closure#0} as core::ops::function::FnOnce<()>>::call_once
[INFO] [stdout]    3: test::__rust_begin_short_backtrace::<core::result::Result<(), alloc::string::String>, fn() -> core::result::Result<(), alloc::string::String>>
[INFO] [stdout]    4: test::run_test::{closure#0}
[INFO] [stdout]    5: std::sys::backtrace::__rust_begin_short_backtrace::<test::run_test::{closure#1}, ()>
[INFO] [stdout]    6: <std::thread::lifecycle::spawn_unchecked<test::run_test::{closure#1}, ()>::{closure#1} as core::ops::function::FnOnce<()>>::call_once::{shim:vtable#0}
[INFO] [stdout]    7: <std::sys::thread::unix::Thread>::new::thread_start
[INFO] [stdout]    8: <unknown>
[INFO] [stdout]    9: clone
[INFO] [stdout] stack backtrace:
[INFO] [stdout]    0:     0x587628149bc5 - <<std[617be2ca0a6fd877]::sys::backtrace::BacktraceLock>::print::DisplayBacktrace as core[a373ad73a504971]::fmt::Display>::fmt
[INFO] [stdout]    1:     0x58762807622a - core[a373ad73a504971]::fmt::write
[INFO] [stdout]    2:     0x58762814925b - <alloc[2e1b2a31b91974c5]::vec::Vec<u8> as core[a373ad73a504971]::io::write::Write>::write_fmt
[INFO] [stdout]    3:     0x587628148d3f - std[617be2ca0a6fd877]::panicking::default_hook::{closure#0}
[INFO] [stdout]    4:     0x58762814896a - std[617be2ca0a6fd877]::panicking::default_hook
[INFO] [stdout]    5:     0x5876281484a5 - std[617be2ca0a6fd877]::panicking::panic_with_hook
[INFO] [stdout]    6:     0x58762816f3a1 - std[617be2ca0a6fd877]::panicking::panic_handler::{closure#0}
[INFO] [stdout]    7:     0x58762816f359 - std[617be2ca0a6fd877]::sys::backtrace::__rust_end_short_backtrace::<std[617be2ca0a6fd877]::panicking::panic_handler::{closure#0}, !>
[INFO] [stdout]    8:     0x58762816f85c - __rustc[ea4f61d10b84890b]::rust_begin_unwind
[INFO] [stdout]    9:     0x5876280760bb - core[a373ad73a504971]::panicking::panic_fmt
[INFO] [stdout]   10:     0x58762807aea1 - core[a373ad73a504971]::result::unwrap_failed
[INFO] [stdout]   11:     0x587628065d85 - <ddns_route53[bd25b5bd08febe4a]::ip_algorithms::tests::test_get_web_services_document::{closure#0} as core[a373ad73a504971]::ops::function::FnOnce<()>>::call_once
[INFO] [stdout]   12:     0x5876281898cb - test[aada8e7e76ba119b]::__rust_begin_short_backtrace::<core[a373ad73a504971]::result::Result<(), alloc[2e1b2a31b91974c5]::string::String>, fn() -> core[a373ad73a504971]::result::Result<(), alloc[2e1b2a31b91974c5]::string::String>>
[INFO] [stdout]   13:     0x587628185380 - test[aada8e7e76ba119b]::run_test::{closure#0}
[INFO] [stdout]   14:     0x587628184aac - std[617be2ca0a6fd877]::sys::backtrace::__rust_begin_short_backtrace::<test[aada8e7e76ba119b]::run_test::{closure#1}, ()>
[INFO] [stdout]   15:     0x5876281a47cc - <std[617be2ca0a6fd877]::thread::lifecycle::spawn_unchecked<test[aada8e7e76ba119b]::run_test::{closure#1}, ()>::{closure#1} as core[a373ad73a504971]::ops::function::FnOnce<()>>::call_once::{shim:vtable#0}
[INFO] [stdout]   16:     0x5876281713f4 - <std[617be2ca0a6fd877]::sys::thread::unix::Thread>::new::thread_start
[INFO] [stdout]   17:     0x79b35b9dddfa - <unknown>
[INFO] [stdout]   18:     0x79b35ba713d4 - clone
[INFO] [stdout]   19:                0x0 - <unknown>
[INFO] [stdout] 
[INFO] [stdout] 
[INFO] [stdout] failures:
[INFO] [stdout]     ip_algorithms::tests::test_get_web_services_document
[INFO] [stdout] 
[INFO] [stdout] test result: FAILED. 36 passed; 1 failed; 0 ignored; 0 measured; 0 filtered out; finished in 0.03s
[INFO] [stdout] 
[INFO] [stderr] error: test failed, to rerun pass `--bin ddns-route53`
[INFO] running `Command { std: "docker" "inspect" "e4c02293073159a987625a93e853f6d679c456be0cb12e2e7da356b144265237", kill_on_drop: false }`
[INFO] running `Command { std: "docker" "rm" "-f" "e4c02293073159a987625a93e853f6d679c456be0cb12e2e7da356b144265237", kill_on_drop: false }`
[INFO] [stdout] e4c02293073159a987625a93e853f6d679c456be0cb12e2e7da356b144265237
