[INFO] fetching crate ddnnife 0.10.0...
[INFO] testing ddnnife-0.10.0 against 1.100.0-beta.1+cargoflags=--release for beta-release-1.100-2
[INFO] extracting crate ddnnife 0.10.0 into /workspace/builds/worker-4-tc2/source
[INFO] started tweaking crates.io crate ddnnife 0.10.0
[INFO] removed 0 missing tests
[INFO] finished tweaking crates.io crate ddnnife 0.10.0
[INFO] tweaked toml for crates.io crate ddnnife 0.10.0 written to /workspace/builds/worker-4-tc2/source/Cargo.toml
[INFO] validating manifest of crates.io crate ddnnife 0.10.0 on toolchain 1.100.0-beta.1
[INFO] running `Command { std: CARGO_HOME="/workspace/cargo-home" RUSTUP_HOME="/workspace/rustup-home" "/workspace/cargo-home/bin/cargo" "+1.100.0-beta.1" "metadata" "--manifest-path" "Cargo.toml" "--no-deps", kill_on_drop: false }`
[INFO] crate crates.io crate ddnnife 0.10.0 already has a lockfile, it will not be regenerated
[INFO] running `Command { std: CARGO_HOME="/workspace/cargo-home" RUSTUP_HOME="/workspace/rustup-home" "/workspace/cargo-home/bin/cargo" "+1.100.0-beta.1" "fetch" "--manifest-path" "Cargo.toml", kill_on_drop: false }`
[INFO] running `Command { std: "docker" "create" "-v" "/var/lib/crater-agent-workspace/builds/worker-4-tc2/source:/opt/rustwide/workdir:ro,Z" "-v" "/var/lib/crater-agent-workspace/builds/worker-4-tc2/target:/opt/rustwide/target:rw,Z" "-v" "/var/lib/crater-agent-workspace/cargo-home:/opt/rustwide/cargo-home:ro,Z" "-v" "/var/lib/crater-agent-workspace/rustup-home:/opt/rustwide/rustup-home:ro,Z" "-m" "1610612736" "--network" "none" "ghcr.io/rust-lang/crates-build-env/linux@sha256:77db811e55d90add9212f6832c23229e3de5f1c1f9905e8cb07319ea15df73ac" "sleep" "infinity", kill_on_drop: false }`
[INFO] [stdout] c7425a2f356edbf4dbdad6a0a5b3542cc436ca27ce27c88ca543bc3a8521408f
[INFO] running `Command { std: "docker" "start" "c7425a2f356edbf4dbdad6a0a5b3542cc436ca27ce27c88ca543bc3a8521408f", kill_on_drop: false }`
[INFO] running `Command { std: "docker" "inspect" "c7425a2f356edbf4dbdad6a0a5b3542cc436ca27ce27c88ca543bc3a8521408f", kill_on_drop: false }`
[INFO] running `Command { std: "docker" "exec" "-e" "SOURCE_DIR=/opt/rustwide/workdir" "-e" "CARGO_HOME=/opt/rustwide/cargo-home" "-e" "RUSTUP_HOME=/opt/rustwide/rustup-home" "-e" "CARGO_TARGET_DIR=/opt/rustwide/target" "-w" "/opt/rustwide/workdir" "--user" "0:0" "c7425a2f356edbf4dbdad6a0a5b3542cc436ca27ce27c88ca543bc3a8521408f" "/opt/rustwide/cargo-home/bin/cargo" "+1.100.0-beta.1" "metadata" "--no-deps" "--format-version=1", kill_on_drop: false }`
[INFO] running `Command { std: "docker" "inspect" "c7425a2f356edbf4dbdad6a0a5b3542cc436ca27ce27c88ca543bc3a8521408f", kill_on_drop: false }`
[INFO] running `Command { std: "docker" "exec" "-e" "SOURCE_DIR=/opt/rustwide/workdir" "-e" "CARGO_HOME=/opt/rustwide/cargo-home" "-e" "RUSTUP_HOME=/opt/rustwide/rustup-home" "-e" "CARGO_TARGET_DIR=/opt/rustwide/target" "-e" "CARGO_INCREMENTAL=0" "-e" "RUST_BACKTRACE=full" "-e" "RUSTFLAGS=--cap-lints=warn" "-e" "RUSTDOCFLAGS=--cap-lints=warn" "-w" "/opt/rustwide/workdir" "--user" "0:0" "c7425a2f356edbf4dbdad6a0a5b3542cc436ca27ce27c88ca543bc3a8521408f" "/opt/rustwide/cargo-home/bin/cargo" "+1.100.0-beta.1" "build" "--frozen" "--message-format=json" "--release", kill_on_drop: false }`
[INFO] [stderr]    Compiling libm v0.2.15
[INFO] [stderr]    Compiling num-traits v0.2.19
[INFO] [stderr]    Compiling libc v0.2.175
[INFO] [stderr]    Compiling getrandom v0.3.3
[INFO] [stderr]    Compiling proc-macro2 v1.0.101
[INFO] [stderr]    Compiling zerocopy v0.8.27
[INFO] [stderr]    Compiling memchr v2.7.5
[INFO] [stderr]    Compiling unicode-ident v1.0.19
[INFO] [stderr]    Compiling cfg-if v1.0.3
[INFO] [stderr]    Compiling serde v1.0.219
[INFO] [stderr]    Compiling radium v0.7.0
[INFO] [stderr]    Compiling tap v1.0.1
[INFO] [stderr]    Compiling regex-syntax v0.8.6
[INFO] [stderr]    Compiling wyz v0.5.1
[INFO] [stderr]    Compiling indexmap v2.11.1
[INFO] [stderr]    Compiling funty v2.0.0
[INFO] [stderr]    Compiling rand_core v0.9.3
[INFO] [stderr]    Compiling quote v1.0.40
[INFO] [stderr]    Compiling aho-corasick v1.1.3
[INFO] [stderr]    Compiling syn v2.0.106
[INFO] [stderr]    Compiling csv-core v0.1.12
[INFO] [stderr]    Compiling ryu v1.0.20
[INFO] [stderr]    Compiling either v1.15.0
[INFO] [stderr]    Compiling itoa v1.0.15
[INFO] [stderr]    Compiling petgraph v0.8.2
[INFO] [stderr]    Compiling itertools v0.14.0
[INFO] [stderr]    Compiling num-integer v0.1.46
[INFO] [stderr]    Compiling num-complex v0.4.6
[INFO] [stderr]    Compiling ppv-lite86 v0.2.21
[INFO] [stderr]    Compiling num-bigint v0.4.6
[INFO] [stderr]    Compiling regex-automata v0.4.10
[INFO] [stderr]    Compiling rand_chacha v0.9.0
[INFO] [stderr]    Compiling rand v0.9.2
[INFO] [stderr]    Compiling serde_derive v1.0.219
[INFO] [stderr]    Compiling num-iter v0.1.45
[INFO] [stderr]    Compiling rand_distr v0.5.1
[INFO] [stderr]    Compiling rand_pcg v0.9.0
[INFO] [stderr]    Compiling num-rational v0.4.2
[INFO] [stderr]    Compiling num v0.4.3
[INFO] [stderr]    Compiling bitvec v1.0.1
[INFO] [stderr]    Compiling nom v8.0.0
[INFO] [stderr]    Compiling file_diff v1.0.0
[INFO] [stderr]    Compiling log v0.4.28
[INFO] [stderr]    Compiling streaming-iterator v0.1.9
[INFO] [stderr]    Compiling bimap v0.6.3
[INFO] [stderr]    Compiling regex v1.11.2
[INFO] [stderr]    Compiling ddnnife_cnf v0.1.0
[INFO] [stderr]    Compiling once_cell v1.21.3
[INFO] [stderr]    Compiling workctl v0.2.0
[INFO] [stderr]    Compiling csv v1.3.1
[INFO] [stderr]    Compiling ddnnife v0.10.0 (/opt/rustwide/workdir)
[INFO] [stderr] warning: unused dependency `file_diff`
[INFO] [stderr]   --> Cargo.toml:13:15
[INFO] [stderr]    |
[INFO] [stderr] 13 | [dependencies.file_diff]
[INFO] [stderr]    |               ^^^^^^^^^^
[INFO] [stderr]    |
[INFO] [stderr]    = note: `cargo::unused_dependencies` is set to `warn` by default
[INFO] [stderr] help: consider removing the dependency on `file_diff`
[INFO] [stderr] warning: `ddnnife` (manifest) generated 1 warning
[INFO] [stderr]     Finished `release` profile [optimized] target(s) in 1m 34s
[INFO] running `Command { std: "docker" "inspect" "c7425a2f356edbf4dbdad6a0a5b3542cc436ca27ce27c88ca543bc3a8521408f", kill_on_drop: false }`
[INFO] running `Command { std: "docker" "exec" "-e" "SOURCE_DIR=/opt/rustwide/workdir" "-e" "CARGO_HOME=/opt/rustwide/cargo-home" "-e" "RUSTUP_HOME=/opt/rustwide/rustup-home" "-e" "CARGO_TARGET_DIR=/opt/rustwide/target" "-e" "CARGO_INCREMENTAL=0" "-e" "RUST_BACKTRACE=full" "-e" "RUSTFLAGS=--cap-lints=warn" "-e" "RUSTDOCFLAGS=--cap-lints=warn" "-w" "/opt/rustwide/workdir" "--user" "0:0" "c7425a2f356edbf4dbdad6a0a5b3542cc436ca27ce27c88ca543bc3a8521408f" "/opt/rustwide/cargo-home/bin/cargo" "+1.100.0-beta.1" "test" "--frozen" "--no-run" "--message-format=json" "--release", kill_on_drop: false }`
[INFO] [stderr]    Compiling ddnnife v0.10.0 (/opt/rustwide/workdir)
[INFO] [stderr] warning: unused dependency `file_diff`
[INFO] [stderr]   --> Cargo.toml:13:15
[INFO] [stderr]    |
[INFO] [stderr] 13 | [dependencies.file_diff]
[INFO] [stderr]    |               ^^^^^^^^^^
[INFO] [stderr]    |
[INFO] [stderr]    = note: `cargo::unused_dependencies` is set to `warn` by default
[INFO] [stderr] help: consider removing the dependency on `file_diff`
[INFO] [stderr] help: to still use for development builds, move to `dev-dependencies`
[INFO] [stderr] warning: `ddnnife` (manifest) generated 1 warning
[INFO] [stderr]     Finished `release` profile [optimized] target(s) in 30.52s
[INFO] running `Command { std: "docker" "inspect" "c7425a2f356edbf4dbdad6a0a5b3542cc436ca27ce27c88ca543bc3a8521408f", kill_on_drop: false }`
[INFO] running `Command { std: "docker" "exec" "-e" "SOURCE_DIR=/opt/rustwide/workdir" "-e" "CARGO_HOME=/opt/rustwide/cargo-home" "-e" "RUSTUP_HOME=/opt/rustwide/rustup-home" "-e" "CARGO_TARGET_DIR=/opt/rustwide/target" "-e" "CARGO_INCREMENTAL=0" "-e" "RUST_BACKTRACE=full" "-e" "RUSTFLAGS=--cap-lints=warn" "-e" "RUSTDOCFLAGS=--cap-lints=warn" "-w" "/opt/rustwide/workdir" "--user" "0:0" "c7425a2f356edbf4dbdad6a0a5b3542cc436ca27ce27c88ca543bc3a8521408f" "/opt/rustwide/cargo-home/bin/cargo" "+1.100.0-beta.1" "test" "--frozen" "--release", kill_on_drop: false }`
[INFO] [stderr] warning: unused dependency `file_diff`
[INFO] [stderr]   --> Cargo.toml:13:15
[INFO] [stderr]    |
[INFO] [stderr] 13 | [dependencies.file_diff]
[INFO] [stderr]    |               ^^^^^^^^^^
[INFO] [stderr]    |
[INFO] [stderr]    = note: `cargo::unused_dependencies` is set to `warn` by default
[INFO] [stderr] help: consider removing the dependency on `file_diff`
[INFO] [stderr] help: to still use for development builds, move to `dev-dependencies`
[INFO] [stderr] warning: `ddnnife` (manifest) generated 1 warning
[INFO] [stderr]     Finished `release` profile [optimized] target(s) in 0.12s
[INFO] [stderr]      Running unittests src/lib.rs (/opt/rustwide/target/release/build/ddnnife/682598d7b7d4ba99/out/ddnnife-682598d7b7d4ba99)
[INFO] [stdout] 
[INFO] [stdout] running 47 tests
[INFO] [stdout] test ddnnf::anomalies::atomic_sets::test::union_find_operations ... ok
[INFO] [stdout] test ddnnf::anomalies::atomic_sets::test::atomic_sets_vp9 ... ok
[INFO] [stdout] test ddnnf::anomalies::atomic_sets::test::candidates_and_assumptions_for_core ... ok
[INFO] [stdout] test ddnnf::anomalies::atomic_sets::test::empty_candidates ... ok
[INFO] [stdout] test ddnnf::anomalies::config_creation::test::enumeration_is_not_possible ... ok
[INFO] [stdout] test ddnnf::anomalies::config_creation::test::sampling_is_not_possible ... ok
[INFO] [stdout] test ddnnf::anomalies::atomic_sets::test::candidates_and_assumptions ... ok
[INFO] [stdout] test ddnnf::anomalies::sat::test::sat_card_of_features ... ok
[INFO] [stdout] test ddnnf::anomalies::t_wise_sampling::sample::test::test_sample_covering ... ok
[INFO] [stdout] test ddnnf::anomalies::t_wise_sampling::sample_merger::similarity_merger::test::test_is_t_wise_covered ... ok
[INFO] [stdout] test ddnnf::anomalies::t_wise_sampling::sample_merger::similarity_merger::test::test_similarity_merger ... ok
[INFO] [stdout] test ddnnf::anomalies::t_wise_sampling::sample_merger::zipping_merger::test::test_zip_samples ... ok
[INFO] [stdout] test ddnnf::anomalies::t_wise_sampling::sample_merger::zipping_merger::test::test_zipping_merger ... ok
[INFO] [stdout] test ddnnf::anomalies::t_wise_sampling::t_iterator::test::test_t_indices_iter ... ok
[INFO] [stdout] test ddnnf::anomalies::config_creation::test::sampling_seeding ... ok
[INFO] [stdout] test ddnnf::anomalies::config_creation::test::enumeration_small_ddnnf ... ok
[INFO] [stdout] test ddnnf::anomalies::t_wise_sampling::test::ext_ddnnf_t_wise_sampling_validity ... ok
[INFO] [stdout] test ddnnf::anomalies::t_wise_sampling::test::ext_ddnnf_t_wise_sampling_yasa_validity ... ok
[INFO] [stdout] test ddnnf::anomalies::config_creation::test::enumeration_big_ddnnf ... ok
[INFO] [stdout] test ddnnf::counting::features::test::card_multi_queries ... FAILED
[INFO] [stdout] test ddnnf::counting::features::test::test_card_of_features_pd ... FAILED
[INFO] [stdout] test ddnnf::counting::marking::test::marking_nodes ... ok
[INFO] [stdout] test ddnnf::extended_ddnnf::optimal_configs::test::test_finding_best_configuration_with_assumptions ... ok
[INFO] [stdout] test ddnnf::extended_ddnnf::optimal_configs::test::test_finding_best_configuration_without_assumptions ... ok
[INFO] [stdout] test ddnnf::extended_ddnnf::optimal_configs::test::test_finding_top_k_configurations_with_assumptions ... ok
[INFO] [stdout] test ddnnf::extended_ddnnf::optimal_configs::test::test_finding_top_k_configurations_without_assumptions ... ok
[INFO] [stdout] test ddnnf::extended_ddnnf::optimal_configs::test::test_merge_top_k_results_and ... ok
[INFO] [stdout] test ddnnf::extended_ddnnf::optimal_configs::test::test_merge_top_k_results_or ... ok
[INFO] [stdout] test ddnnf::extended_ddnnf::test::building_and_reading_attributes ... ok
[INFO] [stdout] test ddnnf::extended_ddnnf::test::calculation_of_objective_function_values ... ok
[INFO] [stdout] test ddnnf::multiple_queries::test::card_multi_queries ... FAILED
[INFO] [stdout] test ddnnf::multiple_queries::test::sat_multi_queries ... FAILED
[INFO] [stdout] test ddnnf::multiple_queries::test::test_equality_single_and_multi ... FAILED
[INFO] [stdout] test ddnnf::node::test::build_nodes ... ok
[INFO] [stdout] test ddnnf::test::features_opposing_indexes ... ok
[INFO] [stdout] test parser::c2d_lexer::test::individual_lexer ... ok
[INFO] [stdout] test parser::c2d_lexer::test::lex_lines ... ok
[INFO] [stdout] test parser::c2d_lexer::test::serialization ... ok
[INFO] [stdout] test parser::d4_lexer::test::individual_lexer_d4 ... ok
[INFO] [stdout] test parser::from_cnf::test::lex_cnf_lines ... ok
[INFO] [stdout] test ddnnf::counting::default_count::test::operate_on_single_feature ... ok
[INFO] [stdout] test ddnnf::anomalies::atomic_sets::test::atomic_sets_auto1 ... ok
[INFO] [stdout] test ddnnf::anomalies::config_creation::test::sampling_validity ... ok
[INFO] [stdout] test ddnnf::anomalies::config_creation::test::enumeration_step_by_step ... ok
[INFO] [stdout] test ddnnf::anomalies::sat::test::sat_urs ... ok
[INFO] [stdout] test ddnnf::anomalies::t_wise_sampling::test::ddnnf_t_wise_sampling_validity_small_model ... ok
[INFO] [stdout] test ddnnf::anomalies::t_wise_sampling::test::ddnnf_t_wise_sampling_validity_big_model ... ok
[INFO] [stdout] 
[INFO] [stdout] failures:
[INFO] [stdout] 
[INFO] [stdout] ---- ddnnf::counting::features::test::card_multi_queries stdout ----
[INFO] [stdout] 
[INFO] [stdout] thread 'ddnnf::counting::features::test::card_multi_queries' (1128) panicked at src/ddnnf/counting/features.rs:77:14:
[INFO] [stdout] called `Result::unwrap()` on an `Err` value: Error(Io(Os { code: 30, kind: ReadOnlyFilesystem, message: "Read-only file system" }))
[INFO] [stdout] stack backtrace:
[INFO] [stdout]    0:     0x61c26e9f0d91 - <<std[617be2ca0a6fd877]::sys::backtrace::BacktraceLock>::print::DisplayBacktrace as core[a373ad73a504971]::fmt::Display>::fmt
[INFO] [stdout]    1:     0x61c26ea074ba - core[a373ad73a504971]::fmt::write
[INFO] [stdout]    2:     0x61c26e9f505c - <alloc[2e1b2a31b91974c5]::vec::Vec<u8> as core[a373ad73a504971]::io::write::Write>::write_fmt
[INFO] [stdout]    3:     0x61c26e9ccea6 - std[617be2ca0a6fd877]::panicking::default_hook::{closure#0}
[INFO] [stdout]    4:     0x61c26e9e9149 - std[617be2ca0a6fd877]::panicking::default_hook
[INFO] [stdout]    5:     0x61c26e8b1230 - test[aada8e7e76ba119b]::test_main_inner::{closure#0}
[INFO] [stdout]    6:     0x61c26e9e9302 - std[617be2ca0a6fd877]::panicking::panic_with_hook
[INFO] [stdout]    7:     0x61c26e9ccf52 - std[617be2ca0a6fd877]::panicking::panic_handler::{closure#0}
[INFO] [stdout]    8:     0x61c26e9c5b89 - std[617be2ca0a6fd877]::sys::backtrace::__rust_end_short_backtrace::<std[617be2ca0a6fd877]::panicking::panic_handler::{closure#0}, !>
[INFO] [stdout]    9:     0x61c26e9cdb5d - __rustc[ea4f61d10b84890b]::rust_begin_unwind
[INFO] [stdout]   10:     0x61c26ea07c9c - core[a373ad73a504971]::panicking::panic_fmt
[INFO] [stdout]   11:     0x61c26ea07a72 - core[a373ad73a504971]::result::unwrap_failed
[INFO] [stdout]   12:     0x61c26e896f7a - <ddnnife[c685a8663f74f64b]::ddnnf::counting::features::test::card_multi_queries::{closure#0} as core[a373ad73a504971]::ops::function::FnOnce<()>>::call_once
[INFO] [stdout]   13:     0x61c26e8a467b - test[aada8e7e76ba119b]::__rust_begin_short_backtrace::<core[a373ad73a504971]::result::Result<(), alloc[2e1b2a31b91974c5]::string::String>, fn() -> core[a373ad73a504971]::result::Result<(), alloc[2e1b2a31b91974c5]::string::String>>
[INFO] [stdout]   14:     0x61c26e8b1855 - test[aada8e7e76ba119b]::run_test::{closure#0}
[INFO] [stdout]   15:     0x61c26e8ab144 - std[617be2ca0a6fd877]::sys::backtrace::__rust_begin_short_backtrace::<test[aada8e7e76ba119b]::run_test::{closure#1}, ()>
[INFO] [stdout]   16:     0x61c26e8b48e2 - <std[617be2ca0a6fd877]::thread::lifecycle::spawn_unchecked<test[aada8e7e76ba119b]::run_test::{closure#1}, ()>::{closure#1} as core[a373ad73a504971]::ops::function::FnOnce<()>>::call_once::{shim:vtable#0}
[INFO] [stdout]   17:     0x61c26e9f05bf - <std[617be2ca0a6fd877]::sys::thread::unix::Thread>::new::thread_start
[INFO] [stdout]   18:     0x7a12449cfdfa - <unknown>
[INFO] [stdout]   19:     0x7a1244a633d4 - clone
[INFO] [stdout]   20:                0x0 - <unknown>
[INFO] [stdout] 
[INFO] [stdout] ---- ddnnf::counting::features::test::test_card_of_features_pd stdout ----
[INFO] [stdout] 
[INFO] [stdout] thread 'ddnnf::counting::features::test::test_card_of_features_pd' (1129) panicked at src/ddnnf/counting/features.rs:110:49:
[INFO] [stdout] called `Result::unwrap()` on an `Err` value: Error(Io(Os { code: 30, kind: ReadOnlyFilesystem, message: "Read-only file system" }))
[INFO] [stdout] stack backtrace:
[INFO] [stdout]    0:     0x61c26e9f0d91 - <<std[617be2ca0a6fd877]::sys::backtrace::BacktraceLock>::print::DisplayBacktrace as core[a373ad73a504971]::fmt::Display>::fmt
[INFO] [stdout]    1:     0x61c26ea074ba - core[a373ad73a504971]::fmt::write
[INFO] [stdout]    2:     0x61c26e9f505c - <alloc[2e1b2a31b91974c5]::vec::Vec<u8> as core[a373ad73a504971]::io::write::Write>::write_fmt
[INFO] [stdout]    3:     0x61c26e9ccea6 - std[617be2ca0a6fd877]::panicking::default_hook::{closure#0}
[INFO] [stdout]    4:     0x61c26e9e9149 - std[617be2ca0a6fd877]::panicking::default_hook
[INFO] [stdout]    5:     0x61c26e8b1230 - test[aada8e7e76ba119b]::test_main_inner::{closure#0}
[INFO] [stdout]    6:     0x61c26e9e9302 - std[617be2ca0a6fd877]::panicking::panic_with_hook
[INFO] [stdout]    7:     0x61c26e9ccf52 - std[617be2ca0a6fd877]::panicking::panic_handler::{closure#0}
[INFO] [stdout]    8:     0x61c26e9c5b89 - std[617be2ca0a6fd877]::sys::backtrace::__rust_end_short_backtrace::<std[617be2ca0a6fd877]::panicking::panic_handler::{closure#0}, !>
[INFO] [stdout]    9:     0x61c26e9cdb5d - __rustc[ea4f61d10b84890b]::rust_begin_unwind
[INFO] [stdout]   10:     0x61c26ea07c9c - core[a373ad73a504971]::panicking::panic_fmt
[INFO] [stdout]   11:     0x61c26ea07a72 - core[a373ad73a504971]::result::unwrap_failed
[INFO] [stdout]   12:     0x61c26e89734c - <ddnnife[c685a8663f74f64b]::ddnnf::counting::features::test::test_card_of_features_pd::{closure#0} as core[a373ad73a504971]::ops::function::FnOnce<()>>::call_once
[INFO] [stdout]   13:     0x61c26e8a467b - test[aada8e7e76ba119b]::__rust_begin_short_backtrace::<core[a373ad73a504971]::result::Result<(), alloc[2e1b2a31b91974c5]::string::String>, fn() -> core[a373ad73a504971]::result::Result<(), alloc[2e1b2a31b91974c5]::string::String>>
[INFO] [stdout]   14:     0x61c26e8b1855 - test[aada8e7e76ba119b]::run_test::{closure#0}
[INFO] [stdout]   15:     0x61c26e8ab144 - std[617be2ca0a6fd877]::sys::backtrace::__rust_begin_short_backtrace::<test[aada8e7e76ba119b]::run_test::{closure#1}, ()>
[INFO] [stdout]   16:     0x61c26e8b48e2 - <std[617be2ca0a6fd877]::thread::lifecycle::spawn_unchecked<test[aada8e7e76ba119b]::run_test::{closure#1}, ()>::{closure#1} as core[a373ad73a504971]::ops::function::FnOnce<()>>::call_once::{shim:vtable#0}
[INFO] [stdout]   17:     0x61c26e9f05bf - <std[617be2ca0a6fd877]::sys::thread::unix::Thread>::new::thread_start
[INFO] [stdout]   18:     0x7a12449cfdfa - <unknown>
[INFO] [stdout]   19:     0x7a1244a633d4 - clone
[INFO] [stdout]   20:                0x0 - <unknown>
[INFO] [stdout] 
[INFO] [stdout] ---- ddnnf::multiple_queries::test::card_multi_queries stdout ----
[INFO] [stdout] 
[INFO] [stdout] thread 'ddnnf::multiple_queries::test::card_multi_queries' (1139) panicked at src/ddnnf/multiple_queries.rs:166:65:
[INFO] [stdout] Unable to create file: Os { code: 30, kind: ReadOnlyFilesystem, message: "Read-only file system" }
[INFO] [stdout] stack backtrace:
[INFO] [stdout]    0:     0x61c26e9f0d91 - <<std[617be2ca0a6fd877]::sys::backtrace::BacktraceLock>::print::DisplayBacktrace as core[a373ad73a504971]::fmt::Display>::fmt
[INFO] [stdout]    1:     0x61c26ea074ba - core[a373ad73a504971]::fmt::write
[INFO] [stdout]    2:     0x61c26e9f505c - <alloc[2e1b2a31b91974c5]::vec::Vec<u8> as core[a373ad73a504971]::io::write::Write>::write_fmt
[INFO] [stdout]    3:     0x61c26e9ccea6 - std[617be2ca0a6fd877]::panicking::default_hook::{closure#0}
[INFO] [stdout]    4:     0x61c26e9e9149 - std[617be2ca0a6fd877]::panicking::default_hook
[INFO] [stdout]    5:     0x61c26e8b1230 - test[aada8e7e76ba119b]::test_main_inner::{closure#0}
[INFO] [stdout]    6:     0x61c26e9e9302 - std[617be2ca0a6fd877]::panicking::panic_with_hook
[INFO] [stdout]    7:     0x61c26e9ccf52 - std[617be2ca0a6fd877]::panicking::panic_handler::{closure#0}
[INFO] [stdout]    8:     0x61c26e9c5b89 - std[617be2ca0a6fd877]::sys::backtrace::__rust_end_short_backtrace::<std[617be2ca0a6fd877]::panicking::panic_handler::{closure#0}, !>
[INFO] [stdout]    9:     0x61c26e9cdb5d - __rustc[ea4f61d10b84890b]::rust_begin_unwind
[INFO] [stdout]   10:     0x61c26ea07c9c - core[a373ad73a504971]::panicking::panic_fmt
[INFO] [stdout]   11:     0x61c26ea07a72 - core[a373ad73a504971]::result::unwrap_failed
[INFO] [stdout]   12:     0x61c26e83805d - <ddnnife[c685a8663f74f64b]::ddnnf::multiple_queries::test::card_multi_queries::{closure#0} as core[a373ad73a504971]::ops::function::FnOnce<()>>::call_once
[INFO] [stdout]   13:     0x61c26e8a467b - test[aada8e7e76ba119b]::__rust_begin_short_backtrace::<core[a373ad73a504971]::result::Result<(), alloc[2e1b2a31b91974c5]::string::String>, fn() -> core[a373ad73a504971]::result::Result<(), alloc[2e1b2a31b91974c5]::string::String>>
[INFO] [stdout]   14:     0x61c26e8b1855 - test[aada8e7e76ba119b]::run_test::{closure#0}
[INFO] [stdout]   15:     0x61c26e8ab144 - std[617be2ca0a6fd877]::sys::backtrace::__rust_begin_short_backtrace::<test[aada8e7e76ba119b]::run_test::{closure#1}, ()>
[INFO] [stdout]   16:     0x61c26e8b48e2 - <std[617be2ca0a6fd877]::thread::lifecycle::spawn_unchecked<test[aada8e7e76ba119b]::run_test::{closure#1}, ()>::{closure#1} as core[a373ad73a504971]::ops::function::FnOnce<()>>::call_once::{shim:vtable#0}
[INFO] [stdout]   17:     0x61c26e9f05bf - <std[617be2ca0a6fd877]::sys::thread::unix::Thread>::new::thread_start
[INFO] [stdout]   18:     0x7a12449cfdfa - <unknown>
[INFO] [stdout]   19:     0x7a1244a633d4 - clone
[INFO] [stdout]   20:                0x0 - <unknown>
[INFO] [stdout] 
[INFO] [stdout] ---- ddnnf::multiple_queries::test::sat_multi_queries stdout ----
[INFO] [stdout] 
[INFO] [stdout] thread 'ddnnf::multiple_queries::test::sat_multi_queries' (1140) panicked at src/ddnnf/multiple_queries.rs:213:65:
[INFO] [stdout] Unable to create file: Os { code: 30, kind: ReadOnlyFilesystem, message: "Read-only file system" }
[INFO] [stdout] stack backtrace:
[INFO] [stdout]    0:     0x61c26e9f0d91 - <<std[617be2ca0a6fd877]::sys::backtrace::BacktraceLock>::print::DisplayBacktrace as core[a373ad73a504971]::fmt::Display>::fmt
[INFO] [stdout]    1:     0x61c26ea074ba - core[a373ad73a504971]::fmt::write
[INFO] [stdout]    2:     0x61c26e9f505c - <alloc[2e1b2a31b91974c5]::vec::Vec<u8> as core[a373ad73a504971]::io::write::Write>::write_fmt
[INFO] [stdout]    3:     0x61c26e9ccea6 - std[617be2ca0a6fd877]::panicking::default_hook::{closure#0}
[INFO] [stdout]    4:     0x61c26e9e9149 - std[617be2ca0a6fd877]::panicking::default_hook
[INFO] [stdout]    5:     0x61c26e8b1230 - test[aada8e7e76ba119b]::test_main_inner::{closure#0}
[INFO] [stdout]    6:     0x61c26e9e9302 - std[617be2ca0a6fd877]::panicking::panic_with_hook
[INFO] [stdout]    7:     0x61c26e9ccf52 - std[617be2ca0a6fd877]::panicking::panic_handler::{closure#0}
[INFO] [stdout]    8:     0x61c26e9c5b89 - std[617be2ca0a6fd877]::sys::backtrace::__rust_end_short_backtrace::<std[617be2ca0a6fd877]::panicking::panic_handler::{closure#0}, !>
[INFO] [stdout]    9:     0x61c26e9cdb5d - __rustc[ea4f61d10b84890b]::rust_begin_unwind
[INFO] [stdout]   10:     0x61c26ea07c9c - core[a373ad73a504971]::panicking::panic_fmt
[INFO] [stdout]   11:     0x61c26ea07a72 - core[a373ad73a504971]::result::unwrap_failed
[INFO] [stdout]   12:     0x61c26e837a31 - <ddnnife[c685a8663f74f64b]::ddnnf::multiple_queries::test::sat_multi_queries::{closure#0} as core[a373ad73a504971]::ops::function::FnOnce<()>>::call_once
[INFO] [stdout]   13:     0x61c26e8a467b - test[aada8e7e76ba119b]::__rust_begin_short_backtrace::<core[a373ad73a504971]::result::Result<(), alloc[2e1b2a31b91974c5]::string::String>, fn() -> core[a373ad73a504971]::result::Result<(), alloc[2e1b2a31b91974c5]::string::String>>
[INFO] [stdout]   14:     0x61c26e8b1855 - test[aada8e7e76ba119b]::run_test::{closure#0}
[INFO] [stdout]   15:     0x61c26e8ab144 - std[617be2ca0a6fd877]::sys::backtrace::__rust_begin_short_backtrace::<test[aada8e7e76ba119b]::run_test::{closure#1}, ()>
[INFO] [stdout]   16:     0x61c26e8b48e2 - <std[617be2ca0a6fd877]::thread::lifecycle::spawn_unchecked<test[aada8e7e76ba119b]::run_test::{closure#1}, ()>::{closure#1} as core[a373ad73a504971]::ops::function::FnOnce<()>>::call_once::{shim:vtable#0}
[INFO] [stdout]   17:     0x61c26e9f05bf - <std[617be2ca0a6fd877]::sys::thread::unix::Thread>::new::thread_start
[INFO] [stdout]   18:     0x7a12449cfdfa - <unknown>
[INFO] [stdout]   19:     0x7a1244a633d4 - clone
[INFO] [stdout]   20:                0x0 - <unknown>
[INFO] [stdout] 
[INFO] [stdout] ---- ddnnf::multiple_queries::test::test_equality_single_and_multi stdout ----
[INFO] [stdout] 
[INFO] [stdout] thread 'ddnnf::multiple_queries::test::test_equality_single_and_multi' (1141) panicked at src/ddnnf/multiple_queries.rs:251:66:
[INFO] [stdout] Unable to create file: Os { code: 30, kind: ReadOnlyFilesystem, message: "Read-only file system" }
[INFO] [stdout] stack backtrace:
[INFO] [stdout]    0:     0x61c26e9f0d91 - <<std[617be2ca0a6fd877]::sys::backtrace::BacktraceLock>::print::DisplayBacktrace as core[a373ad73a504971]::fmt::Display>::fmt
[INFO] [stdout]    1:     0x61c26ea074ba - core[a373ad73a504971]::fmt::write
[INFO] [stdout]    2:     0x61c26e9f505c - <alloc[2e1b2a31b91974c5]::vec::Vec<u8> as core[a373ad73a504971]::io::write::Write>::write_fmt
[INFO] [stdout]    3:     0x61c26e9ccea6 - std[617be2ca0a6fd877]::panicking::default_hook::{closure#0}
[INFO] [stdout]    4:     0x61c26e9e9149 - std[617be2ca0a6fd877]::panicking::default_hook
[INFO] [stdout]    5:     0x61c26e8b1230 - test[aada8e7e76ba119b]::test_main_inner::{closure#0}
[INFO] [stdout]    6:     0x61c26e9e9302 - std[617be2ca0a6fd877]::panicking::panic_with_hook
[INFO] [stdout]    7:     0x61c26e9ccf52 - std[617be2ca0a6fd877]::panicking::panic_handler::{closure#0}
[INFO] [stdout]    8:     0x61c26e9c5b89 - std[617be2ca0a6fd877]::sys::backtrace::__rust_end_short_backtrace::<std[617be2ca0a6fd877]::panicking::panic_handler::{closure#0}, !>
[INFO] [stdout]    9:     0x61c26e9cdb5d - __rustc[ea4f61d10b84890b]::rust_begin_unwind
[INFO] [stdout]   10:     0x61c26ea07c9c - core[a373ad73a504971]::panicking::panic_fmt
[INFO] [stdout]   11:     0x61c26ea07a72 - core[a373ad73a504971]::result::unwrap_failed
[INFO] [stdout]   12:     0x61c26e838857 - <ddnnife[c685a8663f74f64b]::ddnnf::multiple_queries::test::test_equality_single_and_multi::{closure#0} as core[a373ad73a504971]::ops::function::FnOnce<()>>::call_once
[INFO] [stdout]   13:     0x61c26e8a467b - test[aada8e7e76ba119b]::__rust_begin_short_backtrace::<core[a373ad73a504971]::result::Result<(), alloc[2e1b2a31b91974c5]::string::String>, fn() -> core[a373ad73a504971]::result::Result<(), alloc[2e1b2a31b91974c5]::string::String>>
[INFO] [stdout]   14:     0x61c26e8b1855 - test[aada8e7e76ba119b]::run_test::{closure#0}
[INFO] [stdout]   15:     0x61c26e8ab144 - std[617be2ca0a6fd877]::sys::backtrace::__rust_begin_short_backtrace::<test[aada8e7e76ba119b]::run_test::{closure#1}, ()>
[INFO] [stdout]   16:     0x61c26e8b48e2 - <std[617be2ca0a6fd877]::thread::lifecycle::spawn_unchecked<test[aada8e7e76ba119b]::run_test::{closure#1}, ()>::{closure#1} as core[a373ad73a504971]::ops::function::FnOnce<()>>::call_once::{shim:vtable#0}
[INFO] [stdout]   17:     0x61c26e9f05bf - <std[617be2ca0a6fd877]::sys::thread::unix::Thread>::new::thread_start
[INFO] [stdout]   18:     0x7a12449cfdfa - <unknown>
[INFO] [stdout]   19:     0x7a1244a633d4 - clone
[INFO] [stdout]   20:                0x0 - <unknown>
[INFO] [stdout] 
[INFO] [stdout] 
[INFO] [stdout] failures:
[INFO] [stdout]     ddnnf::counting::features::test::card_multi_queries
[INFO] [stdout]     ddnnf::counting::features::test::test_card_of_features_pd
[INFO] [stdout]     ddnnf::multiple_queries::test::card_multi_queries
[INFO] [stdout]     ddnnf::multiple_queries::test::sat_multi_queries
[INFO] [stdout]     ddnnf::multiple_queries::test::test_equality_single_and_multi
[INFO] [stdout] 
[INFO] [stdout] test result: FAILED. 42 passed; 5 failed; 0 ignored; 0 measured; 0 filtered out; finished in 25.49s
[INFO] [stdout] 
[INFO] [stderr] error: test failed, to rerun pass `--lib`
[INFO] running `Command { std: "docker" "inspect" "c7425a2f356edbf4dbdad6a0a5b3542cc436ca27ce27c88ca543bc3a8521408f", kill_on_drop: false }`
[INFO] running `Command { std: "docker" "rm" "-f" "c7425a2f356edbf4dbdad6a0a5b3542cc436ca27ce27c88ca543bc3a8521408f", kill_on_drop: false }`
[INFO] [stdout] c7425a2f356edbf4dbdad6a0a5b3542cc436ca27ce27c88ca543bc3a8521408f
