[INFO] fetching crate ddnet-accounts 0.3.0...
[INFO] testing ddnet-accounts-0.3.0 against 1.100.0-beta.1+cargoflags=--release for beta-release-1.100-2
[INFO] extracting crate ddnet-accounts 0.3.0 into /workspace/builds/worker-2-tc2/source
[INFO] started tweaking crates.io crate ddnet-accounts 0.3.0
[INFO] finished tweaking crates.io crate ddnet-accounts 0.3.0
[INFO] tweaked toml for crates.io crate ddnet-accounts 0.3.0 written to /workspace/builds/worker-2-tc2/source/Cargo.toml
[INFO] validating manifest of crates.io crate ddnet-accounts 0.3.0 on toolchain 1.100.0-beta.1
[INFO] running `Command { std: CARGO_HOME="/workspace/cargo-home" RUSTUP_HOME="/workspace/rustup-home" "/workspace/cargo-home/bin/cargo" "+1.100.0-beta.1" "metadata" "--manifest-path" "Cargo.toml" "--no-deps", kill_on_drop: false }`
[INFO] crate crates.io crate ddnet-accounts 0.3.0 already has a lockfile, it will not be regenerated
[INFO] running `Command { std: CARGO_HOME="/workspace/cargo-home" RUSTUP_HOME="/workspace/rustup-home" "/workspace/cargo-home/bin/cargo" "+1.100.0-beta.1" "fetch" "--manifest-path" "Cargo.toml", kill_on_drop: false }`
[INFO] running `Command { std: "docker" "create" "-v" "/var/lib/crater-agent-workspace/builds/worker-2-tc2/source:/opt/rustwide/workdir:ro,Z" "-v" "/var/lib/crater-agent-workspace/builds/worker-2-tc2/target:/opt/rustwide/target:rw,Z" "-v" "/var/lib/crater-agent-workspace/cargo-home:/opt/rustwide/cargo-home:ro,Z" "-v" "/var/lib/crater-agent-workspace/rustup-home:/opt/rustwide/rustup-home:ro,Z" "-m" "1610612736" "--network" "none" "ghcr.io/rust-lang/crates-build-env/linux@sha256:77db811e55d90add9212f6832c23229e3de5f1c1f9905e8cb07319ea15df73ac" "sleep" "infinity", kill_on_drop: false }`
[INFO] [stdout] 4e34e83695717fb81d645ad44add212a1882352355b1cb700f1f24dc7d7b4e29
[INFO] running `Command { std: "docker" "start" "4e34e83695717fb81d645ad44add212a1882352355b1cb700f1f24dc7d7b4e29", kill_on_drop: false }`
[INFO] running `Command { std: "docker" "inspect" "4e34e83695717fb81d645ad44add212a1882352355b1cb700f1f24dc7d7b4e29", kill_on_drop: false }`
[INFO] running `Command { std: "docker" "exec" "-e" "SOURCE_DIR=/opt/rustwide/workdir" "-e" "CARGO_HOME=/opt/rustwide/cargo-home" "-e" "RUSTUP_HOME=/opt/rustwide/rustup-home" "-e" "CARGO_TARGET_DIR=/opt/rustwide/target" "-w" "/opt/rustwide/workdir" "--user" "0:0" "4e34e83695717fb81d645ad44add212a1882352355b1cb700f1f24dc7d7b4e29" "/opt/rustwide/cargo-home/bin/cargo" "+1.100.0-beta.1" "metadata" "--no-deps" "--format-version=1", kill_on_drop: false }`
[INFO] running `Command { std: "docker" "inspect" "4e34e83695717fb81d645ad44add212a1882352355b1cb700f1f24dc7d7b4e29", kill_on_drop: false }`
[INFO] running `Command { std: "docker" "exec" "-e" "SOURCE_DIR=/opt/rustwide/workdir" "-e" "CARGO_HOME=/opt/rustwide/cargo-home" "-e" "RUSTUP_HOME=/opt/rustwide/rustup-home" "-e" "CARGO_TARGET_DIR=/opt/rustwide/target" "-e" "CARGO_INCREMENTAL=0" "-e" "RUST_BACKTRACE=full" "-e" "RUSTFLAGS=--cap-lints=warn" "-e" "RUSTDOCFLAGS=--cap-lints=warn" "-w" "/opt/rustwide/workdir" "--user" "0:0" "4e34e83695717fb81d645ad44add212a1882352355b1cb700f1f24dc7d7b4e29" "/opt/rustwide/cargo-home/bin/cargo" "+1.100.0-beta.1" "build" "--frozen" "--message-format=json" "--release", kill_on_drop: false }`
[INFO] [stderr]    Compiling shlex v2.0.1
[INFO] [stderr]    Compiling libc v0.2.186
[INFO] [stderr]    Compiling typenum v1.20.1
[INFO] [stderr]    Compiling serde_core v1.0.228
[INFO] [stderr]    Compiling syn v2.0.117
[INFO] [stderr]    Compiling log v0.4.30
[INFO] [stderr]    Compiling getrandom v0.2.17
[INFO] [stderr]    Compiling serde v1.0.228
[INFO] [stderr]    Compiling const-oid v0.9.6
[INFO] [stderr]    Compiling icu_normalizer_data v2.2.0
[INFO] [stderr]    Compiling icu_properties_data v2.2.0
[INFO] [stderr]    Compiling mio v1.2.1
[INFO] [stderr]    Compiling socket2 v0.6.4
[INFO] [stderr]    Compiling stable_deref_trait v1.2.1
[INFO] [stderr]    Compiling hashbrown v0.17.1
[INFO] [stderr]    Compiling generic-array v0.14.9
[INFO] [stderr]    Compiling jobserver v0.1.34
[INFO] [stderr]    Compiling fs_extra v1.3.0
[INFO] [stderr]    Compiling dunce v1.0.5
[INFO] [stderr]    Compiling num-traits v0.2.19
[INFO] [stderr]    Compiling rand_core v0.6.4
[INFO] [stderr]    Compiling cc v1.2.63
[INFO] [stderr]    Compiling writeable v0.6.3
[INFO] [stderr]    Compiling litemap v0.8.2
[INFO] [stderr]    Compiling serde_json v1.0.150
[INFO] [stderr]    Compiling rustls-pki-types v1.14.1
[INFO] [stderr]    Compiling block-buffer v0.10.4
[INFO] [stderr]    Compiling crypto-common v0.1.6
[INFO] [stderr]    Compiling http v1.4.1
[INFO] [stderr]    Compiling digest v0.10.7
[INFO] [stderr]    Compiling indexmap v2.14.0
[INFO] [stderr]    Compiling smallvec v1.15.1
[INFO] [stderr]    Compiling sha2 v0.10.9
[INFO] [stderr]    Compiling aws-lc-rs v1.17.0
[INFO] [stderr]    Compiling cmake v0.1.58
[INFO] [stderr]    Compiling utf8_iter v1.0.4
[INFO] [stderr]    Compiling flagset v0.4.7
[INFO] [stderr]    Compiling pin-project-lite v0.2.17
[INFO] [stderr]    Compiling crossbeam-utils v0.8.21
[INFO] [stderr]    Compiling http-body v1.0.1
[INFO] [stderr]    Compiling hybrid-array v0.4.12
[INFO] [stderr]    Compiling ring v0.17.14
[INFO] [stderr]    Compiling bitflags v2.11.1
[INFO] [stderr]    Compiling aws-lc-sys v0.41.0
[INFO] [stderr]    Compiling zeroize v1.8.2
[INFO] [stderr]    Compiling rustls v0.23.40
[INFO] [stderr]    Compiling parking_lot_core v0.9.12
[INFO] [stderr]    Compiling once_cell v1.21.4
[INFO] [stderr]    Compiling untrusted v0.9.0
[INFO] [stderr]    Compiling scopeguard v1.2.0
[INFO] [stderr]    Compiling futures-core v0.3.32
[INFO] [stderr]    Compiling httpdate v1.0.3
[INFO] [stderr]    Compiling lock_api v0.4.14
[INFO] [stderr]    Compiling synstructure v0.13.2
[INFO] [stderr]    Compiling crypto-common v0.2.2
[INFO] [stderr]    Compiling block-buffer v0.12.0
[INFO] [stderr]    Compiling percent-encoding v2.3.2
[INFO] [stderr]    Compiling vcpkg v0.2.15
[INFO] [stderr]    Compiling thiserror v2.0.18
[INFO] [stderr]    Compiling bytes v1.11.1
[INFO] [stderr]    Compiling ipnet v2.12.0
[INFO] [stderr]    Compiling pkg-config v0.3.33
[INFO] [stderr]    Compiling allocator-api2 v0.2.21
[INFO] [stderr]    Compiling zerofrom-derive v0.1.7
[INFO] [stderr]    Compiling yoke-derive v0.8.2
[INFO] [stderr]    Compiling zerovec-derive v0.11.3
[INFO] [stderr]    Compiling displaydoc v0.2.6
[INFO] [stderr]    Compiling serde_derive v1.0.228
[INFO] [stderr]    Compiling tracing-attributes v0.1.31
[INFO] [stderr]    Compiling tokio-macros v2.7.0
[INFO] [stderr]    Compiling futures-macro v0.3.32
[INFO] [stderr]    Compiling der_derive v0.7.3
[INFO] [stderr]    Compiling zerofrom v0.1.8
[INFO] [stderr]    Compiling yoke v0.8.2
[INFO] [stderr]    Compiling tokio v1.52.3
[INFO] [stderr]    Compiling zerovec v0.11.6
[INFO] [stderr]    Compiling futures-util v0.3.32
[INFO] [stderr]    Compiling tracing v0.1.44
[INFO] [stderr]    Compiling tinystr v0.8.3
[INFO] [stderr]    Compiling potential_utf v0.1.5
[INFO] [stderr]    Compiling icu_locale_core v2.2.0
[INFO] [stderr]    Compiling zerotrie v0.2.4
[INFO] [stderr]    Compiling icu_collections v2.2.0
[INFO] [stderr]    Compiling icu_provider v2.2.0
[INFO] [stderr]    Compiling thiserror-impl v2.0.18
[INFO] [stderr]    Compiling icu_properties v2.2.0
[INFO] [stderr]    Compiling icu_normalizer v2.2.0
[INFO] [stderr]    Compiling der v0.7.10
[INFO] [stderr]    Compiling idna_adapter v1.2.2
[INFO] [stderr]    Compiling idna v1.1.0
[INFO] [stderr]    Compiling url v2.5.8
[INFO] [stderr]    Compiling tokio-util v0.7.18
[INFO] [stderr]    Compiling spki v0.7.3
[INFO] [stderr]    Compiling h2 v0.4.14
[INFO] [stderr]    Compiling pkcs8 v0.10.2
[INFO] [stderr]    Compiling memchr v2.8.1
[INFO] [stderr]    Compiling foldhash v0.2.0
[INFO] [stderr]    Compiling hashbrown v0.16.1
[INFO] [stderr]    Compiling rustls-webpki v0.103.13
[INFO] [stderr]    Compiling openssl-sys v0.9.116
[INFO] [stderr]    Compiling form_urlencoded v1.2.2
[INFO] [stderr]    Compiling digest v0.11.3
[INFO] [stderr]    Compiling parking_lot v0.12.5
[INFO] [stderr]    Compiling concurrent-queue v2.5.0
[INFO] [stderr]    Compiling tracing-core v0.1.36
[INFO] [stderr]    Compiling sync_wrapper v1.0.2
[INFO] [stderr]    Compiling futures-sink v0.3.32
[INFO] [stderr]    Compiling subtle v2.6.1
[INFO] [stderr]    Compiling cpufeatures v0.2.17
[INFO] [stderr]    Compiling cpufeatures v0.3.0
[INFO] [stderr]    Compiling parking v2.2.1
[INFO] [stderr]    Compiling futures-task v0.3.32
[INFO] [stderr]    Compiling futures-io v0.3.32
[INFO] [stderr]    Compiling slab v0.4.12
[INFO] [stderr]    Compiling getrandom v0.3.4
[INFO] [stderr]    Compiling itoa v1.0.18
[INFO] [stderr]    Compiling crc-catalog v2.5.0
[INFO] [stderr]    Compiling zerocopy v0.8.50
[INFO] [stderr]    Compiling iana-time-zone v0.1.65
[INFO] [stderr]    Compiling chrono v0.4.44
[INFO] [stderr]    Compiling crc v3.4.0
[INFO] [stderr]    Compiling event-listener v5.4.1
[INFO] [stderr]    Compiling futures-intrusive v0.5.0
[INFO] [stderr]    Compiling tokio-stream v0.1.18
[INFO] [stderr]    Compiling hyper v1.10.1
[INFO] [stderr]    Compiling either v1.16.0
[INFO] [stderr]    Compiling hashlink v0.11.0
[INFO] [stderr]    Compiling crossbeam-queue v0.3.12
[INFO] [stderr]    Compiling webpki-roots v1.0.7
[INFO] [stderr]    Compiling signature v2.2.0
[INFO] [stderr]    Compiling ff v0.13.1
[INFO] [stderr]    Compiling semver v1.0.28
[INFO] [stderr]    Compiling mime v0.3.17
[INFO] [stderr]    Compiling base64 v0.22.1
[INFO] [stderr]    Compiling sec1 v0.7.3
[INFO] [stderr]    Compiling rustc_version v0.4.1
[INFO] [stderr]    Compiling group v0.13.0
[INFO] [stderr]    Compiling hyper-util v0.1.20
[INFO] [stderr]    Compiling tower v0.5.3
[INFO] [stderr]    Compiling sqlx-core v0.9.0
[INFO] [stderr]    Compiling sha2 v0.11.0
[INFO] [stderr]    Compiling sha1 v0.11.0
[INFO] [stderr]    Compiling http-body-util v0.1.3
[INFO] [stderr]    Compiling crypto-bigint v0.5.5
[INFO] [stderr]    Compiling byteorder v1.5.0
[INFO] [stderr]    Compiling dotenvy v0.15.7
[INFO] [stderr]    Compiling deranged v0.5.8
[INFO] [stderr]    Compiling anstyle-parse v1.0.0
[INFO] [stderr]    Compiling rand_core v0.9.5
[INFO] [stderr]    Compiling curve25519-dalek v4.1.3
[INFO] [stderr]    Compiling hmac v0.12.1
[INFO] [stderr]    Compiling aho-corasick v1.1.4
[INFO] [stderr]    Compiling colorchoice v1.0.5
[INFO] [stderr]    Compiling hex v0.4.3
[INFO] [stderr]    Compiling openssl v0.10.80
[INFO] [stderr]    Compiling anyhow v1.0.102
[INFO] [stderr]    Compiling num-conv v0.2.2
[INFO] [stderr]    Compiling portable-atomic v1.13.1
[INFO] [stderr]    Compiling elliptic-curve v0.13.8
[INFO] [stderr]    Compiling ppv-lite86 v0.2.21
[INFO] [stderr]    Compiling sqlx-mysql v0.9.0
[INFO] [stderr]    Compiling regex-syntax v0.8.10
[INFO] [stderr]    Compiling foreign-types-shared v0.1.1
[INFO] [stderr]    Compiling foreign-types v0.3.2
[INFO] [stderr]    Compiling time v0.3.47
[INFO] [stderr]    Compiling rand_chacha v0.9.0
[INFO] [stderr]    Compiling anstream v1.0.0
[INFO] [stderr]    Compiling serde_urlencoded v0.7.1
[INFO] [stderr]    Compiling rfc6979 v0.4.0
[INFO] [stderr]    Compiling axum-core v0.5.6
[INFO] [stderr]    Compiling curve25519-dalek-derive v0.1.1
[INFO] [stderr]    Compiling thiserror-impl v1.0.69
[INFO] [stderr]    Compiling regex-automata v0.4.14
[INFO] [stderr]    Compiling sqlx-macros-core v0.9.0
[INFO] [stderr]    Compiling async-trait v0.1.89
[INFO] [stderr]    Compiling openssl-macros v0.1.1
[INFO] [stderr]    Compiling pin-project-internal v1.1.13
[INFO] [stderr]    Compiling raw-cpuid v11.6.0
[INFO] [stderr]    Compiling serde_path_to_error v0.1.20
[INFO] [stderr]    Compiling hashbrown v0.14.5
[INFO] [stderr]    Compiling native-tls v0.2.18
[INFO] [stderr]    Compiling matchit v0.8.4
[INFO] [stderr]    Compiling dashmap v6.2.1
[INFO] [stderr]    Compiling axum v0.8.9
[INFO] [stderr]    Compiling regex v1.12.3
[INFO] [stderr]    Compiling quanta v0.12.6
[INFO] [stderr]    Compiling sqlx-macros v0.9.0
[INFO] [stderr]    Compiling pin-project v1.1.13
[INFO] [stderr]    Compiling thiserror v1.0.69
[INFO] [stderr]    Compiling ecdsa v0.16.9
[INFO] [stderr]    Compiling yasna v0.6.0
[INFO] [stderr]    Compiling rand v0.9.4
[INFO] [stderr]    Compiling primeorder v0.13.6
[INFO] [stderr]    Compiling rustls-native-certs v0.8.3
[INFO] [stderr]    Compiling hyper-timeout v0.5.2
[INFO] [stderr]    Compiling ed25519 v2.2.3
[INFO] [stderr]    Compiling futures-executor v0.3.32
[INFO] [stderr]    Compiling email_address v0.2.9
[INFO] [stderr]    Compiling strum_macros v0.28.0
[INFO] [stderr]    Compiling spinning_top v0.3.0
[INFO] [stderr]    Compiling blake2 v0.10.6
[INFO] [stderr]    Compiling sha1 v0.10.6
[INFO] [stderr]    Compiling password-hash v0.5.0
[INFO] [stderr]    Compiling inotify-sys v0.1.5
[INFO] [stderr]    Compiling futures-timer v3.0.4
[INFO] [stderr]    Compiling nonzero_ext v0.3.0
[INFO] [stderr]    Compiling nonempty v0.7.0
[INFO] [stderr]    Compiling web-time v1.1.0
[INFO] [stderr]    Compiling governor v0.10.4
[INFO] [stderr]    Compiling clap_builder v4.6.0
[INFO] [stderr]    Compiling forwarded-header-value v0.1.1
[INFO] [stderr]    Compiling inotify v0.11.1
[INFO] [stderr]    Compiling strum v0.28.0
[INFO] [stderr]    Compiling rcgen v0.14.8
[INFO] [stderr]    Compiling argon2 v0.5.3
[INFO] [stderr]    Compiling tonic v0.14.6
[INFO] [stderr]    Compiling x509-cert v0.2.5
[INFO] [stderr]    Compiling futures v0.3.32
[INFO] [stderr]    Compiling ed25519-dalek v2.2.0
[INFO] [stderr]    Compiling p256 v0.13.2
[INFO] [stderr]    Compiling generic-array v1.4.3
[INFO] [stderr]    Compiling env_filter v1.0.1
[INFO] [stderr]    Compiling tower-http v0.6.11
[INFO] [stderr]    Compiling clap_derive v4.6.1
[INFO] [stderr]    Compiling notify-types v2.1.0
[INFO] [stderr]    Compiling rand v0.8.6
[INFO] [stderr]    Compiling email-encoding v0.4.1
[INFO] [stderr]    Compiling nom v8.0.0
[INFO] [stderr]    Compiling hostname v0.4.2
[INFO] [stderr]    Compiling encoding_rs v0.8.35
[INFO] [stderr]    Compiling fastrand v2.4.1
[INFO] [stderr]    Compiling jiff v0.2.28
[INFO] [stderr]    Compiling machine-uid v0.6.0
[INFO] [stderr]    Compiling ddnet-accounts-types v0.2.0
[INFO] [stderr]    Compiling quoted_printable v0.5.2
[INFO] [stderr]    Compiling ddnet-accounts-shared v0.3.0
[INFO] [stderr]    Compiling lettre v0.11.22
[INFO] [stderr]    Compiling clap v4.6.1
[INFO] [stderr]    Compiling notify v8.2.0
[INFO] [stderr]    Compiling env_logger v0.11.10
[INFO] [stderr]    Compiling tower_governor v0.8.0
[INFO] [stderr]    Compiling iprange v0.6.7
[INFO] [stderr]    Compiling tokio-rustls v0.26.4
[INFO] [stderr]    Compiling rustls-platform-verifier v0.7.0
[INFO] [stderr]    Compiling hyper-rustls v0.27.9
[INFO] [stderr]    Compiling reqwest v0.13.4
[INFO] [stderr]    Compiling sqlx v0.9.0
[INFO] [stderr]    Compiling ddnet-account-sql v0.4.0
[INFO] [stderr]    Compiling ddnet-accounts v0.3.0 (/opt/rustwide/workdir)
[INFO] [stderr]     Finished `release` profile [optimized] target(s) in 11m 24s
[INFO] running `Command { std: "docker" "inspect" "4e34e83695717fb81d645ad44add212a1882352355b1cb700f1f24dc7d7b4e29", kill_on_drop: false }`
[INFO] running `Command { std: "docker" "exec" "-e" "SOURCE_DIR=/opt/rustwide/workdir" "-e" "CARGO_HOME=/opt/rustwide/cargo-home" "-e" "RUSTUP_HOME=/opt/rustwide/rustup-home" "-e" "CARGO_TARGET_DIR=/opt/rustwide/target" "-e" "CARGO_INCREMENTAL=0" "-e" "RUST_BACKTRACE=full" "-e" "RUSTFLAGS=--cap-lints=warn" "-e" "RUSTDOCFLAGS=--cap-lints=warn" "-w" "/opt/rustwide/workdir" "--user" "0:0" "4e34e83695717fb81d645ad44add212a1882352355b1cb700f1f24dc7d7b4e29" "/opt/rustwide/cargo-home/bin/cargo" "+1.100.0-beta.1" "test" "--frozen" "--no-run" "--message-format=json" "--release", kill_on_drop: false }`
[INFO] [stderr]    Compiling displaydoc v0.2.6
[INFO] [stderr]    Compiling bitflags v2.11.1
[INFO] [stderr]    Compiling num-traits v0.2.19
[INFO] [stderr]    Compiling num-conv v0.2.2
[INFO] [stderr]    Compiling minimal-lexical v0.2.1
[INFO] [stderr]    Compiling asn1-rs-derive v0.6.0
[INFO] [stderr]    Compiling asn1-rs-impl v0.2.0
[INFO] [stderr]    Compiling darling_core v0.23.0
[INFO] [stderr]    Compiling time-macros v0.2.27
[INFO] [stderr]    Compiling nom v7.1.3
[INFO] [stderr]    Compiling oid-registry v0.8.1
[INFO] [stderr]    Compiling getrandom v0.4.2
[INFO] [stderr]    Compiling regex-syntax v0.8.10
[INFO] [stderr]    Compiling data-encoding v2.11.0
[INFO] [stderr]    Compiling tinystr v0.8.3
[INFO] [stderr]    Compiling zerotrie v0.2.4
[INFO] [stderr]    Compiling icu_locale_core v2.2.0
[INFO] [stderr]    Compiling icu_collections v2.2.0
[INFO] [stderr]    Compiling icu_provider v2.2.0
[INFO] [stderr]    Compiling time v0.3.47
[INFO] [stderr]    Compiling icu_properties v2.2.0
[INFO] [stderr]    Compiling icu_normalizer v2.2.0
[INFO] [stderr]    Compiling chrono v0.4.44
[INFO] [stderr]    Compiling rusticata-macros v4.1.0
[INFO] [stderr]    Compiling idna_adapter v1.2.2
[INFO] [stderr]    Compiling idna v1.1.0
[INFO] [stderr]    Compiling num-integer v0.1.46
[INFO] [stderr]    Compiling darling_macro v0.23.0
[INFO] [stderr]    Compiling darling v0.23.0
[INFO] [stderr]    Compiling yasna v0.6.0
[INFO] [stderr]    Compiling url v2.5.8
[INFO] [stderr]    Compiling asn1-rs v0.7.2
[INFO] [stderr]    Compiling rcgen v0.14.8
[INFO] [stderr]    Compiling sqlx-core v0.9.0
[INFO] [stderr]    Compiling num-bigint v0.4.6
[INFO] [stderr]    Compiling ddnet-accounts-shared v0.3.0
[INFO] [stderr]    Compiling rustix v1.1.4
[INFO] [stderr]    Compiling der-parser v10.0.0
[INFO] [stderr]    Compiling sqlx-mysql v0.9.0
[INFO] [stderr]    Compiling x509-parser v0.18.1
[INFO] [stderr]    Compiling serde_with_macros v3.20.0
[INFO] [stderr]    Compiling regex-automata v0.4.14
[INFO] [stderr]    Compiling raw-cpuid v11.6.0
[INFO] [stderr]    Compiling openssl v0.10.80
[INFO] [stderr]    Compiling sqlx-macros-core v0.9.0
[INFO] [stderr]    Compiling ddnet-account-client v0.3.0
[INFO] [stderr]    Compiling sqlx-macros v0.9.0
[INFO] [stderr]    Compiling sqlx v0.9.0
[INFO] [stderr]    Compiling regex v1.12.3
[INFO] [stderr]    Compiling quanta v0.12.6
[INFO] [stderr]    Compiling tempfile v3.27.0
[INFO] [stderr]    Compiling serde_with v3.20.0
[INFO] [stderr]    Compiling tower-http v0.6.11
[INFO] [stderr]    Compiling governor v0.10.4
[INFO] [stderr]    Compiling inotify v0.11.1
[INFO] [stderr]    Compiling reqwest v0.13.4
[INFO] [stderr]    Compiling env_filter v1.0.1
[INFO] [stderr]    Compiling ddnet-account-sql v0.4.0
[INFO] [stderr]    Compiling native-tls v0.2.18
[INFO] [stderr]    Compiling notify-types v2.1.0
[INFO] [stderr]    Compiling env_logger v0.11.10
[INFO] [stderr]    Compiling ddnet-account-client-http-fs v0.4.0
[INFO] [stderr]    Compiling lettre v0.11.22
[INFO] [stderr]    Compiling notify v8.2.0
[INFO] [stderr]    Compiling ddnet-account-client-reqwest v0.4.0
[INFO] [stderr]    Compiling ddnet-account-game-server v0.4.0
[INFO] [stderr]    Compiling tower_governor v0.8.0
[INFO] [stderr]    Compiling ddnet-accounts v0.3.0 (/opt/rustwide/workdir)
[INFO] [stderr]     Finished `release` profile [optimized] target(s) in 5m 14s
[INFO] running `Command { std: "docker" "inspect" "4e34e83695717fb81d645ad44add212a1882352355b1cb700f1f24dc7d7b4e29", kill_on_drop: false }`
[INFO] running `Command { std: "docker" "exec" "-e" "SOURCE_DIR=/opt/rustwide/workdir" "-e" "CARGO_HOME=/opt/rustwide/cargo-home" "-e" "RUSTUP_HOME=/opt/rustwide/rustup-home" "-e" "CARGO_TARGET_DIR=/opt/rustwide/target" "-e" "CARGO_INCREMENTAL=0" "-e" "RUST_BACKTRACE=full" "-e" "RUSTFLAGS=--cap-lints=warn" "-e" "RUSTDOCFLAGS=--cap-lints=warn" "-w" "/opt/rustwide/workdir" "--user" "0:0" "4e34e83695717fb81d645ad44add212a1882352355b1cb700f1f24dc7d7b4e29" "/opt/rustwide/cargo-home/bin/cargo" "+1.100.0-beta.1" "test" "--frozen" "--release", kill_on_drop: false }`
[INFO] [stderr]     Finished `release` profile [optimized] target(s) in 0.87s
[INFO] [stderr]      Running unittests src/main.rs (/opt/rustwide/target/release/build/ddnet-accounts/42e702544e0c54eb/out/account_server-42e702544e0c54eb)
[INFO] [stdout] 
[INFO] [stdout] running 13 tests
[INFO] [stdout] test email::test::email_test ... FAILED
[INFO] [stdout] test steam::test::steam_test ... ok
[INFO] [stdout] test tests::link_credential::link_credential_hardening ... FAILED
[INFO] [stdout] test tests::ip_ban::ip_ban_lists ... FAILED
[INFO] [stdout] test tests::login::login_email_test ... FAILED
[INFO] [stdout] test tests::full::account_full_process ... FAILED
[INFO] [stdout] test tests::credential_auth_token::credential_auth_token_ban_lists ... FAILED
[INFO] [stdout] test tests::game_server::rename::rename_hardening ... FAILED
[INFO] [stdout] test tests::login::login_hardening ... FAILED
[INFO] [stdout] test tests::login::login_rate_limit ... FAILED
[INFO] [stdout] test tests::unlink_credential::unlink_credential_hardening ... FAILED
[INFO] [stdout] test tests::signing_certs::signing_certs ... FAILED
[INFO] [stdout] test tests::multi_url::multi_url_test ... FAILED
[INFO] [stdout] 
[INFO] [stdout] failures:
[INFO] [stdout] 
[INFO] [stdout] ---- email::test::email_test stdout ----
[INFO] [stdout] 
[INFO] [stdout] thread 'email::test::email_test' (7569) panicked at src/email.rs:138:46:
[INFO] [stdout] called `Result::unwrap()` on an `Err` value: lettre::transport::smtp::Error { kind: Connection, source: Os { code: 111, kind: ConnectionRefused, message: "Connection refused" } }
[INFO] [stdout] stack backtrace:
[INFO] [stdout]    0:     0x56dfbca94131 - <<std[617be2ca0a6fd877]::sys::backtrace::BacktraceLock>::print::DisplayBacktrace as core[a373ad73a504971]::fmt::Display>::fmt
[INFO] [stdout]    1:     0x56dfbcaadcca - core[a373ad73a504971]::fmt::write
[INFO] [stdout]    2:     0x56dfbca9999c - <alloc[2e1b2a31b91974c5]::vec::Vec<u8> as core[a373ad73a504971]::io::write::Write>::write_fmt
[INFO] [stdout]    3:     0x56dfbca6b9e6 - std[617be2ca0a6fd877]::panicking::default_hook::{closure#0}
[INFO] [stdout]    4:     0x56dfbca8a0f9 - std[617be2ca0a6fd877]::panicking::default_hook
[INFO] [stdout]    5:     0x56dfbc38a7d0 - test[aada8e7e76ba119b]::test_main_inner::{closure#0}
[INFO] [stdout]    6:     0x56dfbca8a422 - std[617be2ca0a6fd877]::panicking::panic_with_hook
[INFO] [stdout]    7:     0x56dfbca6ba92 - std[617be2ca0a6fd877]::panicking::panic_handler::{closure#0}
[INFO] [stdout]    8:     0x56dfbca63d89 - std[617be2ca0a6fd877]::sys::backtrace::__rust_end_short_backtrace::<std[617be2ca0a6fd877]::panicking::panic_handler::{closure#0}, !>
[INFO] [stdout]    9:     0x56dfbca6ca8d - __rustc[ea4f61d10b84890b]::rust_begin_unwind
[INFO] [stdout]   10:     0x56dfbcaae4ac - core[a373ad73a504971]::panicking::panic_fmt
[INFO] [stdout]   11:     0x56dfbcaae282 - core[a373ad73a504971]::result::unwrap_failed
[INFO] [stdout]   12:     0x56dfbc27f98f - account_server[e1bea61369354f91]::email::test::email_test::{closure#0}
[INFO] [stdout]   13:     0x56dfbc0f0333 - <tokio[1880b54cc9e566a9]::runtime::scheduler::current_thread::Context>::enter::<core[a373ad73a504971]::task::poll::Poll<()>, <tokio[1880b54cc9e566a9]::runtime::scheduler::current_thread::CoreGuard>::block_on<core[a373ad73a504971]::pin::Pin<&mut core[a373ad73a504971]::pin::Pin<&mut dyn core[a373ad73a504971]::future::future::Future<Output = ()>>>>::{closure#0}::{closure#0}>
[INFO] [stdout]   14:     0x56dfbbfa051c - <tokio[1880b54cc9e566a9]::runtime::context::scoped::Scoped<tokio[1880b54cc9e566a9]::runtime::scheduler::Context>>::set::<<tokio[1880b54cc9e566a9]::runtime::scheduler::current_thread::CoreGuard>::enter<<tokio[1880b54cc9e566a9]::runtime::scheduler::current_thread::CoreGuard>::block_on<core[a373ad73a504971]::pin::Pin<&mut core[a373ad73a504971]::pin::Pin<&mut dyn core[a373ad73a504971]::future::future::Future<Output = ()>>>>::{closure#0}, core[a373ad73a504971]::option::Option<()>>::{closure#0}, (alloc[2e1b2a31b91974c5]::boxed::Box<tokio[1880b54cc9e566a9]::runtime::scheduler::current_thread::Core>, core[a373ad73a504971]::option::Option<()>)>
[INFO] [stdout]   15:     0x56dfbc0efe5c - <tokio[1880b54cc9e566a9]::runtime::runtime::Runtime>::block_on::<core[a373ad73a504971]::pin::Pin<&mut dyn core[a373ad73a504971]::future::future::Future<Output = ()>>>
[INFO] [stdout]   16:     0x56dfbc288cfe - <account_server[e1bea61369354f91]::email::test::email_test::{closure#0} as core[a373ad73a504971]::ops::function::FnOnce<()>>::call_once
[INFO] [stdout]   17:     0x56dfbc37dc1b - test[aada8e7e76ba119b]::__rust_begin_short_backtrace::<core[a373ad73a504971]::result::Result<(), alloc[2e1b2a31b91974c5]::string::String>, fn() -> core[a373ad73a504971]::result::Result<(), alloc[2e1b2a31b91974c5]::string::String>>
[INFO] [stdout]   18:     0x56dfbc38adf5 - test[aada8e7e76ba119b]::run_test::{closure#0}
[INFO] [stdout]   19:     0x56dfbc3846e4 - std[617be2ca0a6fd877]::sys::backtrace::__rust_begin_short_backtrace::<test[aada8e7e76ba119b]::run_test::{closure#1}, ()>
[INFO] [stdout]   20:     0x56dfbc38de82 - <std[617be2ca0a6fd877]::thread::lifecycle::spawn_unchecked<test[aada8e7e76ba119b]::run_test::{closure#1}, ()>::{closure#1} as core[a373ad73a504971]::ops::function::FnOnce<()>>::call_once::{shim:vtable#0}
[INFO] [stdout]   21:     0x56dfbca92d8f - <std[617be2ca0a6fd877]::sys::thread::unix::Thread>::new::thread_start
[INFO] [stdout]   22:     0x754c3c162dfa - <unknown>
[INFO] [stdout]   23:     0x754c3c1f63d4 - clone
[INFO] [stdout]   24:                0x0 - <unknown>
[INFO] [stdout] 
[INFO] [stdout] ---- tests::link_credential::link_credential_hardening stdout ----
[INFO] [stdout] 
[INFO] [stdout] thread 'tests::link_credential::link_credential_hardening' (7575) panicked at src/tests/link_credential.rs:292:16:
[INFO] [stdout] called `Result::unwrap()` on an `Err` value: pool timed out while waiting for an open connection
[INFO] [stdout] 
[INFO] [stdout] Stack backtrace:
[INFO] [stdout]    0: <anyhow::Error as core::convert::From<sqlx_core::error::Error>>::from
[INFO] [stdout]    1: <account_server::tests::types::TestAccServer>::new::{closure#0}
[INFO] [stdout]    2: account_server::tests::link_credential::link_credential_hardening::{closure#0}::{closure#0}
[INFO] [stdout]    3: account_server::tests::link_credential::link_credential_hardening::{closure#0}
[INFO] [stdout]    4: <tokio::runtime::scheduler::current_thread::Context>::enter::<core::task::poll::Poll<()>, <tokio::runtime::scheduler::current_thread::CoreGuard>::block_on<core::pin::Pin<&mut core::pin::Pin<&mut dyn core::future::future::Future<Output = ()>>>>::{closure#0}::{closure#0}>
[INFO] [stdout]    5: <tokio::runtime::context::scoped::Scoped<tokio::runtime::scheduler::Context>>::set::<<tokio::runtime::scheduler::current_thread::CoreGuard>::enter<<tokio::runtime::scheduler::current_thread::CoreGuard>::block_on<core::pin::Pin<&mut core::pin::Pin<&mut dyn core::future::future::Future<Output = ()>>>>::{closure#0}, core::option::Option<()>>::{closure#0}, (alloc::boxed::Box<tokio::runtime::scheduler::current_thread::Core>, core::option::Option<()>)>
[INFO] [stdout]    6: <tokio::runtime::runtime::Runtime>::block_on::<core::pin::Pin<&mut dyn core::future::future::Future<Output = ()>>>
[INFO] [stdout]    7: <account_server::tests::link_credential::link_credential_hardening::{closure#0} as core::ops::function::FnOnce<()>>::call_once
[INFO] [stdout]    8: test::__rust_begin_short_backtrace::<core::result::Result<(), alloc::string::String>, fn() -> core::result::Result<(), alloc::string::String>>
[INFO] [stdout]    9: test::run_test::{closure#0}
[INFO] [stdout]   10: std::sys::backtrace::__rust_begin_short_backtrace::<test::run_test::{closure#1}, ()>
[INFO] [stdout]   11: <std::thread::lifecycle::spawn_unchecked<test::run_test::{closure#1}, ()>::{closure#1} as core::ops::function::FnOnce<()>>::call_once::{shim:vtable#0}
[INFO] [stdout]   12: <std::sys::thread::unix::Thread>::new::thread_start
[INFO] [stdout]   13: <unknown>
[INFO] [stdout]   14: clone
[INFO] [stdout] stack backtrace:
[INFO] [stdout]    0:     0x56dfbca94131 - <<std[617be2ca0a6fd877]::sys::backtrace::BacktraceLock>::print::DisplayBacktrace as core[a373ad73a504971]::fmt::Display>::fmt
[INFO] [stdout]    1:     0x56dfbcaadcca - core[a373ad73a504971]::fmt::write
[INFO] [stdout]    2:     0x56dfbca9999c - <alloc[2e1b2a31b91974c5]::vec::Vec<u8> as core[a373ad73a504971]::io::write::Write>::write_fmt
[INFO] [stdout]    3:     0x56dfbca6b9e6 - std[617be2ca0a6fd877]::panicking::default_hook::{closure#0}
[INFO] [stdout]    4:     0x56dfbca8a0f9 - std[617be2ca0a6fd877]::panicking::default_hook
[INFO] [stdout]    5:     0x56dfbc38a7d0 - test[aada8e7e76ba119b]::test_main_inner::{closure#0}
[INFO] [stdout]    6:     0x56dfbca8a422 - std[617be2ca0a6fd877]::panicking::panic_with_hook
[INFO] [stdout]    7:     0x56dfbca6ba92 - std[617be2ca0a6fd877]::panicking::panic_handler::{closure#0}
[INFO] [stdout]    8:     0x56dfbca63d89 - std[617be2ca0a6fd877]::sys::backtrace::__rust_end_short_backtrace::<std[617be2ca0a6fd877]::panicking::panic_handler::{closure#0}, !>
[INFO] [stdout]    9:     0x56dfbca6ca8d - __rustc[ea4f61d10b84890b]::rust_begin_unwind
[INFO] [stdout]   10:     0x56dfbcaae4ac - core[a373ad73a504971]::panicking::panic_fmt
[INFO] [stdout]   11:     0x56dfbcaae282 - core[a373ad73a504971]::result::unwrap_failed
[INFO] [stdout]   12:     0x56dfbc2466c0 - account_server[e1bea61369354f91]::tests::link_credential::link_credential_hardening::{closure#0}
[INFO] [stdout]   13:     0x56dfbc0f0333 - <tokio[1880b54cc9e566a9]::runtime::scheduler::current_thread::Context>::enter::<core[a373ad73a504971]::task::poll::Poll<()>, <tokio[1880b54cc9e566a9]::runtime::scheduler::current_thread::CoreGuard>::block_on<core[a373ad73a504971]::pin::Pin<&mut core[a373ad73a504971]::pin::Pin<&mut dyn core[a373ad73a504971]::future::future::Future<Output = ()>>>>::{closure#0}::{closure#0}>
[INFO] [stdout]   14:     0x56dfbbfa051c - <tokio[1880b54cc9e566a9]::runtime::context::scoped::Scoped<tokio[1880b54cc9e566a9]::runtime::scheduler::Context>>::set::<<tokio[1880b54cc9e566a9]::runtime::scheduler::current_thread::CoreGuard>::enter<<tokio[1880b54cc9e566a9]::runtime::scheduler::current_thread::CoreGuard>::block_on<core[a373ad73a504971]::pin::Pin<&mut core[a373ad73a504971]::pin::Pin<&mut dyn core[a373ad73a504971]::future::future::Future<Output = ()>>>>::{closure#0}, core[a373ad73a504971]::option::Option<()>>::{closure#0}, (alloc[2e1b2a31b91974c5]::boxed::Box<tokio[1880b54cc9e566a9]::runtime::scheduler::current_thread::Core>, core[a373ad73a504971]::option::Option<()>)>
[INFO] [stdout]   15:     0x56dfbc0efe5c - <tokio[1880b54cc9e566a9]::runtime::runtime::Runtime>::block_on::<core[a373ad73a504971]::pin::Pin<&mut dyn core[a373ad73a504971]::future::future::Future<Output = ()>>>
[INFO] [stdout]   16:     0x56dfbc24a3e8 - <account_server[e1bea61369354f91]::tests::link_credential::link_credential_hardening::{closure#0} as core[a373ad73a504971]::ops::function::FnOnce<()>>::call_once
[INFO] [stdout]   17:     0x56dfbc37dc1b - test[aada8e7e76ba119b]::__rust_begin_short_backtrace::<core[a373ad73a504971]::result::Result<(), alloc[2e1b2a31b91974c5]::string::String>, fn() -> core[a373ad73a504971]::result::Result<(), alloc[2e1b2a31b91974c5]::string::String>>
[INFO] [stdout]   18:     0x56dfbc38adf5 - test[aada8e7e76ba119b]::run_test::{closure#0}
[INFO] [stdout]   19:     0x56dfbc3846e4 - std[617be2ca0a6fd877]::sys::backtrace::__rust_begin_short_backtrace::<test[aada8e7e76ba119b]::run_test::{closure#1}, ()>
[INFO] [stdout]   20:     0x56dfbc38de82 - <std[617be2ca0a6fd877]::thread::lifecycle::spawn_unchecked<test[aada8e7e76ba119b]::run_test::{closure#1}, ()>::{closure#1} as core[a373ad73a504971]::ops::function::FnOnce<()>>::call_once::{shim:vtable#0}
[INFO] [stdout]   21:     0x56dfbca92d8f - <std[617be2ca0a6fd877]::sys::thread::unix::Thread>::new::thread_start
[INFO] [stdout]   22:     0x754c3c162dfa - <unknown>
[INFO] [stdout]   23:     0x754c3c1f63d4 - clone
[INFO] [stdout]   24:                0x0 - <unknown>
[INFO] [stdout] 
[INFO] [stdout] ---- tests::ip_ban::ip_ban_lists stdout ----
[INFO] [stdout] 
[INFO] [stdout] thread 'tests::ip_ban::ip_ban_lists' (7574) panicked at src/tests/ip_ban.rs:73:16:
[INFO] [stdout] called `Result::unwrap()` on an `Err` value: pool timed out while waiting for an open connection
[INFO] [stdout] 
[INFO] [stdout] Stack backtrace:
[INFO] [stdout]    0: <anyhow::Error as core::convert::From<sqlx_core::error::Error>>::from
[INFO] [stdout]    1: <account_server::tests::types::TestAccServer>::new::{closure#0}
[INFO] [stdout]    2: account_server::tests::ip_ban::ip_ban_lists::{closure#0}
[INFO] [stdout]    3: <tokio::runtime::scheduler::current_thread::Context>::enter::<core::task::poll::Poll<()>, <tokio::runtime::scheduler::current_thread::CoreGuard>::block_on<core::pin::Pin<&mut core::pin::Pin<&mut dyn core::future::future::Future<Output = ()>>>>::{closure#0}::{closure#0}>
[INFO] [stdout]    4: <tokio::runtime::context::scoped::Scoped<tokio::runtime::scheduler::Context>>::set::<<tokio::runtime::scheduler::current_thread::CoreGuard>::enter<<tokio::runtime::scheduler::current_thread::CoreGuard>::block_on<core::pin::Pin<&mut core::pin::Pin<&mut dyn core::future::future::Future<Output = ()>>>>::{closure#0}, core::option::Option<()>>::{closure#0}, (alloc::boxed::Box<tokio::runtime::scheduler::current_thread::Core>, core::option::Option<()>)>
[INFO] [stdout]    5: <tokio::runtime::runtime::Runtime>::block_on::<core::pin::Pin<&mut dyn core::future::future::Future<Output = ()>>>
[INFO] [stdout]    6: <account_server::tests::ip_ban::ip_ban_lists::{closure#0} as core::ops::function::FnOnce<()>>::call_once
[INFO] [stdout]    7: test::__rust_begin_short_backtrace::<core::result::Result<(), alloc::string::String>, fn() -> core::result::Result<(), alloc::string::String>>
[INFO] [stdout]    8: test::run_test::{closure#0}
[INFO] [stdout]    9: std::sys::backtrace::__rust_begin_short_backtrace::<test::run_test::{closure#1}, ()>
[INFO] [stdout]   10: <std::thread::lifecycle::spawn_unchecked<test::run_test::{closure#1}, ()>::{closure#1} as core::ops::function::FnOnce<()>>::call_once::{shim:vtable#0}
[INFO] [stdout]   11: <std::sys::thread::unix::Thread>::new::thread_start
[INFO] [stdout]   12: <unknown>
[INFO] [stdout]   13: clone
[INFO] [stdout] stack backtrace:
[INFO] [stdout]    0:     0x56dfbca94131 - <<std[617be2ca0a6fd877]::sys::backtrace::BacktraceLock>::print::DisplayBacktrace as core[a373ad73a504971]::fmt::Display>::fmt
[INFO] [stdout]    1:     0x56dfbcaadcca - core[a373ad73a504971]::fmt::write
[INFO] [stdout]    2:     0x56dfbca9999c - <alloc[2e1b2a31b91974c5]::vec::Vec<u8> as core[a373ad73a504971]::io::write::Write>::write_fmt
[INFO] [stdout]    3:     0x56dfbca6b9e6 - std[617be2ca0a6fd877]::panicking::default_hook::{closure#0}
[INFO] [stdout]    4:     0x56dfbca8a0f9 - std[617be2ca0a6fd877]::panicking::default_hook
[INFO] [stdout]    5:     0x56dfbc38a7d0 - test[aada8e7e76ba119b]::test_main_inner::{closure#0}
[INFO] [stdout]    6:     0x56dfbca8a422 - std[617be2ca0a6fd877]::panicking::panic_with_hook
[INFO] [stdout]    7:     0x56dfbca6ba92 - std[617be2ca0a6fd877]::panicking::panic_handler::{closure#0}
[INFO] [stdout]    8:     0x56dfbca63d89 - std[617be2ca0a6fd877]::sys::backtrace::__rust_end_short_backtrace::<std[617be2ca0a6fd877]::panicking::panic_handler::{closure#0}, !>
[INFO] [stdout]    9:     0x56dfbca6ca8d - __rustc[ea4f61d10b84890b]::rust_begin_unwind
[INFO] [stdout]   10:     0x56dfbcaae4ac - core[a373ad73a504971]::panicking::panic_fmt
[INFO] [stdout]   11:     0x56dfbcaae282 - core[a373ad73a504971]::result::unwrap_failed
[INFO] [stdout]   12:     0x56dfbc2b350b - account_server[e1bea61369354f91]::tests::ip_ban::ip_ban_lists::{closure#0}
[INFO] [stdout]   13:     0x56dfbc0f0333 - <tokio[1880b54cc9e566a9]::runtime::scheduler::current_thread::Context>::enter::<core[a373ad73a504971]::task::poll::Poll<()>, <tokio[1880b54cc9e566a9]::runtime::scheduler::current_thread::CoreGuard>::block_on<core[a373ad73a504971]::pin::Pin<&mut core[a373ad73a504971]::pin::Pin<&mut dyn core[a373ad73a504971]::future::future::Future<Output = ()>>>>::{closure#0}::{closure#0}>
[INFO] [stdout]   14:     0x56dfbbfa051c - <tokio[1880b54cc9e566a9]::runtime::context::scoped::Scoped<tokio[1880b54cc9e566a9]::runtime::scheduler::Context>>::set::<<tokio[1880b54cc9e566a9]::runtime::scheduler::current_thread::CoreGuard>::enter<<tokio[1880b54cc9e566a9]::runtime::scheduler::current_thread::CoreGuard>::block_on<core[a373ad73a504971]::pin::Pin<&mut core[a373ad73a504971]::pin::Pin<&mut dyn core[a373ad73a504971]::future::future::Future<Output = ()>>>>::{closure#0}, core[a373ad73a504971]::option::Option<()>>::{closure#0}, (alloc[2e1b2a31b91974c5]::boxed::Box<tokio[1880b54cc9e566a9]::runtime::scheduler::current_thread::Core>, core[a373ad73a504971]::option::Option<()>)>
[INFO] [stdout]   15:     0x56dfbc0efe5c - <tokio[1880b54cc9e566a9]::runtime::runtime::Runtime>::block_on::<core[a373ad73a504971]::pin::Pin<&mut dyn core[a373ad73a504971]::future::future::Future<Output = ()>>>
[INFO] [stdout]   16:     0x56dfbc2be279 - <account_server[e1bea61369354f91]::tests::ip_ban::ip_ban_lists::{closure#0} as core[a373ad73a504971]::ops::function::FnOnce<()>>::call_once
[INFO] [stdout]   17:     0x56dfbc37dc1b - test[aada8e7e76ba119b]::__rust_begin_short_backtrace::<core[a373ad73a504971]::result::Result<(), alloc[2e1b2a31b91974c5]::string::String>, fn() -> core[a373ad73a504971]::result::Result<(), alloc[2e1b2a31b91974c5]::string::String>>
[INFO] [stdout]   18:     0x56dfbc38adf5 - test[aada8e7e76ba119b]::run_test::{closure#0}
[INFO] [stdout]   19:     0x56dfbc3846e4 - std[617be2ca0a6fd877]::sys::backtrace::__rust_begin_short_backtrace::<test[aada8e7e76ba119b]::run_test::{closure#1}, ()>
[INFO] [stdout]   20:     0x56dfbc38de82 - <std[617be2ca0a6fd877]::thread::lifecycle::spawn_unchecked<test[aada8e7e76ba119b]::run_test::{closure#1}, ()>::{closure#1} as core[a373ad73a504971]::ops::function::FnOnce<()>>::call_once::{shim:vtable#0}
[INFO] [stdout]   21:     0x56dfbca92d8f - <std[617be2ca0a6fd877]::sys::thread::unix::Thread>::new::thread_start
[INFO] [stdout]   22:     0x754c3c162dfa - <unknown>
[INFO] [stdout]   23:     0x754c3c1f63d4 - clone
[INFO] [stdout]   24:                0x0 - <unknown>
[INFO] [stdout] 
[INFO] [stdout] ---- tests::login::login_email_test stdout ----
[INFO] [stdout] 
[INFO] [stdout] thread 'tests::login::login_email_test' (7576) panicked at src/tests/login.rs:193:16:
[INFO] [stdout] called `Result::unwrap()` on an `Err` value: pool timed out while waiting for an open connection
[INFO] [stdout] 
[INFO] [stdout] Stack backtrace:
[INFO] [stdout]    0: <anyhow::Error as core::convert::From<sqlx_core::error::Error>>::from
[INFO] [stdout]    1: <account_server::tests::types::TestAccServer>::new::{closure#0}
[INFO] [stdout]    2: account_server::tests::login::login_email_test::{closure#0}
[INFO] [stdout]    3: <tokio::runtime::scheduler::current_thread::Context>::enter::<core::task::poll::Poll<()>, <tokio::runtime::scheduler::current_thread::CoreGuard>::block_on<core::pin::Pin<&mut core::pin::Pin<&mut dyn core::future::future::Future<Output = ()>>>>::{closure#0}::{closure#0}>
[INFO] [stdout]    4: <tokio::runtime::context::scoped::Scoped<tokio::runtime::scheduler::Context>>::set::<<tokio::runtime::scheduler::current_thread::CoreGuard>::enter<<tokio::runtime::scheduler::current_thread::CoreGuard>::block_on<core::pin::Pin<&mut core::pin::Pin<&mut dyn core::future::future::Future<Output = ()>>>>::{closure#0}, core::option::Option<()>>::{closure#0}, (alloc::boxed::Box<tokio::runtime::scheduler::current_thread::Core>, core::option::Option<()>)>
[INFO] [stdout]    5: <tokio::runtime::runtime::Runtime>::block_on::<core::pin::Pin<&mut dyn core::future::future::Future<Output = ()>>>
[INFO] [stdout]    6: <account_server::tests::login::login_email_test::{closure#0} as core::ops::function::FnOnce<()>>::call_once
[INFO] [stdout]    7: test::__rust_begin_short_backtrace::<core::result::Result<(), alloc::string::String>, fn() -> core::result::Result<(), alloc::string::String>>
[INFO] [stdout]    8: test::run_test::{closure#0}
[INFO] [stdout]    9: std::sys::backtrace::__rust_begin_short_backtrace::<test::run_test::{closure#1}, ()>
[INFO] [stdout]   10: <std::thread::lifecycle::spawn_unchecked<test::run_test::{closure#1}, ()>::{closure#1} as core::ops::function::FnOnce<()>>::call_once::{shim:vtable#0}
[INFO] [stdout]   11: <std::sys::thread::unix::Thread>::new::thread_start
[INFO] [stdout]   12: <unknown>
[INFO] [stdout]   13: clone
[INFO] [stdout] stack backtrace:
[INFO] [stdout]    0:     0x56dfbca94131 - <<std[617be2ca0a6fd877]::sys::backtrace::BacktraceLock>::print::DisplayBacktrace as core[a373ad73a504971]::fmt::Display>::fmt
[INFO] [stdout]    1:     0x56dfbcaadcca - core[a373ad73a504971]::fmt::write
[INFO] [stdout]    2:     0x56dfbca9999c - <alloc[2e1b2a31b91974c5]::vec::Vec<u8> as core[a373ad73a504971]::io::write::Write>::write_fmt
[INFO] [stdout]    3:     0x56dfbca6b9e6 - std[617be2ca0a6fd877]::panicking::default_hook::{closure#0}
[INFO] [stdout]    4:     0x56dfbca8a0f9 - std[617be2ca0a6fd877]::panicking::default_hook
[INFO] [stdout]    5:     0x56dfbc38a7d0 - test[aada8e7e76ba119b]::test_main_inner::{closure#0}
[INFO] [stdout]    6:     0x56dfbca8a422 - std[617be2ca0a6fd877]::panicking::panic_with_hook
[INFO] [stdout]    7:     0x56dfbca6ba92 - std[617be2ca0a6fd877]::panicking::panic_handler::{closure#0}
[INFO] [stdout]    8:     0x56dfbca63d89 - std[617be2ca0a6fd877]::sys::backtrace::__rust_end_short_backtrace::<std[617be2ca0a6fd877]::panicking::panic_handler::{closure#0}, !>
[INFO] [stdout]    9:     0x56dfbca6ca8d - __rustc[ea4f61d10b84890b]::rust_begin_unwind
[INFO] [stdout]   10:     0x56dfbcaae4ac - core[a373ad73a504971]::panicking::panic_fmt
[INFO] [stdout]   11:     0x56dfbcaae282 - core[a373ad73a504971]::result::unwrap_failed
[INFO] [stdout]   12:     0x56dfbc2818ee - account_server[e1bea61369354f91]::tests::login::login_email_test::{closure#0}
[INFO] [stdout]   13:     0x56dfbc0f0333 - <tokio[1880b54cc9e566a9]::runtime::scheduler::current_thread::Context>::enter::<core[a373ad73a504971]::task::poll::Poll<()>, <tokio[1880b54cc9e566a9]::runtime::scheduler::current_thread::CoreGuard>::block_on<core[a373ad73a504971]::pin::Pin<&mut core[a373ad73a504971]::pin::Pin<&mut dyn core[a373ad73a504971]::future::future::Future<Output = ()>>>>::{closure#0}::{closure#0}>
[INFO] [stdout]   14:     0x56dfbbfa051c - <tokio[1880b54cc9e566a9]::runtime::context::scoped::Scoped<tokio[1880b54cc9e566a9]::runtime::scheduler::Context>>::set::<<tokio[1880b54cc9e566a9]::runtime::scheduler::current_thread::CoreGuard>::enter<<tokio[1880b54cc9e566a9]::runtime::scheduler::current_thread::CoreGuard>::block_on<core[a373ad73a504971]::pin::Pin<&mut core[a373ad73a504971]::pin::Pin<&mut dyn core[a373ad73a504971]::future::future::Future<Output = ()>>>>::{closure#0}, core[a373ad73a504971]::option::Option<()>>::{closure#0}, (alloc[2e1b2a31b91974c5]::boxed::Box<tokio[1880b54cc9e566a9]::runtime::scheduler::current_thread::Core>, core[a373ad73a504971]::option::Option<()>)>
[INFO] [stdout]   15:     0x56dfbc0efe5c - <tokio[1880b54cc9e566a9]::runtime::runtime::Runtime>::block_on::<core[a373ad73a504971]::pin::Pin<&mut dyn core[a373ad73a504971]::future::future::Future<Output = ()>>>
[INFO] [stdout]   16:     0x56dfbc289089 - <account_server[e1bea61369354f91]::tests::login::login_email_test::{closure#0} as core[a373ad73a504971]::ops::function::FnOnce<()>>::call_once
[INFO] [stdout]   17:     0x56dfbc37dc1b - test[aada8e7e76ba119b]::__rust_begin_short_backtrace::<core[a373ad73a504971]::result::Result<(), alloc[2e1b2a31b91974c5]::string::String>, fn() -> core[a373ad73a504971]::result::Result<(), alloc[2e1b2a31b91974c5]::string::String>>
[INFO] [stdout]   18:     0x56dfbc38adf5 - test[aada8e7e76ba119b]::run_test::{closure#0}
[INFO] [stdout]   19:     0x56dfbc3846e4 - std[617be2ca0a6fd877]::sys::backtrace::__rust_begin_short_backtrace::<test[aada8e7e76ba119b]::run_test::{closure#1}, ()>
[INFO] [stdout]   20:     0x56dfbc38de82 - <std[617be2ca0a6fd877]::thread::lifecycle::spawn_unchecked<test[aada8e7e76ba119b]::run_test::{closure#1}, ()>::{closure#1} as core[a373ad73a504971]::ops::function::FnOnce<()>>::call_once::{shim:vtable#0}
[INFO] [stdout]   21:     0x56dfbca92d8f - <std[617be2ca0a6fd877]::sys::thread::unix::Thread>::new::thread_start
[INFO] [stdout]   22:     0x754c3c162dfa - <unknown>
[INFO] [stdout]   23:     0x754c3c1f63d4 - clone
[INFO] [stdout]   24:                0x0 - <unknown>
[INFO] [stdout] 
[INFO] [stdout] ---- tests::full::account_full_process stdout ----
[INFO] [stdout] 
[INFO] [stdout] thread 'tests::full::account_full_process' (7572) panicked at src/tests/full.rs:363:16:
[INFO] [stdout] called `Result::unwrap()` on an `Err` value: pool timed out while waiting for an open connection
[INFO] [stdout] 
[INFO] [stdout] Stack backtrace:
[INFO] [stdout]    0: <anyhow::Error as core::convert::From<sqlx_core::error::Error>>::from
[INFO] [stdout]    1: <account_server::tests::types::TestAccServer>::new::{closure#0}
[INFO] [stdout]    2: account_server::tests::full::account_full_process::{closure#0}::{closure#0}
[INFO] [stdout]    3: account_server::tests::full::account_full_process::{closure#0}
[INFO] [stdout]    4: <tokio::runtime::scheduler::current_thread::Context>::enter::<core::task::poll::Poll<()>, <tokio::runtime::scheduler::current_thread::CoreGuard>::block_on<core::pin::Pin<&mut core::pin::Pin<&mut dyn core::future::future::Future<Output = ()>>>>::{closure#0}::{closure#0}>
[INFO] [stdout]    5: <tokio::runtime::context::scoped::Scoped<tokio::runtime::scheduler::Context>>::set::<<tokio::runtime::scheduler::current_thread::CoreGuard>::enter<<tokio::runtime::scheduler::current_thread::CoreGuard>::block_on<core::pin::Pin<&mut core::pin::Pin<&mut dyn core::future::future::Future<Output = ()>>>>::{closure#0}, core::option::Option<()>>::{closure#0}, (alloc::boxed::Box<tokio::runtime::scheduler::current_thread::Core>, core::option::Option<()>)>
[INFO] [stdout]    6: <tokio::runtime::runtime::Runtime>::block_on::<core::pin::Pin<&mut dyn core::future::future::Future<Output = ()>>>
[INFO] [stdout]    7: <account_server::tests::full::account_full_process::{closure#0} as core::ops::function::FnOnce<()>>::call_once
[INFO] [stdout]    8: test::__rust_begin_short_backtrace::<core::result::Result<(), alloc::string::String>, fn() -> core::result::Result<(), alloc::string::String>>
[INFO] [stdout]    9: test::run_test::{closure#0}
[INFO] [stdout]   10: std::sys::backtrace::__rust_begin_short_backtrace::<test::run_test::{closure#1}, ()>
[INFO] [stdout]   11: <std::thread::lifecycle::spawn_unchecked<test::run_test::{closure#1}, ()>::{closure#1} as core::ops::function::FnOnce<()>>::call_once::{shim:vtable#0}
[INFO] [stdout]   12: <std::sys::thread::unix::Thread>::new::thread_start
[INFO] [stdout]   13: <unknown>
[INFO] [stdout]   14: clone
[INFO] [stdout] stack backtrace:
[INFO] [stdout]    0:     0x56dfbca94131 - <<std[617be2ca0a6fd877]::sys::backtrace::BacktraceLock>::print::DisplayBacktrace as core[a373ad73a504971]::fmt::Display>::fmt
[INFO] [stdout]    1:     0x56dfbcaadcca - core[a373ad73a504971]::fmt::write
[INFO] [stdout]    2:     0x56dfbca9999c - <alloc[2e1b2a31b91974c5]::vec::Vec<u8> as core[a373ad73a504971]::io::write::Write>::write_fmt
[INFO] [stdout]    3:     0x56dfbca6b9e6 - std[617be2ca0a6fd877]::panicking::default_hook::{closure#0}
[INFO] [stdout]    4:     0x56dfbca8a0f9 - std[617be2ca0a6fd877]::panicking::default_hook
[INFO] [stdout]    5:     0x56dfbc38a7d0 - test[aada8e7e76ba119b]::test_main_inner::{closure#0}
[INFO] [stdout]    6:     0x56dfbca8a422 - std[617be2ca0a6fd877]::panicking::panic_with_hook
[INFO] [stdout]    7:     0x56dfbca6ba92 - std[617be2ca0a6fd877]::panicking::panic_handler::{closure#0}
[INFO] [stdout]    8:     0x56dfbca63d89 - std[617be2ca0a6fd877]::sys::backtrace::__rust_end_short_backtrace::<std[617be2ca0a6fd877]::panicking::panic_handler::{closure#0}, !>
[INFO] [stdout]    9:     0x56dfbca6ca8d - __rustc[ea4f61d10b84890b]::rust_begin_unwind
[INFO] [stdout]   10:     0x56dfbcaae4ac - core[a373ad73a504971]::panicking::panic_fmt
[INFO] [stdout]   11:     0x56dfbcaae282 - core[a373ad73a504971]::result::unwrap_failed
[INFO] [stdout]   12:     0x56dfbc0011e0 - account_server[e1bea61369354f91]::tests::full::account_full_process::{closure#0}
[INFO] [stdout]   13:     0x56dfbc0f0333 - <tokio[1880b54cc9e566a9]::runtime::scheduler::current_thread::Context>::enter::<core[a373ad73a504971]::task::poll::Poll<()>, <tokio[1880b54cc9e566a9]::runtime::scheduler::current_thread::CoreGuard>::block_on<core[a373ad73a504971]::pin::Pin<&mut core[a373ad73a504971]::pin::Pin<&mut dyn core[a373ad73a504971]::future::future::Future<Output = ()>>>>::{closure#0}::{closure#0}>
[INFO] [stdout]   14:     0x56dfbbfa051c - <tokio[1880b54cc9e566a9]::runtime::context::scoped::Scoped<tokio[1880b54cc9e566a9]::runtime::scheduler::Context>>::set::<<tokio[1880b54cc9e566a9]::runtime::scheduler::current_thread::CoreGuard>::enter<<tokio[1880b54cc9e566a9]::runtime::scheduler::current_thread::CoreGuard>::block_on<core[a373ad73a504971]::pin::Pin<&mut core[a373ad73a504971]::pin::Pin<&mut dyn core[a373ad73a504971]::future::future::Future<Output = ()>>>>::{closure#0}, core[a373ad73a504971]::option::Option<()>>::{closure#0}, (alloc[2e1b2a31b91974c5]::boxed::Box<tokio[1880b54cc9e566a9]::runtime::scheduler::current_thread::Core>, core[a373ad73a504971]::option::Option<()>)>
[INFO] [stdout]   15:     0x56dfbc0efe5c - <tokio[1880b54cc9e566a9]::runtime::runtime::Runtime>::block_on::<core[a373ad73a504971]::pin::Pin<&mut dyn core[a373ad73a504971]::future::future::Future<Output = ()>>>
[INFO] [stdout]   16:     0x56dfbc003648 - <account_server[e1bea61369354f91]::tests::full::account_full_process::{closure#0} as core[a373ad73a504971]::ops::function::FnOnce<()>>::call_once
[INFO] [stdout]   17:     0x56dfbc37dc1b - test[aada8e7e76ba119b]::__rust_begin_short_backtrace::<core[a373ad73a504971]::result::Result<(), alloc[2e1b2a31b91974c5]::string::String>, fn() -> core[a373ad73a504971]::result::Result<(), alloc[2e1b2a31b91974c5]::string::String>>
[INFO] [stdout]   18:     0x56dfbc38adf5 - test[aada8e7e76ba119b]::run_test::{closure#0}
[INFO] [stdout]   19:     0x56dfbc3846e4 - std[617be2ca0a6fd877]::sys::backtrace::__rust_begin_short_backtrace::<test[aada8e7e76ba119b]::run_test::{closure#1}, ()>
[INFO] [stdout]   20:     0x56dfbc38de82 - <std[617be2ca0a6fd877]::thread::lifecycle::spawn_unchecked<test[aada8e7e76ba119b]::run_test::{closure#1}, ()>::{closure#1} as core[a373ad73a504971]::ops::function::FnOnce<()>>::call_once::{shim:vtable#0}
[INFO] [stdout]   21:     0x56dfbca92d8f - <std[617be2ca0a6fd877]::sys::thread::unix::Thread>::new::thread_start
[INFO] [stdout]   22:     0x754c3c162dfa - <unknown>
[INFO] [stdout]   23:     0x754c3c1f63d4 - clone
[INFO] [stdout]   24:                0x0 - <unknown>
[INFO] [stdout] 
[INFO] [stdout] ---- tests::credential_auth_token::credential_auth_token_ban_lists stdout ----
[INFO] [stdout] 
[INFO] [stdout] thread 'tests::credential_auth_token::credential_auth_token_ban_lists' (7571) panicked at src/tests/credential_auth_token.rs:110:16:
[INFO] [stdout] called `Result::unwrap()` on an `Err` value: pool timed out while waiting for an open connection
[INFO] [stdout] 
[INFO] [stdout] Stack backtrace:
[INFO] [stdout]    0: <anyhow::Error as core::convert::From<sqlx_core::error::Error>>::from
[INFO] [stdout]    1: <account_server::tests::types::TestAccServer>::new::{closure#0}
[INFO] [stdout]    2: account_server::tests::credential_auth_token::credential_auth_token_ban_lists::{closure#0}
[INFO] [stdout]    3: <tokio::runtime::scheduler::current_thread::Context>::enter::<core::task::poll::Poll<()>, <tokio::runtime::scheduler::current_thread::CoreGuard>::block_on<core::pin::Pin<&mut core::pin::Pin<&mut dyn core::future::future::Future<Output = ()>>>>::{closure#0}::{closure#0}>
[INFO] [stdout]    4: <tokio::runtime::context::scoped::Scoped<tokio::runtime::scheduler::Context>>::set::<<tokio::runtime::scheduler::current_thread::CoreGuard>::enter<<tokio::runtime::scheduler::current_thread::CoreGuard>::block_on<core::pin::Pin<&mut core::pin::Pin<&mut dyn core::future::future::Future<Output = ()>>>>::{closure#0}, core::option::Option<()>>::{closure#0}, (alloc::boxed::Box<tokio::runtime::scheduler::current_thread::Core>, core::option::Option<()>)>
[INFO] [stdout]    5: <tokio::runtime::runtime::Runtime>::block_on::<core::pin::Pin<&mut dyn core::future::future::Future<Output = ()>>>
[INFO] [stdout]    6: <account_server::tests::credential_auth_token::credential_auth_token_ban_lists::{closure#0} as core::ops::function::FnOnce<()>>::call_once
[INFO] [stdout]    7: test::__rust_begin_short_backtrace::<core::result::Result<(), alloc::string::String>, fn() -> core::result::Result<(), alloc::string::String>>
[INFO] [stdout]    8: test::run_test::{closure#0}
[INFO] [stdout]    9: std::sys::backtrace::__rust_begin_short_backtrace::<test::run_test::{closure#1}, ()>
[INFO] [stdout]   10: <std::thread::lifecycle::spawn_unchecked<test::run_test::{closure#1}, ()>::{closure#1} as core::ops::function::FnOnce<()>>::call_once::{shim:vtable#0}
[INFO] [stdout]   11: <std::sys::thread::unix::Thread>::new::thread_start
[INFO] [stdout]   12: <unknown>
[INFO] [stdout]   13: clone
[INFO] [stdout] stack backtrace:
[INFO] [stdout]    0:     0x56dfbca94131 - <<std[617be2ca0a6fd877]::sys::backtrace::BacktraceLock>::print::DisplayBacktrace as core[a373ad73a504971]::fmt::Display>::fmt
[INFO] [stdout]    1:     0x56dfbcaadcca - core[a373ad73a504971]::fmt::write
[INFO] [stdout]    2:     0x56dfbca9999c - <alloc[2e1b2a31b91974c5]::vec::Vec<u8> as core[a373ad73a504971]::io::write::Write>::write_fmt
[INFO] [stdout]    3:     0x56dfbca6b9e6 - std[617be2ca0a6fd877]::panicking::default_hook::{closure#0}
[INFO] [stdout]    4:     0x56dfbca8a0f9 - std[617be2ca0a6fd877]::panicking::default_hook
[INFO] [stdout]    5:     0x56dfbc38a7d0 - test[aada8e7e76ba119b]::test_main_inner::{closure#0}
[INFO] [stdout]    6:     0x56dfbca8a422 - std[617be2ca0a6fd877]::panicking::panic_with_hook
[INFO] [stdout]    7:     0x56dfbca6ba92 - std[617be2ca0a6fd877]::panicking::panic_handler::{closure#0}
[INFO] [stdout]    8:     0x56dfbca63d89 - std[617be2ca0a6fd877]::sys::backtrace::__rust_end_short_backtrace::<std[617be2ca0a6fd877]::panicking::panic_handler::{closure#0}, !>
[INFO] [stdout]    9:     0x56dfbca6ca8d - __rustc[ea4f61d10b84890b]::rust_begin_unwind
[INFO] [stdout]   10:     0x56dfbcaae4ac - core[a373ad73a504971]::panicking::panic_fmt
[INFO] [stdout]   11:     0x56dfbcaae282 - core[a373ad73a504971]::result::unwrap_failed
[INFO] [stdout]   12:     0x56dfbc1908e9 - account_server[e1bea61369354f91]::tests::credential_auth_token::credential_auth_token_ban_lists::{closure#0}
[INFO] [stdout]   13:     0x56dfbc0f0333 - <tokio[1880b54cc9e566a9]::runtime::scheduler::current_thread::Context>::enter::<core[a373ad73a504971]::task::poll::Poll<()>, <tokio[1880b54cc9e566a9]::runtime::scheduler::current_thread::CoreGuard>::block_on<core[a373ad73a504971]::pin::Pin<&mut core[a373ad73a504971]::pin::Pin<&mut dyn core[a373ad73a504971]::future::future::Future<Output = ()>>>>::{closure#0}::{closure#0}>
[INFO] [stdout]   14:     0x56dfbbfa051c - <tokio[1880b54cc9e566a9]::runtime::context::scoped::Scoped<tokio[1880b54cc9e566a9]::runtime::scheduler::Context>>::set::<<tokio[1880b54cc9e566a9]::runtime::scheduler::current_thread::CoreGuard>::enter<<tokio[1880b54cc9e566a9]::runtime::scheduler::current_thread::CoreGuard>::block_on<core[a373ad73a504971]::pin::Pin<&mut core[a373ad73a504971]::pin::Pin<&mut dyn core[a373ad73a504971]::future::future::Future<Output = ()>>>>::{closure#0}, core[a373ad73a504971]::option::Option<()>>::{closure#0}, (alloc[2e1b2a31b91974c5]::boxed::Box<tokio[1880b54cc9e566a9]::runtime::scheduler::current_thread::Core>, core[a373ad73a504971]::option::Option<()>)>
[INFO] [stdout]   15:     0x56dfbc0efe5c - <tokio[1880b54cc9e566a9]::runtime::runtime::Runtime>::block_on::<core[a373ad73a504971]::pin::Pin<&mut dyn core[a373ad73a504971]::future::future::Future<Output = ()>>>
[INFO] [stdout]   16:     0x56dfbc198409 - <account_server[e1bea61369354f91]::tests::credential_auth_token::credential_auth_token_ban_lists::{closure#0} as core[a373ad73a504971]::ops::function::FnOnce<()>>::call_once
[INFO] [stdout]   17:     0x56dfbc37dc1b - test[aada8e7e76ba119b]::__rust_begin_short_backtrace::<core[a373ad73a504971]::result::Result<(), alloc[2e1b2a31b91974c5]::string::String>, fn() -> core[a373ad73a504971]::result::Result<(), alloc[2e1b2a31b91974c5]::string::String>>
[INFO] [stdout]   18:     0x56dfbc38adf5 - test[aada8e7e76ba119b]::run_test::{closure#0}
[INFO] [stdout]   19:     0x56dfbc3846e4 - std[617be2ca0a6fd877]::sys::backtrace::__rust_begin_short_backtrace::<test[aada8e7e76ba119b]::run_test::{closure#1}, ()>
[INFO] [stdout]   20:     0x56dfbc38de82 - <std[617be2ca0a6fd877]::thread::lifecycle::spawn_unchecked<test[aada8e7e76ba119b]::run_test::{closure#1}, ()>::{closure#1} as core[a373ad73a504971]::ops::function::FnOnce<()>>::call_once::{shim:vtable#0}
[INFO] [stdout]   21:     0x56dfbca92d8f - <std[617be2ca0a6fd877]::sys::thread::unix::Thread>::new::thread_start
[INFO] [stdout]   22:     0x754c3c162dfa - <unknown>
[INFO] [stdout]   23:     0x754c3c1f63d4 - clone
[INFO] [stdout]   24:                0x0 - <unknown>
[INFO] [stdout] 
[INFO] [stdout] ---- tests::game_server::rename::rename_hardening stdout ----
[INFO] [stdout] 
[INFO] [stdout] thread 'tests::game_server::rename::rename_hardening' (7573) panicked at src/tests/game_server/rename.rs:232:16:
[INFO] [stdout] called `Result::unwrap()` on an `Err` value: pool timed out while waiting for an open connection
[INFO] [stdout] 
[INFO] [stdout] Stack backtrace:
[INFO] [stdout]    0: <anyhow::Error as core::convert::From<sqlx_core::error::Error>>::from
[INFO] [stdout]    1: <account_server::tests::types::TestAccServer>::new::{closure#0}
[INFO] [stdout]    2: account_server::tests::game_server::rename::rename_hardening::{closure#0}::{closure#0}
[INFO] [stdout]    3: account_server::tests::game_server::rename::rename_hardening::{closure#0}
[INFO] [stdout]    4: <tokio::runtime::scheduler::current_thread::Context>::enter::<core::task::poll::Poll<()>, <tokio::runtime::scheduler::current_thread::CoreGuard>::block_on<core::pin::Pin<&mut core::pin::Pin<&mut dyn core::future::future::Future<Output = ()>>>>::{closure#0}::{closure#0}>
[INFO] [stdout]    5: <tokio::runtime::context::scoped::Scoped<tokio::runtime::scheduler::Context>>::set::<<tokio::runtime::scheduler::current_thread::CoreGuard>::enter<<tokio::runtime::scheduler::current_thread::CoreGuard>::block_on<core::pin::Pin<&mut core::pin::Pin<&mut dyn core::future::future::Future<Output = ()>>>>::{closure#0}, core::option::Option<()>>::{closure#0}, (alloc::boxed::Box<tokio::runtime::scheduler::current_thread::Core>, core::option::Option<()>)>
[INFO] [stdout]    6: <tokio::runtime::runtime::Runtime>::block_on::<core::pin::Pin<&mut dyn core::future::future::Future<Output = ()>>>
[INFO] [stdout]    7: <account_server::tests::game_server::rename::rename_hardening::{closure#0} as core::ops::function::FnOnce<()>>::call_once
[INFO] [stdout]    8: test::__rust_begin_short_backtrace::<core::result::Result<(), alloc::string::String>, fn() -> core::result::Result<(), alloc::string::String>>
[INFO] [stdout]    9: test::run_test::{closure#0}
[INFO] [stdout]   10: std::sys::backtrace::__rust_begin_short_backtrace::<test::run_test::{closure#1}, ()>
[INFO] [stdout]   11: <std::thread::lifecycle::spawn_unchecked<test::run_test::{closure#1}, ()>::{closure#1} as core::ops::function::FnOnce<()>>::call_once::{shim:vtable#0}
[INFO] [stdout]   12: <std::sys::thread::unix::Thread>::new::thread_start
[INFO] [stdout]   13: <unknown>
[INFO] [stdout]   14: clone
[INFO] [stdout] stack backtrace:
[INFO] [stdout]    0:     0x56dfbca94131 - <<std[617be2ca0a6fd877]::sys::backtrace::BacktraceLock>::print::DisplayBacktrace as core[a373ad73a504971]::fmt::Display>::fmt
[INFO] [stdout]    1:     0x56dfbcaadcca - core[a373ad73a504971]::fmt::write
[INFO] [stdout]    2:     0x56dfbca9999c - <alloc[2e1b2a31b91974c5]::vec::Vec<u8> as core[a373ad73a504971]::io::write::Write>::write_fmt
[INFO] [stdout]    3:     0x56dfbca6b9e6 - std[617be2ca0a6fd877]::panicking::default_hook::{closure#0}
[INFO] [stdout]    4:     0x56dfbca8a0f9 - std[617be2ca0a6fd877]::panicking::default_hook
[INFO] [stdout]    5:     0x56dfbc38a7d0 - test[aada8e7e76ba119b]::test_main_inner::{closure#0}
[INFO] [stdout]    6:     0x56dfbca8a422 - std[617be2ca0a6fd877]::panicking::panic_with_hook
[INFO] [stdout]    7:     0x56dfbca6ba92 - std[617be2ca0a6fd877]::panicking::panic_handler::{closure#0}
[INFO] [stdout]    8:     0x56dfbca63d89 - std[617be2ca0a6fd877]::sys::backtrace::__rust_end_short_backtrace::<std[617be2ca0a6fd877]::panicking::panic_handler::{closure#0}, !>
[INFO] [stdout]    9:     0x56dfbca6ca8d - __rustc[ea4f61d10b84890b]::rust_begin_unwind
[INFO] [stdout]   10:     0x56dfbcaae4ac - core[a373ad73a504971]::panicking::panic_fmt
[INFO] [stdout]   11:     0x56dfbcaae282 - core[a373ad73a504971]::result::unwrap_failed
[INFO] [stdout]   12:     0x56dfbc120e30 - account_server[e1bea61369354f91]::tests::game_server::rename::rename_hardening::{closure#0}
[INFO] [stdout]   13:     0x56dfbc0f0333 - <tokio[1880b54cc9e566a9]::runtime::scheduler::current_thread::Context>::enter::<core[a373ad73a504971]::task::poll::Poll<()>, <tokio[1880b54cc9e566a9]::runtime::scheduler::current_thread::CoreGuard>::block_on<core[a373ad73a504971]::pin::Pin<&mut core[a373ad73a504971]::pin::Pin<&mut dyn core[a373ad73a504971]::future::future::Future<Output = ()>>>>::{closure#0}::{closure#0}>
[INFO] [stdout]   14:     0x56dfbbfa051c - <tokio[1880b54cc9e566a9]::runtime::context::scoped::Scoped<tokio[1880b54cc9e566a9]::runtime::scheduler::Context>>::set::<<tokio[1880b54cc9e566a9]::runtime::scheduler::current_thread::CoreGuard>::enter<<tokio[1880b54cc9e566a9]::runtime::scheduler::current_thread::CoreGuard>::block_on<core[a373ad73a504971]::pin::Pin<&mut core[a373ad73a504971]::pin::Pin<&mut dyn core[a373ad73a504971]::future::future::Future<Output = ()>>>>::{closure#0}, core[a373ad73a504971]::option::Option<()>>::{closure#0}, (alloc[2e1b2a31b91974c5]::boxed::Box<tokio[1880b54cc9e566a9]::runtime::scheduler::current_thread::Core>, core[a373ad73a504971]::option::Option<()>)>
[INFO] [stdout]   15:     0x56dfbc0efe5c - <tokio[1880b54cc9e566a9]::runtime::runtime::Runtime>::block_on::<core[a373ad73a504971]::pin::Pin<&mut dyn core[a373ad73a504971]::future::future::Future<Output = ()>>>
[INFO] [stdout]   16:     0x56dfbc1266f9 - <account_server[e1bea61369354f91]::tests::game_server::rename::rename_hardening::{closure#0} as core[a373ad73a504971]::ops::function::FnOnce<()>>::call_once
[INFO] [stdout]   17:     0x56dfbc37dc1b - test[aada8e7e76ba119b]::__rust_begin_short_backtrace::<core[a373ad73a504971]::result::Result<(), alloc[2e1b2a31b91974c5]::string::String>, fn() -> core[a373ad73a504971]::result::Result<(), alloc[2e1b2a31b91974c5]::string::String>>
[INFO] [stdout]   18:     0x56dfbc38adf5 - test[aada8e7e76ba119b]::run_test::{closure#0}
[INFO] [stdout]   19:     0x56dfbc3846e4 - std[617be2ca0a6fd877]::sys::backtrace::__rust_begin_short_backtrace::<test[aada8e7e76ba119b]::run_test::{closure#1}, ()>
[INFO] [stdout]   20:     0x56dfbc38de82 - <std[617be2ca0a6fd877]::thread::lifecycle::spawn_unchecked<test[aada8e7e76ba119b]::run_test::{closure#1}, ()>::{closure#1} as core[a373ad73a504971]::ops::function::FnOnce<()>>::call_once::{shim:vtable#0}
[INFO] [stdout]   21:     0x56dfbca92d8f - <std[617be2ca0a6fd877]::sys::thread::unix::Thread>::new::thread_start
[INFO] [stdout]   22:     0x754c3c162dfa - <unknown>
[INFO] [stdout]   23:     0x754c3c1f63d4 - clone
[INFO] [stdout]   24:                0x0 - <unknown>
[INFO] [stdout] 
[INFO] [stdout] ---- tests::login::login_hardening stdout ----
[INFO] [stdout] 
[INFO] [stdout] thread 'tests::login::login_hardening' (7584) panicked at src/tests/login.rs:157:16:
[INFO] [stdout] called `Result::unwrap()` on an `Err` value: pool timed out while waiting for an open connection
[INFO] [stdout] 
[INFO] [stdout] Stack backtrace:
[INFO] [stdout]    0: <anyhow::Error as core::convert::From<sqlx_core::error::Error>>::from
[INFO] [stdout]    1: <account_server::tests::types::TestAccServer>::new::{closure#0}
[INFO] [stdout]    2: account_server::tests::login::login_hardening::{closure#0}
[INFO] [stdout]    3: <tokio::runtime::scheduler::current_thread::Context>::enter::<core::task::poll::Poll<()>, <tokio::runtime::scheduler::current_thread::CoreGuard>::block_on<core::pin::Pin<&mut core::pin::Pin<&mut dyn core::future::future::Future<Output = ()>>>>::{closure#0}::{closure#0}>
[INFO] [stdout]    4: <tokio::runtime::context::scoped::Scoped<tokio::runtime::scheduler::Context>>::set::<<tokio::runtime::scheduler::current_thread::CoreGuard>::enter<<tokio::runtime::scheduler::current_thread::CoreGuard>::block_on<core::pin::Pin<&mut core::pin::Pin<&mut dyn core::future::future::Future<Output = ()>>>>::{closure#0}, core::option::Option<()>>::{closure#0}, (alloc::boxed::Box<tokio::runtime::scheduler::current_thread::Core>, core::option::Option<()>)>
[INFO] [stdout]    5: <tokio::runtime::runtime::Runtime>::block_on::<core::pin::Pin<&mut dyn core::future::future::Future<Output = ()>>>
[INFO] [stdout]    6: <account_server::tests::login::login_hardening::{closure#0} as core::ops::function::FnOnce<()>>::call_once
[INFO] [stdout]    7: test::__rust_begin_short_backtrace::<core::result::Result<(), alloc::string::String>, fn() -> core::result::Result<(), alloc::string::String>>
[INFO] [stdout]    8: test::run_test::{closure#0}
[INFO] [stdout]    9: std::sys::backtrace::__rust_begin_short_backtrace::<test::run_test::{closure#1}, ()>
[INFO] [stdout]   10: <std::thread::lifecycle::spawn_unchecked<test::run_test::{closure#1}, ()>::{closure#1} as core::ops::function::FnOnce<()>>::call_once::{shim:vtable#0}
[INFO] [stdout]   11: <std::sys::thread::unix::Thread>::new::thread_start
[INFO] [stdout]   12: <unknown>
[INFO] [stdout]   13: clone
[INFO] [stdout] stack backtrace:
[INFO] [stdout]    0:     0x56dfbca94131 - <<std[617be2ca0a6fd877]::sys::backtrace::BacktraceLock>::print::DisplayBacktrace as core[a373ad73a504971]::fmt::Display>::fmt
[INFO] [stdout]    1:     0x56dfbcaadcca - core[a373ad73a504971]::fmt::write
[INFO] [stdout]    2:     0x56dfbca9999c - <alloc[2e1b2a31b91974c5]::vec::Vec<u8> as core[a373ad73a504971]::io::write::Write>::write_fmt
[INFO] [stdout]    3:     0x56dfbca6b9e6 - std[617be2ca0a6fd877]::panicking::default_hook::{closure#0}
[INFO] [stdout]    4:     0x56dfbca8a0f9 - std[617be2ca0a6fd877]::panicking::default_hook
[INFO] [stdout]    5:     0x56dfbc38a7d0 - test[aada8e7e76ba119b]::test_main_inner::{closure#0}
[INFO] [stdout]    6:     0x56dfbca8a422 - std[617be2ca0a6fd877]::panicking::panic_with_hook
[INFO] [stdout]    7:     0x56dfbca6ba92 - std[617be2ca0a6fd877]::panicking::panic_handler::{closure#0}
[INFO] [stdout]    8:     0x56dfbca63d89 - std[617be2ca0a6fd877]::sys::backtrace::__rust_end_short_backtrace::<std[617be2ca0a6fd877]::panicking::panic_handler::{closure#0}, !>
[INFO] [stdout]    9:     0x56dfbca6ca8d - __rustc[ea4f61d10b84890b]::rust_begin_unwind
[INFO] [stdout]   10:     0x56dfbcaae4ac - core[a373ad73a504971]::panicking::panic_fmt
[INFO] [stdout]   11:     0x56dfbcaae282 - core[a373ad73a504971]::result::unwrap_failed
[INFO] [stdout]   12:     0x56dfbc280c4d - account_server[e1bea61369354f91]::tests::login::login_hardening::{closure#0}
[INFO] [stdout]   13:     0x56dfbc0f0333 - <tokio[1880b54cc9e566a9]::runtime::scheduler::current_thread::Context>::enter::<core[a373ad73a504971]::task::poll::Poll<()>, <tokio[1880b54cc9e566a9]::runtime::scheduler::current_thread::CoreGuard>::block_on<core[a373ad73a504971]::pin::Pin<&mut core[a373ad73a504971]::pin::Pin<&mut dyn core[a373ad73a504971]::future::future::Future<Output = ()>>>>::{closure#0}::{closure#0}>
[INFO] [stdout]   14:     0x56dfbbfa051c - <tokio[1880b54cc9e566a9]::runtime::context::scoped::Scoped<tokio[1880b54cc9e566a9]::runtime::scheduler::Context>>::set::<<tokio[1880b54cc9e566a9]::runtime::scheduler::current_thread::CoreGuard>::enter<<tokio[1880b54cc9e566a9]::runtime::scheduler::current_thread::CoreGuard>::block_on<core[a373ad73a504971]::pin::Pin<&mut core[a373ad73a504971]::pin::Pin<&mut dyn core[a373ad73a504971]::future::future::Future<Output = ()>>>>::{closure#0}, core[a373ad73a504971]::option::Option<()>>::{closure#0}, (alloc[2e1b2a31b91974c5]::boxed::Box<tokio[1880b54cc9e566a9]::runtime::scheduler::current_thread::Core>, core[a373ad73a504971]::option::Option<()>)>
[INFO] [stdout]   15:     0x56dfbc0efe5c - <tokio[1880b54cc9e566a9]::runtime::runtime::Runtime>::block_on::<core[a373ad73a504971]::pin::Pin<&mut dyn core[a373ad73a504971]::future::future::Future<Output = ()>>>
[INFO] [stdout]   16:     0x56dfbc288ed9 - <account_server[e1bea61369354f91]::tests::login::login_hardening::{closure#0} as core[a373ad73a504971]::ops::function::FnOnce<()>>::call_once
[INFO] [stdout]   17:     0x56dfbc37dc1b - test[aada8e7e76ba119b]::__rust_begin_short_backtrace::<core[a373ad73a504971]::result::Result<(), alloc[2e1b2a31b91974c5]::string::String>, fn() -> core[a373ad73a504971]::result::Result<(), alloc[2e1b2a31b91974c5]::string::String>>
[INFO] [stdout]   18:     0x56dfbc38adf5 - test[aada8e7e76ba119b]::run_test::{closure#0}
[INFO] [stdout]   19:     0x56dfbc3846e4 - std[617be2ca0a6fd877]::sys::backtrace::__rust_begin_short_backtrace::<test[aada8e7e76ba119b]::run_test::{closure#1}, ()>
[INFO] [stdout]   20:     0x56dfbc38de82 - <std[617be2ca0a6fd877]::thread::lifecycle::spawn_unchecked<test[aada8e7e76ba119b]::run_test::{closure#1}, ()>::{closure#1} as core[a373ad73a504971]::ops::function::FnOnce<()>>::call_once::{shim:vtable#0}
[INFO] [stdout]   21:     0x56dfbca92d8f - <std[617be2ca0a6fd877]::sys::thread::unix::Thread>::new::thread_start
[INFO] [stdout]   22:     0x754c3c162dfa - <unknown>
[INFO] [stdout]   23:     0x754c3c1f63d4 - clone
[INFO] [stdout]   24:                0x0 - <unknown>
[INFO] [stdout] 
[INFO] [stdout] ---- tests::login::login_rate_limit stdout ----
[INFO] [stdout] 
[INFO] [stdout] thread 'tests::login::login_rate_limit' (7586) panicked at src/tests/login.rs:79:16:
[INFO] [stdout] called `Result::unwrap()` on an `Err` value: pool timed out while waiting for an open connection
[INFO] [stdout] 
[INFO] [stdout] Stack backtrace:
[INFO] [stdout]    0: <anyhow::Error as core::convert::From<sqlx_core::error::Error>>::from
[INFO] [stdout]    1: <account_server::tests::types::TestAccServer>::new::{closure#0}
[INFO] [stdout]    2: account_server::tests::login::login_rate_limit::{closure#0}
[INFO] [stdout]    3: <tokio::runtime::scheduler::current_thread::Context>::enter::<core::task::poll::Poll<()>, <tokio::runtime::scheduler::current_thread::CoreGuard>::block_on<core::pin::Pin<&mut core::pin::Pin<&mut dyn core::future::future::Future<Output = ()>>>>::{closure#0}::{closure#0}>
[INFO] [stdout]    4: <tokio::runtime::context::scoped::Scoped<tokio::runtime::scheduler::Context>>::set::<<tokio::runtime::scheduler::current_thread::CoreGuard>::enter<<tokio::runtime::scheduler::current_thread::CoreGuard>::block_on<core::pin::Pin<&mut core::pin::Pin<&mut dyn core::future::future::Future<Output = ()>>>>::{closure#0}, core::option::Option<()>>::{closure#0}, (alloc::boxed::Box<tokio::runtime::scheduler::current_thread::Core>, core::option::Option<()>)>
[INFO] [stdout]    5: <tokio::runtime::runtime::Runtime>::block_on::<core::pin::Pin<&mut dyn core::future::future::Future<Output = ()>>>
[INFO] [stdout]    6: <account_server::tests::login::login_rate_limit::{closure#0} as core::ops::function::FnOnce<()>>::call_once
[INFO] [stdout]    7: test::__rust_begin_short_backtrace::<core::result::Result<(), alloc::string::String>, fn() -> core::result::Result<(), alloc::string::String>>
[INFO] [stdout]    8: test::run_test::{closure#0}
[INFO] [stdout]    9: std::sys::backtrace::__rust_begin_short_backtrace::<test::run_test::{closure#1}, ()>
[INFO] [stdout]   10: <std::thread::lifecycle::spawn_unchecked<test::run_test::{closure#1}, ()>::{closure#1} as core::ops::function::FnOnce<()>>::call_once::{shim:vtable#0}
[INFO] [stdout]   11: <std::sys::thread::unix::Thread>::new::thread_start
[INFO] [stdout]   12: <unknown>
[INFO] [stdout]   13: clone
[INFO] [stdout] stack backtrace:
[INFO] [stdout]    0:     0x56dfbca94131 - <<std[617be2ca0a6fd877]::sys::backtrace::BacktraceLock>::print::DisplayBacktrace as core[a373ad73a504971]::fmt::Display>::fmt
[INFO] [stdout]    1:     0x56dfbcaadcca - core[a373ad73a504971]::fmt::write
[INFO] [stdout]    2:     0x56dfbca9999c - <alloc[2e1b2a31b91974c5]::vec::Vec<u8> as core[a373ad73a504971]::io::write::Write>::write_fmt
[INFO] [stdout]    3:     0x56dfbca6b9e6 - std[617be2ca0a6fd877]::panicking::default_hook::{closure#0}
[INFO] [stdout]    4:     0x56dfbca8a0f9 - std[617be2ca0a6fd877]::panicking::default_hook
[INFO] [stdout]    5:     0x56dfbc38a7d0 - test[aada8e7e76ba119b]::test_main_inner::{closure#0}
[INFO] [stdout]    6:     0x56dfbca8a422 - std[617be2ca0a6fd877]::panicking::panic_with_hook
[INFO] [stdout]    7:     0x56dfbca6ba92 - std[617be2ca0a6fd877]::panicking::panic_handler::{closure#0}
[INFO] [stdout]    8:     0x56dfbca63d89 - std[617be2ca0a6fd877]::sys::backtrace::__rust_end_short_backtrace::<std[617be2ca0a6fd877]::panicking::panic_handler::{closure#0}, !>
[INFO] [stdout]    9:     0x56dfbca6ca8d - __rustc[ea4f61d10b84890b]::rust_begin_unwind
[INFO] [stdout]   10:     0x56dfbcaae4ac - core[a373ad73a504971]::panicking::panic_fmt
[INFO] [stdout]   11:     0x56dfbcaae282 - core[a373ad73a504971]::result::unwrap_failed
[INFO] [stdout]   12:     0x56dfbc282dce - account_server[e1bea61369354f91]::tests::login::login_rate_limit::{closure#0}
[INFO] [stdout]   13:     0x56dfbc0f0333 - <tokio[1880b54cc9e566a9]::runtime::scheduler::current_thread::Context>::enter::<core[a373ad73a504971]::task::poll::Poll<()>, <tokio[1880b54cc9e566a9]::runtime::scheduler::current_thread::CoreGuard>::block_on<core[a373ad73a504971]::pin::Pin<&mut core[a373ad73a504971]::pin::Pin<&mut dyn core[a373ad73a504971]::future::future::Future<Output = ()>>>>::{closure#0}::{closure#0}>
[INFO] [stdout]   14:     0x56dfbbfa051c - <tokio[1880b54cc9e566a9]::runtime::context::scoped::Scoped<tokio[1880b54cc9e566a9]::runtime::scheduler::Context>>::set::<<tokio[1880b54cc9e566a9]::runtime::scheduler::current_thread::CoreGuard>::enter<<tokio[1880b54cc9e566a9]::runtime::scheduler::current_thread::CoreGuard>::block_on<core[a373ad73a504971]::pin::Pin<&mut core[a373ad73a504971]::pin::Pin<&mut dyn core[a373ad73a504971]::future::future::Future<Output = ()>>>>::{closure#0}, core[a373ad73a504971]::option::Option<()>>::{closure#0}, (alloc[2e1b2a31b91974c5]::boxed::Box<tokio[1880b54cc9e566a9]::runtime::scheduler::current_thread::Core>, core[a373ad73a504971]::option::Option<()>)>
[INFO] [stdout]   15:     0x56dfbc0efe5c - <tokio[1880b54cc9e566a9]::runtime::runtime::Runtime>::block_on::<core[a373ad73a504971]::pin::Pin<&mut dyn core[a373ad73a504971]::future::future::Future<Output = ()>>>
[INFO] [stdout]   16:     0x56dfbc289239 - <account_server[e1bea61369354f91]::tests::login::login_rate_limit::{closure#0} as core[a373ad73a504971]::ops::function::FnOnce<()>>::call_once
[INFO] [stdout]   17:     0x56dfbc37dc1b - test[aada8e7e76ba119b]::__rust_begin_short_backtrace::<core[a373ad73a504971]::result::Result<(), alloc[2e1b2a31b91974c5]::string::String>, fn() -> core[a373ad73a504971]::result::Result<(), alloc[2e1b2a31b91974c5]::string::String>>
[INFO] [stdout]   18:     0x56dfbc38adf5 - test[aada8e7e76ba119b]::run_test::{closure#0}
[INFO] [stdout]   19:     0x56dfbc3846e4 - std[617be2ca0a6fd877]::sys::backtrace::__rust_begin_short_backtrace::<test[aada8e7e76ba119b]::run_test::{closure#1}, ()>
[INFO] [stdout]   20:     0x56dfbc38de82 - <std[617be2ca0a6fd877]::thread::lifecycle::spawn_unchecked<test[aada8e7e76ba119b]::run_test::{closure#1}, ()>::{closure#1} as core[a373ad73a504971]::ops::function::FnOnce<()>>::call_once::{shim:vtable#0}
[INFO] [stdout]   21:     0x56dfbca92d8f - <std[617be2ca0a6fd877]::sys::thread::unix::Thread>::new::thread_start
[INFO] [stdout]   22:     0x754c3c162dfa - <unknown>
[INFO] [stdout]   23:     0x754c3c1f63d4 - clone
[INFO] [stdout]   24:                0x0 - <unknown>
[INFO] [stdout] 
[INFO] [stdout] ---- tests::unlink_credential::unlink_credential_hardening stdout ----
[INFO] [stdout] 
[INFO] [stdout] thread 'tests::unlink_credential::unlink_credential_hardening' (7590) panicked at src/tests/unlink_credential.rs:199:16:
[INFO] [stdout] called `Result::unwrap()` on an `Err` value: pool timed out while waiting for an open connection
[INFO] [stdout] 
[INFO] [stdout] Stack backtrace:
[INFO] [stdout]    0: <anyhow::Error as core::convert::From<sqlx_core::error::Error>>::from
[INFO] [stdout]    1: <account_server::tests::types::TestAccServer>::new::{closure#0}
[INFO] [stdout]    2: account_server::tests::unlink_credential::unlink_credential_hardening::{closure#0}::{closure#0}
[INFO] [stdout]    3: account_server::tests::unlink_credential::unlink_credential_hardening::{closure#0}
[INFO] [stdout]    4: <tokio::runtime::scheduler::current_thread::Context>::enter::<core::task::poll::Poll<()>, <tokio::runtime::scheduler::current_thread::CoreGuard>::block_on<core::pin::Pin<&mut core::pin::Pin<&mut dyn core::future::future::Future<Output = ()>>>>::{closure#0}::{closure#0}>
[INFO] [stdout]    5: <tokio::runtime::context::scoped::Scoped<tokio::runtime::scheduler::Context>>::set::<<tokio::runtime::scheduler::current_thread::CoreGuard>::enter<<tokio::runtime::scheduler::current_thread::CoreGuard>::block_on<core::pin::Pin<&mut core::pin::Pin<&mut dyn core::future::future::Future<Output = ()>>>>::{closure#0}, core::option::Option<()>>::{closure#0}, (alloc::boxed::Box<tokio::runtime::scheduler::current_thread::Core>, core::option::Option<()>)>
[INFO] [stdout]    6: <tokio::runtime::runtime::Runtime>::block_on::<core::pin::Pin<&mut dyn core::future::future::Future<Output = ()>>>
[INFO] [stdout]    7: <account_server::tests::unlink_credential::unlink_credential_hardening::{closure#0} as core::ops::function::FnOnce<()>>::call_once
[INFO] [stdout]    8: test::__rust_begin_short_backtrace::<core::result::Result<(), alloc::string::String>, fn() -> core::result::Result<(), alloc::string::String>>
[INFO] [stdout]    9: test::run_test::{closure#0}
[INFO] [stdout]   10: std::sys::backtrace::__rust_begin_short_backtrace::<test::run_test::{closure#1}, ()>
[INFO] [stdout]   11: <std::thread::lifecycle::spawn_unchecked<test::run_test::{closure#1}, ()>::{closure#1} as core::ops::function::FnOnce<()>>::call_once::{shim:vtable#0}
[INFO] [stdout]   12: <std::sys::thread::unix::Thread>::new::thread_start
[INFO] [stdout]   13: <unknown>
[INFO] [stdout]   14: clone
[INFO] [stdout] stack backtrace:
[INFO] [stdout]    0:     0x56dfbca94131 - <<std[617be2ca0a6fd877]::sys::backtrace::BacktraceLock>::print::DisplayBacktrace as core[a373ad73a504971]::fmt::Display>::fmt
[INFO] [stdout]    1:     0x56dfbcaadcca - core[a373ad73a504971]::fmt::write
[INFO] [stdout]    2:     0x56dfbca9999c - <alloc[2e1b2a31b91974c5]::vec::Vec<u8> as core[a373ad73a504971]::io::write::Write>::write_fmt
[INFO] [stdout]    3:     0x56dfbca6b9e6 - std[617be2ca0a6fd877]::panicking::default_hook::{closure#0}
[INFO] [stdout]    4:     0x56dfbca8a0f9 - std[617be2ca0a6fd877]::panicking::default_hook
[INFO] [stdout]    5:     0x56dfbc38a7d0 - test[aada8e7e76ba119b]::test_main_inner::{closure#0}
[INFO] [stdout]    6:     0x56dfbca8a422 - std[617be2ca0a6fd877]::panicking::panic_with_hook
[INFO] [stdout]    7:     0x56dfbca6ba92 - std[617be2ca0a6fd877]::panicking::panic_handler::{closure#0}
[INFO] [stdout]    8:     0x56dfbca63d89 - std[617be2ca0a6fd877]::sys::backtrace::__rust_end_short_backtrace::<std[617be2ca0a6fd877]::panicking::panic_handler::{closure#0}, !>
[INFO] [stdout]    9:     0x56dfbca6ca8d - __rustc[ea4f61d10b84890b]::rust_begin_unwind
[INFO] [stdout]   10:     0x56dfbcaae4ac - core[a373ad73a504971]::panicking::panic_fmt
[INFO] [stdout]   11:     0x56dfbcaae282 - core[a373ad73a504971]::result::unwrap_failed
[INFO] [stdout]   12:     0x56dfbc1565d0 - account_server[e1bea61369354f91]::tests::unlink_credential::unlink_credential_hardening::{closure#0}
[INFO] [stdout]   13:     0x56dfbc0f0333 - <tokio[1880b54cc9e566a9]::runtime::scheduler::current_thread::Context>::enter::<core[a373ad73a504971]::task::poll::Poll<()>, <tokio[1880b54cc9e566a9]::runtime::scheduler::current_thread::CoreGuard>::block_on<core[a373ad73a504971]::pin::Pin<&mut core[a373ad73a504971]::pin::Pin<&mut dyn core[a373ad73a504971]::future::future::Future<Output = ()>>>>::{closure#0}::{closure#0}>
[INFO] [stdout]   14:     0x56dfbbfa051c - <tokio[1880b54cc9e566a9]::runtime::context::scoped::Scoped<tokio[1880b54cc9e566a9]::runtime::scheduler::Context>>::set::<<tokio[1880b54cc9e566a9]::runtime::scheduler::current_thread::CoreGuard>::enter<<tokio[1880b54cc9e566a9]::runtime::scheduler::current_thread::CoreGuard>::block_on<core[a373ad73a504971]::pin::Pin<&mut core[a373ad73a504971]::pin::Pin<&mut dyn core[a373ad73a504971]::future::future::Future<Output = ()>>>>::{closure#0}, core[a373ad73a504971]::option::Option<()>>::{closure#0}, (alloc[2e1b2a31b91974c5]::boxed::Box<tokio[1880b54cc9e566a9]::runtime::scheduler::current_thread::Core>, core[a373ad73a504971]::option::Option<()>)>
[INFO] [stdout]   15:     0x56dfbc0efe5c - <tokio[1880b54cc9e566a9]::runtime::runtime::Runtime>::block_on::<core[a373ad73a504971]::pin::Pin<&mut dyn core[a373ad73a504971]::future::future::Future<Output = ()>>>
[INFO] [stdout]   16:     0x56dfbc15e775 - <account_server[e1bea61369354f91]::tests::unlink_credential::unlink_credential_hardening::{closure#0} as core[a373ad73a504971]::ops::function::FnOnce<()>>::call_once
[INFO] [stdout]   17:     0x56dfbc37dc1b - test[aada8e7e76ba119b]::__rust_begin_short_backtrace::<core[a373ad73a504971]::result::Result<(), alloc[2e1b2a31b91974c5]::string::String>, fn() -> core[a373ad73a504971]::result::Result<(), alloc[2e1b2a31b91974c5]::string::String>>
[INFO] [stdout]   18:     0x56dfbc38adf5 - test[aada8e7e76ba119b]::run_test::{closure#0}
[INFO] [stdout]   19:     0x56dfbc3846e4 - std[617be2ca0a6fd877]::sys::backtrace::__rust_begin_short_backtrace::<test[aada8e7e76ba119b]::run_test::{closure#1}, ()>
[INFO] [stdout]   20:     0x56dfbc38de82 - <std[617be2ca0a6fd877]::thread::lifecycle::spawn_unchecked<test[aada8e7e76ba119b]::run_test::{closure#1}, ()>::{closure#1} as core[a373ad73a504971]::ops::function::FnOnce<()>>::call_once::{shim:vtable#0}
[INFO] [stdout]   21:     0x56dfbca92d8f - <std[617be2ca0a6fd877]::sys::thread::unix::Thread>::new::thread_start
[INFO] [stdout]   22:     0x754c3c162dfa - <unknown>
[INFO] [stdout]   23:     0x754c3c1f63d4 - clone
[INFO] [stdout]   24:                0x0 - <unknown>
[INFO] [stdout] 
[INFO] [stdout] ---- tests::signing_certs::signing_certs stdout ----
[INFO] [stdout] 
[INFO] [stdout] thread 'tests::signing_certs::signing_certs' (7589) panicked at src/tests/signing_certs.rs:137:16:
[INFO] [stdout] called `Result::unwrap()` on an `Err` value: pool timed out while waiting for an open connection
[INFO] [stdout] 
[INFO] [stdout] Stack backtrace:
[INFO] [stdout]    0: <anyhow::Error as core::convert::From<sqlx_core::error::Error>>::from
[INFO] [stdout]    1: <account_server::tests::types::TestAccServer>::new::{closure#0}
[INFO] [stdout]    2: account_server::tests::signing_certs::signing_certs::{closure#0}::{closure#0}
[INFO] [stdout]    3: account_server::tests::signing_certs::signing_certs::{closure#0}
[INFO] [stdout]    4: <tokio::runtime::scheduler::current_thread::Context>::enter::<core::task::poll::Poll<()>, <tokio::runtime::scheduler::current_thread::CoreGuard>::block_on<core::pin::Pin<&mut core::pin::Pin<&mut dyn core::future::future::Future<Output = ()>>>>::{closure#0}::{closure#0}>
[INFO] [stdout]    5: <tokio::runtime::context::scoped::Scoped<tokio::runtime::scheduler::Context>>::set::<<tokio::runtime::scheduler::current_thread::CoreGuard>::enter<<tokio::runtime::scheduler::current_thread::CoreGuard>::block_on<core::pin::Pin<&mut core::pin::Pin<&mut dyn core::future::future::Future<Output = ()>>>>::{closure#0}, core::option::Option<()>>::{closure#0}, (alloc::boxed::Box<tokio::runtime::scheduler::current_thread::Core>, core::option::Option<()>)>
[INFO] [stdout]    6: <tokio::runtime::runtime::Runtime>::block_on::<core::pin::Pin<&mut dyn core::future::future::Future<Output = ()>>>
[INFO] [stdout]    7: <account_server::tests::signing_certs::signing_certs::{closure#0} as core::ops::function::FnOnce<()>>::call_once
[INFO] [stdout]    8: test::__rust_begin_short_backtrace::<core::result::Result<(), alloc::string::String>, fn() -> core::result::Result<(), alloc::string::String>>
[INFO] [stdout]    9: test::run_test::{closure#0}
[INFO] [stdout]   10: std::sys::backtrace::__rust_begin_short_backtrace::<test::run_test::{closure#1}, ()>
[INFO] [stdout]   11: <std::thread::lifecycle::spawn_unchecked<test::run_test::{closure#1}, ()>::{closure#1} as core::ops::function::FnOnce<()>>::call_once::{shim:vtable#0}
[INFO] [stdout]   12: <std::sys::thread::unix::Thread>::new::thread_start
[INFO] [stdout]   13: <unknown>
[INFO] [stdout]   14: clone
[INFO] [stdout] stack backtrace:
[INFO] [stdout]    0:     0x56dfbca94131 - <<std[617be2ca0a6fd877]::sys::backtrace::BacktraceLock>::print::DisplayBacktrace as core[a373ad73a504971]::fmt::Display>::fmt
[INFO] [stdout]    1:     0x56dfbcaadcca - core[a373ad73a504971]::fmt::write
[INFO] [stdout]    2:     0x56dfbca9999c - <alloc[2e1b2a31b91974c5]::vec::Vec<u8> as core[a373ad73a504971]::io::write::Write>::write_fmt
[INFO] [stdout]    3:     0x56dfbca6b9e6 - std[617be2ca0a6fd877]::panicking::default_hook::{closure#0}
[INFO] [stdout]    4:     0x56dfbca8a0f9 - std[617be2ca0a6fd877]::panicking::default_hook
[INFO] [stdout]    5:     0x56dfbc38a7d0 - test[aada8e7e76ba119b]::test_main_inner::{closure#0}
[INFO] [stdout]    6:     0x56dfbca8a422 - std[617be2ca0a6fd877]::panicking::panic_with_hook
[INFO] [stdout]    7:     0x56dfbca6ba92 - std[617be2ca0a6fd877]::panicking::panic_handler::{closure#0}
[INFO] [stdout]    8:     0x56dfbca63d89 - std[617be2ca0a6fd877]::sys::backtrace::__rust_end_short_backtrace::<std[617be2ca0a6fd877]::panicking::panic_handler::{closure#0}, !>
[INFO] [stdout]    9:     0x56dfbca6ca8d - __rustc[ea4f61d10b84890b]::rust_begin_unwind
[INFO] [stdout]   10:     0x56dfbcaae4ac - core[a373ad73a504971]::panicking::panic_fmt
[INFO] [stdout]   11:     0x56dfbcaae282 - core[a373ad73a504971]::result::unwrap_failed
[INFO] [stdout]   12:     0x56dfbc1ca1c0 - account_server[e1bea61369354f91]::tests::signing_certs::signing_certs::{closure#0}
[INFO] [stdout]   13:     0x56dfbc0f0333 - <tokio[1880b54cc9e566a9]::runtime::scheduler::current_thread::Context>::enter::<core[a373ad73a504971]::task::poll::Poll<()>, <tokio[1880b54cc9e566a9]::runtime::scheduler::current_thread::CoreGuard>::block_on<core[a373ad73a504971]::pin::Pin<&mut core[a373ad73a504971]::pin::Pin<&mut dyn core[a373ad73a504971]::future::future::Future<Output = ()>>>>::{closure#0}::{closure#0}>
[INFO] [stdout]   14:     0x56dfbbfa051c - <tokio[1880b54cc9e566a9]::runtime::context::scoped::Scoped<tokio[1880b54cc9e566a9]::runtime::scheduler::Context>>::set::<<tokio[1880b54cc9e566a9]::runtime::scheduler::current_thread::CoreGuard>::enter<<tokio[1880b54cc9e566a9]::runtime::scheduler::current_thread::CoreGuard>::block_on<core[a373ad73a504971]::pin::Pin<&mut core[a373ad73a504971]::pin::Pin<&mut dyn core[a373ad73a504971]::future::future::Future<Output = ()>>>>::{closure#0}, core[a373ad73a504971]::option::Option<()>>::{closure#0}, (alloc[2e1b2a31b91974c5]::boxed::Box<tokio[1880b54cc9e566a9]::runtime::scheduler::current_thread::Core>, core[a373ad73a504971]::option::Option<()>)>
[INFO] [stdout]   15:     0x56dfbc0efe5c - <tokio[1880b54cc9e566a9]::runtime::runtime::Runtime>::block_on::<core[a373ad73a504971]::pin::Pin<&mut dyn core[a373ad73a504971]::future::future::Future<Output = ()>>>
[INFO] [stdout]   16:     0x56dfbc1d4c19 - <account_server[e1bea61369354f91]::tests::signing_certs::signing_certs::{closure#0} as core[a373ad73a504971]::ops::function::FnOnce<()>>::call_once
[INFO] [stdout]   17:     0x56dfbc37dc1b - test[aada8e7e76ba119b]::__rust_begin_short_backtrace::<core[a373ad73a504971]::result::Result<(), alloc[2e1b2a31b91974c5]::string::String>, fn() -> core[a373ad73a504971]::result::Result<(), alloc[2e1b2a31b91974c5]::string::String>>
[INFO] [stdout]   18:     0x56dfbc38adf5 - test[aada8e7e76ba119b]::run_test::{closure#0}
[INFO] [stdout]   19:     0x56dfbc3846e4 - std[617be2ca0a6fd877]::sys::backtrace::__rust_begin_short_backtrace::<test[aada8e7e76ba119b]::run_test::{closure#1}, ()>
[INFO] [stdout]   20:     0x56dfbc38de82 - <std[617be2ca0a6fd877]::thread::lifecycle::spawn_unchecked<test[aada8e7e76ba119b]::run_test::{closure#1}, ()>::{closure#1} as core[a373ad73a504971]::ops::function::FnOnce<()>>::call_once::{shim:vtable#0}
[INFO] [stdout]   21:     0x56dfbca92d8f - <std[617be2ca0a6fd877]::sys::thread::unix::Thread>::new::thread_start
[INFO] [stdout]   22:     0x754c3c162dfa - <unknown>
[INFO] [stdout]   23:     0x754c3c1f63d4 - clone
[INFO] [stdout]   24:                0x0 - <unknown>
[INFO] [stdout] 
[INFO] [stdout] ---- tests::multi_url::multi_url_test stdout ----
[INFO] [stdout] 
[INFO] [stdout] thread 'tests::multi_url::multi_url_test' (7588) panicked at src/tests/multi_url.rs:69:16:
[INFO] [stdout] called `Result::unwrap()` on an `Err` value: pool timed out while waiting for an open connection
[INFO] [stdout] 
[INFO] [stdout] Stack backtrace:
[INFO] [stdout]    0: <anyhow::Error as core::convert::From<sqlx_core::error::Error>>::from
[INFO] [stdout]    1: <account_server::tests::types::TestAccServer>::new::{closure#0}
[INFO] [stdout]    2: account_server::tests::multi_url::multi_url_test::{closure#0}
[INFO] [stdout]    3: <tokio::runtime::scheduler::current_thread::Context>::enter::<core::task::poll::Poll<()>, <tokio::runtime::scheduler::current_thread::CoreGuard>::block_on<core::pin::Pin<&mut core::pin::Pin<&mut dyn core::future::future::Future<Output = ()>>>>::{closure#0}::{closure#0}>
[INFO] [stdout]    4: <tokio::runtime::context::scoped::Scoped<tokio::runtime::scheduler::Context>>::set::<<tokio::runtime::scheduler::current_thread::CoreGuard>::enter<<tokio::runtime::scheduler::current_thread::CoreGuard>::block_on<core::pin::Pin<&mut core::pin::Pin<&mut dyn core::future::future::Future<Output = ()>>>>::{closure#0}, core::option::Option<()>>::{closure#0}, (alloc::boxed::Box<tokio::runtime::scheduler::current_thread::Core>, core::option::Option<()>)>
[INFO] [stdout]    5: <tokio::runtime::runtime::Runtime>::block_on::<core::pin::Pin<&mut dyn core::future::future::Future<Output = ()>>>
[INFO] [stdout]    6: <account_server::tests::multi_url::multi_url_test::{closure#0} as core::ops::function::FnOnce<()>>::call_once
[INFO] [stdout]    7: test::__rust_begin_short_backtrace::<core::result::Result<(), alloc::string::String>, fn() -> core::result::Result<(), alloc::string::String>>
[INFO] [stdout]    8: test::run_test::{closure#0}
[INFO] [stdout]    9: std::sys::backtrace::__rust_begin_short_backtrace::<test::run_test::{closure#1}, ()>
[INFO] [stdout]   10: <std::thread::lifecycle::spawn_unchecked<test::run_test::{closure#1}, ()>::{closure#1} as core::ops::function::FnOnce<()>>::call_once::{shim:vtable#0}
[INFO] [stdout]   11: <std::sys::thread::unix::Thread>::new::thread_start
[INFO] [stdout]   12: <unknown>
[INFO] [stdout]   13: clone
[INFO] [stdout] stack backtrace:
[INFO] [stdout]    0:     0x56dfbca94131 - <<std[617be2ca0a6fd877]::sys::backtrace::BacktraceLock>::print::DisplayBacktrace as core[a373ad73a504971]::fmt::Display>::fmt
[INFO] [stdout]    1:     0x56dfbcaadcca - core[a373ad73a504971]::fmt::write
[INFO] [stdout]    2:     0x56dfbca9999c - <alloc[2e1b2a31b91974c5]::vec::Vec<u8> as core[a373ad73a504971]::io::write::Write>::write_fmt
[INFO] [stdout]    3:     0x56dfbca6b9e6 - std[617be2ca0a6fd877]::panicking::default_hook::{closure#0}
[INFO] [stdout]    4:     0x56dfbca8a0f9 - std[617be2ca0a6fd877]::panicking::default_hook
[INFO] [stdout]    5:     0x56dfbc38a7d0 - test[aada8e7e76ba119b]::test_main_inner::{closure#0}
[INFO] [stdout]    6:     0x56dfbca8a422 - std[617be2ca0a6fd877]::panicking::panic_with_hook
[INFO] [stdout]    7:     0x56dfbca6ba92 - std[617be2ca0a6fd877]::panicking::panic_handler::{closure#0}
[INFO] [stdout]    8:     0x56dfbca63d89 - std[617be2ca0a6fd877]::sys::backtrace::__rust_end_short_backtrace::<std[617be2ca0a6fd877]::panicking::panic_handler::{closure#0}, !>
[INFO] [stdout]    9:     0x56dfbca6ca8d - __rustc[ea4f61d10b84890b]::rust_begin_unwind
[INFO] [stdout]   10:     0x56dfbcaae4ac - core[a373ad73a504971]::panicking::panic_fmt
[INFO] [stdout]   11:     0x56dfbcaae282 - core[a373ad73a504971]::result::unwrap_failed
[INFO] [stdout]   12:     0x56dfbc02d869 - account_server[e1bea61369354f91]::tests::multi_url::multi_url_test::{closure#0}
[INFO] [stdout]   13:     0x56dfbc0f0333 - <tokio[1880b54cc9e566a9]::runtime::scheduler::current_thread::Context>::enter::<core[a373ad73a504971]::task::poll::Poll<()>, <tokio[1880b54cc9e566a9]::runtime::scheduler::current_thread::CoreGuard>::block_on<core[a373ad73a504971]::pin::Pin<&mut core[a373ad73a504971]::pin::Pin<&mut dyn core[a373ad73a504971]::future::future::Future<Output = ()>>>>::{closure#0}::{closure#0}>
[INFO] [stdout]   14:     0x56dfbbfa051c - <tokio[1880b54cc9e566a9]::runtime::context::scoped::Scoped<tokio[1880b54cc9e566a9]::runtime::scheduler::Context>>::set::<<tokio[1880b54cc9e566a9]::runtime::scheduler::current_thread::CoreGuard>::enter<<tokio[1880b54cc9e566a9]::runtime::scheduler::current_thread::CoreGuard>::block_on<core[a373ad73a504971]::pin::Pin<&mut core[a373ad73a504971]::pin::Pin<&mut dyn core[a373ad73a504971]::future::future::Future<Output = ()>>>>::{closure#0}, core[a373ad73a504971]::option::Option<()>>::{closure#0}, (alloc[2e1b2a31b91974c5]::boxed::Box<tokio[1880b54cc9e566a9]::runtime::scheduler::current_thread::Core>, core[a373ad73a504971]::option::Option<()>)>
[INFO] [stdout]   15:     0x56dfbc0efe5c - <tokio[1880b54cc9e566a9]::runtime::runtime::Runtime>::block_on::<core[a373ad73a504971]::pin::Pin<&mut dyn core[a373ad73a504971]::future::future::Future<Output = ()>>>
[INFO] [stdout]   16:     0x56dfbc036cb9 - <account_server[e1bea61369354f91]::tests::multi_url::multi_url_test::{closure#0} as core[a373ad73a504971]::ops::function::FnOnce<()>>::call_once
[INFO] [stdout]   17:     0x56dfbc37dc1b - test[aada8e7e76ba119b]::__rust_begin_short_backtrace::<core[a373ad73a504971]::result::Result<(), alloc[2e1b2a31b91974c5]::string::String>, fn() -> core[a373ad73a504971]::result::Result<(), alloc[2e1b2a31b91974c5]::string::String>>
[INFO] [stdout]   18:     0x56dfbc38adf5 - test[aada8e7e76ba119b]::run_test::{closure#0}
[INFO] [stdout]   19:     0x56dfbc3846e4 - std[617be2ca0a6fd877]::sys::backtrace::__rust_begin_short_backtrace::<test[aada8e7e76ba119b]::run_test::{closure#1}, ()>
[INFO] [stdout]   20:     0x56dfbc38de82 - <std[617be2ca0a6fd877]::thread::lifecycle::spawn_unchecked<test[aada8e7e76ba119b]::run_test::{closure#1}, ()>::{closure#1} as core[a373ad73a504971]::ops::function::FnOnce<()>>::call_once::{shim:vtable#0}
[INFO] [stdout]   21:     0x56dfbca92d8f - <std[617be2ca0a6fd877]::sys::thread::unix::Thread>::new::thread_start
[INFO] [stdout]   22:     0x754c3c162dfa - <unknown>
[INFO] [stdout]   23:     0x754c3c1f63d4 - clone
[INFO] [stdout]   24:                0x0 - <unknown>
[INFO] [stdout] 
[INFO] [stdout] 
[INFO] [stdout] failures:
[INFO] [stdout]     email::test::email_test
[INFO] [stdout]     tests::credential_auth_token::credential_auth_token_ban_lists
[INFO] [stdout]     tests::full::account_full_process
[INFO] [stdout]     tests::game_server::rename::rename_hardening
[INFO] [stdout]     tests::ip_ban::ip_ban_lists
[INFO] [stdout]     tests::link_credential::link_credential_hardening
[INFO] [stdout]     tests::login::login_email_test
[INFO] [stdout]     tests::login::login_hardening
[INFO] [stdout]     tests::login::login_rate_limit
[INFO] [stdout]     tests::multi_url::multi_url_test
[INFO] [stdout]     tests::signing_certs::signing_certs
[INFO] [stdout]     tests::unlink_credential::unlink_credential_hardening
[INFO] [stdout] 
[INFO] [stdout] test result: FAILED. 1 passed; 12 failed; 0 ignored; 0 measured; 0 filtered out; finished in 60.01s
[INFO] [stdout] 
[INFO] [stderr] error: test failed, to rerun pass `--bin account-server`
[INFO] running `Command { std: "docker" "inspect" "4e34e83695717fb81d645ad44add212a1882352355b1cb700f1f24dc7d7b4e29", kill_on_drop: false }`
[INFO] running `Command { std: "docker" "rm" "-f" "4e34e83695717fb81d645ad44add212a1882352355b1cb700f1f24dc7d7b4e29", kill_on_drop: false }`
[INFO] [stdout] 4e34e83695717fb81d645ad44add212a1882352355b1cb700f1f24dc7d7b4e29
