[INFO] fetching crate ddf-simple-websockets 0.1.4...
[INFO] testing ddf-simple-websockets-0.1.4 against 1.100.0-beta.1+cargoflags=--release for beta-release-1.100-2
[INFO] extracting crate ddf-simple-websockets 0.1.4 into /workspace/builds/worker-3-tc2/source
[INFO] started tweaking crates.io crate ddf-simple-websockets 0.1.4
[INFO] finished tweaking crates.io crate ddf-simple-websockets 0.1.4
[INFO] tweaked toml for crates.io crate ddf-simple-websockets 0.1.4 written to /workspace/builds/worker-3-tc2/source/Cargo.toml
[INFO] validating manifest of crates.io crate ddf-simple-websockets 0.1.4 on toolchain 1.100.0-beta.1
[INFO] running `Command { std: CARGO_HOME="/workspace/cargo-home" RUSTUP_HOME="/workspace/rustup-home" "/workspace/cargo-home/bin/cargo" "+1.100.0-beta.1" "metadata" "--manifest-path" "Cargo.toml" "--no-deps", kill_on_drop: false }`
[INFO] running `Command { std: CARGO_HOME="/workspace/cargo-home" RUSTUP_HOME="/workspace/rustup-home" "/workspace/cargo-home/bin/cargo" "+1.100.0-beta.1" "generate-lockfile" "--manifest-path" "Cargo.toml", kill_on_drop: false }`
[INFO] [stderr]     Updating crates.io index
[INFO] [stderr]      Locking 101 packages to highest compatible versions
[INFO] [stderr]       Adding flume v0.10.14 (available: v0.12.0)
[INFO] [stderr]       Adding generic-array v0.14.7 (available: v0.14.9)
[INFO] [stderr]       Adding tokio-tungstenite v0.17.2 (available: v0.30.0)
[INFO] running `Command { std: CARGO_HOME="/workspace/cargo-home" RUSTUP_HOME="/workspace/rustup-home" "/workspace/cargo-home/bin/cargo" "+1.100.0-beta.1" "fetch" "--manifest-path" "Cargo.toml", kill_on_drop: false }`
[INFO] running `Command { std: "docker" "create" "-v" "/var/lib/crater-agent-workspace/builds/worker-3-tc2/source:/opt/rustwide/workdir:ro,Z" "-v" "/var/lib/crater-agent-workspace/builds/worker-3-tc2/target:/opt/rustwide/target:rw,Z" "-v" "/var/lib/crater-agent-workspace/cargo-home:/opt/rustwide/cargo-home:ro,Z" "-v" "/var/lib/crater-agent-workspace/rustup-home:/opt/rustwide/rustup-home:ro,Z" "-m" "1610612736" "--network" "none" "ghcr.io/rust-lang/crates-build-env/linux@sha256:77db811e55d90add9212f6832c23229e3de5f1c1f9905e8cb07319ea15df73ac" "sleep" "infinity", kill_on_drop: false }`
[INFO] [stdout] 54d6852e80045416cfb3cfaadcfd60c012fd90e280167b5d578000ad27bfbc07
[INFO] running `Command { std: "docker" "start" "54d6852e80045416cfb3cfaadcfd60c012fd90e280167b5d578000ad27bfbc07", kill_on_drop: false }`
[INFO] running `Command { std: "docker" "inspect" "54d6852e80045416cfb3cfaadcfd60c012fd90e280167b5d578000ad27bfbc07", kill_on_drop: false }`
[INFO] running `Command { std: "docker" "exec" "-e" "SOURCE_DIR=/opt/rustwide/workdir" "-e" "CARGO_HOME=/opt/rustwide/cargo-home" "-e" "RUSTUP_HOME=/opt/rustwide/rustup-home" "-e" "CARGO_TARGET_DIR=/opt/rustwide/target" "-w" "/opt/rustwide/workdir" "--user" "0:0" "54d6852e80045416cfb3cfaadcfd60c012fd90e280167b5d578000ad27bfbc07" "/opt/rustwide/cargo-home/bin/cargo" "+1.100.0-beta.1" "metadata" "--no-deps" "--format-version=1", kill_on_drop: false }`
[INFO] running `Command { std: "docker" "inspect" "54d6852e80045416cfb3cfaadcfd60c012fd90e280167b5d578000ad27bfbc07", kill_on_drop: false }`
[INFO] running `Command { std: "docker" "exec" "-e" "SOURCE_DIR=/opt/rustwide/workdir" "-e" "CARGO_HOME=/opt/rustwide/cargo-home" "-e" "RUSTUP_HOME=/opt/rustwide/rustup-home" "-e" "CARGO_TARGET_DIR=/opt/rustwide/target" "-e" "CARGO_INCREMENTAL=0" "-e" "RUST_BACKTRACE=full" "-e" "RUSTFLAGS=--cap-lints=warn" "-e" "RUSTDOCFLAGS=--cap-lints=warn" "-w" "/opt/rustwide/workdir" "--user" "0:0" "54d6852e80045416cfb3cfaadcfd60c012fd90e280167b5d578000ad27bfbc07" "/opt/rustwide/cargo-home/bin/cargo" "+1.100.0-beta.1" "build" "--frozen" "--message-format=json" "--release", kill_on_drop: false }`
[INFO] [stderr]    Compiling smallvec v1.16.3
[INFO] [stderr]    Compiling zerocopy v0.8.63
[INFO] [stderr]    Compiling syn v3.0.9
[INFO] [stderr]    Compiling getrandom v0.2.17
[INFO] [stderr]    Compiling syn v2.0.119
[INFO] [stderr]    Compiling digest v0.10.7
[INFO] [stderr]    Compiling futures-core v0.3.34
[INFO] [stderr]    Compiling futures-sink v0.3.34
[INFO] [stderr]    Compiling http v0.2.12
[INFO] [stderr]    Compiling futures-task v0.3.34
[INFO] [stderr]    Compiling rand_core v0.6.4
[INFO] [stderr]    Compiling parking_lot_core v0.9.12
[INFO] [stderr]    Compiling sha-1 v0.10.1
[INFO] [stderr]    Compiling slab v0.4.12
[INFO] [stderr]    Compiling nanorand v0.7.0
[INFO] [stderr]    Compiling parking_lot v0.12.5
[INFO] [stderr]    Compiling spin v0.9.9
[INFO] [stderr]    Compiling thiserror-impl v1.0.69
[INFO] [stderr]    Compiling pin-project-internal v1.1.13
[INFO] [stderr]    Compiling pin-project v1.1.13
[INFO] [stderr]    Compiling flume v0.10.14
[INFO] [stderr]    Compiling thiserror v1.0.69
[INFO] [stderr]    Compiling synstructure v0.14.0
[INFO] [stderr]    Compiling zerofrom-derive v0.1.8
[INFO] [stderr]    Compiling yoke-derive v0.8.4
[INFO] [stderr]    Compiling zerovec-derive v0.11.6
[INFO] [stderr]    Compiling displaydoc v0.2.7
[INFO] [stderr]    Compiling futures-macro v0.3.34
[INFO] [stderr]    Compiling tokio-macros v2.7.2
[INFO] [stderr]    Compiling futures-util v0.3.34
[INFO] [stderr]    Compiling tokio v1.53.3
[INFO] [stderr]    Compiling zerofrom v0.1.8
[INFO] [stderr]    Compiling yoke v0.8.3
[INFO] [stderr]    Compiling zerovec v0.11.8
[INFO] [stderr]    Compiling zerotrie v0.2.5
[INFO] [stderr]    Compiling ppv-lite86 v0.2.21
[INFO] [stderr]    Compiling rand_chacha v0.3.1
[INFO] [stderr]    Compiling rand v0.8.8
[INFO] [stderr]    Compiling tinystr v0.8.4
[INFO] [stderr]    Compiling potential_utf v0.1.6
[INFO] [stderr]    Compiling icu_collections v2.3.0
[INFO] [stderr]    Compiling icu_locale_core v2.3.0
[INFO] [stderr]    Compiling icu_provider v2.3.1
[INFO] [stderr]    Compiling icu_normalizer v2.3.0
[INFO] [stderr]    Compiling icu_properties v2.3.0
[INFO] [stderr]    Compiling idna_adapter v1.2.2
[INFO] [stderr]    Compiling idna v1.1.0
[INFO] [stderr]    Compiling url v2.5.8
[INFO] [stderr]    Compiling tungstenite v0.17.3
[INFO] [stderr]    Compiling tokio-tungstenite v0.17.2
[INFO] [stderr]    Compiling ddf-simple-websockets v0.1.4 (/opt/rustwide/workdir)
[INFO] [stderr]     Finished `release` profile [optimized] target(s) in 1m 08s
[INFO] running `Command { std: "docker" "inspect" "54d6852e80045416cfb3cfaadcfd60c012fd90e280167b5d578000ad27bfbc07", kill_on_drop: false }`
[INFO] running `Command { std: "docker" "exec" "-e" "SOURCE_DIR=/opt/rustwide/workdir" "-e" "CARGO_HOME=/opt/rustwide/cargo-home" "-e" "RUSTUP_HOME=/opt/rustwide/rustup-home" "-e" "CARGO_TARGET_DIR=/opt/rustwide/target" "-e" "CARGO_INCREMENTAL=0" "-e" "RUST_BACKTRACE=full" "-e" "RUSTFLAGS=--cap-lints=warn" "-e" "RUSTDOCFLAGS=--cap-lints=warn" "-w" "/opt/rustwide/workdir" "--user" "0:0" "54d6852e80045416cfb3cfaadcfd60c012fd90e280167b5d578000ad27bfbc07" "/opt/rustwide/cargo-home/bin/cargo" "+1.100.0-beta.1" "test" "--frozen" "--no-run" "--message-format=json" "--release", kill_on_drop: false }`
[INFO] [stderr]    Compiling ddf-simple-websockets v0.1.4 (/opt/rustwide/workdir)
[INFO] [stderr]     Finished `release` profile [optimized] target(s) in 0.56s
[INFO] running `Command { std: "docker" "inspect" "54d6852e80045416cfb3cfaadcfd60c012fd90e280167b5d578000ad27bfbc07", kill_on_drop: false }`
[INFO] running `Command { std: "docker" "exec" "-e" "SOURCE_DIR=/opt/rustwide/workdir" "-e" "CARGO_HOME=/opt/rustwide/cargo-home" "-e" "RUSTUP_HOME=/opt/rustwide/rustup-home" "-e" "CARGO_TARGET_DIR=/opt/rustwide/target" "-e" "CARGO_INCREMENTAL=0" "-e" "RUST_BACKTRACE=full" "-e" "RUSTFLAGS=--cap-lints=warn" "-e" "RUSTDOCFLAGS=--cap-lints=warn" "-w" "/opt/rustwide/workdir" "--user" "0:0" "54d6852e80045416cfb3cfaadcfd60c012fd90e280167b5d578000ad27bfbc07" "/opt/rustwide/cargo-home/bin/cargo" "+1.100.0-beta.1" "test" "--frozen" "--release", kill_on_drop: false }`
[INFO] [stderr]     Finished `release` profile [optimized] target(s) in 0.13s
[INFO] [stderr]      Running unittests src/lib.rs (/opt/rustwide/target/release/build/ddf-simple-websockets/46bd33cc5f8f2988/out/ddf_simple_websockets-46bd33cc5f8f2988)
[INFO] [stdout] 
[INFO] [stdout] running 0 tests
[INFO] [stdout] 
[INFO] [stdout] test result: ok. 0 passed; 0 failed; 0 ignored; 0 measured; 0 filtered out; finished in 0.00s
[INFO] [stdout] 
[INFO] [stderr]    Doc-tests ddf_simple_websockets
[INFO] [stdout] 
[INFO] [stdout] running 1 test
[INFO] [stdout] test src/lib.rs - (line 10) - compile ... FAILED
[INFO] [stdout] 
[INFO] [stdout] failures:
[INFO] [stdout] 
[INFO] [stdout] ---- src/lib.rs - (line 10) stdout ----
[INFO] [stdout] error[E0432]: unresolved import `simple_websockets`
[INFO] [stdout]   --> src/lib.rs:11:5
[INFO] [stdout]    |
[INFO] [stdout] 11 | use simple_websockets::{Event, Responder};
[INFO] [stdout]    |     ^^^^^^^^^^^^^^^^^ use of unresolved module or unlinked crate `simple_websockets`
[INFO] [stdout]    |
[INFO] [stdout] help: there is a crate or module with a similar name
[INFO] [stdout]    |
[INFO] [stdout] 11 | use ddf_simple_websockets::{Event, Responder};
[INFO] [stdout]    |     ++++
[INFO] [stdout] 
[INFO] [stdout] error[E0433]: cannot find module or crate `simple_websockets` in this scope
[INFO] [stdout]   --> src/lib.rs:16:21
[INFO] [stdout]    |
[INFO] [stdout] 16 |     let event_hub = simple_websockets::launch(8080)
[INFO] [stdout]    |                     ^^^^^^^^^^^^^^^^^ use of unresolved module or unlinked crate `simple_websockets`
[INFO] [stdout]    |
[INFO] [stdout] help: there is a crate or module with a similar name
[INFO] [stdout]    |
[INFO] [stdout] 16 |     let event_hub = ddf_simple_websockets::launch(8080)
[INFO] [stdout]    |                     ++++
[INFO] [stdout] 
[INFO] [stdout] error: aborting due to 2 previous errors
[INFO] [stdout] 
[INFO] [stdout] Some errors have detailed explanations: E0432, E0433.
[INFO] [stdout] For more information about an error, try `rustc --explain E0432`.
[INFO] [stdout] Couldn't compile the test.
[INFO] [stdout] 
[INFO] [stdout] failures:
[INFO] [stdout]     src/lib.rs - (line 10)
[INFO] [stdout] 
[INFO] [stdout] test result: FAILED. 0 passed; 1 failed; 0 ignored; 0 measured; 0 filtered out; finished in 0.09s
[INFO] [stdout] 
[INFO] [stderr] error: doctest failed, to rerun pass `--doc`
[INFO] running `Command { std: "docker" "inspect" "54d6852e80045416cfb3cfaadcfd60c012fd90e280167b5d578000ad27bfbc07", kill_on_drop: false }`
[INFO] running `Command { std: "docker" "rm" "-f" "54d6852e80045416cfb3cfaadcfd60c012fd90e280167b5d578000ad27bfbc07", kill_on_drop: false }`
[INFO] [stdout] 54d6852e80045416cfb3cfaadcfd60c012fd90e280167b5d578000ad27bfbc07
