[INFO] fetching crate ddex-builder 0.4.5...
[INFO] testing ddex-builder-0.4.5 against 1.99.0-beta.8+cargoflags=--release for beta-release-1.100-2
[INFO] extracting crate ddex-builder 0.4.5 into /workspace/builds/worker-5-tc1/source
[INFO] started tweaking crates.io crate ddex-builder 0.4.5
[INFO] removed 0 missing examples
[INFO] removed 0 missing tests
[INFO] finished tweaking crates.io crate ddex-builder 0.4.5
[INFO] tweaked toml for crates.io crate ddex-builder 0.4.5 written to /workspace/builds/worker-5-tc1/source/Cargo.toml
[INFO] validating manifest of crates.io crate ddex-builder 0.4.5 on toolchain 1.99.0-beta.8
[INFO] running `Command { std: CARGO_HOME="/workspace/cargo-home" RUSTUP_HOME="/workspace/rustup-home" "/workspace/cargo-home/bin/cargo" "+1.99.0-beta.8" "metadata" "--manifest-path" "Cargo.toml" "--no-deps", kill_on_drop: false }`
[INFO] crate crates.io crate ddex-builder 0.4.5 already has a lockfile, it will not be regenerated
[INFO] running `Command { std: CARGO_HOME="/workspace/cargo-home" RUSTUP_HOME="/workspace/rustup-home" "/workspace/cargo-home/bin/cargo" "+1.99.0-beta.8" "fetch" "--manifest-path" "Cargo.toml", kill_on_drop: false }`
[INFO] [stderr]     Updating crates.io index
[INFO] [stderr]  Downloading crates ...
[INFO] [stderr]   Downloaded wasi v0.14.5+wasi-0.2.4
[INFO] [stderr]   Downloaded wasip2 v1.0.0+wasi-0.2.4
[INFO] [stderr]   Downloaded tempfile v3.22.0
[INFO] [stderr]   Downloaded smallstr v0.3.1
[INFO] [stderr]   Downloaded symbolic-common v12.16.2
[INFO] [stderr]   Downloaded pprof v0.15.0
[INFO] [stderr]   Downloaded str_stack v0.1.0
[INFO] [stderr]   Downloaded findshlibs v0.10.2
[INFO] [stderr]   Downloaded find-msvc-tools v0.1.1
[INFO] [stderr]   Downloaded symbolic-demangle v12.16.2
[INFO] [stderr]   Downloaded inferno v0.11.21
[INFO] [stderr]   Downloaded quick-xml v0.26.0
[INFO] [stderr]   Downloaded cc v1.2.36
[INFO] [stderr]   Downloaded web-sys v0.3.78
[INFO] [stderr]   Downloaded windows-sys v0.61.0
[INFO] [stderr]   Downloaded insta v1.43.2
[INFO] [stderr]   Downloaded utf8-width v0.1.7
[INFO] [stderr]   Downloaded thousands v0.2.0
[INFO] [stderr]   Downloaded dhat v0.3.3
[INFO] [stderr]   Downloaded mintex v0.1.4
[INFO] [stderr]   Downloaded ddex-core v0.4.5
[INFO] [stderr]   Downloaded clap_complete v4.5.57
[INFO] running `Command { std: "docker" "create" "-v" "/var/lib/crater-agent-workspace/builds/worker-5-tc1/source:/opt/rustwide/workdir:ro,Z" "-v" "/var/lib/crater-agent-workspace/builds/worker-5-tc1/target:/opt/rustwide/target:rw,Z" "-v" "/var/lib/crater-agent-workspace/cargo-home:/opt/rustwide/cargo-home:ro,Z" "-v" "/var/lib/crater-agent-workspace/rustup-home:/opt/rustwide/rustup-home:ro,Z" "-m" "1610612736" "--network" "none" "ghcr.io/rust-lang/crates-build-env/linux@sha256:77db811e55d90add9212f6832c23229e3de5f1c1f9905e8cb07319ea15df73ac" "sleep" "infinity", kill_on_drop: false }`
[INFO] [stdout] a8813a2ab84e3774bd23850437a6cb35eae99892aebe7716c3045769dc4c6063
[INFO] running `Command { std: "docker" "start" "a8813a2ab84e3774bd23850437a6cb35eae99892aebe7716c3045769dc4c6063", kill_on_drop: false }`
[INFO] running `Command { std: "docker" "inspect" "a8813a2ab84e3774bd23850437a6cb35eae99892aebe7716c3045769dc4c6063", kill_on_drop: false }`
[INFO] running `Command { std: "docker" "exec" "-e" "SOURCE_DIR=/opt/rustwide/workdir" "-e" "CARGO_HOME=/opt/rustwide/cargo-home" "-e" "RUSTUP_HOME=/opt/rustwide/rustup-home" "-e" "CARGO_TARGET_DIR=/opt/rustwide/target" "-w" "/opt/rustwide/workdir" "--user" "0:0" "a8813a2ab84e3774bd23850437a6cb35eae99892aebe7716c3045769dc4c6063" "/opt/rustwide/cargo-home/bin/cargo" "+1.99.0-beta.8" "metadata" "--no-deps" "--format-version=1", kill_on_drop: false }`
[INFO] running `Command { std: "docker" "inspect" "a8813a2ab84e3774bd23850437a6cb35eae99892aebe7716c3045769dc4c6063", kill_on_drop: false }`
[INFO] running `Command { std: "docker" "exec" "-e" "SOURCE_DIR=/opt/rustwide/workdir" "-e" "CARGO_HOME=/opt/rustwide/cargo-home" "-e" "RUSTUP_HOME=/opt/rustwide/rustup-home" "-e" "CARGO_TARGET_DIR=/opt/rustwide/target" "-e" "CARGO_INCREMENTAL=0" "-e" "RUST_BACKTRACE=full" "-e" "RUSTFLAGS=--cap-lints=warn" "-e" "RUSTDOCFLAGS=--cap-lints=warn" "-w" "/opt/rustwide/workdir" "--user" "0:0" "a8813a2ab84e3774bd23850437a6cb35eae99892aebe7716c3045769dc4c6063" "/opt/rustwide/cargo-home/bin/cargo" "+1.99.0-beta.8" "build" "--frozen" "--message-format=json" "--release", kill_on_drop: false }`
[INFO] [stderr]    Compiling proc-macro2 v1.0.101
[INFO] [stderr]    Compiling libc v0.2.175
[INFO] [stderr]    Compiling cfg-if v1.0.3
[INFO] [stderr]    Compiling hashbrown v0.15.5
[INFO] [stderr]    Compiling regex-syntax v0.8.6
[INFO] [stderr]    Compiling find-msvc-tools v0.1.1
[INFO] [stderr]    Compiling futures-core v0.3.31
[INFO] [stderr]    Compiling futures-sink v0.3.31
[INFO] [stderr]    Compiling anstyle v1.0.11
[INFO] [stderr]    Compiling tracing-core v0.1.34
[INFO] [stderr]    Compiling futures-channel v0.3.31
[INFO] [stderr]    Compiling cc v1.2.36
[INFO] [stderr]    Compiling anstream v0.6.20
[INFO] [stderr]    Compiling futures-io v0.3.31
[INFO] [stderr]    Compiling serde_json v1.0.143
[INFO] [stderr]    Compiling quote v1.0.40
[INFO] [stderr]    Compiling percent-encoding v2.3.2
[INFO] [stderr]    Compiling portable-atomic v1.11.1
[INFO] [stderr]    Compiling syn v2.0.106
[INFO] [stderr]    Compiling clap_lex v0.7.5
[INFO] [stderr]    Compiling form_urlencoded v1.2.2
[INFO] [stderr]    Compiling clap_builder v4.5.47
[INFO] [stderr]    Compiling parking_lot_core v0.9.11
[INFO] [stderr]    Compiling smartstring v1.0.1
[INFO] [stderr]    Compiling unicode-width v0.2.1
[INFO] [stderr]    Compiling utf8-width v0.1.7
[INFO] [stderr]    Compiling winnow v0.7.13
[INFO] [stderr]    Compiling html-escape v0.2.13
[INFO] [stderr]    Compiling parking_lot v0.12.4
[INFO] [stderr]    Compiling console v0.15.11
[INFO] [stderr]    Compiling blake3 v1.8.2
[INFO] [stderr]    Compiling tracing-log v0.2.0
[INFO] [stderr]    Compiling regex-automata v0.4.10
[INFO] [stderr]    Compiling phf_shared v0.11.3
[INFO] [stderr]    Compiling getrandom v0.3.3
[INFO] [stderr]    Compiling socket2 v0.6.0
[INFO] [stderr]    Compiling mio v1.0.4
[INFO] [stderr]    Compiling signal-hook-registry v1.4.6
[INFO] [stderr]    Compiling thread_local v1.1.9
[INFO] [stderr]    Compiling new_debug_unreachable v1.0.6
[INFO] [stderr]    Compiling nu-ansi-term v0.50.1
[INFO] [stderr]    Compiling xml-rs v0.8.27
[INFO] [stderr]    Compiling precomputed-hash v0.1.1
[INFO] [stderr]    Compiling indicatif v0.17.11
[INFO] [stderr]    Compiling sha2 v0.10.9
[INFO] [stderr]    Compiling xmltree v0.10.3
[INFO] [stderr]    Compiling unicode-normalization v0.1.24
[INFO] [stderr]    Compiling synstructure v0.13.2
[INFO] [stderr]    Compiling is-terminal v0.4.16
[INFO] [stderr]    Compiling num_cpus v1.17.0
[INFO] [stderr]    Compiling smallstr v0.3.1
[INFO] [stderr]    Compiling quick-xml v0.36.2
[INFO] [stderr]    Compiling zerofrom-derive v0.1.6
[INFO] [stderr]    Compiling serde_derive v1.0.219
[INFO] [stderr]    Compiling yoke-derive v0.8.0
[INFO] [stderr]    Compiling zerovec-derive v0.11.1
[INFO] [stderr]    Compiling displaydoc v0.2.5
[INFO] [stderr]    Compiling zerofrom v0.1.6
[INFO] [stderr]    Compiling futures-macro v0.3.31
[INFO] [stderr]    Compiling yoke v0.8.0
[INFO] [stderr]    Compiling tracing-attributes v0.1.30
[INFO] [stderr]    Compiling zerotrie v0.2.2
[INFO] [stderr]    Compiling zerovec v0.11.4
[INFO] [stderr]    Compiling futures-util v0.3.31
[INFO] [stderr]    Compiling clap_derive v4.5.47
[INFO] [stderr]    Compiling thiserror-impl v1.0.69
[INFO] [stderr]    Compiling tracing v0.1.41
[INFO] [stderr]    Compiling tinystr v0.8.1
[INFO] [stderr]    Compiling potential_utf v0.1.3
[INFO] [stderr]    Compiling icu_collections v2.0.0
[INFO] [stderr]    Compiling icu_locale_core v2.0.0
[INFO] [stderr]    Compiling serde v1.0.219
[INFO] [stderr]    Compiling thiserror v1.0.69
[INFO] [stderr]    Compiling tokio-macros v2.5.0
[INFO] [stderr]    Compiling regex v1.11.2
[INFO] [stderr]    Compiling matchers v0.2.0
[INFO] [stderr]    Compiling tracing-subscriber v0.3.20
[INFO] [stderr]    Compiling clap v4.5.47
[INFO] [stderr]    Compiling icu_provider v2.0.0
[INFO] [stderr]    Compiling icu_normalizer v2.0.0
[INFO] [stderr]    Compiling icu_properties v2.0.1
[INFO] [stderr]    Compiling futures-executor v0.3.31
[INFO] [stderr]    Compiling futures v0.3.31
[INFO] [stderr]    Compiling clap_complete v4.5.57
[INFO] [stderr]    Compiling tokio v1.47.1
[INFO] [stderr]    Compiling indexmap v2.11.1
[INFO] [stderr]    Compiling idna_adapter v1.2.1
[INFO] [stderr]    Compiling idna v1.1.0
[INFO] [stderr]    Compiling toml_datetime v0.6.11
[INFO] [stderr]    Compiling serde_spanned v0.6.9
[INFO] [stderr]    Compiling url v2.5.7
[INFO] [stderr]    Compiling toml_edit v0.22.27
[INFO] [stderr]    Compiling chrono v0.4.42
[INFO] [stderr]    Compiling toml v0.8.23
[INFO] [stderr]    Compiling serde_yaml v0.9.34+deprecated
[INFO] [stderr]    Compiling ddex-core v0.4.5
[INFO] [stderr]    Compiling uuid v1.18.1
[INFO] [stderr]    Compiling string_cache v0.8.9
[INFO] [stderr]    Compiling ddex-builder v0.4.5 (/opt/rustwide/workdir)
[INFO] [stdout] warning: fields `output_file`, `preset`, `version`, and `validate` are never read
[INFO] [stdout]     --> src/bin/ddex-builder.rs:1703:5
[INFO] [stdout]      |
[INFO] [stdout] 1701 | struct BatchTask {
[INFO] [stdout]      |        --------- fields in this struct
[INFO] [stdout] 1702 |     input_file: PathBuf,
[INFO] [stdout] 1703 |     output_file: PathBuf,
[INFO] [stdout]      |     ^^^^^^^^^^^
[INFO] [stdout] 1704 |     preset: Option<String>,
[INFO] [stdout]      |     ^^^^^^
[INFO] [stdout] 1705 |     version: Option<String>,
[INFO] [stdout]      |     ^^^^^^^
[INFO] [stdout] 1706 |     validate: Option<bool>,
[INFO] [stdout]      |     ^^^^^^^^
[INFO] [stdout]      |
[INFO] [stdout]      = note: `#[warn(dead_code)]` (part of `#[warn(unused)]`) on by default
[INFO] [stdout] 
[INFO] [stdout] 
[INFO] [stderr]     Finished `release` profile [optimized] target(s) in 4m 07s
[INFO] running `Command { std: "docker" "inspect" "a8813a2ab84e3774bd23850437a6cb35eae99892aebe7716c3045769dc4c6063", kill_on_drop: false }`
[INFO] running `Command { std: "docker" "exec" "-e" "SOURCE_DIR=/opt/rustwide/workdir" "-e" "CARGO_HOME=/opt/rustwide/cargo-home" "-e" "RUSTUP_HOME=/opt/rustwide/rustup-home" "-e" "CARGO_TARGET_DIR=/opt/rustwide/target" "-e" "CARGO_INCREMENTAL=0" "-e" "RUST_BACKTRACE=full" "-e" "RUSTFLAGS=--cap-lints=warn" "-e" "RUSTDOCFLAGS=--cap-lints=warn" "-w" "/opt/rustwide/workdir" "--user" "0:0" "a8813a2ab84e3774bd23850437a6cb35eae99892aebe7716c3045769dc4c6063" "/opt/rustwide/cargo-home/bin/cargo" "+1.99.0-beta.8" "test" "--frozen" "--no-run" "--message-format=json" "--release", kill_on_drop: false }`
[INFO] [stderr]    Compiling libc v0.2.175
[INFO] [stderr]    Compiling stable_deref_trait v1.2.0
[INFO] [stderr]    Compiling serde v1.0.219
[INFO] [stderr]    Compiling either v1.15.0
[INFO] [stderr]    Compiling yoke v0.8.0
[INFO] [stderr]    Compiling rustix v1.1.2
[INFO] [stderr]    Compiling futures-channel v0.3.31
[INFO] [stderr]    Compiling linux-raw-sys v0.11.0
[INFO] [stderr]    Compiling bitflags v2.9.4
[INFO] [stderr]    Compiling zerovec v0.11.4
[INFO] [stderr]    Compiling zerotrie v0.2.2
[INFO] [stderr]    Compiling futures-util v0.3.31
[INFO] [stderr]    Compiling rayon v1.11.0
[INFO] [stderr]    Compiling ahash v0.8.12
[INFO] [stderr]    Compiling half v2.6.0
[INFO] [stderr]    Compiling cpp_demangle v0.4.4
[INFO] [stderr]    Compiling ciborium-io v0.2.2
[INFO] [stderr]    Compiling plotters-backend v0.3.7
[INFO] [stderr]    Compiling ciborium-ll v0.2.2
[INFO] [stderr]    Compiling plotters-svg v0.3.7
[INFO] [stderr]    Compiling itertools v0.10.5
[INFO] [stderr]    Compiling findshlibs v0.10.2
[INFO] [stderr]    Compiling equator-macro v0.4.2
[INFO] [stderr]    Compiling tinystr v0.8.1
[INFO] [stderr]    Compiling icu_locale_core v2.0.0
[INFO] [stderr]    Compiling potential_utf v0.1.3
[INFO] [stderr]    Compiling icu_collections v2.0.0
[INFO] [stderr]    Compiling getrandom v0.3.3
[INFO] [stderr]    Compiling parking_lot_core v0.9.11
[INFO] [stderr]    Compiling icu_provider v2.0.0
[INFO] [stderr]    Compiling parking_lot v0.12.4
[INFO] [stderr]    Compiling is-terminal v0.4.16
[INFO] [stderr]    Compiling mio v1.0.4
[INFO] [stderr]    Compiling icu_properties v2.0.1
[INFO] [stderr]    Compiling icu_normalizer v2.0.0
[INFO] [stderr]    Compiling socket2 v0.6.0
[INFO] [stderr]    Compiling signal-hook-registry v1.4.6
[INFO] [stderr]    Compiling rand_core v0.9.3
[INFO] [stderr]    Compiling indexmap v2.11.1
[INFO] [stderr]    Compiling serde_json v1.0.143
[INFO] [stderr]    Compiling uuid v1.18.1
[INFO] [stderr]    Compiling tokio v1.47.1
[INFO] [stderr]    Compiling toml_datetime v0.6.11
[INFO] [stderr]    Compiling idna_adapter v1.2.1
[INFO] [stderr]    Compiling idna v1.1.0
[INFO] [stderr]    Compiling serde_spanned v0.6.9
[INFO] [stderr]    Compiling console v0.15.11
[INFO] [stderr]    Compiling debugid v0.8.0
[INFO] [stderr]    Compiling futures-executor v0.3.31
[INFO] [stderr]    Compiling toml_edit v0.22.27
[INFO] [stderr]    Compiling chrono v0.4.42
[INFO] [stderr]    Compiling tempfile v3.22.0
[INFO] [stderr]    Compiling url v2.5.7
[INFO] [stderr]    Compiling getrandom v0.2.16
[INFO] [stderr]    Compiling memmap2 v0.9.8
[INFO] [stderr]    Compiling rustc-demangle v0.1.26
[INFO] [stderr]    Compiling symbolic-demangle v12.16.2
[INFO] [stderr]    Compiling cast v0.3.0
[INFO] [stderr]    Compiling thiserror v2.0.16
[INFO] [stderr]    Compiling bytemuck v1.23.2
[INFO] [stderr]    Compiling indicatif v0.17.11
[INFO] [stderr]    Compiling rgb v0.8.52
[INFO] [stderr]    Compiling string_cache v0.8.9
[INFO] [stderr]    Compiling toml v0.8.23
[INFO] [stderr]    Compiling smartstring v1.0.1
[INFO] [stderr]    Compiling criterion-plot v0.5.0
[INFO] [stderr]    Compiling ddex-core v0.4.5
[INFO] [stderr]    Compiling serde_yaml v0.9.34+deprecated
[INFO] [stderr]    Compiling symbolic-common v12.16.2
[INFO] [stderr]    Compiling rand_core v0.6.4
[INFO] [stderr]    Compiling futures v0.3.31
[INFO] [stderr]    Compiling tinytemplate v1.2.1
[INFO] [stderr]    Compiling ciborium v0.2.2
[INFO] [stderr]    Compiling wait-timeout v0.2.1
[INFO] [stderr]    Compiling num_cpus v1.17.0
[INFO] [stderr]    Compiling equator v0.4.2
[INFO] [stderr]    Compiling plotters v0.3.7
[INFO] [stderr]    Compiling object v0.36.7
[INFO] [stderr]    Compiling num-format v0.4.4
[INFO] [stderr]    Compiling async-stream-impl v0.3.6
[INFO] [stderr]    Compiling thiserror-impl v2.0.16
[INFO] [stderr]    Compiling quick-xml v0.26.0
[INFO] [stderr]    Compiling str_stack v0.1.0
[INFO] [stderr]    Compiling pprof v0.15.0
[INFO] [stderr]    Compiling oorandom v11.1.5
[INFO] [stderr]    Compiling anes v0.1.6
[INFO] [stderr]    Compiling criterion v0.5.1
[INFO] [stderr]    Compiling inferno v0.11.21
[INFO] [stderr]    Compiling rusty-fork v0.3.0
[INFO] [stderr]    Compiling backtrace v0.3.75
[INFO] [stderr]    Compiling nix v0.26.4
[INFO] [stderr]    Compiling async-stream v0.3.6
[INFO] [stderr]    Compiling aligned-vec v0.6.4
[INFO] [stderr]    Compiling tokio-stream v0.1.17
[INFO] [stderr]    Compiling rand_chacha v0.3.1
[INFO] [stderr]    Compiling rand v0.9.2
[INFO] [stderr]    Compiling rand_chacha v0.9.0
[INFO] [stderr]    Compiling rand_xorshift v0.4.0
[INFO] [stderr]    Compiling spin v0.10.0
[INFO] [stderr]    Compiling similar v2.7.0
[INFO] [stderr]    Compiling proptest v1.7.0
[INFO] [stderr]    Compiling insta v1.43.2
[INFO] [stderr]    Compiling rand v0.8.5
[INFO] [stderr]    Compiling tokio-test v0.4.4
[INFO] [stderr]    Compiling ddex-builder v0.4.5 (/opt/rustwide/workdir)
[INFO] [stdout] warning: function `create_youtube_audio_specs` is never used
[INFO] [stdout]    --> examples/youtube_video_example.rs:109:4
[INFO] [stdout]     |
[INFO] [stdout] 109 | fn create_youtube_audio_specs() -> IndexMap<String, String> {
[INFO] [stdout]     |    ^^^^^^^^^^^^^^^^^^^^^^^^^^
[INFO] [stdout]     |
[INFO] [stdout]     = note: `#[warn(dead_code)]` (part of `#[warn(unused)]`) on by default
[INFO] [stdout] 
[INFO] [stdout] 
[INFO] [stdout] warning: function `create_youtube_video_specs` is never used
[INFO] [stdout]    --> examples/youtube_video_example.rs:137:4
[INFO] [stdout]     |
[INFO] [stdout] 137 | fn create_youtube_video_specs() -> IndexMap<String, String> {
[INFO] [stdout]     |    ^^^^^^^^^^^^^^^^^^^^^^^^^^
[INFO] [stdout] 
[INFO] [stdout] 
[INFO] [stdout] warning: function `create_youtube_monetization_deal` is never used
[INFO] [stdout]    --> examples/youtube_video_example.rs:185:4
[INFO] [stdout]     |
[INFO] [stdout] 185 | fn create_youtube_monetization_deal() -> DealRequest {
[INFO] [stdout]     |    ^^^^^^^^^^^^^^^^^^^^^^^^^^^^^^^^
[INFO] [stdout] 
[INFO] [stdout] 
[INFO] [stdout] warning: fields `output_file`, `preset`, `version`, and `validate` are never read
[INFO] [stdout]     --> src/bin/ddex-builder.rs:1703:5
[INFO] [stdout]      |
[INFO] [stdout] 1701 | struct BatchTask {
[INFO] [stdout]      |        --------- fields in this struct
[INFO] [stdout] 1702 |     input_file: PathBuf,
[INFO] [stdout] 1703 |     output_file: PathBuf,
[INFO] [stdout]      |     ^^^^^^^^^^^
[INFO] [stdout] 1704 |     preset: Option<String>,
[INFO] [stdout]      |     ^^^^^^
[INFO] [stdout] 1705 |     version: Option<String>,
[INFO] [stdout]      |     ^^^^^^^
[INFO] [stdout] 1706 |     validate: Option<bool>,
[INFO] [stdout]      |     ^^^^^^^^
[INFO] [stdout]      |
[INFO] [stdout]      = note: `#[warn(dead_code)]` (part of `#[warn(unused)]`) on by default
[INFO] [stdout] 
[INFO] [stdout] 
[INFO] [stdout] warning: fields `output_file`, `preset`, `version`, and `validate` are never read
[INFO] [stdout]     --> src/bin/ddex-builder.rs:1703:5
[INFO] [stdout]      |
[INFO] [stdout] 1701 | struct BatchTask {
[INFO] [stdout]      |        --------- fields in this struct
[INFO] [stdout] 1702 |     input_file: PathBuf,
[INFO] [stdout] 1703 |     output_file: PathBuf,
[INFO] [stdout]      |     ^^^^^^^^^^^
[INFO] [stdout] 1704 |     preset: Option<String>,
[INFO] [stdout]      |     ^^^^^^
[INFO] [stdout] 1705 |     version: Option<String>,
[INFO] [stdout]      |     ^^^^^^^
[INFO] [stdout] 1706 |     validate: Option<bool>,
[INFO] [stdout]      |     ^^^^^^^^
[INFO] [stdout]      |
[INFO] [stdout]      = note: `#[warn(dead_code)]` (part of `#[warn(unused)]`) on by default
[INFO] [stdout] 
[INFO] [stdout] 
[INFO] [stdout] warning: unused imports: `DdexVersion` and `MessageProfile`
[INFO] [stdout]  --> examples/streaming_catalog_example.rs:6:29
[INFO] [stdout]   |
[INFO] [stdout] 6 | use ddex_builder::presets::{DdexVersion, MessageProfile};
[INFO] [stdout]   |                             ^^^^^^^^^^^  ^^^^^^^^^^^^^^
[INFO] [stdout]   |
[INFO] [stdout]   = note: `#[warn(unused_imports)]` (part of `#[warn(unused)]`) on by default
[INFO] [stdout] 
[INFO] [stdout] 
[INFO] [stdout] warning: unused imports: `BuildOptions` and `BuildRequest`
[INFO] [stdout]  --> examples/streaming_catalog_example.rs:7:20
[INFO] [stdout]   |
[INFO] [stdout] 7 | use ddex_builder::{BuildOptions, BuildRequest, Builder};
[INFO] [stdout]   |                    ^^^^^^^^^^^^  ^^^^^^^^^^^^
[INFO] [stdout] 
[INFO] [stdout] 
[INFO] [stdout] warning: unused import: `std::collections::HashMap`
[INFO] [stdout]  --> examples/streaming_catalog_example.rs:8:5
[INFO] [stdout]   |
[INFO] [stdout] 8 | use std::collections::HashMap;
[INFO] [stdout]   |     ^^^^^^^^^^^^^^^^^^^^^^^^^
[INFO] [stdout] 
[INFO] [stdout] 
[INFO] [stdout] warning: unused variable: `batch_start`
[INFO] [stdout]    --> examples/streaming_catalog_example.rs:244:13
[INFO] [stdout]     |
[INFO] [stdout] 244 |         let batch_start = Instant::now();
[INFO] [stdout]     |             ^^^^^^^^^^^ help: if this is intentional, prefix it with an underscore: `_batch_start`
[INFO] [stdout]     |
[INFO] [stdout]     = note: `#[warn(unused_variables)]` (part of `#[warn(unused)]`) on by default
[INFO] [stdout] 
[INFO] [stdout] 
[INFO] [stdout] warning: field `builder` is never read
[INFO] [stdout]   --> examples/streaming_catalog_example.rs:30:9
[INFO] [stdout]    |
[INFO] [stdout] 27 |     pub struct StreamingBuilder {
[INFO] [stdout]    |                ---------------- field in this struct
[INFO] [stdout] ...
[INFO] [stdout] 30 |         builder: Builder,
[INFO] [stdout]    |         ^^^^^^^
[INFO] [stdout]    |
[INFO] [stdout]    = note: `#[warn(dead_code)]` (part of `#[warn(unused)]`) on by default
[INFO] [stdout] 
[INFO] [stdout] 
[INFO] [stdout] warning: fields `upc` and `territories` are never read
[INFO] [stdout]    --> examples/streaming_catalog_example.rs:155:13
[INFO] [stdout]     |
[INFO] [stdout] 147 |     pub struct CatalogEntry {
[INFO] [stdout]     |                ------------ fields in this struct
[INFO] [stdout] ...
[INFO] [stdout] 155 |         pub upc: Option<String>,
[INFO] [stdout]     |             ^^^
[INFO] [stdout] 156 |         pub territories: Vec<String>,
[INFO] [stdout]     |             ^^^^^^^^^^^
[INFO] [stdout]     |
[INFO] [stdout]     = note: `CatalogEntry` has derived impls for the traits `Clone` and `Debug`, but these are intentionally ignored during dead code analysis
[INFO] [stdout] 
[INFO] [stdout] 
[INFO] [stdout] warning: fields `track_number`, `title`, `artist`, `isrc`, and `duration` are never read
[INFO] [stdout]    --> examples/streaming_catalog_example.rs:161:13
[INFO] [stdout]     |
[INFO] [stdout] 160 |     pub struct TrackInfo {
[INFO] [stdout]     |                --------- fields in this struct
[INFO] [stdout] 161 |         pub track_number: u32,
[INFO] [stdout]     |             ^^^^^^^^^^^^
[INFO] [stdout] 162 |         pub title: String,
[INFO] [stdout]     |             ^^^^^
[INFO] [stdout] 163 |         pub artist: String,
[INFO] [stdout]     |             ^^^^^^
[INFO] [stdout] 164 |         pub isrc: Option<String>,
[INFO] [stdout]     |             ^^^^
[INFO] [stdout] 165 |         pub duration: String,
[INFO] [stdout]     |             ^^^^^^^^
[INFO] [stdout]     |
[INFO] [stdout]     = note: `TrackInfo` has derived impls for the traits `Clone` and `Debug`, but these are intentionally ignored during dead code analysis
[INFO] [stdout] 
[INFO] [stdout] 
[INFO] [stdout] warning: fields `artist`, `label`, `release_date`, and `tracks` are never read
[INFO] [stdout]    --> examples/streaming_catalog_example.rs:171:9
[INFO] [stdout]     |
[INFO] [stdout] 168 |     struct SimpleBuildRequest {
[INFO] [stdout]     |            ------------------ fields in this struct
[INFO] [stdout] ...
[INFO] [stdout] 171 |         artist: String,
[INFO] [stdout]     |         ^^^^^^
[INFO] [stdout] 172 |         label: String,
[INFO] [stdout]     |         ^^^^^
[INFO] [stdout] 173 |         release_date: String,
[INFO] [stdout]     |         ^^^^^^^^^^^^
[INFO] [stdout] 174 |         tracks: Vec<TrackInfo>,
[INFO] [stdout]     |         ^^^^^^
[INFO] [stdout] 
[INFO] [stdout] 
[INFO] [stdout] warning: fields `ignore_timestamps`, `ignore_message_ids`, `semantic_analysis`, and `version_compatibility` are never read
[INFO] [stdout]   --> examples/diff_comparison_example.rs:14:13
[INFO] [stdout]    |
[INFO] [stdout] 13 |     pub struct DiffConfig {
[INFO] [stdout]    |                ---------- fields in this struct
[INFO] [stdout] 14 |         pub ignore_timestamps: bool,
[INFO] [stdout]    |             ^^^^^^^^^^^^^^^^^
[INFO] [stdout] 15 |         pub ignore_message_ids: bool,
[INFO] [stdout]    |             ^^^^^^^^^^^^^^^^^^
[INFO] [stdout] 16 |         pub semantic_analysis: bool,
[INFO] [stdout]    |             ^^^^^^^^^^^^^^^^^
[INFO] [stdout] 17 |         pub include_technical_changes: bool,
[INFO] [stdout] 18 |         pub version_compatibility: VersionCompatibility,
[INFO] [stdout]    |             ^^^^^^^^^^^^^^^^^^^^^
[INFO] [stdout]    |
[INFO] [stdout]    = note: `DiffConfig` has a derived impl for the trait `Clone`, but this is intentionally ignored during dead code analysis
[INFO] [stdout]    = note: `#[warn(dead_code)]` (part of `#[warn(unused)]`) on by default
[INFO] [stdout] 
[INFO] [stdout] 
[INFO] [stdout] warning: variant `Moved` is never constructed
[INFO] [stdout]   --> examples/diff_comparison_example.rs:53:9
[INFO] [stdout]    |
[INFO] [stdout] 49 |     pub enum ChangeType {
[INFO] [stdout]    |              ---------- variant in this enum
[INFO] [stdout] ...
[INFO] [stdout] 53 |         Moved,
[INFO] [stdout]    |         ^^^^^
[INFO] [stdout]    |
[INFO] [stdout]    = note: `ChangeType` has a derived impl for the trait `Debug`, but this is intentionally ignored during dead code analysis
[INFO] [stdout] 
[INFO] [stdout] 
[INFO] [stderr]     Finished `release` profile [optimized] target(s) in 5m 24s
[INFO] running `Command { std: "docker" "inspect" "a8813a2ab84e3774bd23850437a6cb35eae99892aebe7716c3045769dc4c6063", kill_on_drop: false }`
[INFO] running `Command { std: "docker" "exec" "-e" "SOURCE_DIR=/opt/rustwide/workdir" "-e" "CARGO_HOME=/opt/rustwide/cargo-home" "-e" "RUSTUP_HOME=/opt/rustwide/rustup-home" "-e" "CARGO_TARGET_DIR=/opt/rustwide/target" "-e" "CARGO_INCREMENTAL=0" "-e" "RUST_BACKTRACE=full" "-e" "RUSTFLAGS=--cap-lints=warn" "-e" "RUSTDOCFLAGS=--cap-lints=warn" "-w" "/opt/rustwide/workdir" "--user" "0:0" "a8813a2ab84e3774bd23850437a6cb35eae99892aebe7716c3045769dc4c6063" "/opt/rustwide/cargo-home/bin/cargo" "+1.99.0-beta.8" "test" "--frozen" "--release", kill_on_drop: false }`
[INFO] [stderr] warning: fields `output_file`, `preset`, `version`, and `validate` are never read
[INFO] [stderr]     --> src/bin/ddex-builder.rs:1703:5
[INFO] [stderr]      |
[INFO] [stderr] 1701 | struct BatchTask {
[INFO] [stderr]      |        --------- fields in this struct
[INFO] [stderr] 1702 |     input_file: PathBuf,
[INFO] [stderr] 1703 |     output_file: PathBuf,
[INFO] [stderr]      |     ^^^^^^^^^^^
[INFO] [stderr] 1704 |     preset: Option<String>,
[INFO] [stderr]      |     ^^^^^^
[INFO] [stderr] 1705 |     version: Option<String>,
[INFO] [stderr]      |     ^^^^^^^
[INFO] [stderr] 1706 |     validate: Option<bool>,
[INFO] [stderr]      |     ^^^^^^^^
[INFO] [stderr]      |
[INFO] [stderr]      = note: `#[warn(dead_code)]` (part of `#[warn(unused)]`) on by default
[INFO] [stderr] 
[INFO] [stderr] warning: `ddex-builder` (bin "ddex-builder") generated 1 warning
[INFO] [stderr] warning: unused imports: `DdexVersion` and `MessageProfile`
[INFO] [stderr]  --> examples/streaming_catalog_example.rs:6:29
[INFO] [stderr]   |
[INFO] [stderr] 6 | use ddex_builder::presets::{DdexVersion, MessageProfile};
[INFO] [stderr]   |                             ^^^^^^^^^^^  ^^^^^^^^^^^^^^
[INFO] [stderr]   |
[INFO] [stderr]   = note: `#[warn(unused_imports)]` (part of `#[warn(unused)]`) on by default
[INFO] [stderr] 
[INFO] [stderr] warning: unused imports: `BuildOptions` and `BuildRequest`
[INFO] [stderr]  --> examples/streaming_catalog_example.rs:7:20
[INFO] [stderr]   |
[INFO] [stderr] 7 | use ddex_builder::{BuildOptions, BuildRequest, Builder};
[INFO] [stderr]   |                    ^^^^^^^^^^^^  ^^^^^^^^^^^^
[INFO] [stderr] 
[INFO] [stderr] warning: unused import: `std::collections::HashMap`
[INFO] [stderr]  --> examples/streaming_catalog_example.rs:8:5
[INFO] [stderr]   |
[INFO] [stderr] 8 | use std::collections::HashMap;
[INFO] [stderr]   |     ^^^^^^^^^^^^^^^^^^^^^^^^^
[INFO] [stderr] 
[INFO] [stderr] warning: unused variable: `batch_start`
[INFO] [stderr]    --> examples/streaming_catalog_example.rs:244:13
[INFO] [stderr]     |
[INFO] [stderr] 244 |         let batch_start = Instant::now();
[INFO] [stderr]     |             ^^^^^^^^^^^ help: if this is intentional, prefix it with an underscore: `_batch_start`
[INFO] [stderr]     |
[INFO] [stderr]     = note: `#[warn(unused_variables)]` (part of `#[warn(unused)]`) on by default
[INFO] [stderr] 
[INFO] [stderr] warning: field `builder` is never read
[INFO] [stderr]   --> examples/streaming_catalog_example.rs:30:9
[INFO] [stderr]    |
[INFO] [stderr] 27 |     pub struct StreamingBuilder {
[INFO] [stderr]    |                ---------------- field in this struct
[INFO] [stderr] ...
[INFO] [stderr] 30 |         builder: Builder,
[INFO] [stderr]    |         ^^^^^^^
[INFO] [stderr]    |
[INFO] [stderr]    = note: `#[warn(dead_code)]` (part of `#[warn(unused)]`) on by default
[INFO] [stderr] 
[INFO] [stderr] warning: fields `upc` and `territories` are never read
[INFO] [stderr]    --> examples/streaming_catalog_example.rs:155:13
[INFO] [stderr]     |
[INFO] [stderr] 147 |     pub struct CatalogEntry {
[INFO] [stderr]     |                ------------ fields in this struct
[INFO] [stderr] ...
[INFO] [stderr] 155 |         pub upc: Option<String>,
[INFO] [stderr]     |             ^^^
[INFO] [stderr] 156 |         pub territories: Vec<String>,
[INFO] [stderr]     |             ^^^^^^^^^^^
[INFO] [stderr]     |
[INFO] [stderr]     = note: `CatalogEntry` has derived impls for the traits `Clone` and `Debug`, but these are intentionally ignored during dead code analysis
[INFO] [stderr] 
[INFO] [stderr] warning: fields `track_number`, `title`, `artist`, `isrc`, and `duration` are never read
[INFO] [stderr]    --> examples/streaming_catalog_example.rs:161:13
[INFO] [stderr]     |
[INFO] [stderr] 160 |     pub struct TrackInfo {
[INFO] [stderr]     |                --------- fields in this struct
[INFO] [stderr] 161 |         pub track_number: u32,
[INFO] [stderr]     |             ^^^^^^^^^^^^
[INFO] [stderr] 162 |         pub title: String,
[INFO] [stderr]     |             ^^^^^
[INFO] [stderr] 163 |         pub artist: String,
[INFO] [stderr]     |             ^^^^^^
[INFO] [stderr] 164 |         pub isrc: Option<String>,
[INFO] [stderr]     |             ^^^^
[INFO] [stderr] 165 |         pub duration: String,
[INFO] [stderr]     |             ^^^^^^^^
[INFO] [stderr]     |
[INFO] [stderr]     = note: `TrackInfo` has derived impls for the traits `Clone` and `Debug`, but these are intentionally ignored during dead code analysis
[INFO] [stderr] 
[INFO] [stderr] warning: fields `artist`, `label`, `release_date`, and `tracks` are never read
[INFO] [stderr]    --> examples/streaming_catalog_example.rs:171:9
[INFO] [stderr]     |
[INFO] [stderr] 168 |     struct SimpleBuildRequest {
[INFO] [stderr]     |            ------------------ fields in this struct
[INFO] [stderr] ...
[INFO] [stderr] 171 |         artist: String,
[INFO] [stderr]     |         ^^^^^^
[INFO] [stderr] 172 |         label: String,
[INFO] [stderr]     |         ^^^^^
[INFO] [stderr] 173 |         release_date: String,
[INFO] [stderr]     |         ^^^^^^^^^^^^
[INFO] [stderr] 174 |         tracks: Vec<TrackInfo>,
[INFO] [stderr]     |         ^^^^^^
[INFO] [stderr] 
[INFO] [stderr] warning: fields `ignore_timestamps`, `ignore_message_ids`, `semantic_analysis`, and `version_compatibility` are never read
[INFO] [stderr]   --> examples/diff_comparison_example.rs:14:13
[INFO] [stderr]    |
[INFO] [stderr] 13 |     pub struct DiffConfig {
[INFO] [stderr]    |                ---------- fields in this struct
[INFO] [stderr] 14 |         pub ignore_timestamps: bool,
[INFO] [stderr]    |             ^^^^^^^^^^^^^^^^^
[INFO] [stderr] 15 |         pub ignore_message_ids: bool,
[INFO] [stderr]    |             ^^^^^^^^^^^^^^^^^^
[INFO] [stderr] 16 |         pub semantic_analysis: bool,
[INFO] [stderr]    |             ^^^^^^^^^^^^^^^^^
[INFO] [stderr] 17 |         pub include_technical_changes: bool,
[INFO] [stderr] 18 |         pub version_compatibility: VersionCompatibility,
[INFO] [stderr]    |             ^^^^^^^^^^^^^^^^^^^^^
[INFO] [stderr]    |
[INFO] [stderr]    = note: `DiffConfig` has a derived impl for the trait `Clone`, but this is intentionally ignored during dead code analysis
[INFO] [stderr]    = note: `#[warn(dead_code)]` (part of `#[warn(unused)]`) on by default
[INFO] [stderr] 
[INFO] [stderr] warning: variant `Moved` is never constructed
[INFO] [stderr]   --> examples/diff_comparison_example.rs:53:9
[INFO] [stderr]    |
[INFO] [stderr] 49 |     pub enum ChangeType {
[INFO] [stderr]    |              ---------- variant in this enum
[INFO] [stderr] ...
[INFO] [stderr] 53 |         Moved,
[INFO] [stderr]    |         ^^^^^
[INFO] [stderr]    |
[INFO] [stderr]    = note: `ChangeType` has a derived impl for the trait `Debug`, but this is intentionally ignored during dead code analysis
[INFO] [stderr] 
[INFO] [stderr] warning: `ddex-builder` (example "streaming_catalog_example") generated 8 warnings (run `cargo fix --example "streaming_catalog_example" -p ddex-builder` to apply 4 suggestions)
[INFO] [stderr] warning: `ddex-builder` (example "diff_comparison_example") generated 2 warnings
[INFO] [stderr] warning: function `create_youtube_audio_specs` is never used
[INFO] [stderr]    --> examples/youtube_video_example.rs:109:4
[INFO] [stderr]     |
[INFO] [stderr] 109 | fn create_youtube_audio_specs() -> IndexMap<String, String> {
[INFO] [stderr]     |    ^^^^^^^^^^^^^^^^^^^^^^^^^^
[INFO] [stderr]     |
[INFO] [stderr]     = note: `#[warn(dead_code)]` (part of `#[warn(unused)]`) on by default
[INFO] [stderr] 
[INFO] [stderr] warning: function `create_youtube_video_specs` is never used
[INFO] [stderr]    --> examples/youtube_video_example.rs:137:4
[INFO] [stderr]     |
[INFO] [stderr] 137 | fn create_youtube_video_specs() -> IndexMap<String, String> {
[INFO] [stderr]     |    ^^^^^^^^^^^^^^^^^^^^^^^^^^
[INFO] [stderr] 
[INFO] [stderr] warning: function `create_youtube_monetization_deal` is never used
[INFO] [stderr]    --> examples/youtube_video_example.rs:185:4
[INFO] [stderr]     |
[INFO] [stderr] 185 | fn create_youtube_monetization_deal() -> DealRequest {
[INFO] [stderr]     |    ^^^^^^^^^^^^^^^^^^^^^^^^^^^^^^^^
[INFO] [stderr] 
[INFO] [stderr] warning: `ddex-builder` (bin "ddex-builder" test) generated 1 warning (1 duplicate)
[INFO] [stderr] warning: `ddex-builder` (example "youtube_video_example") generated 3 warnings
[INFO] [stderr]     Finished `release` profile [optimized] target(s) in 0.42s
[INFO] [stderr]      Running unittests src/lib.rs (/opt/rustwide/target/release/deps/ddex_builder-017bad08e5da7a61)
[INFO] [stdout] 
[INFO] [stdout] running 175 tests
[INFO] [stdout] test api_security::tests::test_secure_error_response ... ok
[INFO] [stdout] test api_security::tests::test_api_security_manager ... ok
[INFO] [stdout] test api_security::tests::test_batch_operation_monitor ... ok
[INFO] [stdout] test caching::tests::test_cache_manager ... ok
[INFO] [stdout] test caching::tests::test_template_cache ... ok
[INFO] [stdout] test api_security::tests::test_ffi_validator ... ok
[INFO] [stdout] test caching::tests::test_validation_cache ... ok
[INFO] [stdout] test canonical::rules::tests::test_avs_namespace_handler ... ok
[INFO] [stdout] test api_security::tests::test_wasm_security_headers ... ok
[INFO] [stdout] test caching::tests::test_hash_cache ... ok
[INFO] [stdout] test caching::tests::test_schema_cache ... ok
[INFO] [stdout] test canonical::rules::tests::test_canonical_namespace_manager ... ok
[INFO] [stdout] test canonical::tests::integration_tests::test_byte_identical_output ... ok
[INFO] [stdout] test canonical::rules::tests::test_element_order ... ok
[INFO] [stdout] test canonical::rules::tests::test_namespace_prefix_lock ... ok
[INFO] [stdout] test canonical::rules::tests::test_prefix_deduplication ... ok
[INFO] [stdout] test canonical::tests::tests::test_attribute_sorting ... ok
[INFO] [stdout] test canonical::tests::tests::test_comments_preservation ... ok
[INFO] [stdout] test canonical::tests::tests::test_canonical_hash ... ok
[INFO] [stdout] test canonical::tests::integration_tests::test_mixed_content_preservation_regression ... ok
[INFO] [stdout] test canonical::tests::tests::test_ern_version_detection ... ok
[INFO] [stdout] test canonical::tests::tests::test_deterministic_output ... ok
[INFO] [stdout] test canonical::tests::tests::test_indentation ... ok
[INFO] [stdout] test canonical::tests::tests::test_namespace_prefix_locking_43 ... ok
[INFO] [stdout] test canonical::tests::tests::test_element_ordering_message_header ... ok
[INFO] [stdout] test canonical::tests::tests::test_no_trailing_whitespace ... ok
[INFO] [stdout] test canonical::tests::tests::test_round_trip_fidelity ... ok
[INFO] [stdout] test canonical::tests::integration_tests::test_text_content_preservation_regression ... ok
[INFO] [stdout] test canonical::tests::tests::test_xml_declaration ... ok
[INFO] [stdout] test canonical::tests::tests::test_whitespace_normalization ... ok
[INFO] [stdout] test diff::diff_tests::integration_tests::test_formatting_only_diff ... ok
[INFO] [stdout] test diff::diff_tests::integration_tests::test_real_ddex_diff_basic_changes ... ok
[INFO] [stdout] test diff::diff_tests::test_attribute_changes ... ok
[INFO] [stdout] test canonical::tests::tests::test_attribute_escaping ... ok
[INFO] [stdout] test diff::diff_tests::test_critical_field_detection ... ok
[INFO] [stdout] test diff::diff_tests::test_diff_formatter_html ... ok
[INFO] [stdout] test diff::diff_tests::test_diff_formatter_json ... ok
[INFO] [stdout] test diff::diff_tests::test_diff_formatter_json_patch ... ok
[INFO] [stdout] test canonical::tests::tests::test_empty_elements ... ok
[INFO] [stdout] test canonical::tests::tests::test_complex_ddex_structure ... ok
[INFO] [stdout] test diff::diff_tests::test_diff_formatter_summary ... ok
[INFO] [stdout] test diff::diff_tests::test_element_addition_removal ... ok
[INFO] [stdout] test canonical::tests::tests::test_line_ending_normalization ... ok
[INFO] [stdout] test diff::diff_tests::test_ignored_fields ... ok
[INFO] [stdout] test diff::diff_tests::test_formatting_respected_when_configured ... ok
[INFO] [stdout] test diff::diff_tests::test_formatting_ignored_by_default ... ok
[INFO] [stdout] test diff::diff_tests::test_identical_documents_no_changes ... ok
[INFO] [stdout] test diff::diff_tests::test_numeric_tolerance ... ok
[INFO] [stdout] test diff::diff_tests::test_reference_equivalence ... ok
[INFO] [stdout] test diff::diff_tests::test_simple_text_change ... ok
[INFO] [stdout] test diff::diff_tests::test_update_message_generation ... ok
[INFO] [stdout] test diff::formatter::tests::test_format_html ... ok
[INFO] [stdout] test diff::formatter::tests::test_format_json ... ok
[INFO] [stdout] test diff::formatter::tests::test_format_json_patch ... ok
[INFO] [stdout] test diff::formatter::tests::test_format_summary ... ok
[INFO] [stdout] test diff::tests::test_basic_diff ... ok
[INFO] [stdout] test diff::tests::test_ignore_formatting ... ok
[INFO] [stdout] test diff::types::tests::test_change_summary ... ok
[INFO] [stdout] test diff::types::tests::test_changeset ... ok
[INFO] [stdout] test fidelity::tests::test_comment_preservation_config ... ok
[INFO] [stdout] test fidelity::tests::test_extension_preservation ... ok
[INFO] [stdout] test fidelity::tests::test_fidelity_config_default ... ok
[INFO] [stdout] test fidelity::tests::test_namespace_minimization ... ok
[INFO] [stdout] test fidelity::tests::test_preservation_levels ... ok
[INFO] [stdout] test generator::optimized_xml_writer::tests::test_optimized_writer_performance ... ok
[INFO] [stdout] test generator::optimized_xml_writer::tests::test_size_estimation ... ok
[INFO] [stdout] test linker::reference_generator::tests::test_deterministic_ordering ... ok
[INFO] [stdout] test linker::reference_generator::tests::test_sequential_generation ... ok
[INFO] [stdout] test memory_optimization::tests::test_arena_allocation ... ok
[INFO] [stdout] test diff::types::tests::test_diff_path ... ok
[INFO] [stdout] test memory_optimization::tests::test_compact_ast ... ok
[INFO] [stdout] test memory_optimization::tests::test_lazy_field ... ok
[INFO] [stdout] test memory_optimization::tests::test_memory_manager ... ok
[INFO] [stdout] test memory_optimization::tests::test_object_pool ... ok
[INFO] [stdout] test messages::update_release::tests::test_entity_type_determination ... ok
[INFO] [stdout] test messages::update_release::tests::test_operation_validation ... ok
[INFO] [stdout] test messages::update_release::tests::test_update_generator_creation ... ok
[INFO] [stdout] test namespace_minimizer::tests::test_minimal_declarations ... ok
[INFO] [stdout] test diff::diff_tests::test_business_impact_analysis ... ok
[INFO] [stdout] test namespace_minimizer::tests::test_namespace_usage_analysis ... ok
[INFO] [stdout] test namespace_minimizer::tests::test_prefix_generation ... ok
[INFO] [stdout] test namespace_minimizer::tests::test_namespace_minimizer_creation ... ok
[INFO] [stdout] test optimized_strings::tests::test_buffer_pool ... ok
[INFO] [stdout] test optimized_strings::tests::test_buffer_size_estimation ... ok
[INFO] [stdout] test optimized_strings::tests::test_string_interner ... ok
[INFO] [stdout] test parallel_processing::tests::test_performance_target_checking ... ok
[INFO] [stdout] test parallel_processing::tests::test_parallel_processor_creation ... ok
[INFO] [stdout] test parallel_processing::tests::test_track_validation ... ok
[INFO] [stdout] test messages::update_release::tests::test_update_config_defaults ... ok
[INFO] [stdout] test optimized_strings::tests::test_optimized_string_static_cache ... ok
[INFO] [stdout] test parallel_processing::tests::test_workload_analysis ... ok
[INFO] [stdout] test presets::generic::tests::test_audio_single_preset ... ok
[INFO] [stdout] test presets::generic::tests::test_all_generic_presets ... ok
[INFO] [stdout] test presets::generic::tests::test_compilation_preset ... ok
[INFO] [stdout] test presets::generic::tests::test_video_single_preset ... ok
[INFO] [stdout] test presets::generic::tests::test_audio_album_preset ... ok
[INFO] [stdout] test presets::generic::tests::test_generic_presets_source ... ok
[INFO] [stdout] test presets::youtube::tests::test_all_youtube_presets ... ok
[INFO] [stdout] test presets::youtube::tests::test_youtube_album_preset ... ok
[INFO] [stdout] test presets::youtube::tests::test_content_id_requirements ... ok
[INFO] [stdout] test presets::youtube::tests::test_youtube_single_preset ... ok
[INFO] [stdout] test presets::youtube::tests::test_youtube_video_preset ... ok
[INFO] [stdout] test round_trip::tests::test_comment_analysis ... ok
[INFO] [stdout] test round_trip::tests::test_element_analysis ... ok
[INFO] [stdout] test schema::tests::test_build_request_schema_generation ... ok
[INFO] [stdout] test schema::tests::test_profile_strings ... ok
[INFO] [stdout] test schema::tests::test_schema_command_parsing ... ok
[INFO] [stdout] test schema::tests::test_schema_generator_creation ... ok
[INFO] [stdout] test schema::tests::test_version_strings ... ok
[INFO] [stdout] test security::entity_classifier::tests::test_builtin_entity_classification ... ok
[INFO] [stdout] test security::entity_classifier::tests::test_ddex_entity_classification ... ok
[INFO] [stdout] test round_trip::tests::test_round_trip_tester_creation ... ok
[INFO] [stdout] test round_trip::tests::test_whitespace_normalization ... ok
[INFO] [stdout] test schema::tests::test_complete_schema_generation ... ok
[INFO] [stdout] test schema::tests::test_schema_config_defaults ... ok
[INFO] [stdout] test security::error_sanitizer::tests::test_api_key_redaction ... ok
[INFO] [stdout] test round_trip::tests::test_extension_analysis ... ok
[INFO] [stdout] test security::entity_classifier::tests::test_malicious_entity_detection ... ok
[INFO] [stdout] test security::entity_classifier::tests::test_expansion_ratio_detection ... ok
[INFO] [stdout] test security::entity_classifier::tests::test_entity_chain_validation ... ok
[INFO] [stdout] test security::entity_classifier::tests::test_safe_entity_chain ... ok
[INFO] [stdout] test security::error_sanitizer::tests::test_error_codes ... ok
[INFO] [stdout] test security::error_sanitizer::tests::test_context_specific_sanitization ... ok
[INFO] [stdout] test security::error_sanitizer::tests::test_global_sanitizer ... ok
[INFO] [stdout] test security::error_sanitizer::tests::test_correlation_id_generation ... ok
[INFO] [stdout] test security::error_sanitizer::tests::test_error_sanitizer_development_mode ... ok
[INFO] [stdout] test security::error_sanitizer::tests::test_secure_error_trait ... ok
[INFO] [stdout] test security::error_sanitizer::tests::test_redaction_rules ... ok
[INFO] [stdout] test security::error_sanitizer::tests::test_error_sanitizer_production_mode ... ok
[INFO] [stdout] test security::error_sanitizer::tests::test_message_length_truncation ... ok
[INFO] [stdout] test security::error_sanitizer::tests::test_path_redaction ... ok
[INFO] [stdout] test security::error_sanitizer::tests::test_ip_address_redaction ... ok
[INFO] [stdout] test security::error_sanitizer::tests::test_memory_address_redaction ... ok
[INFO] [stdout] test security::path_validator::tests::test_length_limits ... ok
[INFO] [stdout] test security::path_validator::tests::test_dangerous_patterns ... ok
[INFO] [stdout] test security::path_validator::tests::test_whitelist_validation ... ok
[INFO] [stdout] test security::path_validator::tests::test_path_normalization ... ok
[INFO] [stdout] test security::path_validator::tests::test_windows_reserved_names ... ok
[INFO] [stdout] test security::path_validator::tests::test_basic_path_validation ... ok
[INFO] [stdout] test security::path_validator::tests::test_file_extensions ... ok
[INFO] [stdout] test security::tests::test_input_validation ... ok
[INFO] [stdout] test security::path_validator::tests::test_unicode_normalization ... ok
[INFO] [stdout] test security::tests::test_output_sanitizer ... ok
[INFO] [stdout] test security::path_validator::tests::test_url_encoding_attacks ... ok
[INFO] [stdout] test security::tests::test_secure_xml_reader ... ok
[INFO] [stdout] test security::tests::test_url_validation ... ok
[INFO] [stdout] test security::tests::test_secure_logging ... ok
[INFO] [stdout] test streaming::buffer_manager::tests::test_automatic_flushing ... ok
[INFO] [stdout] test streaming::buffer_manager::tests::test_basic_buffering ... ok
[INFO] [stdout] test security::tests::test_path_validation ... ok
[INFO] [stdout] test streaming::buffer_manager::tests::test_flush_callback ... ok
[INFO] [stdout] test security::tests::test_rate_limiter ... ok
[INFO] [stdout] test streaming::buffer_manager::tests::test_buffer_stats ... ok
[INFO] [stdout] test streaming::reference_manager::tests::test_reference_validation ... ok
[INFO] [stdout] test streaming::reference_manager::tests::test_release_reference_generation ... ok
[INFO] [stdout] test tests::test_preset_application ... ok
[INFO] [stdout] test security::tests::test_security_utils ... ok
[INFO] [stdout] test tests::test_unknown_preset ... ok
[INFO] [stdout] test tests::test_version_info ... ok
[INFO] [stdout] test verification::tests::test_build_verifier_creation ... ok
[INFO] [stdout] test streaming::reference_manager::tests::test_metadata_storage ... ok
[INFO] [stdout] test streaming::reference_manager::tests::test_orphaned_references ... ok
[INFO] [stdout] test streaming::reference_manager::tests::test_resource_reference_generation ... ok
[INFO] [stdout] test verification::tests::test_verification_config_default ... ok
[INFO] [stdout] test verification::tests::test_verification_issue_creation ... ok
[INFO] [stdout] test versions::converter::tests::test_converter_initialization ... ok
[INFO] [stdout] test verification::tests::test_verification_statistics ... ok
[INFO] [stdout] test versions::converter::tests::test_direct_conversion_path ... ok
[INFO] [stdout] test security::tests::test_xml_security ... ok
[INFO] [stdout] test tests::test_builder_creation ... ok
[INFO] [stdout] test versions::converter::tests::test_multi_step_conversion_path ... ok
[INFO] [stdout] test verification::tests::test_attribute_order_determinism ... ok
[INFO] [stdout] test versions::converter::tests::test_same_version_conversion ... ok
[INFO] [stdout] test versions::converter::tests::test_supported_conversions ... ok
[INFO] [stdout] test canonical::tests::integration_tests::test_ern_43_canonicalization_snapshot ... ok
[INFO] [stderr]      Running unittests src/bin/ddex-builder.rs (/opt/rustwide/target/release/deps/ddex_builder-c5be98c0983c5d5c)
[INFO] [stdout] 
[INFO] [stdout] test result: ok. 175 passed; 0 failed; 0 ignored; 0 measured; 0 filtered out; finished in 0.06s
[INFO] [stdout] 
[INFO] [stderr]      Running tests/basic_test.rs (/opt/rustwide/target/release/deps/basic_test-a98cdd6eeceef528)
[INFO] [stdout] 
[INFO] [stdout] running 0 tests
[INFO] [stdout] 
[INFO] [stdout] test result: ok. 0 passed; 0 failed; 0 ignored; 0 measured; 0 filtered out; finished in 0.00s
[INFO] [stdout] 
[INFO] [stdout] 
[INFO] [stdout] running 3 tests
[INFO] [stdout] test test_determinism_config ... ok
[INFO] [stdout] test test_no_hashmap_usage ... ok
[INFO] [stdout] test test_builder_creation ... ok
[INFO] [stdout] 
[INFO] [stdout] test result: ok. 3 passed; 0 failed; 0 ignored; 0 measured; 0 filtered out; finished in 0.00s
[INFO] [stdout] 
[INFO] [stderr]      Running tests/canonical_debug.rs (/opt/rustwide/target/release/deps/canonical_debug-e4d2d048f29da844)
[INFO] [stdout] 
[INFO] [stdout] running 1 test
[INFO] [stdout] test debug_simple_canonicalization ... ok
[INFO] [stdout] 
[INFO] [stdout] test result: ok. 1 passed; 0 failed; 0 ignored; 0 measured; 0 filtered out; finished in 0.00s
[INFO] [stdout] 
[INFO] [stderr]      Running tests/comprehensive_test_suite.rs (/opt/rustwide/target/release/deps/comprehensive_test_suite-d4cd63fd14ae79c0)
[INFO] [stdout] 
[INFO] [stdout] running 6 tests
[INFO] [stdout] test comprehensive_test_suite_integration ... ignored
[INFO] [stdout] test performance_benchmark_sample ... ignored
[INFO] [stdout] test determinism_test_sample ... ok
[INFO] [stdout] test fidelity_test_sample ... ok
[INFO] [stdout] test stress_test_sample ... ok
[INFO] [stdout] test memory_monitoring_sample ... ok
[INFO] [stdout] 
[INFO] [stdout] test result: ok. 4 passed; 0 failed; 2 ignored; 0 measured; 0 filtered out; finished in 0.01s
[INFO] [stdout] 
[INFO] [stderr]      Running tests/cross_platform_determinism.rs (/opt/rustwide/target/release/deps/cross_platform_determinism-d88060b386632470)
[INFO] [stdout] 
[INFO] [stdout] running 9 tests
[INFO] [stdout] test test_hash_function_consistency ... ok
[INFO] [stdout] test test_unicode_cross_platform_determinism ... ok
[INFO] [stdout] test test_path_separator_independence ... ok
[INFO] [stdout] test test_timezone_independence ... ok
[INFO] [stdout] test test_endianness_independence ... ok
[INFO] [stdout] test test_floating_point_determinism ... ok
[INFO] [stdout] test test_complete_cross_platform_workflow ... ok
[INFO] [stdout] test test_basic_cross_platform_determinism ... ok
[INFO] [stdout] test test_comprehensive_determinism_report ... ok
[INFO] [stdout] 
[INFO] [stdout] test result: ok. 9 passed; 0 failed; 0 ignored; 0 measured; 0 filtered out; finished in 0.12s
[INFO] [stdout] 
[INFO] [stderr]      Running tests/determinism_tests.rs (/opt/rustwide/target/release/deps/determinism_tests-36df3348bd0de839)
[INFO] [stdout] 
[INFO] [stdout] running 16 tests
[INFO] [stdout] test test_determinism_consistency ... ok
[INFO] [stdout] test test_determinism_with_outputs_retained ... ok
[INFO] [stdout] test integration_tests::test_determinism_with_file_io ... ok
[INFO] [stdout] test test_complex_data_determinism ... ok
[INFO] [stdout] test integration_tests::test_determinism_with_environment_variables ... ok
[INFO] [stdout] test test_determinism_with_custom_extensions ... ok
[INFO] [stdout] test test_basic_determinism_verification ... ok
[INFO] [stdout] test test_different_system_times ... ok
[INFO] [stdout] test test_quick_determinism_check ... ok
[INFO] [stdout] test test_multithreaded_determinism ... ok
[INFO] [stdout] test test_indexmap_determinism ... ok
[INFO] [stdout] test test_locale_independence ... ok
[INFO] [stdout] test test_determinism_stress_test ... ok
[INFO] [stdout] test test_memory_pressure_determinism ... ok
[INFO] [stdout] test test_unicode_normalization_determinism ... ok
[INFO] [stdout] test test_large_dataset_determinism ... ok
[INFO] [stdout] 
[INFO] [stdout] test result: ok. 16 passed; 0 failed; 0 ignored; 0 measured; 0 filtered out; finished in 0.66s
[INFO] [stdout] 
[INFO] [stderr]      Running tests/entity_classification_test.rs (/opt/rustwide/target/release/deps/entity_classification_test-975ea45b4aa88127)
[INFO] [stdout] 
[INFO] [stdout] running 13 tests
[INFO] [stdout] test test_depth_tracking ... ok
[INFO] [stdout] test test_entity_chain_validation_with_xxe_payloads ... ok
[INFO] [stdout] test test_performance_and_metrics ... ok
[INFO] [stdout] test test_malicious_entity_detection ... ok
[INFO] [stdout] test test_repetitive_pattern_detection ... ok
[INFO] [stdout] test test_security_config_integration ... ok
[INFO] [stdout] test test_safe_ddex_entity_classification ... ok
[INFO] [stdout] test test_known_attack_patterns ... ok
[INFO] [stdout] test test_expansion_ratio_detection ... ok
[INFO] [stdout] test test_safe_builtin_entity_classification ... ok
[INFO] [stdout] test test_cache_performance ... ok
[INFO] [stdout] test test_custom_safe_entities ... ok
[INFO] [stdout] test test_suspicious_entity_detection ... ok
[INFO] [stdout] 
[INFO] [stdout] test result: ok. 13 passed; 0 failed; 0 ignored; 0 measured; 0 filtered out; finished in 0.01s
[INFO] [stdout] 
[INFO] [stderr]      Running tests/error_sanitizer_test.rs (/opt/rustwide/target/release/deps/error_sanitizer_test-f34a3f4767f3309f)
[INFO] [stdout] 
[INFO] [stdout] running 4 tests
[INFO] [stdout] test test_production_mode_sanitization ... ok
[INFO] [stdout] test test_basic_sanitizer_functionality ... ok
[INFO] [stdout] test test_global_sanitizer_functions ... ok
[INFO] [stdout] test test_error_display_format ... ok
[INFO] [stdout] 
[INFO] [stdout] test result: ok. 4 passed; 0 failed; 0 ignored; 0 measured; 0 filtered out; finished in 0.00s
[INFO] [stdout] 
[INFO] [stderr]      Running tests/golden_files.rs (/opt/rustwide/target/release/deps/golden_files-47a4cff67b25fb10)
[INFO] [stdout] 
[INFO] [stdout] running 5 tests
[INFO] [stdout] test test_stable_hash_ids ... ok
[INFO] [stdout] test test_profile_validation ... ok
[INFO] [stdout] test test_preflight_validation ... ok
[INFO] [stdout] test test_deterministic_generation ... ok
[INFO] [stdout] test test_audio_album_golden ... FAILED
[INFO] [stdout] 
[INFO] [stdout] failures:
[INFO] [stdout] 
[INFO] [stdout] ---- test_audio_album_golden stdout ----
[INFO] [stdout] ━━━━━━━━━━━━━━━━━━━━━━━━━━━━━━━ Snapshot Summary ━━━━━━━━━━━━━━━━━━━━━━━━━━━━━━━
[INFO] [stdout] Snapshot file: tests/snapshots/golden_files__audio_album_output.snap
[INFO] [stdout] Snapshot: audio_album_output
[INFO] [stdout] Source: tests/golden_files.rs:83
[INFO] [stdout] ────────────────────────────────────────────────────────────────────────────────
[INFO] [stdout] Expression: result.xml
[INFO] [stdout] ────────────────────────────────────────────────────────────────────────────────
[INFO] [stdout] -old snapshot
[INFO] [stdout] +new results
[INFO] [stdout] ────────────┬───────────────────────────────────────────────────────────────────
[INFO] [stdout]     1     1 │ <?xml version="1.0" encoding="UTF-8"?>
[INFO] [stdout]     2     2 │ <ern:NewReleaseMessage xmlns:ern="http://ddex.net/xml/ern/43" xmlns:xsi="http://www.w3.org/2001/XMLSchema-instance" MessageSchemaVersionId="ern/4.3">
[INFO] [stdout]     3     3 │   <MessageHeader>
[INFO] [stdout]     4       │-    <MessageId>B3:384b9efb8b851a20399cb9d929cc204e56cac0b2e26cc8aa3dd96b89c1772cb7</MessageId>
[INFO] [stdout]           4 │+    <MessageId>B3:d599fd1fc0817bdd1fecfd24b60897628743cd6fd403644fb636afbca3bd3a51</MessageId>
[INFO] [stdout]     5     5 │     <MessageCreatedDateTime>2025-01-01T00:00:00Z</MessageCreatedDateTime>
[INFO] [stdout]     6     6 │     <MessageSender>
[INFO] [stdout]     7     7 │       <PartyName>Test Sender</PartyName>
[INFO] [stdout]     8     8 │     </MessageSender>
[INFO] [stdout]     9     9 │     <MessageRecipient>
[INFO] [stdout]    10    10 │       <PartyName>Test Recipient</PartyName>
[INFO] [stdout]    11    11 │     </MessageRecipient>
[INFO] [stdout]    12       │-    <MessageThreadId>B3:384b9efb8b851a20399cb9d929cc204e56cac0b2e26cc8aa3dd96b89c1772cb7</MessageThreadId>
[INFO] [stdout]          12 │+    <MessageThreadId>B3:d599fd1fc0817bdd1fecfd24b60897628743cd6fd403644fb636afbca3bd3a51</MessageThreadId>
[INFO] [stdout]    13    13 │   </MessageHeader>
[INFO] [stdout]    14    14 │   <ResourceList>
[INFO] [stdout]    15    15 │     <SoundRecording>
[INFO] [stdout]    16    16 │       <ReferenceTitle>
[INFO] [stdout] ────────────┴───────────────────────────────────────────────────────────────────
[INFO] [stdout] 
[INFO] [stdout] thread 'test_audio_album_golden' (4421) panicked at tests/golden_files.rs:83:5:
[INFO] [stdout] called `Result::unwrap()` on an `Err` value: FileIo(Os { code: 30, kind: ReadOnlyFilesystem, message: "Read-only file system" }, "/opt/rustwide/workdir/tests/snapshots/golden_files__audio_album_output.snap.new")
[INFO] [stdout] stack backtrace:
[INFO] [stdout]    0:     0x5da0e540ff51 - <<std[70759c8f55707aa4]::sys::backtrace::BacktraceLock>::print::DisplayBacktrace as core[df12db4294e9bfd3]::fmt::Display>::fmt
[INFO] [stdout]    1:     0x5da0e5428aea - core[df12db4294e9bfd3]::fmt::write
[INFO] [stdout]    2:     0x5da0e541495c - <alloc[2182bb758b4b3781]::vec::Vec<u8> as core[df12db4294e9bfd3]::io::write::Write>::write_fmt
[INFO] [stdout]    3:     0x5da0e53e9a46 - std[70759c8f55707aa4]::panicking::default_hook::{closure#0}
[INFO] [stdout]    4:     0x5da0e5407769 - std[70759c8f55707aa4]::panicking::default_hook
[INFO] [stdout]    5:     0x5da0e51c3e10 - test[9d35eded1c95d3be]::test_main_inner::<test[9d35eded1c95d3be]::test_main_static::{closure#0}>::{closure#0}
[INFO] [stdout]    6:     0x5da0e5407922 - std[70759c8f55707aa4]::panicking::panic_with_hook
[INFO] [stdout]    7:     0x5da0e53e9af2 - std[70759c8f55707aa4]::panicking::panic_handler::{closure#0}
[INFO] [stdout]    8:     0x5da0e53e2399 - std[70759c8f55707aa4]::sys::backtrace::__rust_end_short_backtrace::<std[70759c8f55707aa4]::panicking::panic_handler::{closure#0}, !>
[INFO] [stdout]    9:     0x5da0e53ea78d - __rustc[8fa7c3cbc660c2b3]::rust_begin_unwind
[INFO] [stdout]   10:     0x5da0e54292cc - core[df12db4294e9bfd3]::panicking::panic_fmt
[INFO] [stdout]   11:     0x5da0e54290a2 - core[df12db4294e9bfd3]::result::unwrap_failed
[INFO] [stdout]   12:     0x5da0e51b1dbc - <golden_files[b615825a5a2836ac]::test_audio_album_golden::{closure#0} as core[df12db4294e9bfd3]::ops::function::FnOnce<()>>::call_once
[INFO] [stdout]   13:     0x5da0e51b70fb - test[9d35eded1c95d3be]::__rust_begin_short_backtrace::<core[df12db4294e9bfd3]::result::Result<(), alloc[2182bb758b4b3781]::string::String>, fn() -> core[df12db4294e9bfd3]::result::Result<(), alloc[2182bb758b4b3781]::string::String>>
[INFO] [stdout]   14:     0x5da0e51c4765 - test[9d35eded1c95d3be]::run_test::{closure#0}
[INFO] [stdout]   15:     0x5da0e51be024 - std[70759c8f55707aa4]::sys::backtrace::__rust_begin_short_backtrace::<test[9d35eded1c95d3be]::run_test::{closure#1}, ()>
[INFO] [stdout]   16:     0x5da0e51c78c2 - <std[70759c8f55707aa4]::thread::lifecycle::spawn_unchecked<test[9d35eded1c95d3be]::run_test::{closure#1}, ()>::{closure#1} as core[df12db4294e9bfd3]::ops::function::FnOnce<()>>::call_once::{shim:vtable#0}
[INFO] [stdout]   17:     0x5da0e540ef79 - <std[70759c8f55707aa4]::sys::thread::unix::Thread>::new::thread_start
[INFO] [stdout]   18:     0x7b9956799dfa - <unknown>
[INFO] [stdout]   19:     0x7b995682d3d4 - clone
[INFO] [stdout]   20:                0x0 - <unknown>
[INFO] [stdout] 
[INFO] [stdout] 
[INFO] [stdout] failures:
[INFO] [stdout]     test_audio_album_golden
[INFO] [stdout] 
[INFO] [stdout] test result: FAILED. 4 passed; 1 failed; 0 ignored; 0 measured; 0 filtered out; finished in 0.77s
[INFO] [stdout] 
[INFO] [stderr] error: test failed, to rerun pass `--test golden_files`
[INFO] running `Command { std: "docker" "inspect" "a8813a2ab84e3774bd23850437a6cb35eae99892aebe7716c3045769dc4c6063", kill_on_drop: false }`
[INFO] running `Command { std: "docker" "rm" "-f" "a8813a2ab84e3774bd23850437a6cb35eae99892aebe7716c3045769dc4c6063", kill_on_drop: false }`
[INFO] [stdout] a8813a2ab84e3774bd23850437a6cb35eae99892aebe7716c3045769dc4c6063
