[INFO] fetching crate ddaa_protocol 0.2.0...
[INFO] testing ddaa_protocol-0.2.0 against 1.100.0-beta.1+cargoflags=--release for beta-release-1.100-2
[INFO] extracting crate ddaa_protocol 0.2.0 into /workspace/builds/worker-1-tc2/source
[INFO] started tweaking crates.io crate ddaa_protocol 0.2.0
[INFO] finished tweaking crates.io crate ddaa_protocol 0.2.0
[INFO] tweaked toml for crates.io crate ddaa_protocol 0.2.0 written to /workspace/builds/worker-1-tc2/source/Cargo.toml
[INFO] validating manifest of crates.io crate ddaa_protocol 0.2.0 on toolchain 1.100.0-beta.1
[INFO] running `Command { std: CARGO_HOME="/workspace/cargo-home" RUSTUP_HOME="/workspace/rustup-home" "/workspace/cargo-home/bin/cargo" "+1.100.0-beta.1" "metadata" "--manifest-path" "Cargo.toml" "--no-deps", kill_on_drop: false }`
[INFO] running `Command { std: CARGO_HOME="/workspace/cargo-home" RUSTUP_HOME="/workspace/rustup-home" "/workspace/cargo-home/bin/cargo" "+1.100.0-beta.1" "generate-lockfile" "--manifest-path" "Cargo.toml", kill_on_drop: false }`
[INFO] running `Command { std: CARGO_HOME="/workspace/cargo-home" RUSTUP_HOME="/workspace/rustup-home" "/workspace/cargo-home/bin/cargo" "+1.100.0-beta.1" "fetch" "--manifest-path" "Cargo.toml", kill_on_drop: false }`
[INFO] running `Command { std: "docker" "create" "-v" "/var/lib/crater-agent-workspace/builds/worker-1-tc2/source:/opt/rustwide/workdir:ro,Z" "-v" "/var/lib/crater-agent-workspace/builds/worker-1-tc2/target:/opt/rustwide/target:rw,Z" "-v" "/var/lib/crater-agent-workspace/cargo-home:/opt/rustwide/cargo-home:ro,Z" "-v" "/var/lib/crater-agent-workspace/rustup-home:/opt/rustwide/rustup-home:ro,Z" "-m" "1610612736" "--network" "none" "ghcr.io/rust-lang/crates-build-env/linux@sha256:77db811e55d90add9212f6832c23229e3de5f1c1f9905e8cb07319ea15df73ac" "sleep" "infinity", kill_on_drop: false }`
[INFO] [stdout] dc36a2d5f802e5d2a3940d7d7204a9c5e72a0189792c257b12d452d67326091b
[INFO] running `Command { std: "docker" "start" "dc36a2d5f802e5d2a3940d7d7204a9c5e72a0189792c257b12d452d67326091b", kill_on_drop: false }`
[INFO] running `Command { std: "docker" "inspect" "dc36a2d5f802e5d2a3940d7d7204a9c5e72a0189792c257b12d452d67326091b", kill_on_drop: false }`
[INFO] running `Command { std: "docker" "exec" "-e" "SOURCE_DIR=/opt/rustwide/workdir" "-e" "CARGO_HOME=/opt/rustwide/cargo-home" "-e" "RUSTUP_HOME=/opt/rustwide/rustup-home" "-e" "CARGO_TARGET_DIR=/opt/rustwide/target" "-w" "/opt/rustwide/workdir" "--user" "0:0" "dc36a2d5f802e5d2a3940d7d7204a9c5e72a0189792c257b12d452d67326091b" "/opt/rustwide/cargo-home/bin/cargo" "+1.100.0-beta.1" "metadata" "--no-deps" "--format-version=1", kill_on_drop: false }`
[INFO] running `Command { std: "docker" "inspect" "dc36a2d5f802e5d2a3940d7d7204a9c5e72a0189792c257b12d452d67326091b", kill_on_drop: false }`
[INFO] running `Command { std: "docker" "exec" "-e" "SOURCE_DIR=/opt/rustwide/workdir" "-e" "CARGO_HOME=/opt/rustwide/cargo-home" "-e" "RUSTUP_HOME=/opt/rustwide/rustup-home" "-e" "CARGO_TARGET_DIR=/opt/rustwide/target" "-e" "CARGO_INCREMENTAL=0" "-e" "RUST_BACKTRACE=full" "-e" "RUSTFLAGS=--cap-lints=warn" "-e" "RUSTDOCFLAGS=--cap-lints=warn" "-w" "/opt/rustwide/workdir" "--user" "0:0" "dc36a2d5f802e5d2a3940d7d7204a9c5e72a0189792c257b12d452d67326091b" "/opt/rustwide/cargo-home/bin/cargo" "+1.100.0-beta.1" "build" "--frozen" "--message-format=json" "--release", kill_on_drop: false }`
[INFO] [stderr]    Compiling ddaa_protocol v0.2.0 (/opt/rustwide/workdir)
[INFO] [stderr]     Finished `release` profile [optimized] target(s) in 0.16s
[INFO] running `Command { std: "docker" "inspect" "dc36a2d5f802e5d2a3940d7d7204a9c5e72a0189792c257b12d452d67326091b", kill_on_drop: false }`
[INFO] running `Command { std: "docker" "exec" "-e" "SOURCE_DIR=/opt/rustwide/workdir" "-e" "CARGO_HOME=/opt/rustwide/cargo-home" "-e" "RUSTUP_HOME=/opt/rustwide/rustup-home" "-e" "CARGO_TARGET_DIR=/opt/rustwide/target" "-e" "CARGO_INCREMENTAL=0" "-e" "RUST_BACKTRACE=full" "-e" "RUSTFLAGS=--cap-lints=warn" "-e" "RUSTDOCFLAGS=--cap-lints=warn" "-w" "/opt/rustwide/workdir" "--user" "0:0" "dc36a2d5f802e5d2a3940d7d7204a9c5e72a0189792c257b12d452d67326091b" "/opt/rustwide/cargo-home/bin/cargo" "+1.100.0-beta.1" "test" "--frozen" "--no-run" "--message-format=json" "--release", kill_on_drop: false }`
[INFO] [stderr]    Compiling ddaa_protocol v0.2.0 (/opt/rustwide/workdir)
[INFO] [stderr]     Finished `release` profile [optimized] target(s) in 0.28s
[INFO] running `Command { std: "docker" "inspect" "dc36a2d5f802e5d2a3940d7d7204a9c5e72a0189792c257b12d452d67326091b", kill_on_drop: false }`
[INFO] running `Command { std: "docker" "exec" "-e" "SOURCE_DIR=/opt/rustwide/workdir" "-e" "CARGO_HOME=/opt/rustwide/cargo-home" "-e" "RUSTUP_HOME=/opt/rustwide/rustup-home" "-e" "CARGO_TARGET_DIR=/opt/rustwide/target" "-e" "CARGO_INCREMENTAL=0" "-e" "RUST_BACKTRACE=full" "-e" "RUSTFLAGS=--cap-lints=warn" "-e" "RUSTDOCFLAGS=--cap-lints=warn" "-w" "/opt/rustwide/workdir" "--user" "0:0" "dc36a2d5f802e5d2a3940d7d7204a9c5e72a0189792c257b12d452d67326091b" "/opt/rustwide/cargo-home/bin/cargo" "+1.100.0-beta.1" "test" "--frozen" "--release", kill_on_drop: false }`
[INFO] [stderr]     Finished `release` profile [optimized] target(s) in 0.01s
[INFO] [stderr]      Running unittests src/lib.rs (/opt/rustwide/target/release/build/ddaa_protocol/8151c17544814849/out/ddaa_protocol-8151c17544814849)
[INFO] [stderr]    Doc-tests ddaa_protocol
[INFO] [stdout] 
[INFO] [stdout] running 0 tests
[INFO] [stdout] 
[INFO] [stdout] test result: ok. 0 passed; 0 failed; 0 ignored; 0 measured; 0 filtered out; finished in 0.00s
[INFO] [stdout] 
[INFO] [stdout] 
[INFO] [stdout] running 12 tests
[INFO] [stdout] test src/lib.rs - MessageType (line 54) ... ok
[INFO] [stdout] test src/lib.rs - MessageType (line 280) ... ok
[INFO] [stdout] test src/lib.rs - MessageType (line 29) ... ok
[INFO] [stdout] test src/lib.rs - MessageType (line 79) ... ok
[INFO] [stdout] test src/lib.rs - MessageType (line 155) ... ok
[INFO] [stdout] test src/lib.rs - MessageType (line 4) ... ok
[INFO] [stdout] test src/lib.rs - MessageType (line 249) ... ok
[INFO] [stdout] test src/lib.rs - MessageType (line 209) ... ok
[INFO] [stdout] test src/lib.rs - MessageType (line 130) ... ok
[INFO] [stdout] test src/lib.rs - MessageType (line 182) ... FAILED
[INFO] [stdout] test src/lib.rs - MessageType (line 310) ... ok
[INFO] [stdout] test src/lib.rs - MessageType (line 104) ... FAILED
[INFO] [stdout] 
[INFO] [stdout] failures:
[INFO] [stdout] 
[INFO] [stdout] ---- src/lib.rs - MessageType (line 182) stdout ----
[INFO] [stdout] rustc-LLVM ERROR: IO failure on output stream: No space left on device
[INFO] [stdout] Couldn't compile the test.
[INFO] [stdout] ---- src/lib.rs - MessageType (line 104) stdout ----
[INFO] [stdout] error: linking with `cc` failed: exit status: 1
[INFO] [stdout]   |
[INFO] [stdout]   = note:  "cc" "-m64" "/tmp/rustdoctestjEa0ON/rustcE42ZBk/symbols.o" "<2 object files omitted>" "-Wl,--as-needed" "-Wl,-Bstatic" "/opt/rustwide/target/release/build/ddaa_protocol/b0ca879247058e81/out/libddaa_protocol-b0ca879247058e81.rlib" "<sysroot>/lib/rustlib/x86_64-unknown-linux-gnu/lib/{libstd-*,libpanic_unwind-*,libobject-*,libmemchr-*,libaddr2line-*,libgimli-*,libcfg_if-*,librustc_demangle-*,libstd_detect-*,libhashbrown-*,librustc_std_workspace_alloc-*,libminiz_oxide-*,libadler2-*,libunwind-*,liblibc-*,librustc_std_workspace_core-*,liballoc-*,libcore-*,libcompiler_builtins-*}.rlib" "-Wl,-Bdynamic" "-lgcc_s" "-lutil" "-lrt" "-lpthread" "-lm" "-ldl" "-lc" "-L" "/tmp/rustdoctestjEa0ON/rustcE42ZBk/raw-dylibs" "-B<sysroot>/lib/rustlib/x86_64-unknown-linux-gnu/bin/gcc-ld" "-fuse-ld=lld" "-Wl,--eh-frame-hdr" "-Wl,-z,noexecstack" "-L" "<sysroot>/lib/rustlib/x86_64-unknown-linux-gnu/lib" "-o" "/tmp/rustdoctestjEa0ON/rust_out" "-Wl,--gc-sections" "-pie" "-Wl,-z,relro,-z,now" "-nodefaultlibs"
[INFO] [stdout]   = note: some arguments are omitted. use `--verbose` to show all linker arguments
[INFO] [stdout]   = note: PLEASE submit a bug report to https://github.com/llvm/llvm-project/issues/ and include the crash backtrace and instructions to reproduce the bug.
[INFO] [stdout]            #0 0x0000776f1f3b4f1a llvm::sys::PrintStackTrace(llvm::raw_ostream&, int) (/opt/rustwide/rustup-home/toolchains/1.100.0-beta.1-x86_64-unknown-linux-gnu/lib/libLLVM.so.23.1-rust-1.100.0-beta+0x63b4f1a)
[INFO] [stdout]            #1 0x0000776f1f3b589d SignalHandler(int, siginfo_t*, void*) (/opt/rustwide/rustup-home/toolchains/1.100.0-beta.1-x86_64-unknown-linux-gnu/lib/libLLVM.so.23.1-rust-1.100.0-beta+0x63b589d)
[INFO] [stdout]            #2 0x0000776f18cfecb0 (/usr/lib/x86_64-linux-gnu/libc.so.6+0x45cb0)
[INFO] [stdout]            #3 0x0000776f18e50bb7 (/usr/lib/x86_64-linux-gnu/libc.so.6+0x197bb7)
[INFO] [stdout]            #4 0x00005a2998106254 void lld::elf::InputSection::writeTo<llvm::object::ELFType<(llvm::endianness)1, true>>(lld::elf::Ctx&, unsigned char*) (/opt/rustwide/rustup-home/toolchains/1.100.0-beta.1-x86_64-unknown-linux-gnu/lib/rustlib/x86_64-unknown-linux-gnu/bin/rust-lld+0x44a254)
[INFO] [stdout]            #5 0x00005a299818937b void lld::elf::OutputSection::writeTo<llvm::object::ELFType<(llvm::endianness)1, true>>(lld::elf::Ctx&, unsigned char*, llvm::parallel::TaskGroup&)::'lambda'(unsigned long, unsigned long)::operator()(unsigned long, unsigned long) const OutputSections.cpp:0:0
[INFO] [stdout]            #6 0x0000776f1f35b643 (anonymous namespace)::ThreadPoolExecutor::popAndRun(std::unique_lock<std::mutex>&) (/opt/rustwide/rustup-home/toolchains/1.100.0-beta.1-x86_64-unknown-linux-gnu/lib/libLLVM.so.23.1-rust-1.100.0-beta+0x635b643)
[INFO] [stdout]            #7 0x0000776f1f35b4c3 (anonymous namespace)::ThreadPoolExecutor::work(llvm::ThreadPoolStrategy, unsigned int) (/opt/rustwide/rustup-home/toolchains/1.100.0-beta.1-x86_64-unknown-linux-gnu/lib/libLLVM.so.23.1-rust-1.100.0-beta+0x635b4c3)
[INFO] [stdout]            #8 0x0000776f1f2cc230 execute_native_thread_routine (/opt/rustwide/rustup-home/toolchains/1.100.0-beta.1-x86_64-unknown-linux-gnu/lib/libLLVM.so.23.1-rust-1.100.0-beta+0x62cc230)
[INFO] [stdout]            #9 0x0000776f18d5cdfa (/usr/lib/x86_64-linux-gnu/libc.so.6+0xa3dfa)
[INFO] [stdout]           #10 0x0000776f18df03d4 clone (/usr/lib/x86_64-linux-gnu/libc.so.6+0x1373d4)
[INFO] [stdout]           collect2: fatal error: ld terminated with signal 7 [Bus error], core dumped
[INFO] [stdout]           compilation terminated.
[INFO] [stdout]           
[INFO] [stdout] 
[INFO] [stdout] error: aborting due to 1 previous error
[INFO] [stdout] 
[INFO] [stdout] Couldn't compile the test.
[INFO] [stdout] 
[INFO] [stdout] failures:
[INFO] [stdout]     src/lib.rs - MessageType (line 104)
[INFO] [stdout]     src/lib.rs - MessageType (line 182)
[INFO] [stdout] 
[INFO] [stdout] test result: FAILED. 10 passed; 2 failed; 0 ignored; 0 measured; 0 filtered out; finished in 1.40s
[INFO] [stdout] 
[INFO] [stderr] error: doctest failed, to rerun pass `--doc`
[INFO] running `Command { std: "docker" "inspect" "dc36a2d5f802e5d2a3940d7d7204a9c5e72a0189792c257b12d452d67326091b", kill_on_drop: false }`
[INFO] running `Command { std: "docker" "rm" "-f" "dc36a2d5f802e5d2a3940d7d7204a9c5e72a0189792c257b12d452d67326091b", kill_on_drop: false }`
[INFO] [stdout] dc36a2d5f802e5d2a3940d7d7204a9c5e72a0189792c257b12d452d67326091b
