[INFO] fetching crate dda-rs 0.2.0...
[INFO] testing dda-rs-0.2.0 against 1.99.0-beta.8+cargoflags=--release for beta-release-1.100-2
[INFO] extracting crate dda-rs 0.2.0 into /workspace/builds/worker-2-tc1/source
[INFO] started tweaking crates.io crate dda-rs 0.2.0
[INFO] removed 0 missing tests
[INFO] finished tweaking crates.io crate dda-rs 0.2.0
[INFO] tweaked toml for crates.io crate dda-rs 0.2.0 written to /workspace/builds/worker-2-tc1/source/Cargo.toml
[INFO] validating manifest of crates.io crate dda-rs 0.2.0 on toolchain 1.99.0-beta.8
[INFO] running `Command { std: CARGO_HOME="/workspace/cargo-home" RUSTUP_HOME="/workspace/rustup-home" "/workspace/cargo-home/bin/cargo" "+1.99.0-beta.8" "metadata" "--manifest-path" "Cargo.toml" "--no-deps", kill_on_drop: false }`
[INFO] crate crates.io crate dda-rs 0.2.0 already has a lockfile, it will not be regenerated
[INFO] running `Command { std: CARGO_HOME="/workspace/cargo-home" RUSTUP_HOME="/workspace/rustup-home" "/workspace/cargo-home/bin/cargo" "+1.99.0-beta.8" "fetch" "--manifest-path" "Cargo.toml", kill_on_drop: false }`
[INFO] running `Command { std: "docker" "create" "-v" "/var/lib/crater-agent-workspace/builds/worker-2-tc1/source:/opt/rustwide/workdir:ro,Z" "-v" "/var/lib/crater-agent-workspace/builds/worker-2-tc1/target:/opt/rustwide/target:rw,Z" "-v" "/var/lib/crater-agent-workspace/cargo-home:/opt/rustwide/cargo-home:ro,Z" "-v" "/var/lib/crater-agent-workspace/rustup-home:/opt/rustwide/rustup-home:ro,Z" "-m" "1610612736" "--network" "none" "ghcr.io/rust-lang/crates-build-env/linux@sha256:77db811e55d90add9212f6832c23229e3de5f1c1f9905e8cb07319ea15df73ac" "sleep" "infinity", kill_on_drop: false }`
[INFO] [stdout] 2e39df577e49ef808043d44fb6cfc311b57df79f77b29b99a4b70137da4b201a
[INFO] running `Command { std: "docker" "start" "2e39df577e49ef808043d44fb6cfc311b57df79f77b29b99a4b70137da4b201a", kill_on_drop: false }`
[INFO] running `Command { std: "docker" "inspect" "2e39df577e49ef808043d44fb6cfc311b57df79f77b29b99a4b70137da4b201a", kill_on_drop: false }`
[INFO] running `Command { std: "docker" "exec" "-e" "SOURCE_DIR=/opt/rustwide/workdir" "-e" "CARGO_HOME=/opt/rustwide/cargo-home" "-e" "RUSTUP_HOME=/opt/rustwide/rustup-home" "-e" "CARGO_TARGET_DIR=/opt/rustwide/target" "-w" "/opt/rustwide/workdir" "--user" "0:0" "2e39df577e49ef808043d44fb6cfc311b57df79f77b29b99a4b70137da4b201a" "/opt/rustwide/cargo-home/bin/cargo" "+1.99.0-beta.8" "metadata" "--no-deps" "--format-version=1", kill_on_drop: false }`
[INFO] running `Command { std: "docker" "inspect" "2e39df577e49ef808043d44fb6cfc311b57df79f77b29b99a4b70137da4b201a", kill_on_drop: false }`
[INFO] running `Command { std: "docker" "exec" "-e" "SOURCE_DIR=/opt/rustwide/workdir" "-e" "CARGO_HOME=/opt/rustwide/cargo-home" "-e" "RUSTUP_HOME=/opt/rustwide/rustup-home" "-e" "CARGO_TARGET_DIR=/opt/rustwide/target" "-e" "CARGO_INCREMENTAL=0" "-e" "RUST_BACKTRACE=full" "-e" "RUSTFLAGS=--cap-lints=warn" "-e" "RUSTDOCFLAGS=--cap-lints=warn" "-w" "/opt/rustwide/workdir" "--user" "0:0" "2e39df577e49ef808043d44fb6cfc311b57df79f77b29b99a4b70137da4b201a" "/opt/rustwide/cargo-home/bin/cargo" "+1.99.0-beta.8" "build" "--frozen" "--message-format=json" "--release", kill_on_drop: false }`
[INFO] [stderr]    Compiling quote v1.0.41
[INFO] [stderr]    Compiling unicode-ident v1.0.19
[INFO] [stderr]    Compiling libc v0.2.176
[INFO] [stderr]    Compiling bytemuck v1.25.0
[INFO] [stderr]    Compiling matrixmultiply v0.3.10
[INFO] [stderr]    Compiling getrandom v0.3.3
[INFO] [stderr]    Compiling serde_json v1.0.145
[INFO] [stderr]    Compiling num-integer v0.1.46
[INFO] [stderr]    Compiling approx v0.5.1
[INFO] [stderr]    Compiling num-complex v0.4.6
[INFO] [stderr]    Compiling thiserror v2.0.17
[INFO] [stderr]    Compiling iana-time-zone v0.1.64
[INFO] [stderr]    Compiling log v0.4.28
[INFO] [stderr]    Compiling rayon v1.12.0
[INFO] [stderr]    Compiling proc-macro2 v1.0.101
[INFO] [stderr]    Compiling safe_arch v0.7.4
[INFO] [stderr]    Compiling num-rational v0.4.2
[INFO] [stderr]    Compiling syn v2.0.106
[INFO] [stderr]    Compiling wide v0.7.33
[INFO] [stderr]    Compiling dirs-sys v0.5.0
[INFO] [stderr]    Compiling memmap2 v0.9.9
[INFO] [stderr]    Compiling dirs v6.0.0
[INFO] [stderr]    Compiling uuid v1.18.1
[INFO] [stderr]    Compiling serde_derive v1.0.228
[INFO] [stderr]    Compiling thiserror-impl v2.0.17
[INFO] [stderr]    Compiling simba v0.9.1
[INFO] [stderr]    Compiling serde v1.0.228
[INFO] [stderr]    Compiling chrono v0.4.42
[INFO] [stderr]    Compiling nalgebra v0.33.3
[INFO] [stderr]    Compiling dda-rs v0.2.0 (/opt/rustwide/workdir)
[INFO] [stderr]     Finished `release` profile [optimized] target(s) in 37.47s
[INFO] running `Command { std: "docker" "inspect" "2e39df577e49ef808043d44fb6cfc311b57df79f77b29b99a4b70137da4b201a", kill_on_drop: false }`
[INFO] running `Command { std: "docker" "exec" "-e" "SOURCE_DIR=/opt/rustwide/workdir" "-e" "CARGO_HOME=/opt/rustwide/cargo-home" "-e" "RUSTUP_HOME=/opt/rustwide/rustup-home" "-e" "CARGO_TARGET_DIR=/opt/rustwide/target" "-e" "CARGO_INCREMENTAL=0" "-e" "RUST_BACKTRACE=full" "-e" "RUSTFLAGS=--cap-lints=warn" "-e" "RUSTDOCFLAGS=--cap-lints=warn" "-w" "/opt/rustwide/workdir" "--user" "0:0" "2e39df577e49ef808043d44fb6cfc311b57df79f77b29b99a4b70137da4b201a" "/opt/rustwide/cargo-home/bin/cargo" "+1.99.0-beta.8" "test" "--frozen" "--no-run" "--message-format=json" "--release", kill_on_drop: false }`
[INFO] [stderr]    Compiling bitflags v2.9.4
[INFO] [stderr]    Compiling rustix v1.1.2
[INFO] [stderr]    Compiling tempfile v3.23.0
[INFO] [stderr]    Compiling dda-rs v0.2.0 (/opt/rustwide/workdir)
[INFO] [stderr]     Finished `release` profile [optimized] target(s) in 9.56s
[INFO] running `Command { std: "docker" "inspect" "2e39df577e49ef808043d44fb6cfc311b57df79f77b29b99a4b70137da4b201a", kill_on_drop: false }`
[INFO] running `Command { std: "docker" "exec" "-e" "SOURCE_DIR=/opt/rustwide/workdir" "-e" "CARGO_HOME=/opt/rustwide/cargo-home" "-e" "RUSTUP_HOME=/opt/rustwide/rustup-home" "-e" "CARGO_TARGET_DIR=/opt/rustwide/target" "-e" "CARGO_INCREMENTAL=0" "-e" "RUST_BACKTRACE=full" "-e" "RUSTFLAGS=--cap-lints=warn" "-e" "RUSTDOCFLAGS=--cap-lints=warn" "-w" "/opt/rustwide/workdir" "--user" "0:0" "2e39df577e49ef808043d44fb6cfc311b57df79f77b29b99a4b70137da4b201a" "/opt/rustwide/cargo-home/bin/cargo" "+1.99.0-beta.8" "test" "--frozen" "--release", kill_on_drop: false }`
[INFO] [stderr]     Finished `release` profile [optimized] target(s) in 0.10s
[INFO] [stderr]      Running unittests src/lib.rs (/opt/rustwide/target/release/deps/dda_rs-8eb688894cd071e9)
[INFO] [stdout] 
[INFO] [stdout] running 18 tests
[INFO] [stdout] test network_motifs::tests::test_transform_cd_to_network_motifs ... ok
[INFO] [stdout] test variants::tests::test_variant_lookup_by_abbrev ... ok
[INFO] [stdout] test network_motifs::tests::test_normalization_and_threshold ... ok
[INFO] [stdout] test variants::tests::test_file_type_detection ... ok
[INFO] [stdout] test variants::tests::test_file_type_flags ... ok
[INFO] [stdout] test variants::tests::test_stride_values ... ok
[INFO] [stdout] test variants::tests::test_select_mask_parsing ... ok
[INFO] [stdout] test variants::tests::test_select_mask_generation ... ok
[INFO] [stdout] test engine::tests::monomial_count_matches_reference_formula ... ok
[INFO] [stdout] test engine::tests::auto_group_omp_recovers_single_planted_confound_exactly ... ok
[INFO] [stdout] test variants::tests::test_variant_lookup_by_suffix ... ok
[INFO] [stdout] test engine::tests::temporal_regularization_smooths_and_recovers_slowly_varying_coefficients ... ok
[INFO] [stdout] test variants::tests::test_variant_registry_size ... ok
[INFO] [stdout] test engine::tests::auto_shared_parents_selects_the_common_driver_channel ... ok
[INFO] [stdout] test engine::tests::model_selection_resolves_actual_delays ... ok
[INFO] [stdout] test engine::tests::auto_target_sparse_keeps_the_common_driver_even_with_a_nuisance_channel ... ok
[INFO] [stdout] test engine::tests::auto_group_omp_overbudget_stays_within_one_membership_error ... ok
[INFO] [stdout] test engine::tests::raw_f64_matrix_loader_roundtrips ... ok
[INFO] [stdout] 
[INFO] [stdout] test result: ok. 18 passed; 0 failed; 0 ignored; 0 measured; 0 filtered out; finished in 0.05s
[INFO] [stdout] 
[INFO] [stderr]      Running tests/conditional_cd.rs (/opt/rustwide/target/release/deps/conditional_cd-de22549b125f02f4)
[INFO] [stdout] 
[INFO] [stdout] running 5 tests
[INFO] [stdout] test conditional_cd_suppresses_common_drive_false_positive ... ok
[INFO] [stdout] test conditional_cd_preserves_unique_direct_drive ... ok
[INFO] [stdout] test conditional_cd_common_drive_suppression_holds_across_parameter_grid ... ok
[INFO] [stdout] test auto_conditioning_strategies_suppress_common_drive_with_nuisance_channel ... ok
[INFO] [stdout] test advanced_ccd_variants_produce_expected_shapes_and_orderings ... ok
[INFO] [stdout] 
[INFO] [stdout] test result: ok. 5 passed; 0 failed; 0 ignored; 0 measured; 0 filtered out; finished in 1.07s
[INFO] [stdout] 
[INFO] [stderr]      Running tests/conformance_contract_tests.rs (/opt/rustwide/target/release/deps/conformance_contract_tests-73c76f255e3f74d4)
[INFO] [stdout] 
[INFO] [stdout] running 4 tests
[INFO] [stdout] test variant_order_matches_contract ... FAILED
[INFO] [stdout] test select_mask_cases_match_contract ... FAILED
[INFO] [stdout] test default_parameters_match_contract ... FAILED
[INFO] [stdout] test ct_variants_require_ct_flags ... FAILED
[INFO] [stdout] 
[INFO] [stdout] failures:
[INFO] [stdout] 
[INFO] [stdout] ---- variant_order_matches_contract stdout ----
[INFO] [stdout] 
[INFO] [stdout] thread 'variant_order_matches_contract' (941) panicked at tests/conformance_contract_tests.rs:44:29:
[INFO] [stdout] failed to read contract file /opt/rustwide/workdir/../../conformance/dda_conformance_contract.json: No such file or directory (os error 2)
[INFO] [stdout] stack backtrace:
[INFO] [stdout]    0:     0x628eed3eba51 - <<std[70759c8f55707aa4]::sys::backtrace::BacktraceLock>::print::DisplayBacktrace as core[df12db4294e9bfd3]::fmt::Display>::fmt
[INFO] [stdout]    1:     0x628eed4003ba - core[df12db4294e9bfd3]::fmt::write
[INFO] [stdout]    2:     0x628eed3eff0c - <alloc[2182bb758b4b3781]::vec::Vec<u8> as core[df12db4294e9bfd3]::io::write::Write>::write_fmt
[INFO] [stdout]    3:     0x628eed3c7b46 - std[70759c8f55707aa4]::panicking::default_hook::{closure#0}
[INFO] [stdout]    4:     0x628eed3e3e49 - std[70759c8f55707aa4]::panicking::default_hook
[INFO] [stdout]    5:     0x628eed37f610 - test[9d35eded1c95d3be]::test_main_inner::<test[9d35eded1c95d3be]::test_main_static::{closure#0}>::{closure#0}
[INFO] [stdout]    6:     0x628eed3e4002 - std[70759c8f55707aa4]::panicking::panic_with_hook
[INFO] [stdout]    7:     0x628eed3c7bf2 - std[70759c8f55707aa4]::panicking::panic_handler::{closure#0}
[INFO] [stdout]    8:     0x628eed3c07e9 - std[70759c8f55707aa4]::sys::backtrace::__rust_end_short_backtrace::<std[70759c8f55707aa4]::panicking::panic_handler::{closure#0}, !>
[INFO] [stdout]    9:     0x628eed3c87ed - __rustc[8fa7c3cbc660c2b3]::rust_begin_unwind
[INFO] [stdout]   10:     0x628eed400aec - core[df12db4294e9bfd3]::panicking::panic_fmt
[INFO] [stdout]   11:     0x628eed36b6a9 - conformance_contract_tests[4622c9952711dfe8]::load_contract::{closure#0}
[INFO] [stdout]   12:     0x628eed36b93e - conformance_contract_tests[4622c9952711dfe8]::load_contract
[INFO] [stdout]   13:     0x628eed36c660 - <conformance_contract_tests[4622c9952711dfe8]::variant_order_matches_contract::{closure#0} as core[df12db4294e9bfd3]::ops::function::FnOnce<()>>::call_once
[INFO] [stdout]   14:     0x628eed3728fb - test[9d35eded1c95d3be]::__rust_begin_short_backtrace::<core[df12db4294e9bfd3]::result::Result<(), alloc[2182bb758b4b3781]::string::String>, fn() -> core[df12db4294e9bfd3]::result::Result<(), alloc[2182bb758b4b3781]::string::String>>
[INFO] [stdout]   15:     0x628eed37ff65 - test[9d35eded1c95d3be]::run_test::{closure#0}
[INFO] [stdout]   16:     0x628eed379824 - std[70759c8f55707aa4]::sys::backtrace::__rust_begin_short_backtrace::<test[9d35eded1c95d3be]::run_test::{closure#1}, ()>
[INFO] [stdout]   17:     0x628eed3830c2 - <std[70759c8f55707aa4]::thread::lifecycle::spawn_unchecked<test[9d35eded1c95d3be]::run_test::{closure#1}, ()>::{closure#1} as core[df12db4294e9bfd3]::ops::function::FnOnce<()>>::call_once::{shim:vtable#0}
[INFO] [stdout]   18:     0x628eed3eafb9 - <std[70759c8f55707aa4]::sys::thread::unix::Thread>::new::thread_start
[INFO] [stdout]   19:     0x77d20a2d5dfa - <unknown>
[INFO] [stdout]   20:     0x77d20a3693d4 - clone
[INFO] [stdout]   21:                0x0 - <unknown>
[INFO] [stdout] 
[INFO] [stdout] ---- select_mask_cases_match_contract stdout ----
[INFO] [stdout] 
[INFO] [stdout] thread 'select_mask_cases_match_contract' (940) panicked at tests/conformance_contract_tests.rs:44:29:
[INFO] [stdout] failed to read contract file /opt/rustwide/workdir/../../conformance/dda_conformance_contract.json: No such file or directory (os error 2)
[INFO] [stdout] stack backtrace:
[INFO] [stdout]    0:     0x628eed3eba51 - <<std[70759c8f55707aa4]::sys::backtrace::BacktraceLock>::print::DisplayBacktrace as core[df12db4294e9bfd3]::fmt::Display>::fmt
[INFO] [stdout]    1:     0x628eed4003ba - core[df12db4294e9bfd3]::fmt::write
[INFO] [stdout]    2:     0x628eed3eff0c - <alloc[2182bb758b4b3781]::vec::Vec<u8> as core[df12db4294e9bfd3]::io::write::Write>::write_fmt
[INFO] [stdout]    3:     0x628eed3c7b46 - std[70759c8f55707aa4]::panicking::default_hook::{closure#0}
[INFO] [stdout]    4:     0x628eed3e3e49 - std[70759c8f55707aa4]::panicking::default_hook
[INFO] [stdout]    5:     0x628eed37f610 - test[9d35eded1c95d3be]::test_main_inner::<test[9d35eded1c95d3be]::test_main_static::{closure#0}>::{closure#0}
[INFO] [stdout]    6:     0x628eed3e4002 - std[70759c8f55707aa4]::panicking::panic_with_hook
[INFO] [stdout]    7:     0x628eed3c7bf2 - std[70759c8f55707aa4]::panicking::panic_handler::{closure#0}
[INFO] [stdout]    8:     0x628eed3c07e9 - std[70759c8f55707aa4]::sys::backtrace::__rust_end_short_backtrace::<std[70759c8f55707aa4]::panicking::panic_handler::{closure#0}, !>
[INFO] [stdout]    9:     0x628eed3c87ed - __rustc[8fa7c3cbc660c2b3]::rust_begin_unwind
[INFO] [stdout]   10:     0x628eed400aec - core[df12db4294e9bfd3]::panicking::panic_fmt
[INFO] [stdout]   11:     0x628eed36b6a9 - conformance_contract_tests[4622c9952711dfe8]::load_contract::{closure#0}
[INFO] [stdout]   12:     0x628eed36b93e - conformance_contract_tests[4622c9952711dfe8]::load_contract
[INFO] [stdout]   13:     0x628eed36cbe2 - <conformance_contract_tests[4622c9952711dfe8]::select_mask_cases_match_contract::{closure#0} as core[df12db4294e9bfd3]::ops::function::FnOnce<()>>::call_once
[INFO] [stdout]   14:     0x628eed3728fb - test[9d35eded1c95d3be]::__rust_begin_short_backtrace::<core[df12db4294e9bfd3]::result::Result<(), alloc[2182bb758b4b3781]::string::String>, fn() -> core[df12db4294e9bfd3]::result::Result<(), alloc[2182bb758b4b3781]::string::String>>
[INFO] [stdout]   15:     0x628eed37ff65 - test[9d35eded1c95d3be]::run_test::{closure#0}
[INFO] [stdout]   16:     0x628eed379824 - std[70759c8f55707aa4]::sys::backtrace::__rust_begin_short_backtrace::<test[9d35eded1c95d3be]::run_test::{closure#1}, ()>
[INFO] [stdout]   17:     0x628eed3830c2 - <std[70759c8f55707aa4]::thread::lifecycle::spawn_unchecked<test[9d35eded1c95d3be]::run_test::{closure#1}, ()>::{closure#1} as core[df12db4294e9bfd3]::ops::function::FnOnce<()>>::call_once::{shim:vtable#0}
[INFO] [stdout]   18:     0x628eed3eafb9 - <std[70759c8f55707aa4]::sys::thread::unix::Thread>::new::thread_start
[INFO] [stdout]   19:     0x77d20a2d5dfa - <unknown>
[INFO] [stdout]   20:     0x77d20a3693d4 - clone
[INFO] [stdout]   21:                0x0 - <unknown>
[INFO] [stdout] 
[INFO] [stdout] ---- default_parameters_match_contract stdout ----
[INFO] [stdout] 
[INFO] [stdout] thread 'default_parameters_match_contract' (939) panicked at tests/conformance_contract_tests.rs:44:29:
[INFO] [stdout] failed to read contract file /opt/rustwide/workdir/../../conformance/dda_conformance_contract.json: No such file or directory (os error 2)
[INFO] [stdout] stack backtrace:
[INFO] [stdout]    0:     0x628eed3eba51 - <<std[70759c8f55707aa4]::sys::backtrace::BacktraceLock>::print::DisplayBacktrace as core[df12db4294e9bfd3]::fmt::Display>::fmt
[INFO] [stdout]    1:     0x628eed4003ba - core[df12db4294e9bfd3]::fmt::write
[INFO] [stdout]    2:     0x628eed3eff0c - <alloc[2182bb758b4b3781]::vec::Vec<u8> as core[df12db4294e9bfd3]::io::write::Write>::write_fmt
[INFO] [stdout]    3:     0x628eed3c7b46 - std[70759c8f55707aa4]::panicking::default_hook::{closure#0}
[INFO] [stdout]    4:     0x628eed3e3e49 - std[70759c8f55707aa4]::panicking::default_hook
[INFO] [stdout]    5:     0x628eed37f610 - test[9d35eded1c95d3be]::test_main_inner::<test[9d35eded1c95d3be]::test_main_static::{closure#0}>::{closure#0}
[INFO] [stdout]    6:     0x628eed3e4002 - std[70759c8f55707aa4]::panicking::panic_with_hook
[INFO] [stdout]    7:     0x628eed3c7bf2 - std[70759c8f55707aa4]::panicking::panic_handler::{closure#0}
[INFO] [stdout]    8:     0x628eed3c07e9 - std[70759c8f55707aa4]::sys::backtrace::__rust_end_short_backtrace::<std[70759c8f55707aa4]::panicking::panic_handler::{closure#0}, !>
[INFO] [stdout]    9:     0x628eed3c87ed - __rustc[8fa7c3cbc660c2b3]::rust_begin_unwind
[INFO] [stdout]   10:     0x628eed400aec - core[df12db4294e9bfd3]::panicking::panic_fmt
[INFO] [stdout]   11:     0x628eed36b6a9 - conformance_contract_tests[4622c9952711dfe8]::load_contract::{closure#0}
[INFO] [stdout]   12:     0x628eed36b93e - conformance_contract_tests[4622c9952711dfe8]::load_contract
[INFO] [stdout]   13:     0x628eed36d4d9 - <conformance_contract_tests[4622c9952711dfe8]::default_parameters_match_contract::{closure#0} as core[df12db4294e9bfd3]::ops::function::FnOnce<()>>::call_once
[INFO] [stdout]   14:     0x628eed3728fb - test[9d35eded1c95d3be]::__rust_begin_short_backtrace::<core[df12db4294e9bfd3]::result::Result<(), alloc[2182bb758b4b3781]::string::String>, fn() -> core[df12db4294e9bfd3]::result::Result<(), alloc[2182bb758b4b3781]::string::String>>
[INFO] [stdout]   15:     0x628eed37ff65 - test[9d35eded1c95d3be]::run_test::{closure#0}
[INFO] [stdout]   16:     0x628eed379824 - std[70759c8f55707aa4]::sys::backtrace::__rust_begin_short_backtrace::<test[9d35eded1c95d3be]::run_test::{closure#1}, ()>
[INFO] [stdout]   17:     0x628eed3830c2 - <std[70759c8f55707aa4]::thread::lifecycle::spawn_unchecked<test[9d35eded1c95d3be]::run_test::{closure#1}, ()>::{closure#1} as core[df12db4294e9bfd3]::ops::function::FnOnce<()>>::call_once::{shim:vtable#0}
[INFO] [stdout]   18:     0x628eed3eafb9 - <std[70759c8f55707aa4]::sys::thread::unix::Thread>::new::thread_start
[INFO] [stdout]   19:     0x77d20a2d5dfa - <unknown>
[INFO] [stdout]   20:     0x77d20a3693d4 - clone
[INFO] [stdout]   21:                0x0 - <unknown>
[INFO] [stdout] 
[INFO] [stdout] ---- ct_variants_require_ct_flags stdout ----
[INFO] [stdout] 
[INFO] [stdout] thread 'ct_variants_require_ct_flags' (938) panicked at tests/conformance_contract_tests.rs:44:29:
[INFO] [stdout] failed to read contract file /opt/rustwide/workdir/../../conformance/dda_conformance_contract.json: No such file or directory (os error 2)
[INFO] [stdout] stack backtrace:
[INFO] [stdout]    0:     0x628eed3eba51 - <<std[70759c8f55707aa4]::sys::backtrace::BacktraceLock>::print::DisplayBacktrace as core[df12db4294e9bfd3]::fmt::Display>::fmt
[INFO] [stdout]    1:     0x628eed4003ba - core[df12db4294e9bfd3]::fmt::write
[INFO] [stdout]    2:     0x628eed3eff0c - <alloc[2182bb758b4b3781]::vec::Vec<u8> as core[df12db4294e9bfd3]::io::write::Write>::write_fmt
[INFO] [stdout]    3:     0x628eed3c7b46 - std[70759c8f55707aa4]::panicking::default_hook::{closure#0}
[INFO] [stdout]    4:     0x628eed3e3e49 - std[70759c8f55707aa4]::panicking::default_hook
[INFO] [stdout]    5:     0x628eed37f610 - test[9d35eded1c95d3be]::test_main_inner::<test[9d35eded1c95d3be]::test_main_static::{closure#0}>::{closure#0}
[INFO] [stdout]    6:     0x628eed3e4002 - std[70759c8f55707aa4]::panicking::panic_with_hook
[INFO] [stdout]    7:     0x628eed3c7bf2 - std[70759c8f55707aa4]::panicking::panic_handler::{closure#0}
[INFO] [stdout]    8:     0x628eed3c07e9 - std[70759c8f55707aa4]::sys::backtrace::__rust_end_short_backtrace::<std[70759c8f55707aa4]::panicking::panic_handler::{closure#0}, !>
[INFO] [stdout]    9:     0x628eed3c87ed - __rustc[8fa7c3cbc660c2b3]::rust_begin_unwind
[INFO] [stdout]   10:     0x628eed400aec - core[df12db4294e9bfd3]::panicking::panic_fmt
[INFO] [stdout]   11:     0x628eed36b6a9 - conformance_contract_tests[4622c9952711dfe8]::load_contract::{closure#0}
[INFO] [stdout]   12:     0x628eed36b93e - conformance_contract_tests[4622c9952711dfe8]::load_contract
[INFO] [stdout]   13:     0x628eed36bf80 - <conformance_contract_tests[4622c9952711dfe8]::ct_variants_require_ct_flags::{closure#0} as core[df12db4294e9bfd3]::ops::function::FnOnce<()>>::call_once
[INFO] [stdout]   14:     0x628eed3728fb - test[9d35eded1c95d3be]::__rust_begin_short_backtrace::<core[df12db4294e9bfd3]::result::Result<(), alloc[2182bb758b4b3781]::string::String>, fn() -> core[df12db4294e9bfd3]::result::Result<(), alloc[2182bb758b4b3781]::string::String>>
[INFO] [stdout]   15:     0x628eed37ff65 - test[9d35eded1c95d3be]::run_test::{closure#0}
[INFO] [stdout]   16:     0x628eed379824 - std[70759c8f55707aa4]::sys::backtrace::__rust_begin_short_backtrace::<test[9d35eded1c95d3be]::run_test::{closure#1}, ()>
[INFO] [stdout]   17:     0x628eed3830c2 - <std[70759c8f55707aa4]::thread::lifecycle::spawn_unchecked<test[9d35eded1c95d3be]::run_test::{closure#1}, ()>::{closure#1} as core[df12db4294e9bfd3]::ops::function::FnOnce<()>>::call_once::{shim:vtable#0}
[INFO] [stdout]   18:     0x628eed3eafb9 - <std[70759c8f55707aa4]::sys::thread::unix::Thread>::new::thread_start
[INFO] [stdout]   19:     0x77d20a2d5dfa - <unknown>
[INFO] [stdout]   20:     0x77d20a3693d4 - clone
[INFO] [stdout]   21:                0x0 - <unknown>
[INFO] [stdout] 
[INFO] [stdout] 
[INFO] [stdout] failures:
[INFO] [stdout]     ct_variants_require_ct_flags
[INFO] [stdout]     default_parameters_match_contract
[INFO] [stdout]     select_mask_cases_match_contract
[INFO] [stdout]     variant_order_matches_contract
[INFO] [stdout] 
[INFO] [stdout] test result: FAILED. 0 passed; 4 failed; 0 ignored; 0 measured; 0 filtered out; finished in 0.01s
[INFO] [stdout] 
[INFO] [stderr] error: test failed, to rerun pass `--test conformance_contract_tests`
[INFO] running `Command { std: "docker" "inspect" "2e39df577e49ef808043d44fb6cfc311b57df79f77b29b99a4b70137da4b201a", kill_on_drop: false }`
[INFO] running `Command { std: "docker" "rm" "-f" "2e39df577e49ef808043d44fb6cfc311b57df79f77b29b99a4b70137da4b201a", kill_on_drop: false }`
[INFO] [stdout] 2e39df577e49ef808043d44fb6cfc311b57df79f77b29b99a4b70137da4b201a
