[INFO] fetching crate dd-rs 0.1.1...
[INFO] testing dd-rs-0.1.1 against 1.100.0-beta.1+cargoflags=--release for beta-release-1.100-2
[INFO] extracting crate dd-rs 0.1.1 into /workspace/builds/worker-5-tc2/source
[INFO] started tweaking crates.io crate dd-rs 0.1.1
[INFO] removed 0 missing tests
[INFO] finished tweaking crates.io crate dd-rs 0.1.1
[INFO] tweaked toml for crates.io crate dd-rs 0.1.1 written to /workspace/builds/worker-5-tc2/source/Cargo.toml
[INFO] validating manifest of crates.io crate dd-rs 0.1.1 on toolchain 1.100.0-beta.1
[INFO] running `Command { std: CARGO_HOME="/workspace/cargo-home" RUSTUP_HOME="/workspace/rustup-home" "/workspace/cargo-home/bin/cargo" "+1.100.0-beta.1" "metadata" "--manifest-path" "Cargo.toml" "--no-deps", kill_on_drop: false }`
[INFO] crate crates.io crate dd-rs 0.1.1 already has a lockfile, it will not be regenerated
[INFO] running `Command { std: CARGO_HOME="/workspace/cargo-home" RUSTUP_HOME="/workspace/rustup-home" "/workspace/cargo-home/bin/cargo" "+1.100.0-beta.1" "fetch" "--manifest-path" "Cargo.toml", kill_on_drop: false }`
[INFO] [stderr] warning: `package.homepage` is redundant with `package.repository`
[INFO] [stderr]   --> Cargo.toml:62:12
[INFO] [stderr]    |
[INFO] [stderr] 62 | homepage = "https://github.com/0xwi11iam/dd-rs"
[INFO] [stderr]    |            ^^^^^^^^^^^^^^^^^^^^^^^^^^^^^^^^^^^^
[INFO] [stderr] ...
[INFO] [stderr] 67 | repository = "https://github.com/0xwi11iam/dd-rs"
[INFO] [stderr]    |              ------------------------------------
[INFO] [stderr]    |
[INFO] [stderr]    = note: `cargo::redundant_homepage` is set to `warn` by default
[INFO] [stderr] help: consider removing `package.homepage`
[INFO] [stderr] warning: `dd-rs` (manifest) generated 1 warning
[INFO] running `Command { std: "docker" "create" "-v" "/var/lib/crater-agent-workspace/builds/worker-5-tc2/source:/opt/rustwide/workdir:ro,Z" "-v" "/var/lib/crater-agent-workspace/builds/worker-5-tc2/target:/opt/rustwide/target:rw,Z" "-v" "/var/lib/crater-agent-workspace/cargo-home:/opt/rustwide/cargo-home:ro,Z" "-v" "/var/lib/crater-agent-workspace/rustup-home:/opt/rustwide/rustup-home:ro,Z" "-m" "1610612736" "--network" "none" "ghcr.io/rust-lang/crates-build-env/linux@sha256:77db811e55d90add9212f6832c23229e3de5f1c1f9905e8cb07319ea15df73ac" "sleep" "infinity", kill_on_drop: false }`
[INFO] [stdout] 62ca583af70737e502a1152029f662c2e4ee7b2f4b95611f057e9de76c1f5118
[INFO] running `Command { std: "docker" "start" "62ca583af70737e502a1152029f662c2e4ee7b2f4b95611f057e9de76c1f5118", kill_on_drop: false }`
[INFO] running `Command { std: "docker" "inspect" "62ca583af70737e502a1152029f662c2e4ee7b2f4b95611f057e9de76c1f5118", kill_on_drop: false }`
[INFO] running `Command { std: "docker" "exec" "-e" "SOURCE_DIR=/opt/rustwide/workdir" "-e" "CARGO_HOME=/opt/rustwide/cargo-home" "-e" "RUSTUP_HOME=/opt/rustwide/rustup-home" "-e" "CARGO_TARGET_DIR=/opt/rustwide/target" "-w" "/opt/rustwide/workdir" "--user" "0:0" "62ca583af70737e502a1152029f662c2e4ee7b2f4b95611f057e9de76c1f5118" "/opt/rustwide/cargo-home/bin/cargo" "+1.100.0-beta.1" "metadata" "--no-deps" "--format-version=1", kill_on_drop: false }`
[INFO] running `Command { std: "docker" "inspect" "62ca583af70737e502a1152029f662c2e4ee7b2f4b95611f057e9de76c1f5118", kill_on_drop: false }`
[INFO] running `Command { std: "docker" "exec" "-e" "SOURCE_DIR=/opt/rustwide/workdir" "-e" "CARGO_HOME=/opt/rustwide/cargo-home" "-e" "RUSTUP_HOME=/opt/rustwide/rustup-home" "-e" "CARGO_TARGET_DIR=/opt/rustwide/target" "-e" "CARGO_INCREMENTAL=0" "-e" "RUST_BACKTRACE=full" "-e" "RUSTFLAGS=--cap-lints=warn" "-e" "RUSTDOCFLAGS=--cap-lints=warn" "-w" "/opt/rustwide/workdir" "--user" "0:0" "62ca583af70737e502a1152029f662c2e4ee7b2f4b95611f057e9de76c1f5118" "/opt/rustwide/cargo-home/bin/cargo" "+1.100.0-beta.1" "build" "--frozen" "--message-format=json" "--release", kill_on_drop: false }`
[INFO] [stderr] warning: `package.homepage` is redundant with `package.repository`
[INFO] [stderr]   --> Cargo.toml:62:12
[INFO] [stderr]    |
[INFO] [stderr] 62 | homepage = "https://github.com/0xwi11iam/dd-rs"
[INFO] [stderr]    |            ^^^^^^^^^^^^^^^^^^^^^^^^^^^^^^^^^^^^
[INFO] [stderr] ...
[INFO] [stderr] 67 | repository = "https://github.com/0xwi11iam/dd-rs"
[INFO] [stderr]    |              ------------------------------------
[INFO] [stderr]    |
[INFO] [stderr]    = note: `cargo::redundant_homepage` is set to `warn` by default
[INFO] [stderr] help: consider removing `package.homepage`
[INFO] [stderr] warning: `dd-rs` (manifest) generated 1 warning
[INFO] [stderr]    Compiling proc-macro2 v1.0.107
[INFO] [stderr]    Compiling libc v0.2.189
[INFO] [stderr]    Compiling quote v1.0.47
[INFO] [stderr]    Compiling unicode-ident v1.0.24
[INFO] [stderr]    Compiling utf8parse v0.2.2
[INFO] [stderr]    Compiling rustix v1.1.4
[INFO] [stderr]    Compiling memchr v2.8.3
[INFO] [stderr]    Compiling regex-syntax v0.8.11
[INFO] [stderr]    Compiling anstyle-query v1.1.5
[INFO] [stderr]    Compiling linux-raw-sys v0.12.1
[INFO] [stderr]    Compiling is_terminal_polyfill v1.70.2
[INFO] [stderr]    Compiling anstyle v1.0.14
[INFO] [stderr]    Compiling colorchoice v1.0.5
[INFO] [stderr]    Compiling bitflags v2.13.1
[INFO] [stderr]    Compiling shlex v2.0.1
[INFO] [stderr]    Compiling find-msvc-tools v0.1.9
[INFO] [stderr]    Compiling portable-atomic v1.14.0
[INFO] [stderr]    Compiling anstyle-parse v1.0.0
[INFO] [stderr]    Compiling jiff-core v0.1.0
[INFO] [stderr]    Compiling signal-hook v0.3.18
[INFO] [stderr]    Compiling strsim v0.11.1
[INFO] [stderr]    Compiling unicode-width v0.2.2
[INFO] [stderr]    Compiling cc v1.4.0
[INFO] [stderr]    Compiling log v0.4.33
[INFO] [stderr]    Compiling once_cell v1.21.4
[INFO] [stderr]    Compiling clap_lex v1.1.0
[INFO] [stderr]    Compiling anstream v1.0.0
[INFO] [stderr]    Compiling heck v0.5.0
[INFO] [stderr]    Compiling thiserror v2.0.19
[INFO] [stderr]    Compiling number_prefix v0.4.0
[INFO] [stderr]    Compiling aho-corasick v1.1.4
[INFO] [stderr]    Compiling dd-rs v0.1.1 (/opt/rustwide/workdir)
[INFO] [stderr]    Compiling syn v3.0.3
[INFO] [stderr]    Compiling errno v0.3.14
[INFO] [stderr]    Compiling console v0.15.11
[INFO] [stderr]    Compiling signal-hook-registry v1.4.8
[INFO] [stderr]    Compiling jiff v0.2.35
[INFO] [stderr]    Compiling terminal_size v0.4.4
[INFO] [stderr]    Compiling clap_builder v4.6.2
[INFO] [stderr]    Compiling indicatif v0.17.11
[INFO] [stderr]    Compiling regex-automata v0.4.16
[INFO] [stderr]    Compiling clap_derive v4.6.4
[INFO] [stderr]    Compiling thiserror-impl v2.0.19
[INFO] [stderr]    Compiling clap v4.6.4
[INFO] [stderr]    Compiling regex v1.13.1
[INFO] [stderr]    Compiling env_filter v2.0.0
[INFO] [stderr]    Compiling env_logger v0.11.11
[INFO] [stderr]     Finished `release` profile [optimized] target(s) in 46.34s
[INFO] running `Command { std: "docker" "inspect" "62ca583af70737e502a1152029f662c2e4ee7b2f4b95611f057e9de76c1f5118", kill_on_drop: false }`
[INFO] running `Command { std: "docker" "exec" "-e" "SOURCE_DIR=/opt/rustwide/workdir" "-e" "CARGO_HOME=/opt/rustwide/cargo-home" "-e" "RUSTUP_HOME=/opt/rustwide/rustup-home" "-e" "CARGO_TARGET_DIR=/opt/rustwide/target" "-e" "CARGO_INCREMENTAL=0" "-e" "RUST_BACKTRACE=full" "-e" "RUSTFLAGS=--cap-lints=warn" "-e" "RUSTDOCFLAGS=--cap-lints=warn" "-w" "/opt/rustwide/workdir" "--user" "0:0" "62ca583af70737e502a1152029f662c2e4ee7b2f4b95611f057e9de76c1f5118" "/opt/rustwide/cargo-home/bin/cargo" "+1.100.0-beta.1" "test" "--frozen" "--no-run" "--message-format=json" "--release", kill_on_drop: false }`
[INFO] [stderr] warning: `package.homepage` is redundant with `package.repository`
[INFO] [stderr]   --> Cargo.toml:62:12
[INFO] [stderr]    |
[INFO] [stderr] 62 | homepage = "https://github.com/0xwi11iam/dd-rs"
[INFO] [stderr]    |            ^^^^^^^^^^^^^^^^^^^^^^^^^^^^^^^^^^^^
[INFO] [stderr] ...
[INFO] [stderr] 67 | repository = "https://github.com/0xwi11iam/dd-rs"
[INFO] [stderr]    |              ------------------------------------
[INFO] [stderr]    |
[INFO] [stderr]    = note: `cargo::redundant_homepage` is set to `warn` by default
[INFO] [stderr] help: consider removing `package.homepage`
[INFO] [stderr] warning: `dd-rs` (manifest) generated 1 warning
[INFO] [stderr]    Compiling rustix v1.1.4
[INFO] [stderr]    Compiling cfg-if v1.0.4
[INFO] [stderr]    Compiling memchr v2.8.3
[INFO] [stderr]    Compiling zerocopy v0.8.55
[INFO] [stderr]    Compiling utf8parse v0.2.2
[INFO] [stderr]    Compiling linux-raw-sys v0.12.1
[INFO] [stderr]    Compiling serde_core v1.0.229
[INFO] [stderr]    Compiling bitflags v2.13.1
[INFO] [stderr]    Compiling crossbeam-utils v0.8.22
[INFO] [stderr]    Compiling is_terminal_polyfill v1.70.2
[INFO] [stderr]    Compiling crossbeam-epoch v0.9.20
[INFO] [stderr]    Compiling libc v0.2.189
[INFO] [stderr]    Compiling anstyle v1.0.14
[INFO] [stderr]    Compiling colorchoice v1.0.5
[INFO] [stderr]    Compiling syn v2.0.119
[INFO] [stderr]    Compiling anstyle-query v1.1.5
[INFO] [stderr]    Compiling anstyle-parse v1.0.0
[INFO] [stderr]    Compiling regex-syntax v0.8.11
[INFO] [stderr]    Compiling once_cell v1.21.4
[INFO] [stderr]    Compiling autocfg v1.5.1
[INFO] [stderr]    Compiling serde v1.0.229
[INFO] [stderr]    Compiling zmij v1.0.23
[INFO] [stderr]    Compiling crossbeam-deque v0.8.7
[INFO] [stderr]    Compiling serde_derive v1.0.229
[INFO] [stderr]    Compiling rayon-core v1.13.0
[INFO] [stderr]    Compiling num-traits v0.2.19
[INFO] [stderr]    Compiling aho-corasick v1.1.4
[INFO] [stderr]    Compiling anstream v1.0.0
[INFO] [stderr]    Compiling either v1.17.0
[INFO] [stderr]    Compiling strsim v0.11.1
[INFO] [stderr]    Compiling serde_json v1.0.151
[INFO] [stderr]    Compiling clap_lex v1.1.0
[INFO] [stderr]    Compiling itoa v1.0.18
[INFO] [stderr]    Compiling getrandom v0.4.3
[INFO] [stderr]    Compiling jiff-core v0.1.0
[INFO] [stderr]    Compiling ciborium-io v0.2.2
[INFO] [stderr]    Compiling log v0.4.33
[INFO] [stderr]    Compiling plotters-backend v0.3.7
[INFO] [stderr]    Compiling unicode-width v0.2.2
[INFO] [stderr]    Compiling plotters-svg v0.3.7
[INFO] [stderr]    Compiling itertools v0.10.5
[INFO] [stderr]    Compiling portable-atomic v1.14.0
[INFO] [stderr]    Compiling cast v0.3.0
[INFO] [stderr]    Compiling same-file v1.0.6
[INFO] [stderr]    Compiling number_prefix v0.4.0
[INFO] [stderr]    Compiling walkdir v2.5.0
[INFO] [stderr]    Compiling thiserror v2.0.19
[INFO] [stderr]    Compiling fastrand v2.5.0
[INFO] [stderr]    Compiling anes v0.1.6
[INFO] [stderr]    Compiling oorandom v11.1.5
[INFO] [stderr]    Compiling getrandom v0.2.17
[INFO] [stderr]    Compiling errno v0.3.14
[INFO] [stderr]    Compiling jiff v0.2.35
[INFO] [stderr]    Compiling rand_core v0.6.4
[INFO] [stderr]    Compiling signal-hook-registry v1.4.8
[INFO] [stderr]    Compiling console v0.15.11
[INFO] [stderr]    Compiling signal-hook v0.3.18
[INFO] [stderr]    Compiling is-terminal v0.4.17
[INFO] [stderr]    Compiling plotters v0.3.7
[INFO] [stderr]    Compiling rayon v1.12.0
[INFO] [stderr]    Compiling indicatif v0.17.11
[INFO] [stderr]    Compiling regex-automata v0.4.16
[INFO] [stderr]    Compiling zerocopy-derive v0.8.55
[INFO] [stderr]    Compiling criterion-plot v0.5.0
[INFO] [stderr]    Compiling terminal_size v0.4.4
[INFO] [stderr]    Compiling clap_builder v4.6.2
[INFO] [stderr]    Compiling tempfile v3.27.0
[INFO] [stderr]    Compiling tinytemplate v1.2.1
[INFO] [stderr]    Compiling regex v1.13.1
[INFO] [stderr]    Compiling env_filter v2.0.0
[INFO] [stderr]    Compiling env_logger v0.11.11
[INFO] [stderr]    Compiling clap v4.6.4
[INFO] [stderr]    Compiling dd-rs v0.1.1 (/opt/rustwide/workdir)
[INFO] [stderr]    Compiling half v2.7.1
[INFO] [stderr]    Compiling ppv-lite86 v0.2.21
[INFO] [stderr]    Compiling ciborium-ll v0.2.2
[INFO] [stderr]    Compiling ciborium v0.2.2
[INFO] [stderr]    Compiling rand_chacha v0.3.1
[INFO] [stderr]    Compiling rand v0.8.7
[INFO] [stderr]    Compiling criterion v0.5.1
[INFO] [stdout] warning: unused import: `std::path::Path`
[INFO] [stdout]    --> tests/integration.rs:314:9
[INFO] [stdout]     |
[INFO] [stdout] 314 |     use std::path::Path;
[INFO] [stdout]     |         ^^^^^^^^^^^^^^^
[INFO] [stdout]     |
[INFO] [stdout]     = note: `#[warn(unused_imports)]` (part of `#[warn(unused)]`) on by default
[INFO] [stdout] 
[INFO] [stdout] 
[INFO] [stdout] warning: unused variable: `result`
[INFO] [stdout]   --> src/conv/block.rs:92:13
[INFO] [stdout]    |
[INFO] [stdout] 92 |         let result = block_record(&mut buf[..len], &ctx).unwrap();
[INFO] [stdout]    |             ^^^^^^ help: if this is intentional, prefix it with an underscore: `_result`
[INFO] [stdout]    |
[INFO] [stdout]    = note: `#[warn(unused_variables)]` (part of `#[warn(unused)]`) on by default
[INFO] [stdout] 
[INFO] [stdout] 
[INFO] [stderr]     Finished `release` profile [optimized] target(s) in 1m 29s
[INFO] running `Command { std: "docker" "inspect" "62ca583af70737e502a1152029f662c2e4ee7b2f4b95611f057e9de76c1f5118", kill_on_drop: false }`
[INFO] running `Command { std: "docker" "exec" "-e" "SOURCE_DIR=/opt/rustwide/workdir" "-e" "CARGO_HOME=/opt/rustwide/cargo-home" "-e" "RUSTUP_HOME=/opt/rustwide/rustup-home" "-e" "CARGO_TARGET_DIR=/opt/rustwide/target" "-e" "CARGO_INCREMENTAL=0" "-e" "RUST_BACKTRACE=full" "-e" "RUSTFLAGS=--cap-lints=warn" "-e" "RUSTDOCFLAGS=--cap-lints=warn" "-w" "/opt/rustwide/workdir" "--user" "0:0" "62ca583af70737e502a1152029f662c2e4ee7b2f4b95611f057e9de76c1f5118" "/opt/rustwide/cargo-home/bin/cargo" "+1.100.0-beta.1" "test" "--frozen" "--release", kill_on_drop: false }`
[INFO] [stderr] warning: `package.homepage` is redundant with `package.repository`
[INFO] [stderr]   --> Cargo.toml:62:12
[INFO] [stderr]    |
[INFO] [stderr] 62 | homepage = "https://github.com/0xwi11iam/dd-rs"
[INFO] [stderr]    |            ^^^^^^^^^^^^^^^^^^^^^^^^^^^^^^^^^^^^
[INFO] [stderr] ...
[INFO] [stderr] 67 | repository = "https://github.com/0xwi11iam/dd-rs"
[INFO] [stderr]    |              ------------------------------------
[INFO] [stderr]    |
[INFO] [stderr]    = note: `cargo::redundant_homepage` is set to `warn` by default
[INFO] [stderr] help: consider removing `package.homepage`
[INFO] [stderr] warning: `dd-rs` (manifest) generated 1 warning
[INFO] [stderr] warning: unused variable: `result`
[INFO] [stderr]   --> src/conv/block.rs:92:13
[INFO] [stderr]    |
[INFO] [stderr] 92 |         let result = block_record(&mut buf[..len], &ctx).unwrap();
[INFO] [stderr]    |             ^^^^^^ help: if this is intentional, prefix it with an underscore: `_result`
[INFO] [stderr]    |
[INFO] [stderr]    = note: `#[warn(unused_variables)]` (part of `#[warn(unused)]`) on by default
[INFO] [stderr] 
[INFO] [stderr] warning: `dd-rs` (lib test) generated 1 warning (run `cargo fix --lib -p dd-rs --tests` to apply 1 suggestion)
[INFO] [stderr] warning: unused import: `std::path::Path`
[INFO] [stderr]    --> tests/integration.rs:314:9
[INFO] [stderr]     |
[INFO] [stderr] 314 |     use std::path::Path;
[INFO] [stderr]     |         ^^^^^^^^^^^^^^^
[INFO] [stderr]     |
[INFO] [stderr]     = note: `#[warn(unused_imports)]` (part of `#[warn(unused)]`) on by default
[INFO] [stderr] 
[INFO] [stderr] warning: `dd-rs` (test "integration") generated 1 warning (run `cargo fix --test "integration" -p dd-rs` to apply 1 suggestion)
[INFO] [stderr]     Finished `release` profile [optimized] target(s) in 0.22s
[INFO] [stderr]      Running unittests src/lib.rs (/opt/rustwide/target/release/build/dd-rs/0052bf7b3b374019/out/dd_rs-0052bf7b3b374019)
[INFO] [stdout] 
[INFO] [stdout] running 17 tests
[INFO] [stdout] test conv::case::tests::test_ucase ... ok
[INFO] [stdout] test conv::swab::tests::test_swab_empty ... ok
[INFO] [stdout] test conv::block::tests::test_block_simple ... ok
[INFO] [stdout] test conv::case::tests::test_lcase ... ok
[INFO] [stdout] test safety::tests::test_system_critical_paths ... ok
[INFO] [stdout] test conv::swab::tests::test_swab ... ok
[INFO] [stdout] test sizes::tests::test_kilo ... ok
[INFO] [stdout] test sizes::tests::test_mega ... ok
[INFO] [stdout] test sizes::tests::test_basic_numbers ... ok
[INFO] [stdout] test conv::block::tests::test_unblock_simple ... ok
[INFO] [stdout] test sizes::tests::test_hex ... ok
[INFO] [stdout] test safety::tests::test_safe_char_devices ... ok
[INFO] [stdout] test conv::swab::tests::test_swab_even ... ok
[INFO] [stdout] test sizes::tests::test_gnu_byte_count ... ok
[INFO] [stdout] test sizes::tests::test_single_char_suffixes ... ok
[INFO] [stderr]      Running unittests src/main.rs (/opt/rustwide/target/release/build/dd-rs/8439ac7f49f8690c/out/dd_rs-8439ac7f49f8690c)
[INFO] [stdout] test sizes::tests::test_overflow ... ok
[INFO] [stderr]      Running tests/integration.rs (/opt/rustwide/target/release/build/dd-rs/bc7d55529d8e563e/out/integration-bc7d55529d8e563e)
[INFO] [stdout] test sizes::tests::test_x_syntax ... ok
[INFO] [stdout] 
[INFO] [stdout] test result: ok. 17 passed; 0 failed; 0 ignored; 0 measured; 0 filtered out; finished in 0.00s
[INFO] [stdout] 
[INFO] [stdout] 
[INFO] [stdout] running 0 tests
[INFO] [stdout] 
[INFO] [stdout] test result: ok. 0 passed; 0 failed; 0 ignored; 0 measured; 0 filtered out; finished in 0.00s
[INFO] [stdout] 
[INFO] [stdout] 
[INFO] [stdout] running 43 tests
[INFO] [stdout] test case_noop_on_non_ascii ... ok
[INFO] [stdout] test conv_parse_list ... ok
[INFO] [stdout] test block_pads_to_cbs ... ok
[INFO] [stdout] test conv_ascii_implies_unblock ... ok
[INFO] [stdout] test case_lcase ... ok
[INFO] [stdout] test e2e_count_limited ... ok
[INFO] [stdout] test conv_empty_pipeline_no_data_convs ... ok
[INFO] [stdout] test conv_pipeline_canonical_order ... ok
[INFO] [stdout] test conv_parse_all ... ok
[INFO] [stdout] test conv_ibm_implies_block ... ok
[INFO] [stdout] test conv_parse_invalid ... ok
[INFO] [stdout] test e2e_lcase ... ok
[INFO] [stdout] test case_ucase ... ok
[INFO] [stdout] test conv_ebcdic_implies_block ... ok
[INFO] [stdout] test safety_disk_partition ... ok
[INFO] [stdout] test e2e_count_bytes_mode ... ok
[INFO] [stdout] test e2e_basic_copy ... ok
[INFO] [stdout] test size_binary ... ok
[INFO] [stdout] test size_byte_count ... ok
[INFO] [stdout] test e2e_swab ... ok
[INFO] [stdout] test size_decimal ... ok
[INFO] [stdout] test size_edge_cases ... ok
[INFO] [stdout] test safety_unbounded_no_count ... ok
[INFO] [stdout] test size_basic ... ok
[INFO] [stdout] test size_hex ... ok
[INFO] [stdout] test flags_case_insensitive ... ok
[INFO] [stdout] test swab_even ... ok
[INFO] [stdout] test swab_odd ... ok
[INFO] [stdout] test swab_single_byte ... ok
[INFO] [stdout] test swab_empty ... ok
[INFO] [stdout] test size_x_syntax ... ok
[INFO] [stdout] test size_single_char ... ok
[INFO] [stdout] test flags_parse_empty ... ok
[INFO] [stdout] test safety_same_file_io ... ok
[INFO] [stdout] test safety_noerror_warning ... ok
[INFO] [stdout] test safety_raw_disk_device ... ok
[INFO] [stdout] test e2e_sync_pads_to_ibs ... ok
[INFO] [stdout] test unblock_replaces_spaces_with_newline ... ok
[INFO] [stdout] test size_invalid ... ok
[INFO] [stdout] test e2e_ucase ... ok
[INFO] [stdout] test flags_parse_valid ... ok
[INFO] [stderr] error: test failed, to rerun pass `--test integration`
[INFO] [stdout] test safety_safe_regular_file ... FAILED
[INFO] [stdout] test flags_parse_invalid ... ok
[INFO] [stdout] 
[INFO] [stdout] failures:
[INFO] [stdout] 
[INFO] [stdout] ---- safety_safe_regular_file stdout ----
[INFO] [stdout] 
[INFO] [stdout] thread 'safety_safe_regular_file' (2014) panicked at tests/integration.rs:282:5:
[INFO] [stdout] assertion `left == right` failed: regular file copy should be score 0, got 15
[INFO] [stdout]   left: 15
[INFO] [stdout]  right: 0
[INFO] [stdout] stack backtrace:
[INFO] [stdout]    0:     0x6454f299d245 - <unknown>
[INFO] [stdout]    1:     0x6454f2966d3a - <unknown>
[INFO] [stdout]    2:     0x6454f299c8db - <unknown>
[INFO] [stdout]    3:     0x6454f299c3bf - <unknown>
[INFO] [stdout]    4:     0x6454f299bfea - <unknown>
[INFO] [stdout]    5:     0x6454f299bb25 - <unknown>
[INFO] [stdout]    6:     0x6454f29c2961 - <unknown>
[INFO] [stdout]    7:     0x6454f29c2919 - <unknown>
[INFO] [stdout]    8:     0x6454f29c2e1c - <unknown>
[INFO] [stdout]    9:     0x6454f2966bcb - <unknown>
[INFO] [stdout]   10:     0x6454f2966b49 - <unknown>
[INFO] [stdout]   11:     0x6454f29c25d7 - <unknown>
[INFO] [stdout]   12:     0x6454f295eb53 - <unknown>
[INFO] [stdout]   13:     0x6454f29dd10b - <unknown>
[INFO] [stdout]   14:     0x6454f29d856f - <unknown>
[INFO] [stdout]   15:     0x6454f29d7fec - <unknown>
[INFO] [stdout]   16:     0x6454f29f7ffc - <unknown>
[INFO] [stdout]   17:     0x6454f29c4924 - <unknown>
[INFO] [stdout]   18:     0x762e29f10dfa - <unknown>
[INFO] [stdout]   19:     0x762e29fa43d4 - clone
[INFO] [stdout]   20:                0x0 - <unknown>
[INFO] [stdout] 
[INFO] [stdout] 
[INFO] [stdout] failures:
[INFO] [stdout]     safety_safe_regular_file
[INFO] [stdout] 
[INFO] [stdout] test result: FAILED. 42 passed; 1 failed; 0 ignored; 0 measured; 0 filtered out; finished in 0.01s
[INFO] [stdout] 
[INFO] running `Command { std: "docker" "inspect" "62ca583af70737e502a1152029f662c2e4ee7b2f4b95611f057e9de76c1f5118", kill_on_drop: false }`
[INFO] running `Command { std: "docker" "rm" "-f" "62ca583af70737e502a1152029f662c2e4ee7b2f4b95611f057e9de76c1f5118", kill_on_drop: false }`
[INFO] [stdout] 62ca583af70737e502a1152029f662c2e4ee7b2f4b95611f057e9de76c1f5118
