[INFO] fetching crate dcrypt-sign 4.0.1...
[INFO] testing dcrypt-sign-4.0.1 against 1.100.0-beta.1+cargoflags=--release for beta-release-1.100-2
[INFO] extracting crate dcrypt-sign 4.0.1 into /workspace/builds/worker-4-tc2/source
[INFO] started tweaking crates.io crate dcrypt-sign 4.0.1
[INFO] finished tweaking crates.io crate dcrypt-sign 4.0.1
[INFO] tweaked toml for crates.io crate dcrypt-sign 4.0.1 written to /workspace/builds/worker-4-tc2/source/Cargo.toml
[INFO] validating manifest of crates.io crate dcrypt-sign 4.0.1 on toolchain 1.100.0-beta.1
[INFO] running `Command { std: CARGO_HOME="/workspace/cargo-home" RUSTUP_HOME="/workspace/rustup-home" "/workspace/cargo-home/bin/cargo" "+1.100.0-beta.1" "metadata" "--manifest-path" "Cargo.toml" "--no-deps", kill_on_drop: false }`
[INFO] crate crates.io crate dcrypt-sign 4.0.1 already has a lockfile, it will not be regenerated
[INFO] running `Command { std: CARGO_HOME="/workspace/cargo-home" RUSTUP_HOME="/workspace/rustup-home" "/workspace/cargo-home/bin/cargo" "+1.100.0-beta.1" "fetch" "--manifest-path" "Cargo.toml", kill_on_drop: false }`
[INFO] running `Command { std: "docker" "create" "-v" "/var/lib/crater-agent-workspace/builds/worker-4-tc2/source:/opt/rustwide/workdir:ro,Z" "-v" "/var/lib/crater-agent-workspace/builds/worker-4-tc2/target:/opt/rustwide/target:rw,Z" "-v" "/var/lib/crater-agent-workspace/cargo-home:/opt/rustwide/cargo-home:ro,Z" "-v" "/var/lib/crater-agent-workspace/rustup-home:/opt/rustwide/rustup-home:ro,Z" "-m" "1610612736" "--network" "none" "ghcr.io/rust-lang/crates-build-env/linux@sha256:77db811e55d90add9212f6832c23229e3de5f1c1f9905e8cb07319ea15df73ac" "sleep" "infinity", kill_on_drop: false }`
[INFO] [stdout] b16fed391d6ac37e5c7c588a40c62c513e51c1ffa4b1753442da9a59096c982f
[INFO] running `Command { std: "docker" "start" "b16fed391d6ac37e5c7c588a40c62c513e51c1ffa4b1753442da9a59096c982f", kill_on_drop: false }`
[INFO] running `Command { std: "docker" "inspect" "b16fed391d6ac37e5c7c588a40c62c513e51c1ffa4b1753442da9a59096c982f", kill_on_drop: false }`
[INFO] running `Command { std: "docker" "exec" "-e" "SOURCE_DIR=/opt/rustwide/workdir" "-e" "CARGO_HOME=/opt/rustwide/cargo-home" "-e" "RUSTUP_HOME=/opt/rustwide/rustup-home" "-e" "CARGO_TARGET_DIR=/opt/rustwide/target" "-w" "/opt/rustwide/workdir" "--user" "0:0" "b16fed391d6ac37e5c7c588a40c62c513e51c1ffa4b1753442da9a59096c982f" "/opt/rustwide/cargo-home/bin/cargo" "+1.100.0-beta.1" "metadata" "--no-deps" "--format-version=1", kill_on_drop: false }`
[INFO] running `Command { std: "docker" "inspect" "b16fed391d6ac37e5c7c588a40c62c513e51c1ffa4b1753442da9a59096c982f", kill_on_drop: false }`
[INFO] running `Command { std: "docker" "exec" "-e" "SOURCE_DIR=/opt/rustwide/workdir" "-e" "CARGO_HOME=/opt/rustwide/cargo-home" "-e" "RUSTUP_HOME=/opt/rustwide/rustup-home" "-e" "CARGO_TARGET_DIR=/opt/rustwide/target" "-e" "CARGO_INCREMENTAL=0" "-e" "RUST_BACKTRACE=full" "-e" "RUSTFLAGS=--cap-lints=warn" "-e" "RUSTDOCFLAGS=--cap-lints=warn" "-w" "/opt/rustwide/workdir" "--user" "0:0" "b16fed391d6ac37e5c7c588a40c62c513e51c1ffa4b1753442da9a59096c982f" "/opt/rustwide/cargo-home/bin/cargo" "+1.100.0-beta.1" "build" "--frozen" "--message-format=json" "--release", kill_on_drop: false }`
[INFO] [stderr]    Compiling dcrypt-internal v4.0.1
[INFO] [stderr]    Compiling base64 v0.22.1
[INFO] [stderr]    Compiling dcrypt-params v4.0.1
[INFO] [stderr]    Compiling hex v0.4.3
[INFO] [stderr]    Compiling dcrypt-api v4.0.1
[INFO] [stderr]    Compiling dcrypt-common v4.0.1
[INFO] [stderr]    Compiling dcrypt-algorithms v4.0.1
[INFO] [stderr]    Compiling dcrypt-sign v4.0.1 (/opt/rustwide/workdir)
[INFO] [stderr]     Finished `release` profile [optimized] target(s) in 15.18s
[INFO] running `Command { std: "docker" "inspect" "b16fed391d6ac37e5c7c588a40c62c513e51c1ffa4b1753442da9a59096c982f", kill_on_drop: false }`
[INFO] running `Command { std: "docker" "exec" "-e" "SOURCE_DIR=/opt/rustwide/workdir" "-e" "CARGO_HOME=/opt/rustwide/cargo-home" "-e" "RUSTUP_HOME=/opt/rustwide/rustup-home" "-e" "CARGO_TARGET_DIR=/opt/rustwide/target" "-e" "CARGO_INCREMENTAL=0" "-e" "RUST_BACKTRACE=full" "-e" "RUSTFLAGS=--cap-lints=warn" "-e" "RUSTDOCFLAGS=--cap-lints=warn" "-w" "/opt/rustwide/workdir" "--user" "0:0" "b16fed391d6ac37e5c7c588a40c62c513e51c1ffa4b1753442da9a59096c982f" "/opt/rustwide/cargo-home/bin/cargo" "+1.100.0-beta.1" "test" "--frozen" "--no-run" "--message-format=json" "--release", kill_on_drop: false }`
[INFO] [stderr]    Compiling zerocopy v0.8.56
[INFO] [stderr]    Compiling ciborium-io v0.2.2
[INFO] [stderr]    Compiling clap_lex v1.1.0
[INFO] [stderr]    Compiling regex-syntax v0.8.11
[INFO] [stderr]    Compiling plotters-backend v0.3.7
[INFO] [stderr]    Compiling anstyle v1.0.14
[INFO] [stderr]    Compiling syn v2.0.119
[INFO] [stderr]    Compiling syn v3.0.3
[INFO] [stderr]    Compiling same-file v1.0.6
[INFO] [stderr]    Compiling cast v0.3.0
[INFO] [stderr]    Compiling hex v0.4.3
[INFO] [stderr]    Compiling is-terminal v0.4.17
[INFO] [stderr]    Compiling oorandom v11.1.5
[INFO] [stderr]    Compiling anes v0.1.6
[INFO] [stderr]    Compiling rayon v1.12.0
[INFO] [stderr]    Compiling walkdir v2.5.0
[INFO] [stderr]    Compiling criterion-plot v0.5.0
[INFO] [stderr]    Compiling clap_builder v4.6.6
[INFO] [stderr]    Compiling plotters-svg v0.3.7
[INFO] [stderr]    Compiling plotters v0.3.7
[INFO] [stderr]    Compiling dcrypt-algorithms v4.0.1
[INFO] [stderr]    Compiling regex-automata v0.4.18
[INFO] [stderr]    Compiling serde_derive v1.0.229
[INFO] [stderr]    Compiling clap v4.6.6
[INFO] [stderr]    Compiling zerocopy-derive v0.8.56
[INFO] [stderr]    Compiling regex v1.13.1
[INFO] [stderr]    Compiling dcrypt-sign v4.0.1 (/opt/rustwide/workdir)
[INFO] [stderr]    Compiling serde v1.0.229
[INFO] [stderr]    Compiling tinytemplate v1.2.1
[INFO] [stderr]    Compiling half v2.7.1
[INFO] [stderr]    Compiling ciborium-ll v0.2.2
[INFO] [stderr]    Compiling ciborium v0.2.2
[INFO] [stderr]    Compiling criterion v0.5.1
[INFO] [stderr]     Finished `release` profile [optimized] target(s) in 1m 16s
[INFO] running `Command { std: "docker" "inspect" "b16fed391d6ac37e5c7c588a40c62c513e51c1ffa4b1753442da9a59096c982f", kill_on_drop: false }`
[INFO] running `Command { std: "docker" "exec" "-e" "SOURCE_DIR=/opt/rustwide/workdir" "-e" "CARGO_HOME=/opt/rustwide/cargo-home" "-e" "RUSTUP_HOME=/opt/rustwide/rustup-home" "-e" "CARGO_TARGET_DIR=/opt/rustwide/target" "-e" "CARGO_INCREMENTAL=0" "-e" "RUST_BACKTRACE=full" "-e" "RUSTFLAGS=--cap-lints=warn" "-e" "RUSTDOCFLAGS=--cap-lints=warn" "-w" "/opt/rustwide/workdir" "--user" "0:0" "b16fed391d6ac37e5c7c588a40c62c513e51c1ffa4b1753442da9a59096c982f" "/opt/rustwide/cargo-home/bin/cargo" "+1.100.0-beta.1" "test" "--frozen" "--release", kill_on_drop: false }`
[INFO] [stderr]     Finished `release` profile [optimized] target(s) in 0.15s
[INFO] [stderr]      Running unittests src/lib.rs (/opt/rustwide/target/release/build/dcrypt-sign/f155e887aaae40e3/out/dcrypt_sign-f155e887aaae40e3)
[INFO] [stdout] 
[INFO] [stdout] running 174 tests
[INFO] [stdout] test ecdsa::common::tests::test_der_encoding ... ok
[INFO] [stdout] test ecdsa::common::tests::test_der_long_form_sequence_length_roundtrip ... ok
[INFO] [stdout] test bls::tests::secret_key_is_canonical_nonzero_and_debug_redacted ... ok
[INFO] [stdout] test ecdsa::common::tests::test_der_rejects_truncated_lengths_without_panicking ... ok
[INFO] [stdout] test bls::tests::eth2_keygen_matches_eip2333_hkdf_mod_r_vectors ... ok
[INFO] [stdout] test ecdsa::common::tests::rfc6979_prime_curve_nonce_vectors ... ok
[INFO] [stdout] test bls::tests::keygen_matches_fixed_draft07_and_eth2_v4_values ... ok
[INFO] [stdout] test ecdsa::common::tests::test_der_with_high_bit ... ok
[INFO] [stdout] test ecdsa::common::tests::test_der_rejects_trailing_bytes ... ok
[INFO] [stdout] test bls::tests::keygen_retries_with_hashed_salt_after_zero_candidate ... ok
[INFO] [stdout] test bls::tests::malformed_encodings_and_count_mismatches_are_rejected ... ok
[INFO] [stdout] test ecdsa::common::tests::test_der_rejects_negative_integers ... ok
[INFO] [stdout] test ecdsa::p256::tests::test_der_malformed ... ok
[INFO] [stdout] test ecdsa::p224::tests::test_ecdsa_p224_keypair_generation ... ok
[INFO] [stdout] test ecdsa::common::tests::canonical_scalar_check_rejects_zero_order_and_larger_values ... ok
[INFO] [stdout] test bls::tests::identity_contracts_distinguish_standard_and_eth2_empty_extension ... ok
[INFO] [stdout] test ecdsa::p256::tests::test_hash_edge_cases ... ok
[INFO] [stdout] test ecdsa::p256::tests::test_invalid_signature ... ok
[INFO] [stdout] test bls::tests::same_message_splitting_zero_public_keys_are_rejected ... ok
[INFO] [stdout] test ecdsa::p256::tests::test_key_generation_details ... ok
[INFO] [stdout] test bls::tests::aggregation_enforces_each_scheme_rogue_key_rule ... ok
[INFO] [stdout] test ecdsa::p224::tests::test_ecdsa_p224_signatures_are_low_s_and_high_s_is_rejected ... ok
[INFO] [stdout] test ecdsa::p256::tests::test_p256_keypair_rsp_parsing_and_validation ... FAILED
[INFO] [stdout] test ecdsa::p256::tests::test_p256_pkv_rsp_parsing_and_validation ... FAILED
[INFO] [stdout] test ecdsa::p256::tests::test_p256_scalar_zero_rejected ... ok
[INFO] [stdout] test ecdsa::p256::tests::test_p256_siggen_truncated_shas_rsp_verify ... FAILED
[INFO] [stdout] test ecdsa::p256::tests::test_p256_sigver_rsp_verify ... FAILED
[INFO] [stdout] test ecdsa::p224::tests::test_ecdsa_p224_verify_tampered_signature ... ok
[INFO] [stdout] test ecdsa::p256::tests::test_scalar_edge_cases ... ok
[INFO] [stdout] test ecdsa::p256::tests::test_scalar_endianness ... ok
[INFO] [stdout] test ecdsa::p224::tests::rfc6979_sha224_sample_signature_matches ... ok
[INFO] [stdout] test bls::tests::basic_aug_and_pop_round_trip_and_cross_domain_reject ... ok
[INFO] [stdout] test ecdsa::p224::tests::test_ecdsa_p224_sign_verify_roundtrip ... ok
[INFO] [stdout] test ecdsa::p384::tests::coordinate_reduction_preserves_zero ... ok
[INFO] [stdout] test ecdsa::p256::tests::rfc6979_sha256_sample_signature_matches ... ok
[INFO] [stdout] test ecdsa::p384::tests::test_cofactor_validation ... ok
[INFO] [stdout] test ecdsa::p256::tests::signatures_are_low_s_and_high_s_twin_is_rejected ... ok
[INFO] [stdout] test ecdsa::p256::tests::test_scalar_arithmetic_basic ... ok
[INFO] [stdout] test ecdsa::p384::tests::test_der_malformed ... ok
[INFO] [stdout] test ecdsa::p224::tests::validated_p224_imports_roundtrip_and_reject_malformed_values ... ok
[INFO] [stdout] test ecdsa::p224::tests::test_ecdsa_p224_verify_tampered_message ... ok
[INFO] [stdout] test ecdsa::p224::tests::test_ecdsa_p224_verify_wrong_public_key ... ok
[INFO] [stdout] test ecdsa::p256::tests::test_signature_serialization ... ok
[INFO] [stdout] test ecdsa::p256::tests::test_empty_message ... ok
[INFO] [stdout] test ecdsa::p384::tests::test_hash_edge_cases ... ok
[INFO] [stdout] test ecdsa::p384::tests::test_invalid_signature ... ok
[INFO] [stdout] test ecdsa::p384::tests::rfc6979_sha384_sample_signature_matches ... ok
[INFO] [stdout] test ecdsa::p256::tests::test_ecdsa_p256_sign_verify ... ok
[INFO] [stdout] test ecdsa::p384::tests::test_mixed_size_der_integers ... ok
[INFO] [stdout] test ecdsa::p256::tests::test_large_message ... ok
[INFO] [stdout] test ecdsa::p256::tests::validated_p256_imports_roundtrip_and_reject_malformed_values ... ok
[INFO] [stdout] test ecdsa::p384::tests::test_p384_keypair_rsp_parsing_and_validation ... FAILED
[INFO] [stdout] test ecdsa::p384::tests::test_p384_pkv_rsp_parsing_and_validation ... FAILED
[INFO] [stdout] test ecdsa::p384::tests::test_p384_scalar_zero_rejected ... ok
[INFO] [stdout] test ecdsa::p384::tests::test_p384_siggen_truncated_shas_rsp_verify ... FAILED
[INFO] [stdout] test ecdsa::p384::tests::test_p384_sigver_rsp_verify ... FAILED
[INFO] [stdout] test ecdsa::p384::tests::test_key_generation_details ... ok
[INFO] [stdout] test ecdsa::p384::tests::test_scalar_edge_cases ... ok
[INFO] [stdout] test ecdsa::p384::tests::test_scalar_endianness ... ok
[INFO] [stdout] test ecdsa::p256::tests::test_wrong_public_key ... ok
[INFO] [stdout] test ecdsa::p256::tests::test_multiple_signatures ... ok
[INFO] [stdout] test ecdsa::p384::tests::test_ecdsa_p384_signatures_are_low_s_and_high_s_is_rejected ... ok
[INFO] [stdout] test ecdsa::p384::tests::test_field_size_boundary ... ok
[INFO] [stdout] test ecdsa::p521::tests::test_cofactor_validation ... ok
[INFO] [stdout] test ecdsa::p521::tests::test_der_malformed ... ok
[INFO] [stdout] test ecdsa::p384::tests::test_scalar_arithmetic_basic ... ok
[INFO] [stdout] test ecdsa::p384::tests::test_signature_serialization ... ok
[INFO] [stdout] test ecdsa::p256::tests::test_modular_inverse_comprehensive ... ok
[INFO] [stdout] test ecdsa::p384::tests::test_large_message ... ok
[INFO] [stdout] test ecdsa::p384::tests::test_empty_message ... ok
[INFO] [stdout] test ecdsa::p521::tests::test_hash_edge_cases ... ok
[INFO] [stdout] test ecdsa::p521::tests::test_invalid_signature ... ok
[INFO] [stdout] test ecdsa::p384::tests::test_wrong_public_key ... ok
[INFO] [stdout] test ecdsa::p521::tests::test_key_generation_details ... ok
[INFO] [stdout] test ecdsa::p384::tests::test_ecdsa_p384_sign_verify ... ok
[INFO] [stdout] test ecdsa::p256::tests::test_deterministic_verification ... ok
[INFO] [stdout] test ecdsa::p521::tests::test_p521_keypair_rsp_parsing_and_validation ... ok
[INFO] [stdout] test ecdsa::p521::tests::test_p521_pkv_rsp_parsing_and_validation ... ok
[INFO] [stdout] test ecdsa::p521::tests::test_p521_scalar_zero_rejected ... ok
[INFO] [stdout] test ecdsa::p521::tests::test_p521_sigver_rsp_verify ... ok
[INFO] [stdout] test ecdsa::p521::tests::rfc6979_sha512_sample_signature_matches ... ok
[INFO] [stdout] test ecdsa::p521::tests::test_scalar_edge_cases ... ok
[INFO] [stdout] test ecdsa::p384::tests::test_deterministic_k_properties ... ok
[INFO] [stdout] test ecdsa::p521::tests::test_ecdsa_p521_signatures_are_low_s_and_high_s_is_rejected ... ok
[INFO] [stdout] test ecdsa::p384::tests::test_multiple_signatures ... ok
[INFO] [stdout] test eddsa::ed25519::tests::example_secure_seed_handling ... ok
[INFO] [stdout] test eddsa::ed25519::tests::rejects_every_strict_encoding_boundary ... ok
[INFO] [stdout] test eddsa::ed25519::tests::rejects_identity_public_key_and_universal_forgery ... ok
[INFO] [stdout] test eddsa::ed25519::tests::rejects_non_torsion_free_public_key_and_commitment ... ok
[INFO] [stdout] test eddsa::ed25519::tests::rejects_noncanonical_public_key_encoding ... ok
[INFO] [stdout] test eddsa::ed25519::tests::rfc8032_test_vector_one ... ok
[INFO] [stdout] test eddsa::ed25519::tests::rfc8032_test_vector_three ... ok
[INFO] [stdout] test eddsa::ed25519::tests::rfc8032_test_vector_two ... ok
[INFO] [stdout] test eddsa::ed25519::tests::strict_verification_rejects_s_plus_group_order ... ok
[INFO] [stdout] test eddsa::ed25519::tests::strict_verification_rejects_small_order_r ... ok
[INFO] [stdout] test eddsa::ed25519::tests::test_derive_public_from_secret ... ok
[INFO] [stdout] test eddsa::ed25519::tests::test_derived_public_key_can_verify ... ok
[INFO] [stdout] test eddsa::ed25519::tests::test_ed25519_deterministic_signatures ... ok
[INFO] [stdout] test eddsa::ed25519::tests::test_ed25519_different_messages_different_signatures ... ok
[INFO] [stdout] test eddsa::ed25519::tests::test_ed25519_empty_message ... ok
[INFO] [stdout] test eddsa::ed25519::tests::test_ed25519_invalid_signatures ... ok
[INFO] [stdout] test eddsa::ed25519::tests::test_ed25519_keypair_generation ... ok
[INFO] [stdout] test eddsa::ed25519::tests::test_ed25519_sign ... ok
[INFO] [stdout] test eddsa::ed25519::tests::test_ed25519_sign_verify_cycle ... ok
[INFO] [stdout] test eddsa::ed25519::tests::test_ed25519_signature_malleability_resistance ... ok
[INFO] [stdout] test eddsa::ed25519::tests::test_ed25519_wrong_public_key_fails ... ok
[INFO] [stdout] test eddsa::ed25519::tests::test_explicit_serialization ... ok
[INFO] [stdout] test eddsa::ed25519::tests::test_from_seed_matches_keypair ... ok
[INFO] [stdout] test eddsa::ed25519::tests::test_invalid_sizes ... ok
[INFO] [stdout] test eddsa::ed25519::tests::test_key_serialization_round_trip ... ok
[INFO] [stdout] test eddsa::ed25519::tests::test_multiple_derivations_are_identical ... ok
[INFO] [stdout] test eddsa::ed25519::tests::test_no_key_material_in_debug ... ok
[INFO] [stdout] test eddsa::ed25519::tests::test_secret_key_immutability ... ok
[INFO] [stdout] test eddsa::ed25519::tests::test_secret_key_public_key_method ... ok
[INFO] [stdout] test eddsa::ed25519::tests::test_secure_comparison ... ok
[INFO] [stdout] test eddsa::ed25519::tests::test_seed_validation ... ok
[INFO] [stdout] test eddsa::ed25519::tests::test_sign_with_from_seed ... ok
[INFO] [stdout] test eddsa::ed25519::tests::test_type_safety ... ok
[INFO] [stdout] test eddsa::ed25519::tests::test_zeroization_on_drop ... ok
[INFO] [stdout] test eddsa::field::tests::arithmetic_known_answers ... ok
[INFO] [stdout] test eddsa::field::tests::canonical_encoding_rejects_modulus ... ok
[INFO] [stdout] test eddsa::field::tests::inversion_and_square_roots_round_trip ... ok
[INFO] [stdout] test eddsa::field::tests::zeroize_clears_the_owned_copy_only ... ok
[INFO] [stdout] test eddsa::point::tests::basepoint_round_trip ... ok
[INFO] [stdout] test eddsa::point::tests::identity_and_negative_zero_are_distinctly_rejected_by_policy ... ok
[INFO] [stdout] test eddsa::point::tests::mixed_torsion_point_is_not_torsion_free ... ok
[INFO] [stdout] test eddsa::point::tests::zeroize_clears_the_owned_point_copy_only ... ok
[INFO] [stdout] test eddsa::scalar::tests::arithmetic_known_answers ... ok
[INFO] [stdout] test eddsa::scalar::tests::canonical_order_boundary ... ok
[INFO] [stdout] test eddsa::scalar::tests::multiplication_matches_small_values ... ok
[INFO] [stdout] test eddsa::scalar::tests::reduction_handles_order_and_wide_maximum ... ok
[INFO] [stdout] test eddsa::scalar::tests::scalar_serialization_is_protected_and_owned_scalar_zeroizes ... ok
[INFO] [stdout] test mldsa::encoding::tests::signing_encodings_use_exact_sized_storage ... ok
[INFO] [stdout] test mldsa::encoding::tests::test_roundtrip_hints_basic ... ok
[INFO] [stdout] test mldsa::tests::expanded_key_decoder_rejects_malformed_or_incoherent_components ... ok
[INFO] [stdout] test mldsa::tests::expanded_key_has_fips_tr_44 ... ok
[INFO] [stdout] test mldsa::tests::expanded_key_has_fips_tr_65 ... ok
[INFO] [stdout] test mldsa::tests::expanded_key_has_fips_tr_87 ... ok
[INFO] [stdout] test mldsa::tests::expanded_key_import_derives_and_validates_public_key ... ok
[INFO] [stdout] test ecdsa::p521::tests::test_scalar_arithmetic_basic ... ok
[INFO] [stdout] test ecdsa::p521::tests::test_large_message ... ok
[INFO] [stdout] test ecdsa::p521::tests::test_signature_serialization ... ok
[INFO] [stdout] test mldsa::tests::nist_acvp_keygen_ml_dsa_44_tc1 ... ok
[INFO] [stdout] test mldsa::tests::nist_acvp_keygen_ml_dsa_65_tc26 ... ok
[INFO] [stdout] test mldsa::tests::nist_acvp_keygen_ml_dsa_87_tc51 ... ok
[INFO] [stdout] test mldsa::tests::old_32_byte_tr_plus_padding_private_key_fails_paired_import ... ok
[INFO] [stdout] test mldsa::tests::paired_import_rejects_incoherent_t0_without_panicking ... ok
[INFO] [stdout] test mldsa::tests::signature_parser_rejects_noncanonical_hint_encodings ... ok
[INFO] [stdout] test mldsa::tests::ml_dsa_44_roundtrip ... ok
[INFO] [stdout] test mldsa::tests::ml_dsa_65_roundtrip ... ok
[INFO] [stdout] test mldsa::tests::ml_dsa_87_roundtrip ... ok
[INFO] [stdout] test rng_failure_tests::bls_keygen_rng_failure ... ok
[INFO] [stdout] test ecdsa::p521::tests::test_empty_message ... ok
[INFO] [stdout] test rng_failure_tests::mldsa44_keypair_rng_failure ... ok
[INFO] [stdout] test rng_failure_tests::mldsa_randomized_signing_propagates_rng_failure ... ok
[INFO] [stdout] test rng_failure_tests::p224_keypair_rng_failure ... ok
[INFO] [stdout] test rng_failure_tests::p256_keypair_rng_failure ... ok
[INFO] [stdout] test rng_failure_tests::p384_keypair_rng_failure ... ok
[INFO] [stdout] test rng_failure_tests::p521_keypair_rng_failure ... ok
[INFO] [stdout] test rng_failure_tests::ed25519_keypair_rng_failure ... ok
[INFO] [stdout] test ecdsa::p384::tests::test_modular_inverse_comprehensive ... ok
[INFO] [stdout] test mldsa::tests::verification_rejects_a_canonical_encoding_with_out_of_range_z ... ok
[INFO] [stdout] test mldsa::tests::verify_rechecks_signature_canonicality_after_mutation ... ok
[INFO] [stdout] test ecdsa::p521::tests::test_ecdsa_p521_sign_verify ... ok
[INFO] [stdout] test ecdsa::p521::tests::test_wrong_public_key ... ok
[INFO] [stdout] test ecdsa::p521::tests::validated_p521_imports_roundtrip_and_reject_malformed_values ... ok
[INFO] [stdout] test mldsa::tests::signing_interfaces_bind_context_randomizer_and_supplied_mu ... ok
[INFO] [stdout] test ecdsa::p384::tests::test_deterministic_verification ... ok
[INFO] [stdout] test ecdsa::p521::tests::test_multiple_signatures ... ok
[INFO] [stdout] test ecdsa::p521::tests::test_deterministic_k_properties ... ok
[INFO] [stdout] test ecdsa::p521::tests::test_modular_inverse_comprehensive ... ok
[INFO] [stdout] test ecdsa::p521::tests::test_deterministic_verification ... ok
[INFO] [stdout] test ecdsa::p384::tests::test_cross_validation has been running for over 60 seconds
[INFO] [stdout] test ecdsa::p384::tests::test_cross_validation ... ok
[INFO] [stdout] test ecdsa::p521::tests::test_cross_validation has been running for over 60 seconds
[INFO] [stderr] error: test failed, to rerun pass `--lib`
[INFO] [stdout] test ecdsa::p521::tests::test_cross_validation ... ok
[INFO] [stdout] 
[INFO] [stdout] failures:
[INFO] [stdout] 
[INFO] [stdout] ---- ecdsa::p256::tests::test_p256_keypair_rsp_parsing_and_validation stdout ----
[INFO] [stdout] 
[INFO] [stdout] thread 'ecdsa::p256::tests::test_p256_keypair_rsp_parsing_and_validation' (931) panicked at src/ecdsa/p256/tests.rs:688:5:
[INFO] [stdout] Test vector file KeyPair.rsp not found at /opt/tests/src/vectors/legacy_rsp/ecdsa/KeyPair.rsp
[INFO] [stdout] stack backtrace:
[INFO] [stdout]    0:     0x5f191b0d7291 - <<std[617be2ca0a6fd877]::sys::backtrace::BacktraceLock>::print::DisplayBacktrace as core[a373ad73a504971]::fmt::Display>::fmt
[INFO] [stdout]    1:     0x5f191b0eb3fa - core[a373ad73a504971]::fmt::write
[INFO] [stdout]    2:     0x5f191b0db4cc - <alloc[2e1b2a31b91974c5]::vec::Vec<u8> as core[a373ad73a504971]::io::write::Write>::write_fmt
[INFO] [stdout]    3:     0x5f191b0b3206 - std[617be2ca0a6fd877]::panicking::default_hook::{closure#0}
[INFO] [stdout]    4:     0x5f191b0cf5c9 - std[617be2ca0a6fd877]::panicking::default_hook
[INFO] [stdout]    5:     0x5f191aff76d0 - test[aada8e7e76ba119b]::test_main_inner::{closure#0}
[INFO] [stdout]    6:     0x5f191b0cf782 - std[617be2ca0a6fd877]::panicking::panic_with_hook
[INFO] [stdout]    7:     0x5f191b0b32b2 - std[617be2ca0a6fd877]::panicking::panic_handler::{closure#0}
[INFO] [stdout]    8:     0x5f191b0abe39 - std[617be2ca0a6fd877]::sys::backtrace::__rust_end_short_backtrace::<std[617be2ca0a6fd877]::panicking::panic_handler::{closure#0}, !>
[INFO] [stdout]    9:     0x5f191b0b3ebd - __rustc[ea4f61d10b84890b]::rust_begin_unwind
[INFO] [stdout]   10:     0x5f191b0ebb2c - core[a373ad73a504971]::panicking::panic_fmt
[INFO] [stdout]   11:     0x5f191af7c662 - <dcrypt_sign[e8edabc570199989]::ecdsa::p256::tests::test_p256_keypair_rsp_parsing_and_validation::{closure#0} as core[a373ad73a504971]::ops::function::FnOnce<()>>::call_once
[INFO] [stdout]   12:     0x5f191afeab1b - test[aada8e7e76ba119b]::__rust_begin_short_backtrace::<core[a373ad73a504971]::result::Result<(), alloc[2e1b2a31b91974c5]::string::String>, fn() -> core[a373ad73a504971]::result::Result<(), alloc[2e1b2a31b91974c5]::string::String>>
[INFO] [stdout]   13:     0x5f191aff7cf5 - test[aada8e7e76ba119b]::run_test::{closure#0}
[INFO] [stdout]   14:     0x5f191aff15e4 - std[617be2ca0a6fd877]::sys::backtrace::__rust_begin_short_backtrace::<test[aada8e7e76ba119b]::run_test::{closure#1}, ()>
[INFO] [stdout]   15:     0x5f191affad82 - <std[617be2ca0a6fd877]::thread::lifecycle::spawn_unchecked<test[aada8e7e76ba119b]::run_test::{closure#1}, ()>::{closure#1} as core[a373ad73a504971]::ops::function::FnOnce<()>>::call_once::{shim:vtable#0}
[INFO] [stdout]   16:     0x5f191b0d678f - <std[617be2ca0a6fd877]::sys::thread::unix::Thread>::new::thread_start
[INFO] [stdout]   17:     0x7bf10be8fdfa - <unknown>
[INFO] [stdout]   18:     0x7bf10bf233d4 - clone
[INFO] [stdout]   19:                0x0 - <unknown>
[INFO] [stdout] 
[INFO] [stdout] ---- ecdsa::p256::tests::test_p256_pkv_rsp_parsing_and_validation stdout ----
[INFO] [stdout] 
[INFO] [stdout] thread 'ecdsa::p256::tests::test_p256_pkv_rsp_parsing_and_validation' (932) panicked at src/ecdsa/p256/tests.rs:770:5:
[INFO] [stdout] PKV.rsp not found at /opt/tests/src/vectors/legacy_rsp/ecdsa/PKV.rsp
[INFO] [stdout] stack backtrace:
[INFO] [stdout]    0:     0x5f191b0d7291 - <<std[617be2ca0a6fd877]::sys::backtrace::BacktraceLock>::print::DisplayBacktrace as core[a373ad73a504971]::fmt::Display>::fmt
[INFO] [stdout]    1:     0x5f191b0eb3fa - core[a373ad73a504971]::fmt::write
[INFO] [stdout]    2:     0x5f191b0db4cc - <alloc[2e1b2a31b91974c5]::vec::Vec<u8> as core[a373ad73a504971]::io::write::Write>::write_fmt
[INFO] [stdout]    3:     0x5f191b0b3206 - std[617be2ca0a6fd877]::panicking::default_hook::{closure#0}
[INFO] [stdout]    4:     0x5f191b0cf5c9 - std[617be2ca0a6fd877]::panicking::default_hook
[INFO] [stdout]    5:     0x5f191aff76d0 - test[aada8e7e76ba119b]::test_main_inner::{closure#0}
[INFO] [stdout]    6:     0x5f191b0cf782 - std[617be2ca0a6fd877]::panicking::panic_with_hook
[INFO] [stdout]    7:     0x5f191b0b32b2 - std[617be2ca0a6fd877]::panicking::panic_handler::{closure#0}
[INFO] [stdout]    8:     0x5f191b0abe39 - std[617be2ca0a6fd877]::sys::backtrace::__rust_end_short_backtrace::<std[617be2ca0a6fd877]::panicking::panic_handler::{closure#0}, !>
[INFO] [stdout]    9:     0x5f191b0b3ebd - __rustc[ea4f61d10b84890b]::rust_begin_unwind
[INFO] [stdout]   10:     0x5f191b0ebb2c - core[a373ad73a504971]::panicking::panic_fmt
[INFO] [stdout]   11:     0x5f191af796a8 - <dcrypt_sign[e8edabc570199989]::ecdsa::p256::tests::test_p256_pkv_rsp_parsing_and_validation::{closure#0} as core[a373ad73a504971]::ops::function::FnOnce<()>>::call_once
[INFO] [stdout]   12:     0x5f191afeab1b - test[aada8e7e76ba119b]::__rust_begin_short_backtrace::<core[a373ad73a504971]::result::Result<(), alloc[2e1b2a31b91974c5]::string::String>, fn() -> core[a373ad73a504971]::result::Result<(), alloc[2e1b2a31b91974c5]::string::String>>
[INFO] [stdout]   13:     0x5f191aff7cf5 - test[aada8e7e76ba119b]::run_test::{closure#0}
[INFO] [stdout]   14:     0x5f191aff15e4 - std[617be2ca0a6fd877]::sys::backtrace::__rust_begin_short_backtrace::<test[aada8e7e76ba119b]::run_test::{closure#1}, ()>
[INFO] [stdout]   15:     0x5f191affad82 - <std[617be2ca0a6fd877]::thread::lifecycle::spawn_unchecked<test[aada8e7e76ba119b]::run_test::{closure#1}, ()>::{closure#1} as core[a373ad73a504971]::ops::function::FnOnce<()>>::call_once::{shim:vtable#0}
[INFO] [stdout]   16:     0x5f191b0d678f - <std[617be2ca0a6fd877]::sys::thread::unix::Thread>::new::thread_start
[INFO] [stdout]   17:     0x7bf10be8fdfa - <unknown>
[INFO] [stdout]   18:     0x7bf10bf233d4 - clone
[INFO] [stdout]   19:                0x0 - <unknown>
[INFO] [stdout] 
[INFO] [stdout] ---- ecdsa::p256::tests::test_p256_siggen_truncated_shas_rsp_verify stdout ----
[INFO] [stdout] 
[INFO] [stdout] thread 'ecdsa::p256::tests::test_p256_siggen_truncated_shas_rsp_verify' (934) panicked at src/ecdsa/p256/tests.rs:847:5:
[INFO] [stdout] SigGen_TruncatedSHAs.rsp not found at /opt/tests/src/vectors/legacy_rsp/ecdsa/SigGen_TruncatedSHAs.rsp
[INFO] [stdout] stack backtrace:
[INFO] [stdout]    0:     0x5f191b0d7291 - <<std[617be2ca0a6fd877]::sys::backtrace::BacktraceLock>::print::DisplayBacktrace as core[a373ad73a504971]::fmt::Display>::fmt
[INFO] [stdout]    1:     0x5f191b0eb3fa - core[a373ad73a504971]::fmt::write
[INFO] [stdout]    2:     0x5f191b0db4cc - <alloc[2e1b2a31b91974c5]::vec::Vec<u8> as core[a373ad73a504971]::io::write::Write>::write_fmt
[INFO] [stdout]    3:     0x5f191b0b3206 - std[617be2ca0a6fd877]::panicking::default_hook::{closure#0}
[INFO] [stdout]    4:     0x5f191b0cf5c9 - std[617be2ca0a6fd877]::panicking::default_hook
[INFO] [stdout]    5:     0x5f191aff76d0 - test[aada8e7e76ba119b]::test_main_inner::{closure#0}
[INFO] [stdout]    6:     0x5f191b0cf782 - std[617be2ca0a6fd877]::panicking::panic_with_hook
[INFO] [stdout]    7:     0x5f191b0b32b2 - std[617be2ca0a6fd877]::panicking::panic_handler::{closure#0}
[INFO] [stdout]    8:     0x5f191b0abe39 - std[617be2ca0a6fd877]::sys::backtrace::__rust_end_short_backtrace::<std[617be2ca0a6fd877]::panicking::panic_handler::{closure#0}, !>
[INFO] [stdout]    9:     0x5f191b0b3ebd - __rustc[ea4f61d10b84890b]::rust_begin_unwind
[INFO] [stdout]   10:     0x5f191b0ebb2c - core[a373ad73a504971]::panicking::panic_fmt
[INFO] [stdout]   11:     0x5f191af7aebb - <dcrypt_sign[e8edabc570199989]::ecdsa::p256::tests::test_p256_siggen_truncated_shas_rsp_verify::{closure#0} as core[a373ad73a504971]::ops::function::FnOnce<()>>::call_once
[INFO] [stdout]   12:     0x5f191afeab1b - test[aada8e7e76ba119b]::__rust_begin_short_backtrace::<core[a373ad73a504971]::result::Result<(), alloc[2e1b2a31b91974c5]::string::String>, fn() -> core[a373ad73a504971]::result::Result<(), alloc[2e1b2a31b91974c5]::string::String>>
[INFO] [stdout]   13:     0x5f191aff7cf5 - test[aada8e7e76ba119b]::run_test::{closure#0}
[INFO] [stdout]   14:     0x5f191aff15e4 - std[617be2ca0a6fd877]::sys::backtrace::__rust_begin_short_backtrace::<test[aada8e7e76ba119b]::run_test::{closure#1}, ()>
[INFO] [stdout]   15:     0x5f191affad82 - <std[617be2ca0a6fd877]::thread::lifecycle::spawn_unchecked<test[aada8e7e76ba119b]::run_test::{closure#1}, ()>::{closure#1} as core[a373ad73a504971]::ops::function::FnOnce<()>>::call_once::{shim:vtable#0}
[INFO] [stdout]   16:     0x5f191b0d678f - <std[617be2ca0a6fd877]::sys::thread::unix::Thread>::new::thread_start
[INFO] [stdout]   17:     0x7bf10be8fdfa - <unknown>
[INFO] [stdout]   18:     0x7bf10bf233d4 - clone
[INFO] [stdout]   19:                0x0 - <unknown>
[INFO] [stdout] 
[INFO] [stdout] ---- ecdsa::p256::tests::test_p256_sigver_rsp_verify stdout ----
[INFO] [stdout] 
[INFO] [stdout] thread 'ecdsa::p256::tests::test_p256_sigver_rsp_verify' (935) panicked at src/ecdsa/p256/tests.rs:914:5:
[INFO] [stdout] SigVer.rsp not found at /opt/tests/src/vectors/legacy_rsp/ecdsa/SigVer.rsp
[INFO] [stdout] stack backtrace:
[INFO] [stdout]    0:     0x5f191b0d7291 - <<std[617be2ca0a6fd877]::sys::backtrace::BacktraceLock>::print::DisplayBacktrace as core[a373ad73a504971]::fmt::Display>::fmt
[INFO] [stdout]    1:     0x5f191b0eb3fa - core[a373ad73a504971]::fmt::write
[INFO] [stdout]    2:     0x5f191b0db4cc - <alloc[2e1b2a31b91974c5]::vec::Vec<u8> as core[a373ad73a504971]::io::write::Write>::write_fmt
[INFO] [stdout]    3:     0x5f191b0b3206 - std[617be2ca0a6fd877]::panicking::default_hook::{closure#0}
[INFO] [stdout]    4:     0x5f191b0cf5c9 - std[617be2ca0a6fd877]::panicking::default_hook
[INFO] [stdout]    5:     0x5f191aff76d0 - test[aada8e7e76ba119b]::test_main_inner::{closure#0}
[INFO] [stdout]    6:     0x5f191b0cf782 - std[617be2ca0a6fd877]::panicking::panic_with_hook
[INFO] [stdout]    7:     0x5f191b0b32b2 - std[617be2ca0a6fd877]::panicking::panic_handler::{closure#0}
[INFO] [stdout]    8:     0x5f191b0abe39 - std[617be2ca0a6fd877]::sys::backtrace::__rust_end_short_backtrace::<std[617be2ca0a6fd877]::panicking::panic_handler::{closure#0}, !>
[INFO] [stdout]    9:     0x5f191b0b3ebd - __rustc[ea4f61d10b84890b]::rust_begin_unwind
[INFO] [stdout]   10:     0x5f191b0ebb2c - core[a373ad73a504971]::panicking::panic_fmt
[INFO] [stdout]   11:     0x5f191af72569 - dcrypt_sign[e8edabc570199989]::ecdsa::p256::tests::test_p256_sigver_rsp_verify
[INFO] [stdout]   12:     0x5f191af76099 - <dcrypt_sign[e8edabc570199989]::ecdsa::p256::tests::test_p256_sigver_rsp_verify::{closure#0} as core[a373ad73a504971]::ops::function::FnOnce<()>>::call_once
[INFO] [stdout]   13:     0x5f191afeab1b - test[aada8e7e76ba119b]::__rust_begin_short_backtrace::<core[a373ad73a504971]::result::Result<(), alloc[2e1b2a31b91974c5]::string::String>, fn() -> core[a373ad73a504971]::result::Result<(), alloc[2e1b2a31b91974c5]::string::String>>
[INFO] [stdout]   14:     0x5f191aff7cf5 - test[aada8e7e76ba119b]::run_test::{closure#0}
[INFO] [stdout]   15:     0x5f191aff15e4 - std[617be2ca0a6fd877]::sys::backtrace::__rust_begin_short_backtrace::<test[aada8e7e76ba119b]::run_test::{closure#1}, ()>
[INFO] [stdout]   16:     0x5f191affad82 - <std[617be2ca0a6fd877]::thread::lifecycle::spawn_unchecked<test[aada8e7e76ba119b]::run_test::{closure#1}, ()>::{closure#1} as core[a373ad73a504971]::ops::function::FnOnce<()>>::call_once::{shim:vtable#0}
[INFO] [stdout]   17:     0x5f191b0d678f - <std[617be2ca0a6fd877]::sys::thread::unix::Thread>::new::thread_start
[INFO] [stdout]   18:     0x7bf10be8fdfa - <unknown>
[INFO] [stdout]   19:     0x7bf10bf233d4 - clone
[INFO] [stdout]   20:                0x0 - <unknown>
[INFO] [stdout] 
[INFO] [stdout] ---- ecdsa::p384::tests::test_p384_keypair_rsp_parsing_and_validation stdout ----
[INFO] [stdout] 
[INFO] [stdout] thread 'ecdsa::p384::tests::test_p384_keypair_rsp_parsing_and_validation' (960) panicked at src/ecdsa/p384/tests.rs:767:5:
[INFO] [stdout] Test vector file KeyPair.rsp not found at /opt/tests/src/vectors/legacy_rsp/ecdsa/KeyPair.rsp
[INFO] [stdout] stack backtrace:
[INFO] [stdout]    0:     0x5f191b0d7291 - <<std[617be2ca0a6fd877]::sys::backtrace::BacktraceLock>::print::DisplayBacktrace as core[a373ad73a504971]::fmt::Display>::fmt
[INFO] [stdout]    1:     0x5f191b0eb3fa - core[a373ad73a504971]::fmt::write
[INFO] [stdout]    2:     0x5f191b0db4cc - <alloc[2e1b2a31b91974c5]::vec::Vec<u8> as core[a373ad73a504971]::io::write::Write>::write_fmt
[INFO] [stdout]    3:     0x5f191b0b3206 - std[617be2ca0a6fd877]::panicking::default_hook::{closure#0}
[INFO] [stdout]    4:     0x5f191b0cf5c9 - std[617be2ca0a6fd877]::panicking::default_hook
[INFO] [stdout]    5:     0x5f191aff76d0 - test[aada8e7e76ba119b]::test_main_inner::{closure#0}
[INFO] [stdout]    6:     0x5f191b0cf782 - std[617be2ca0a6fd877]::panicking::panic_with_hook
[INFO] [stdout]    7:     0x5f191b0b32b2 - std[617be2ca0a6fd877]::panicking::panic_handler::{closure#0}
[INFO] [stdout]    8:     0x5f191b0abe39 - std[617be2ca0a6fd877]::sys::backtrace::__rust_end_short_backtrace::<std[617be2ca0a6fd877]::panicking::panic_handler::{closure#0}, !>
[INFO] [stdout]    9:     0x5f191b0b3ebd - __rustc[ea4f61d10b84890b]::rust_begin_unwind
[INFO] [stdout]   10:     0x5f191b0ebb2c - core[a373ad73a504971]::panicking::panic_fmt
[INFO] [stdout]   11:     0x5f191af46d40 - <dcrypt_sign[e8edabc570199989]::ecdsa::p384::tests::test_p384_keypair_rsp_parsing_and_validation::{closure#0} as core[a373ad73a504971]::ops::function::FnOnce<()>>::call_once
[INFO] [stdout]   12:     0x5f191afeab1b - test[aada8e7e76ba119b]::__rust_begin_short_backtrace::<core[a373ad73a504971]::result::Result<(), alloc[2e1b2a31b91974c5]::string::String>, fn() -> core[a373ad73a504971]::result::Result<(), alloc[2e1b2a31b91974c5]::string::String>>
[INFO] [stdout]   13:     0x5f191aff7cf5 - test[aada8e7e76ba119b]::run_test::{closure#0}
[INFO] [stdout]   14:     0x5f191aff15e4 - std[617be2ca0a6fd877]::sys::backtrace::__rust_begin_short_backtrace::<test[aada8e7e76ba119b]::run_test::{closure#1}, ()>
[INFO] [stdout]   15:     0x5f191affad82 - <std[617be2ca0a6fd877]::thread::lifecycle::spawn_unchecked<test[aada8e7e76ba119b]::run_test::{closure#1}, ()>::{closure#1} as core[a373ad73a504971]::ops::function::FnOnce<()>>::call_once::{shim:vtable#0}
[INFO] [stdout]   16:     0x5f191b0d678f - <std[617be2ca0a6fd877]::sys::thread::unix::Thread>::new::thread_start
[INFO] [stdout]   17:     0x7bf10be8fdfa - <unknown>
[INFO] [stdout]   18:     0x7bf10bf233d4 - clone
[INFO] [stdout]   19:                0x0 - <unknown>
[INFO] [stdout] 
[INFO] [stdout] ---- ecdsa::p384::tests::test_p384_pkv_rsp_parsing_and_validation stdout ----
[INFO] [stdout] 
[INFO] [stdout] thread 'ecdsa::p384::tests::test_p384_pkv_rsp_parsing_and_validation' (961) panicked at src/ecdsa/p384/tests.rs:849:5:
[INFO] [stdout] PKV.rsp not found at /opt/tests/src/vectors/legacy_rsp/ecdsa/PKV.rsp
[INFO] [stdout] stack backtrace:
[INFO] [stdout]    0:     0x5f191b0d7291 - <<std[617be2ca0a6fd877]::sys::backtrace::BacktraceLock>::print::DisplayBacktrace as core[a373ad73a504971]::fmt::Display>::fmt
[INFO] [stdout]    1:     0x5f191b0eb3fa - core[a373ad73a504971]::fmt::write
[INFO] [stdout]    2:     0x5f191b0db4cc - <alloc[2e1b2a31b91974c5]::vec::Vec<u8> as core[a373ad73a504971]::io::write::Write>::write_fmt
[INFO] [stdout]    3:     0x5f191b0b3206 - std[617be2ca0a6fd877]::panicking::default_hook::{closure#0}
[INFO] [stdout]    4:     0x5f191b0cf5c9 - std[617be2ca0a6fd877]::panicking::default_hook
[INFO] [stdout]    5:     0x5f191aff76d0 - test[aada8e7e76ba119b]::test_main_inner::{closure#0}
[INFO] [stdout]    6:     0x5f191b0cf782 - std[617be2ca0a6fd877]::panicking::panic_with_hook
[INFO] [stdout]    7:     0x5f191b0b32b2 - std[617be2ca0a6fd877]::panicking::panic_handler::{closure#0}
[INFO] [stdout]    8:     0x5f191b0abe39 - std[617be2ca0a6fd877]::sys::backtrace::__rust_end_short_backtrace::<std[617be2ca0a6fd877]::panicking::panic_handler::{closure#0}, !>
[INFO] [stdout]    9:     0x5f191b0b3ebd - __rustc[ea4f61d10b84890b]::rust_begin_unwind
[INFO] [stdout]   10:     0x5f191b0ebb2c - core[a373ad73a504971]::panicking::panic_fmt
[INFO] [stdout]   11:     0x5f191af43cd8 - <dcrypt_sign[e8edabc570199989]::ecdsa::p384::tests::test_p384_pkv_rsp_parsing_and_validation::{closure#0} as core[a373ad73a504971]::ops::function::FnOnce<()>>::call_once
[INFO] [stdout]   12:     0x5f191afeab1b - test[aada8e7e76ba119b]::__rust_begin_short_backtrace::<core[a373ad73a504971]::result::Result<(), alloc[2e1b2a31b91974c5]::string::String>, fn() -> core[a373ad73a504971]::result::Result<(), alloc[2e1b2a31b91974c5]::string::String>>
[INFO] [stdout]   13:     0x5f191aff7cf5 - test[aada8e7e76ba119b]::run_test::{closure#0}
[INFO] [stdout]   14:     0x5f191aff15e4 - std[617be2ca0a6fd877]::sys::backtrace::__rust_begin_short_backtrace::<test[aada8e7e76ba119b]::run_test::{closure#1}, ()>
[INFO] [stdout]   15:     0x5f191affad82 - <std[617be2ca0a6fd877]::thread::lifecycle::spawn_unchecked<test[aada8e7e76ba119b]::run_test::{closure#1}, ()>::{closure#1} as core[a373ad73a504971]::ops::function::FnOnce<()>>::call_once::{shim:vtable#0}
[INFO] [stdout]   16:     0x5f191b0d678f - <std[617be2ca0a6fd877]::sys::thread::unix::Thread>::new::thread_start
[INFO] [stdout]   17:     0x7bf10be8fdfa - <unknown>
[INFO] [stdout]   18:     0x7bf10bf233d4 - clone
[INFO] [stdout]   19:                0x0 - <unknown>
[INFO] [stdout] 
[INFO] [stdout] ---- ecdsa::p384::tests::test_p384_siggen_truncated_shas_rsp_verify stdout ----
[INFO] [stdout] 
[INFO] [stdout] thread 'ecdsa::p384::tests::test_p384_siggen_truncated_shas_rsp_verify' (963) panicked at src/ecdsa/p384/tests.rs:919:5:
[INFO] [stdout] SigGen_TruncatedSHAs.rsp not found at /opt/tests/src/vectors/legacy_rsp/ecdsa/SigGen_TruncatedSHAs.rsp
[INFO] [stdout] stack backtrace:
[INFO] [stdout]    0:     0x5f191b0d7291 - <<std[617be2ca0a6fd877]::sys::backtrace::BacktraceLock>::print::DisplayBacktrace as core[a373ad73a504971]::fmt::Display>::fmt
[INFO] [stdout]    1:     0x5f191b0eb3fa - core[a373ad73a504971]::fmt::write
[INFO] [stdout]    2:     0x5f191b0db4cc - <alloc[2e1b2a31b91974c5]::vec::Vec<u8> as core[a373ad73a504971]::io::write::Write>::write_fmt
[INFO] [stdout]    3:     0x5f191b0b3206 - std[617be2ca0a6fd877]::panicking::default_hook::{closure#0}
[INFO] [stdout]    4:     0x5f191b0cf5c9 - std[617be2ca0a6fd877]::panicking::default_hook
[INFO] [stdout]    5:     0x5f191aff76d0 - test[aada8e7e76ba119b]::test_main_inner::{closure#0}
[INFO] [stdout]    6:     0x5f191b0cf782 - std[617be2ca0a6fd877]::panicking::panic_with_hook
[INFO] [stdout]    7:     0x5f191b0b32b2 - std[617be2ca0a6fd877]::panicking::panic_handler::{closure#0}
[INFO] [stdout]    8:     0x5f191b0abe39 - std[617be2ca0a6fd877]::sys::backtrace::__rust_end_short_backtrace::<std[617be2ca0a6fd877]::panicking::panic_handler::{closure#0}, !>
[INFO] [stdout]    9:     0x5f191b0b3ebd - __rustc[ea4f61d10b84890b]::rust_begin_unwind
[INFO] [stdout]   10:     0x5f191b0ebb2c - core[a373ad73a504971]::panicking::panic_fmt
[INFO] [stdout]   11:     0x5f191af45553 - <dcrypt_sign[e8edabc570199989]::ecdsa::p384::tests::test_p384_siggen_truncated_shas_rsp_verify::{closure#0} as core[a373ad73a504971]::ops::function::FnOnce<()>>::call_once
[INFO] [stdout]   12:     0x5f191afeab1b - test[aada8e7e76ba119b]::__rust_begin_short_backtrace::<core[a373ad73a504971]::result::Result<(), alloc[2e1b2a31b91974c5]::string::String>, fn() -> core[a373ad73a504971]::result::Result<(), alloc[2e1b2a31b91974c5]::string::String>>
[INFO] [stdout]   13:     0x5f191aff7cf5 - test[aada8e7e76ba119b]::run_test::{closure#0}
[INFO] [stdout]   14:     0x5f191aff15e4 - std[617be2ca0a6fd877]::sys::backtrace::__rust_begin_short_backtrace::<test[aada8e7e76ba119b]::run_test::{closure#1}, ()>
[INFO] [stdout]   15:     0x5f191affad82 - <std[617be2ca0a6fd877]::thread::lifecycle::spawn_unchecked<test[aada8e7e76ba119b]::run_test::{closure#1}, ()>::{closure#1} as core[a373ad73a504971]::ops::function::FnOnce<()>>::call_once::{shim:vtable#0}
[INFO] [stdout]   16:     0x5f191b0d678f - <std[617be2ca0a6fd877]::sys::thread::unix::Thread>::new::thread_start
[INFO] [stdout]   17:     0x7bf10be8fdfa - <unknown>
[INFO] [stdout]   18:     0x7bf10bf233d4 - clone
[INFO] [stdout]   19:                0x0 - <unknown>
[INFO] [stdout] 
[INFO] [stdout] ---- ecdsa::p384::tests::test_p384_sigver_rsp_verify stdout ----
[INFO] [stdout] 
[INFO] [stdout] thread 'ecdsa::p384::tests::test_p384_sigver_rsp_verify' (964) panicked at src/ecdsa/p384/tests.rs:976:5:
[INFO] [stdout] SigVer.rsp not found at /opt/tests/src/vectors/legacy_rsp/ecdsa/SigVer.rsp
[INFO] [stdout] stack backtrace:
[INFO] [stdout]    0:     0x5f191b0d7291 - <<std[617be2ca0a6fd877]::sys::backtrace::BacktraceLock>::print::DisplayBacktrace as core[a373ad73a504971]::fmt::Display>::fmt
[INFO] [stdout]    1:     0x5f191b0eb3fa - core[a373ad73a504971]::fmt::write
[INFO] [stdout]    2:     0x5f191b0db4cc - <alloc[2e1b2a31b91974c5]::vec::Vec<u8> as core[a373ad73a504971]::io::write::Write>::write_fmt
[INFO] [stdout]    3:     0x5f191b0b3206 - std[617be2ca0a6fd877]::panicking::default_hook::{closure#0}
[INFO] [stdout]    4:     0x5f191b0cf5c9 - std[617be2ca0a6fd877]::panicking::default_hook
[INFO] [stdout]    5:     0x5f191aff76d0 - test[aada8e7e76ba119b]::test_main_inner::{closure#0}
[INFO] [stdout]    6:     0x5f191b0cf782 - std[617be2ca0a6fd877]::panicking::panic_with_hook
[INFO] [stdout]    7:     0x5f191b0b32b2 - std[617be2ca0a6fd877]::panicking::panic_handler::{closure#0}
[INFO] [stdout]    8:     0x5f191b0abe39 - std[617be2ca0a6fd877]::sys::backtrace::__rust_end_short_backtrace::<std[617be2ca0a6fd877]::panicking::panic_handler::{closure#0}, !>
[INFO] [stdout]    9:     0x5f191b0b3ebd - __rustc[ea4f61d10b84890b]::rust_begin_unwind
[INFO] [stdout]   10:     0x5f191b0ebb2c - core[a373ad73a504971]::panicking::panic_fmt
[INFO] [stdout]   11:     0x5f191af399bc - dcrypt_sign[e8edabc570199989]::ecdsa::p384::tests::test_p384_sigver_rsp_verify
[INFO] [stdout]   12:     0x5f191af3ed69 - <dcrypt_sign[e8edabc570199989]::ecdsa::p384::tests::test_p384_sigver_rsp_verify::{closure#0} as core[a373ad73a504971]::ops::function::FnOnce<()>>::call_once
[INFO] [stdout]   13:     0x5f191afeab1b - test[aada8e7e76ba119b]::__rust_begin_short_backtrace::<core[a373ad73a504971]::result::Result<(), alloc[2e1b2a31b91974c5]::string::String>, fn() -> core[a373ad73a504971]::result::Result<(), alloc[2e1b2a31b91974c5]::string::String>>
[INFO] [stdout]   14:     0x5f191aff7cf5 - test[aada8e7e76ba119b]::run_test::{closure#0}
[INFO] [stdout]   15:     0x5f191aff15e4 - std[617be2ca0a6fd877]::sys::backtrace::__rust_begin_short_backtrace::<test[aada8e7e76ba119b]::run_test::{closure#1}, ()>
[INFO] [stdout]   16:     0x5f191affad82 - <std[617be2ca0a6fd877]::thread::lifecycle::spawn_unchecked<test[aada8e7e76ba119b]::run_test::{closure#1}, ()>::{closure#1} as core[a373ad73a504971]::ops::function::FnOnce<()>>::call_once::{shim:vtable#0}
[INFO] [stdout]   17:     0x5f191b0d678f - <std[617be2ca0a6fd877]::sys::thread::unix::Thread>::new::thread_start
[INFO] [stdout]   18:     0x7bf10be8fdfa - <unknown>
[INFO] [stdout]   19:     0x7bf10bf233d4 - clone
[INFO] [stdout]   20:                0x0 - <unknown>
[INFO] [stdout] 
[INFO] [stdout] 
[INFO] [stdout] failures:
[INFO] [stdout]     ecdsa::p256::tests::test_p256_keypair_rsp_parsing_and_validation
[INFO] [stdout]     ecdsa::p256::tests::test_p256_pkv_rsp_parsing_and_validation
[INFO] [stdout]     ecdsa::p256::tests::test_p256_siggen_truncated_shas_rsp_verify
[INFO] [stdout]     ecdsa::p256::tests::test_p256_sigver_rsp_verify
[INFO] [stdout]     ecdsa::p384::tests::test_p384_keypair_rsp_parsing_and_validation
[INFO] [stdout]     ecdsa::p384::tests::test_p384_pkv_rsp_parsing_and_validation
[INFO] [stdout]     ecdsa::p384::tests::test_p384_siggen_truncated_shas_rsp_verify
[INFO] [stdout]     ecdsa::p384::tests::test_p384_sigver_rsp_verify
[INFO] [stdout] 
[INFO] [stdout] test result: FAILED. 166 passed; 8 failed; 0 ignored; 0 measured; 0 filtered out; finished in 103.12s
[INFO] [stdout] 
[INFO] running `Command { std: "docker" "inspect" "b16fed391d6ac37e5c7c588a40c62c513e51c1ffa4b1753442da9a59096c982f", kill_on_drop: false }`
[INFO] running `Command { std: "docker" "rm" "-f" "b16fed391d6ac37e5c7c588a40c62c513e51c1ffa4b1753442da9a59096c982f", kill_on_drop: false }`
[INFO] [stdout] b16fed391d6ac37e5c7c588a40c62c513e51c1ffa4b1753442da9a59096c982f
