[INFO] fetching crate dcrypt-algorithms 4.0.1...
[INFO] testing dcrypt-algorithms-4.0.1 against 1.100.0-beta.1+cargoflags=--release for beta-release-1.100-2
[INFO] extracting crate dcrypt-algorithms 4.0.1 into /workspace/builds/worker-7-tc2/source
[INFO] started tweaking crates.io crate dcrypt-algorithms 4.0.1
[INFO] removed 0 missing examples
[INFO] finished tweaking crates.io crate dcrypt-algorithms 4.0.1
[INFO] tweaked toml for crates.io crate dcrypt-algorithms 4.0.1 written to /workspace/builds/worker-7-tc2/source/Cargo.toml
[INFO] validating manifest of crates.io crate dcrypt-algorithms 4.0.1 on toolchain 1.100.0-beta.1
[INFO] running `Command { std: CARGO_HOME="/workspace/cargo-home" RUSTUP_HOME="/workspace/rustup-home" "/workspace/cargo-home/bin/cargo" "+1.100.0-beta.1" "metadata" "--manifest-path" "Cargo.toml" "--no-deps", kill_on_drop: false }`
[INFO] crate crates.io crate dcrypt-algorithms 4.0.1 already has a lockfile, it will not be regenerated
[INFO] running `Command { std: CARGO_HOME="/workspace/cargo-home" RUSTUP_HOME="/workspace/rustup-home" "/workspace/cargo-home/bin/cargo" "+1.100.0-beta.1" "fetch" "--manifest-path" "Cargo.toml", kill_on_drop: false }`
[INFO] running `Command { std: "docker" "create" "-v" "/var/lib/crater-agent-workspace/builds/worker-7-tc2/source:/opt/rustwide/workdir:ro,Z" "-v" "/var/lib/crater-agent-workspace/builds/worker-7-tc2/target:/opt/rustwide/target:rw,Z" "-v" "/var/lib/crater-agent-workspace/cargo-home:/opt/rustwide/cargo-home:ro,Z" "-v" "/var/lib/crater-agent-workspace/rustup-home:/opt/rustwide/rustup-home:ro,Z" "-m" "1610612736" "--network" "none" "ghcr.io/rust-lang/crates-build-env/linux@sha256:77db811e55d90add9212f6832c23229e3de5f1c1f9905e8cb07319ea15df73ac" "sleep" "infinity", kill_on_drop: false }`
[INFO] [stdout] 3b1093fdcbc3fc093039f39b12fbac36cd7584cbdc9619b1b4dec726fd900ec9
[INFO] running `Command { std: "docker" "start" "3b1093fdcbc3fc093039f39b12fbac36cd7584cbdc9619b1b4dec726fd900ec9", kill_on_drop: false }`
[INFO] running `Command { std: "docker" "inspect" "3b1093fdcbc3fc093039f39b12fbac36cd7584cbdc9619b1b4dec726fd900ec9", kill_on_drop: false }`
[INFO] running `Command { std: "docker" "exec" "-e" "SOURCE_DIR=/opt/rustwide/workdir" "-e" "CARGO_HOME=/opt/rustwide/cargo-home" "-e" "RUSTUP_HOME=/opt/rustwide/rustup-home" "-e" "CARGO_TARGET_DIR=/opt/rustwide/target" "-w" "/opt/rustwide/workdir" "--user" "0:0" "3b1093fdcbc3fc093039f39b12fbac36cd7584cbdc9619b1b4dec726fd900ec9" "/opt/rustwide/cargo-home/bin/cargo" "+1.100.0-beta.1" "metadata" "--no-deps" "--format-version=1", kill_on_drop: false }`
[INFO] running `Command { std: "docker" "inspect" "3b1093fdcbc3fc093039f39b12fbac36cd7584cbdc9619b1b4dec726fd900ec9", kill_on_drop: false }`
[INFO] running `Command { std: "docker" "exec" "-e" "SOURCE_DIR=/opt/rustwide/workdir" "-e" "CARGO_HOME=/opt/rustwide/cargo-home" "-e" "RUSTUP_HOME=/opt/rustwide/rustup-home" "-e" "CARGO_TARGET_DIR=/opt/rustwide/target" "-e" "CARGO_INCREMENTAL=0" "-e" "RUST_BACKTRACE=full" "-e" "RUSTFLAGS=--cap-lints=warn" "-e" "RUSTDOCFLAGS=--cap-lints=warn" "-w" "/opt/rustwide/workdir" "--user" "0:0" "3b1093fdcbc3fc093039f39b12fbac36cd7584cbdc9619b1b4dec726fd900ec9" "/opt/rustwide/cargo-home/bin/cargo" "+1.100.0-beta.1" "build" "--frozen" "--message-format=json" "--release", kill_on_drop: false }`
[INFO] [stderr]    Compiling dcrypt-internal v4.0.1
[INFO] [stderr]    Compiling dcrypt-params v4.0.1
[INFO] [stderr]    Compiling hex v0.4.3
[INFO] [stderr]    Compiling base64 v0.22.1
[INFO] [stderr]    Compiling dcrypt-api v4.0.1
[INFO] [stderr]    Compiling dcrypt-common v4.0.1
[INFO] [stderr]    Compiling dcrypt-algorithms v4.0.1 (/opt/rustwide/workdir)
[INFO] [stderr]     Finished `release` profile [optimized] target(s) in 16.88s
[INFO] running `Command { std: "docker" "inspect" "3b1093fdcbc3fc093039f39b12fbac36cd7584cbdc9619b1b4dec726fd900ec9", kill_on_drop: false }`
[INFO] running `Command { std: "docker" "exec" "-e" "SOURCE_DIR=/opt/rustwide/workdir" "-e" "CARGO_HOME=/opt/rustwide/cargo-home" "-e" "RUSTUP_HOME=/opt/rustwide/rustup-home" "-e" "CARGO_TARGET_DIR=/opt/rustwide/target" "-e" "CARGO_INCREMENTAL=0" "-e" "RUST_BACKTRACE=full" "-e" "RUSTFLAGS=--cap-lints=warn" "-e" "RUSTDOCFLAGS=--cap-lints=warn" "-w" "/opt/rustwide/workdir" "--user" "0:0" "3b1093fdcbc3fc093039f39b12fbac36cd7584cbdc9619b1b4dec726fd900ec9" "/opt/rustwide/cargo-home/bin/cargo" "+1.100.0-beta.1" "test" "--frozen" "--no-run" "--message-format=json" "--release", kill_on_drop: false }`
[INFO] [stderr]    Compiling zerocopy v0.8.56
[INFO] [stderr]    Compiling either v1.17.0
[INFO] [stderr]    Compiling syn v2.0.119
[INFO] [stderr]    Compiling syn v3.0.3
[INFO] [stderr]    Compiling serde_json v1.0.151
[INFO] [stderr]    Compiling clap_builder v4.6.6
[INFO] [stderr]    Compiling is-terminal v0.4.17
[INFO] [stderr]    Compiling itertools v0.10.5
[INFO] [stderr]    Compiling rayon v1.12.0
[INFO] [stderr]    Compiling criterion-plot v0.5.0
[INFO] [stderr]    Compiling serde_derive v1.0.229
[INFO] [stderr]    Compiling clap v4.6.6
[INFO] [stderr]    Compiling zerocopy-derive v0.8.56
[INFO] [stderr]    Compiling serde v1.0.229
[INFO] [stderr]    Compiling tinytemplate v1.2.1
[INFO] [stderr]    Compiling half v2.7.1
[INFO] [stderr]    Compiling ciborium-ll v0.2.2
[INFO] [stderr]    Compiling ciborium v0.2.2
[INFO] [stderr]    Compiling criterion v0.5.1
[INFO] [stderr]    Compiling dcrypt-algorithms v4.0.1 (/opt/rustwide/workdir)
[INFO] [stderr]     Finished `release` profile [optimized] target(s) in 1m 04s
[INFO] running `Command { std: "docker" "inspect" "3b1093fdcbc3fc093039f39b12fbac36cd7584cbdc9619b1b4dec726fd900ec9", kill_on_drop: false }`
[INFO] running `Command { std: "docker" "exec" "-e" "SOURCE_DIR=/opt/rustwide/workdir" "-e" "CARGO_HOME=/opt/rustwide/cargo-home" "-e" "RUSTUP_HOME=/opt/rustwide/rustup-home" "-e" "CARGO_TARGET_DIR=/opt/rustwide/target" "-e" "CARGO_INCREMENTAL=0" "-e" "RUST_BACKTRACE=full" "-e" "RUSTFLAGS=--cap-lints=warn" "-e" "RUSTDOCFLAGS=--cap-lints=warn" "-w" "/opt/rustwide/workdir" "--user" "0:0" "3b1093fdcbc3fc093039f39b12fbac36cd7584cbdc9619b1b4dec726fd900ec9" "/opt/rustwide/cargo-home/bin/cargo" "+1.100.0-beta.1" "test" "--frozen" "--release", kill_on_drop: false }`
[INFO] [stderr]     Finished `release` profile [optimized] target(s) in 0.14s
[INFO] [stderr]      Running unittests src/lib.rs (/opt/rustwide/target/release/build/dcrypt-algorithms/e3650a080383d480/out/dcrypt_algorithms-e3650a080383d480)
[INFO] [stdout] 
[INFO] [stdout] running 459 tests
[INFO] [stdout] test aead::gcm::ghash::tests::test_empty_inputs ... ok
[INFO] [stdout] test aead::gcm::ghash::tests::test_ghash_internal_consistency ... ok
[INFO] [stdout] test aead::gcm::ghash::tests::test_ghash_rejects_inconsistent_block_length ... ok
[INFO] [stdout] test aead::gcm::ghash::tests::test_ghash_length_block ... ok
[INFO] [stdout] test aead::gcm::ghash::tests::test_ghash_rejects_bit_length_overflow ... ok
[INFO] [stdout] test aead::gcm::ghash::tests::test_gf_multiply_zero ... ok
[INFO] [stdout] test aead::gcm::ghash::tests::test_ghash_unaligned ... ok
[INFO] [stdout] test aead::gcm::tests::nist_120_bit_iv_known_answer_with_full_safe_tag ... ok
[INFO] [stdout] test aead::chacha20poly1305::tests::test_chacha20poly1305_encrypt_decrypt ... ok
[INFO] [stdout] test aead::gcm::tests::operation_builder_uses_each_operation_nonce ... ok
[INFO] [stdout] test aead::chacha20poly1305::tests::rejects_messages_past_the_chacha20_counter_limit_before_allocation ... ok
[INFO] [stdout] test aead::gcm::tests::rejects_dangerously_short_tags ... ok
[INFO] [stdout] test aead::gcm::tests::rejects_messages_past_the_gcm_counter_limit_before_allocation ... ok
[INFO] [stdout] test aead::gcm::tests::test_gcm_tampered_ciphertext ... ok
[INFO] [stdout] test aead::chacha20poly1305::tests::test_chacha20poly1305_rfc8439 ... ok
[INFO] [stdout] test aead::gcm::tests::test_gcm_non_standard_nonce ... ok
[INFO] [stdout] test aead::xchacha20poly1305::tests::hchacha20_draft_vector ... ok
[INFO] [stdout] test aead::gcm::tests::test_aes_gcm_nist_decrypt_vectors ... FAILED
[INFO] [stdout] test aead::gcm::tests::test_aes_gcm_nist_encrypt_vectors ... ok
[INFO] [stdout] test aead::gcm::ghash::tests::test_gf_multiply_commutative ... ok
[INFO] [stdout] test aead::xchacha20poly1305::tests::xchacha20poly1305_draft_aead_vector ... ok
[INFO] [stdout] test aead::gcm::tests::test_gcm_tampered_tag ... ok
[INFO] [stdout] test aead::gcm::tests::test_aes_gcm ... ok
[INFO] [stdout] test aead::gcm::tests::test_gcm_short_ciphertext ... ok
[INFO] [stdout] test block::aes::tests::generated_keys_propagate_partial_rng_failures ... ok
[INFO] [stdout] test aead::gcm::ghash::tests::test_gf_multiply_nist_gcm_component ... ok
[INFO] [stdout] test aead::xchacha20poly1305::tests::xchacha_derives_the_ietf_nonce_from_the_final_eight_bytes ... ok
[INFO] [stdout] test aead::gcm::tests::test_gcm_empty_associated_data ... ok
[INFO] [stdout] test block::modes::cbc::tests::test_aes_cbc_nist_vectors ... FAILED
[INFO] [stdout] test block::aes::tests::test_aes_invalid_block_size ... ok
[INFO] [stdout] test aead::gcm::tests::test_gcm_invalid_nonce ... ok
[INFO] [stdout] test block::modes::ctr::tests::test_aes_ctr_nist_vectors ... FAILED
[INFO] [stdout] test block::modes::ctr::tests::test_ctr_with_custom_params ... ok
[INFO] [stdout] test block::modes::cbc::tests::test_aes_cbc ... ok
[INFO] [stdout] test block::aes::tests::test_aes128_decrypt ... ok
[INFO] [stdout] test block::modes::ctr::tests::test_ctr_long_message ... ok
[INFO] [stdout] test block::aes::tests::test_aes128_encrypt ... ok
[INFO] [stdout] test block::modes::ctr::tests::test_different_counter_sizes ... ok
[INFO] [stdout] test block::modes::ctr::tests::test_ctr_counter_overflow ... ok
[INFO] [stdout] test ec::bls12_381::field::fp2::test_conditional_selection ... ok
[INFO] [stdout] test block::aes::tests::test_aes192_decrypt ... ok
[INFO] [stdout] test block::modes::cbc::tests::test_cbc_multiple_blocks ... ok
[INFO] [stdout] test block::aes::tests::test_aes192_encrypt ... ok
[INFO] [stdout] test block::modes::ctr::tests::test_aes_ctr ... ok
[INFO] [stdout] test block::aes::tests::test_aes256_decrypt ... ok
[INFO] [stdout] test block::aes::tests::test_aes256_encrypt ... ok
[INFO] [stdout] test ec::bls12_381::field::fp12::test_arithmetic ... ok
[INFO] [stdout] test ec::bls12_381::field::fp12::test_zeroize ... ok
[INFO] [stdout] test ec::bls12_381::field::fp2::test_squaring ... ok
[INFO] [stdout] test ec::bls12_381::field::fp2::test_addition ... ok
[INFO] [stdout] test ec::bls12_381::field::fp2::test_subtraction ... ok
[INFO] [stdout] test ec::bls12_381::field::fp2::test_equality ... ok
[INFO] [stdout] test aead::xchacha20poly1305::tests::test_xchacha20poly1305 ... ok
[INFO] [stdout] test ec::bls12_381::field::fp2::test_inversion ... ok
[INFO] [stdout] test aead::gcm::tests::test_gcm_empty_plaintext ... ok
[INFO] [stdout] test ec::bls12_381::field::fp6::test_zeroize ... ok
[INFO] [stdout] test ec::bls12_381::field::fp6::test_arithmetic ... ok
[INFO] [stdout] test ec::bls12_381::field::fp2::test_lexicographic_largest ... ok
[INFO] [stdout] test ec::bls12_381::field::fp2::test_multiplication ... ok
[INFO] [stdout] test ec::bls12_381::field::fp2::test_sqrt ... ok
[INFO] [stdout] test ec::bls12_381::field::fp2::test_zeroize ... ok
[INFO] [stdout] test ec::bls12_381::field::fp2::test_negation ... ok
[INFO] [stdout] test ec::bls12_381::scalar::test_debug ... ok
[INFO] [stdout] test ec::bls12_381::scalar::test_from_raw ... ok
[INFO] [stdout] test ec::bls12_381::scalar::borrowed_secret_validation_matches_canonical_scalar_decoder ... ok
[INFO] [stdout] test ec::bls12_381::tests::field::test_fp2_conditional_selection ... ok
[INFO] [stdout] test ec::bls12_381::scalar::test_equality ... ok
[INFO] [stdout] test ec::bls12_381::scalar::test_from_bytes ... ok
[INFO] [stdout] test ec::bls12_381::scalar::test_from_bytes_enforces_canonical_scalar_encoding ... ok
[INFO] [stdout] test ec::bls12_381::scalar::test_inv ... ok
[INFO] [stdout] test ec::bls12_381::scalar::test_scalar_hash_to_field ... ok
[INFO] [stdout] test ec::bls12_381::scalar::test_zeroize ... ok
[INFO] [stdout] test ec::bls12_381::tests::field::test_fp2_arithmetic ... ok
[INFO] [stdout] test ec::bls12_381::tests::field::test_fp2_zeroize ... ok
[INFO] [stdout] test ec::bls12_381::tests::field::test_fp_addition ... ok
[INFO] [stdout] test ec::bls12_381::tests::field::test_fp_conditional_selection ... ok
[INFO] [stdout] test ec::bls12_381::tests::field::test_fp_from_bytes ... ok
[INFO] [stdout] test ec::bls12_381::scalar::test_addition ... ok
[INFO] [stdout] test ec::bls12_381::tests::field::test_fp_inversion ... ok
[INFO] [stdout] test ec::bls12_381::g2::tests::checked_decoders_reject_on_curve_non_subgroup_point ... ok
[INFO] [stdout] test ec::bls12_381::tests::field::test_fp2_sqrt ... ok
[INFO] [stdout] test ec::bls12_381::tests::field::test_fp_equality ... ok
[INFO] [stdout] test ec::bls12_381::scalar::test_sqrt ... ok
[INFO] [stdout] test ec::bls12_381::tests::field::test_fp_sqrt ... ok
[INFO] [stdout] test ec::bls12_381::tests::field::test_fp_squaring ... ok
[INFO] [stdout] test ec::bls12_381::tests::field::test_fp_lexicographic_largest ... ok
[INFO] [stdout] test ec::bls12_381::tests::field::test_fp_multiplication ... ok
[INFO] [stdout] test ec::bls12_381::tests::field::test_fp_negation ... ok
[INFO] [stdout] test ec::bls12_381::tests::field::test_fp_subtraction ... ok
[INFO] [stdout] test ec::bls12_381::tests::field::test_fp_zeroize ... ok
[INFO] [stdout] test ec::bls12_381::scalar::test_inversion ... ok
[INFO] [stdout] test ec::bls12_381::tests::groups::test_g1_batch_normalize_with_identity ... ok
[INFO] [stdout] test ec::bls12_381::tests::groups::test_g1_identity_operations ... ok
[INFO] [stdout] test ec::bls12_381::tests::groups::test_g1_conditional_select ... ok
[INFO] [stdout] test ec::bls12_381::tests::groups::test_g1_double_vs_add ... ok
[INFO] [stdout] test ec::bls12_381::tests::groups::test_g1_commutativity ... ok
[INFO] [stdout] test ec::bls12_381::tests::groups::test_g1_endomorphism ... ok
[INFO] [stdout] test ec::bls12_381::tests::groups::test_g1_mixed_addition_consistency ... ok
[INFO] [stdout] test ec::bls12_381::tests::groups::test_g2_double_vs_add ... ok
[INFO] [stdout] test ec::bls12_381::tests::groups::test_g2_conditional_select ... ok
[INFO] [stdout] test ec::bls12_381::scalar::test_to_bytes ... ok
[INFO] [stdout] test ec::bls12_381::tests::groups::test_g1_batch_normalize ... ok
[INFO] [stdout] test ec::bls12_381::tests::groups::test_g1_sum ... ok
[INFO] [stdout] test ec::bls12_381::tests::groups::test_g2_scalar_multiplication_distributivity ... ok
[INFO] [stdout] test ec::bls12_381::tests::groups::test_g2_identity_operations ... ok
[INFO] [stdout] test ec::bls12_381::tests::groups::test_g2_associativity ... ok
[INFO] [stdout] test ec::bls12_381::tests::groups::test_g1_scalar_multiplication_distributivity ... ok
[INFO] [stdout] test ec::bls12_381::tests::groups::test_g2_commutativity ... ok
[INFO] [stdout] test ec::bls12_381::tests::groups::test_g1_torsion_free ... ok
[INFO] [stdout] test ec::bls12_381::tests::hash_to_curve::rfc9380_expand_message_xmd_vectors_include_oversize_dst ... ok
[INFO] [stdout] test ec::bls12_381::tests::hash_to_curve::rfc9380_g1_random_oracle_vectors ... ok
[INFO] [stdout] test ec::bls12_381::tests::groups::test_scalar_sum_and_product ... ok
[INFO] [stdout] test ec::bls12_381::tests::hash_to_curve::test_g1_hash_to_curve_sanity ... ok
[INFO] [stdout] test ec::bls12_381::tests::pairings::test_gt_double ... ok
[INFO] [stdout] test ec::bls12_381::g1::tests::checked_decoders_reject_on_curve_non_subgroup_point ... ok
[INFO] [stdout] test ec::bls12_381::g1::tests::test_g1_msm ... ok
[INFO] [stdout] test ec::bls12_381::tests::pairings::test_gt_negation ... ok
[INFO] [stdout] test ec::bls12_381::tests::hash_to_curve::rfc9380_g2_random_oracle_vectors ... ok
[INFO] [stdout] test ec::bls12_381::tests::groups::test_g1_associativity ... ok
[INFO] [stdout] test ec::bls12_381::tests::groups::secret_big_endian_bridge_matches_g1_and_g2_scalar_multiplication ... ok
[INFO] [stdout] test ec::bls12_381::tests::pairings::test_gt_identity ... ok
[INFO] [stdout] test ec::bls12_381::tests::serialization::g1_compressed_valid_test_vectors ... FAILED
[INFO] [stdout] test ec::bls12_381::tests::pairings::test_pairing_non_degeneracy ... ok
[INFO] [stdout] test ec::bls12_381::tests::serialization::g1_uncompressed_valid_test_vectors ... FAILED
[INFO] [stdout] test ec::bls12_381::tests::serialization::g2_uncompressed_valid_test_vectors ... FAILED
[INFO] [stdout] test ec::bls12_381::tests::serialization::g2_compressed_valid_test_vectors ... FAILED
[INFO] [stdout] test ec::bls12_381::tests::hash_to_curve::test_g2_hash_to_curve_sanity ... ok
[INFO] [stdout] test ec::bls12_381::tests::serialization::test_fp_from_bytes_rejection ... ok
[INFO] [stdout] test ec::bls12_381::tests::serialization::test_g1_infinity_encoding_flags_are_canonical ... ok
[INFO] [stdout] test ec::bls12_381::tests::serialization::test_g1_invalid_compressed_rejection ... ok
[INFO] [stdout] test ec::bls12_381::tests::serialization::test_g1_invalid_uncompressed_rejection ... ok
[INFO] [stdout] test ec::bls12_381::tests::groups::test_g2_sum ... ok
[INFO] [stdout] test ec::bls12_381::tests::pairings::test_multi_miller_loop_with_identity ... ok
[INFO] [stdout] test ec::bls12_381::g2::tests::test_g2_msm ... ok
[INFO] [stdout] test ec::bls12_381::tests::pairings::test_multi_miller_loop_consistency ... ok
[INFO] [stdout] test ec::bls12_381::tests::serialization::test_g2_invalid_compressed_rejection ... ok
[INFO] [stdout] test ec::bls12_381::tests::pairings::test_pairing_result_against_relic ... ok
[INFO] [stdout] test ec::bls12_381::tests::serialization::test_g2_invalid_uncompressed_rejection ... ok
[INFO] [stdout] test ec::bls12_381::tests::groups::test_scalar_edge_cases ... ok
[INFO] [stdout] test ec::bls12_381::tests::groups::test_cofactor_clearing ... ok
[INFO] [stdout] test ec::k256::tests::test_edge_cases ... ok
[INFO] [stdout] test ec::k256::point::lifecycle_tests::affine_drop_and_projective_copy_limit_are_explicit ... ok
[INFO] [stdout] test ec::bls12_381::tests::serialization::test_g2_infinity_encoding_flags_are_canonical ... ok
[INFO] [stdout] test ec::bls12_381::tests::pairings::test_min_pk_bls_equation_and_negative_cases ... ok
[INFO] [stdout] test ec::k256::field::field_constants_tests::test_modulus_is_correct ... ok
[INFO] [stdout] test ec::k256::field::field_constants_tests::zeroize_is_owner_local_under_required_copy_semantics ... ok
[INFO] [stdout] test ec::k256::tests::test_field_arithmetic ... ok
[INFO] [stdout] test ec::bls12_381::tests::pairings::test_pairing_with_identity ... ok
[INFO] [stdout] test ec::bls12_381::tests::pairings::test_pairing_scalar_multiplication ... ok
[INFO] [stdout] test ec::k256::tests::test_point_uncompressed_invalid ... ok
[INFO] [stdout] test ec::k256::tests::test_point_compression_roundtrip ... ok
[INFO] [stdout] test ec::bls12_381::tests::groups::test_g2_batch_normalize ... ok
[INFO] [stdout] test ec::k256::tests::test_point_operations ... ok
[INFO] [stdout] test ec::k256::tests::test_field_parity ... ok
[INFO] [stdout] test ec::k256::tests::test_scalar_canonical_decoding ... ok
[INFO] [stdout] test ec::k256::tests::test_point_uncompressed_roundtrip ... ok
[INFO] [stdout] test ec::p224::point::lifecycle_tests::affine_and_projective_owners_zeroize ... ok
[INFO] [stdout] test ec::p224::tests::intermediate_scalar_reduction_allows_zero_and_reduces_order ... ok
[INFO] [stdout] test ec::p224::tests::scalar_multiplication_vectors::test_base_point_coordinates ... ok
[INFO] [stdout] test ec::p224::field::lifecycle_tests::zeroize_clears_owned_non_copy_field_element ... ok
[INFO] [stdout] test ec::k256::tests::test_scalar_multiplication ... ok
[INFO] [stdout] test ec::p224::tests::test_curve_equation_base_point ... ok
[INFO] [stdout] test ec::bls12_381::tests::pairings::test_pairing_bilinearity ... ok
[INFO] [stdout] test ec::bls12_381::tests::serialization::test_g1_uncompressed_round_trip ... ok
[INFO] [stdout] test ec::k256::tests::test_field_arithmetic_properties ... ok
[INFO] [stdout] test ec::p224::tests::test_field_element_operations ... ok
[INFO] [stdout] test ec::p224::tests::test_kdf ... ok
[INFO] [stdout] test ec::p224::tests::test_final_conditional_subtraction ... ok
[INFO] [stdout] test ec::p224::tests::test_scalar_validation ... ok
[INFO] [stdout] test ec::p256::field::field_constants_tests::test_modulus_is_correct ... ok
[INFO] [stdout] test ec::p256::field::field_constants_tests::zeroize_is_owner_local_under_required_copy_semantics ... ok
[INFO] [stdout] test ec::p256::point::lifecycle_tests::affine_drop_and_projective_copy_limit_are_explicit ... ok
[INFO] [stdout] test ec::p256::tests::add_fold_carry_edge ... ok
[INFO] [stdout] test ec::p256::tests::edge_case_vectors::test_point_addition_edge_cases ... ok
[INFO] [stdout] test ec::bls12_381::tests::serialization::test_g1_compression_round_trip ... ok
[INFO] [stdout] test ec::p256::tests::field_arithmetic_vectors::test_field_modular_inverse ... ok
[INFO] [stdout] test ec::p224::tests::scalar_multiplication_vectors::test_scalar_mult_vectors ... ok
[INFO] [stdout] test ec::p256::tests::field_arithmetic_vectors::test_field_square_consistency ... ok
[INFO] [stdout] test ec::k256::tests::test_keypair_generation ... ok
[INFO] [stdout] test ec::k256::tests::test_field_sqrt_consistency ... ok
[INFO] [stdout] test ec::p256::tests::sbb8_regression_wrap_borrow ... ok
[INFO] [stdout] test ec::p256::tests::point_validation_vectors::test_point_compression_decompression ... ok
[INFO] [stdout] test ec::p256::tests::point_validation_vectors::test_invalid_points ... ok
[INFO] [stdout] test ec::p256::tests::step_1_verify_p256_base_point ... ok
[INFO] [stdout] test ec::p256::tests::step_3_trace_p256_doubling ... ok
[INFO] [stdout] test ec::p256::tests::edge_case_vectors::test_scalar_edge_cases ... ok
[INFO] [stdout] test ec::p256::tests::step_5_p256_reference_doubling ... ok
[INFO] [stdout] test ec::p256::tests::test_a_m3_constant_correctness ... ok
[INFO] [stdout] test ec::p256::tests::test_add_subtract_inverse_operations ... ok
[INFO] [stdout] test ec::p256::tests::test_b_parameter_validation ... ok
[INFO] [stdout] test ec::p256::tests::step_2_verify_p256_field_one ... ok
[INFO] [stdout] test ec::p256::tests::test_compression_non_residue ... ok
[INFO] [stdout] test ec::p256::tests::test_compression_preserves_coordinates ... ok
[INFO] [stdout] test ec::p256::tests::test_compression_invalid_prefix ... ok
[INFO] [stdout] test ec::p256::tests::test_curve_equation_base_point ... ok
[INFO] [stdout] test ec::p256::tests::test_field_element_operations ... ok
[INFO] [stdout] test ec::p256::tests::test_intermediate_scalar_reduction_allows_zero_and_reduces_order ... ok
[INFO] [stdout] test ec::p256::tests::test_kdf ... ok
[INFO] [stdout] test ec::p224::tests::test_point_operations ... ok
[INFO] [stdout] test ec::p224::tests::test_compression_roundtrip ... ok
[INFO] [stdout] test ec::p256::tests::test_multiplication_by_minus3 ... ok
[INFO] [stdout] test ec::p256::tests::test_one_serialization ... ok
[INFO] [stdout] test ec::p256::tests::test_compression_roundtrip ... ok
[INFO] [stdout] test ec::p224::tests::test_scalar_multiplication ... ok
[INFO] [stdout] test ec::p224::tests::test_keypair_generation ... ok
[INFO] [stdout] test ec::p256::tests::test_point_format_detection ... ok
[INFO] [stdout] test ec::p256::tests::test_scalar_loop_order ... ok
[INFO] [stdout] test ec::p256::tests::test_solinas_reduction_correctness ... ok
[INFO] [stdout] test ec::bls12_381::tests::groups::test_g2_torsion_free ... ok
[INFO] [stdout] test ec::p256::tests::test_subtraction_edge_cases ... ok
[INFO] [stdout] test ec::p384::tests::add_fold_carry_edge ... ok
[INFO] [stdout] test ec::p256::tests::test_scalar_validation ... ok
[INFO] [stdout] test ec::p256::tests::test_square_mul_equivalence ... ok
[INFO] [stdout] test ec::p256::tests::scalar_multiplication_vectors::test_order_minus_one_scalar ... ok
[INFO] [stdout] test ec::p384::tests::field_and_point_lifecycle_policy_is_source_enforced ... ok
[INFO] [stdout] test ec::p384::tests::edge_case_vectors::test_point_addition_edge_cases ... ok
[INFO] [stdout] test ec::p256::tests::step_4_p256_scalar_mult_k3 ... ok
[INFO] [stdout] test ec::p384::tests::field_arithmetic_vectors::test_field_addition_subtraction ... ok
[INFO] [stdout] test ec::p384::tests::field_arithmetic_vectors::test_field_square_consistency ... ok
[INFO] [stdout] test ec::p384::tests::intermediate_scalar_reduction_allows_zero_and_reduces_order ... ok
[INFO] [stdout] test ec::p384::tests::point_validation_vectors::test_invalid_points ... ok
[INFO] [stdout] test ec::p256::tests::test_point_operations ... ok
[INFO] [stdout] test ec::p256::tests::test_p256_kem_ephemeral_scalar ... ok
[INFO] [stdout] test ec::p384::tests::point_validation_vectors::test_point_compression_decompression ... ok
[INFO] [stdout] test ec::p384::tests::sbb12_regression_wrap_borrow ... ok
[INFO] [stdout] test ec::p384::tests::field_arithmetic_vectors::test_field_modular_inverse ... ok
[INFO] [stdout] test ec::p256::tests::test_keypair_generation ... ok
[INFO] [stdout] test ec::p384::tests::step_3_trace_p384_doubling ... ok
[INFO] [stdout] test ec::p384::tests::step_5_p384_reference_doubling ... ok
[INFO] [stdout] test ec::p384::tests::test_a_m3_constant_correctness ... ok
[INFO] [stdout] test ec::p384::tests::test_add_subtract_inverse_operations ... ok
[INFO] [stdout] test ec::p384::tests::test_b_parameter_validation ... ok
[INFO] [stdout] test ec::p384::tests::test_compression_non_residue ... ok
[INFO] [stdout] test ec::p384::tests::test_compression_invalid_prefix ... ok
[INFO] [stdout] test ec::p384::tests::test_compression_preserves_coordinates ... ok
[INFO] [stdout] test ec::p384::tests::test_curve_equation_base_point ... ok
[INFO] [stdout] test ec::p384::tests::test_field_element_operations ... ok
[INFO] [stdout] test ec::p384::tests::step_1_verify_p384_base_point ... ok
[INFO] [stdout] test ec::p384::tests::test_kdf ... ok
[INFO] [stdout] test ec::p384::tests::step_2_verify_p384_field_one ... ok
[INFO] [stdout] test ec::p384::tests::test_multiplication_by_minus3 ... ok
[INFO] [stdout] test ec::p384::tests::test_one_serialization ... ok
[INFO] [stdout] test ec::p384::tests::test_point_format_detection ... ok
[INFO] [stdout] test ec::p384::tests::test_scalar_loop_order ... ok
[INFO] [stdout] test ec::p384::tests::step_4_p384_scalar_mult_k3 ... ok
[INFO] [stdout] test ec::bls12_381::tests::serialization::test_g2_compression_round_trip ... ok
[INFO] [stdout] test ec::p256::tests::test_scalar_multiplication ... ok
[INFO] [stdout] test ec::p384::tests::test_scalar_validation ... ok
[INFO] [stdout] test ec::p384::tests::test_solinas_reduction_correctness ... ok
[INFO] [stdout] test ec::p384::tests::test_square_mul_equivalence ... ok
[INFO] [stdout] test ec::p384::tests::test_subtraction_edge_cases ... ok
[INFO] [stdout] test ec::p521::tests::field_and_point_lifecycle_policy_is_source_enforced ... ok
[INFO] [stdout] test ec::p521::tests::scalar_multiplication_vectors::test_base_point_coordinates ... ok
[INFO] [stdout] test ec::p521::tests::intermediate_scalar_reduction_allows_zero_and_reduces_order ... ok
[INFO] [stdout] test ec::p521::tests::field_decoding_rejects_noncanonical_high_bits ... ok
[INFO] [stdout] test ec::p521::tests::test_curve_equation_base_point ... ok
[INFO] [stdout] test ec::p521::tests::test_field_modular_inverse ... ok
[INFO] [stdout] test ec::p521::tests::test_field_element_operations ... ok
[INFO] [stdout] test ec::p521::tests::test_field_square_consistency ... ok
[INFO] [stdout] test ec::p521::tests::test_field_subtraction_edge_cases ... ok
[INFO] [stdout] test ec::p521::tests::test_field_zero_one ... ok
[INFO] [stdout] test ec::bls12_381::tests::serialization::test_g2_uncompressed_round_trip ... ok
[INFO] [stdout] test ec::p521::tests::test_kdf ... ok
[INFO] [stdout] test ec::p521::tests::test_field_sqrt ... ok
[INFO] [stdout] test ec::p384::tests::edge_case_vectors::test_scalar_edge_cases ... ok
[INFO] [stdout] test ec::p521::tests::test_point_serialization ... ok
[INFO] [stdout] test ec::p384::tests::test_compression_roundtrip ... ok
[INFO] [stdout] test ec::k256::tests::test_point_validity ... ok
[INFO] [stdout] test ec::p521::tests::test_scalar_negation ... ok
[INFO] [stdout] test ec::p521::tests::test_scalar_operations ... ok
[INFO] [stdout] test ec::p521::tests::test_point_operations ... ok
[INFO] [stdout] test ec::p256::tests::scalar_multiplication_vectors::test_point_multiplication_vectors ... ok
[INFO] [stdout] test ec::p521::tests::test_scalar_validation ... ok
[INFO] [stdout] test ec::scalar_storage_policy_tests::retained_scalar_sources_keep_secret_storage_raii_protected ... ok
[INFO] [stdout] test error::conversion_tests::owned_parameter_names_do_not_become_static_allocations ... ok
[INFO] [stdout] test error::conversion_tests::randomness_preserves_its_public_error_category ... ok
[INFO] [stdout] test hash::blake2::tests::keyed_blake2_matches_independent_known_answers ... ok
[INFO] [stdout] test hash::blake2::tests::keyed_blake2_rejects_invalid_output_lengths_before_key_staging ... ok
[INFO] [stdout] test hash::blake2::tests::test_blake2b_abc ... ok
[INFO] [stdout] test hash::blake2::tests::test_blake2b_custom_length ... ok
[INFO] [stdout] test hash::blake2::tests::test_blake2b_boundary_sizes ... ok
[INFO] [stdout] test hash::blake2::tests::test_blake2b_empty ... ok
[INFO] [stdout] test hash::blake2::tests::test_blake2b_empty_string ... ok
[INFO] [stdout] test hash::blake2::tests::test_blake2b_incremental ... ok
[INFO] [stdout] test hash::blake2::tests::test_blake2b_vectors ... ok
[INFO] [stdout] test ec::p384::tests::test_point_operations ... ok
[INFO] [stdout] test hash::blake2::tests::test_blake2s_abc ... ok
[INFO] [stdout] test hash::blake2::tests::test_blake2s_boundary_sizes ... ok
[INFO] [stdout] test hash::blake2::tests::test_blake2s_custom_length ... ok
[INFO] [stdout] test hash::blake2::tests::test_blake2b_multiblock ... ok
[INFO] [stdout] test hash::blake2::tests::test_blake2s_incremental ... ok
[INFO] [stdout] test hash::blake2::tests::test_blake2s_multiblock ... ok
[INFO] [stdout] test hash::blake2::tests::test_blake2s_vectors ... ok
[INFO] [stdout] test hash::blake2::tests::test_f1_flag_never_set_sequential_tree ... ok
[INFO] [stdout] test hash::keccak::tests::test_keccak256_empty ... ok
[INFO] [stdout] test hash::keccak::tests::test_keccak256_string ... ok
[INFO] [stdout] test hash::sha1::tests::test_sha1_abc ... ok
[INFO] [stdout] test hash::sha1::tests::test_sha1_empty_string ... ok
[INFO] [stdout] test hash::sha1::tests::test_sha1_incremental ... ok
[INFO] [stdout] test hash::sha1::tests::test_sha1_longer_text ... ok
[INFO] [stdout] test hash::blake2::tests::test_blake2s_empty ... ok
[INFO] [stdout] test hash::sha2::tests::test_sha224_empty ... ok
[INFO] [stdout] test hash::sha2::tests::test_sha256_abc ... ok
[INFO] [stdout] test hash::sha2::tests::test_sha256_empty ... ok
[INFO] [stdout] test hash::sha2::tests::test_sha256_long ... ok
[INFO] [stdout] test hash::sha2::tests::test_sha2_bit_input_validation_and_byte_equivalence ... ok
[INFO] [stdout] test hash::sha2::tests::test_sha2_nist_long_vectors ... FAILED
[INFO] [stdout] test hash::sha2::tests::test_sha2_nist_monte_vectors ... FAILED
[INFO] [stdout] test hash::sha2::tests::test_sha2_nist_short_vectors ... FAILED
[INFO] [stdout] test hash::sha2::tests::test_sha2_non_byte_aligned_acvp_vectors ... ok
[INFO] [stdout] test hash::sha2::tests::test_sha2_partial_bit_padding_boundaries ... ok
[INFO] [stdout] test hash::sha2::tests::test_sha384_empty ... ok
[INFO] [stdout] test hash::sha2::tests::test_sha512_224_abc ... ok
[INFO] [stdout] test hash::sha2::tests::test_sha512_224_empty ... ok
[INFO] [stdout] test hash::sha2::tests::test_sha512_256_abc ... ok
[INFO] [stdout] test hash::sha2::tests::test_sha512_256_empty ... ok
[INFO] [stdout] test hash::sha2::tests::test_sha512_empty ... ok
[INFO] [stdout] test hash::sha3::tests::test_sha3_224_empty ... ok
[INFO] [stdout] test hash::sha3::tests::test_sha3_256_empty ... ok
[INFO] [stdout] test hash::sha3::tests::test_sha3_384_empty ... ok
[INFO] [stdout] test hash::sha3::tests::test_sha3_512_empty ... ok
[INFO] [stdout] test hash::sha3::tests::test_sha3_bit_oriented_api_preserves_byte_hashing_and_rejects_ambiguity ... ok
[INFO] [stdout] test hash::sha3::tests::test_sha3_bit_oriented_nist_vectors ... ok
[INFO] [stdout] test hash::sha3::tests::test_sha3_nist_long_vectors ... FAILED
[INFO] [stdout] test hash::sha3::tests::test_sha3_nist_monte_vectors ... FAILED
[INFO] [stdout] test hash::shake::tests::test_shake128_abc ... ok
[INFO] [stdout] test hash::shake::tests::test_shake128_empty ... ok
[INFO] [stdout] test hash::shake::tests::test_shake256_empty ... ok
[INFO] [stdout] test hash::shake::tests::test_shake_nist_long_vectors ... FAILED
[INFO] [stdout] test hash::shake::tests::test_shake_nist_short_vectors ... FAILED
[INFO] [stdout] test hash::sha3::tests::test_sha3_nist_short_vectors ... FAILED
[INFO] [stdout] test hash::blake2::tests::test_blake2b_1million_zeros ... ok
[INFO] [stdout] test hash::sha3::tests::test_sha3_bit_suffix_at_and_across_rate_boundary ... ok
[INFO] [stdout] test kdf::argon2::tests::argon2d_rfc_vector_a1 ... ok
[INFO] [stdout] test kdf::argon2::tests::argon2i_rfc_vector_a3 ... ok
[INFO] [stdout] test kdf::argon2::tests::argon2id_reference_implementation_vector ... ok
[INFO] [stdout] test kdf::argon2::tests::blake2b_argon2_h0_param_block_exact ... ok
[INFO] [stdout] test kdf::argon2::tests::debug_internal_argon2_h_prime ... ok
[INFO] [stdout] test kdf::argon2::tests::generate_salt_correct_size ... ok
[INFO] [stdout] test kdf::argon2::tests::h_prime_1024_matches_rfc_a1_block0 ... ok
[INFO] [stdout] test kdf::argon2::tests::h_prime_final_32_matches_rfc_a1_tag ... ok
[INFO] [stdout] test kdf::hkdf::tests::test_hkdf_invalid_parameters ... ok
[INFO] [stdout] test kdf::hkdf::tests::test_hkdf_sha256_rfc5869_1 ... ok
[INFO] [stdout] test kdf::hkdf::tests::test_hkdf_sha256_rfc5869_2 ... ok
[INFO] [stdout] test kdf::hkdf::tests::test_hkdf_sha256_rfc5869_3 ... ok
[INFO] [stdout] test kdf::hkdf::tests::test_hkdf_sha512 ... ok
[INFO] [stdout] test kdf::pbkdf2::tests::test_pbkdf2_invalid_parameters ... ok
[INFO] [stdout] test kdf::argon2::tests::argon2id_rfc_vector_a5 ... ok
[INFO] [stdout] test kdf::pbkdf2::tests::test_pbkdf2_sha1_rfc6070_1 ... ok
[INFO] [stdout] test kdf::pbkdf2::tests::test_pbkdf2_sha1_rfc6070_2 ... ok
[INFO] [stdout] test ec::p384::tests::scalar_multiplication_vectors::test_order_minus_one_scalar ... ok
[INFO] [stdout] test kdf::pbkdf2::tests::test_pbkdf2_sha1_rfc6070_4 ... ignored
[INFO] [stdout] test ec::p384::tests::test_keypair_generation ... ok
[INFO] [stdout] test ec::p521::tests::scalar_multiplication_vectors::test_scalar_mult_vectors ... ok
[INFO] [stdout] test ec::p521::tests::test_scalar_multiplication ... ok
[INFO] [stdout] test kdf::pbkdf2::tests::test_pbkdf2_sha512 ... ok
[INFO] [stdout] test mac::hmac::tests::test_hmac_error_after_finalize ... ok
[INFO] [stdout] test mac::hmac::tests::test_hmac_incremental ... ok
[INFO] [stdout] test mac::hmac::tests::test_hmac_sha1_rfc2202 ... ok
[INFO] [stdout] test kdf::pbkdf2::tests::test_pbkdf2_object_interface ... ok
[INFO] [stdout] test ec::p384::tests::test_scalar_multiplication ... ok
[INFO] [stdout] test mac::hmac::tests::test_hmac_sha256_rfc4231 ... ok
[INFO] [stdout] test mac::hmac::tests::test_hmac_verify ... ok
[INFO] [stdout] test mac::poly1305::tests::random_empty_update ... ok
[INFO] [stdout] test mac::poly1305::tests::test_chunked_vs_single_update ... ok
[INFO] [stdout] test mac::poly1305::tests::test_empty_message ... ok
[INFO] [stdout] test mac::poly1305::tests::test_hello_message ... ok
[INFO] [stdout] test mac::hmac::tests::test_hmac_sha512_rfc4231 ... ok
[INFO] [stdout] test mac::poly1305::tests::test_multi_block_message ... ok
[INFO] [stdout] test ec::p521::tests::test_keypair_generation ... ok
[INFO] [stdout] test mac::poly1305::tests::test_poly1305_rfc8439_vector11 ... ok
[INFO] [stdout] test mac::poly1305::tests::test_poly1305_rfc8439_vector2 ... ok
[INFO] [stdout] test mac::poly1305::tests::test_poly1305_rfc8439_vector5 ... ok
[INFO] [stdout] test mac::poly1305::tests::test_poly1305_rfc8439_vector6 ... ok
[INFO] [stdout] test mac::poly1305::tests::test_poly1305_rfc8439_vector7 ... ok
[INFO] [stdout] test mac::poly1305::tests::test_poly1305_rfc8439_vector8 ... ok
[INFO] [stdout] test mac::poly1305::tests::test_single_block_message ... ok
[INFO] [stdout] test poly::fft::tests::check_roots_consistency ... ok
[INFO] [stdout] test mac::poly1305::tests::random_vs_chunked_update ... ok
[INFO] [stdout] test poly::fft::tests::test_bit_reversal ... ok
[INFO] [stdout] test poly::fft::tests::test_fft_ifft_roundtrip ... ok
[INFO] [stdout] test poly::fft::tests::test_fft_linearity ... ok
[INFO] [stdout] test mac::poly1305::tests::test_poly1305_rfc8439_vector ... ok
[INFO] [stdout] test poly::fft::tests::negacyclic_roundtrip_random ... ok
[INFO] [stdout] test poly::fft::tests::test_negacyclic_convolution_theorem ... ok
[INFO] [stdout] test mac::poly1305::tests::test_poly1305_rfc8439_vector10 ... ok
[INFO] [stdout] test poly::ntt::tests::arithmetic_tests::test_barrett_reduction ... ok
[INFO] [stdout] test poly::ntt::tests::test_edge_cases ... ok
[INFO] [stdout] test poly::ntt::tests::test_impulse_response ... ok
[INFO] [stdout] test poly::ntt::tests::arithmetic_tests::test_modular_arithmetic_edge_cases ... ok
[INFO] [stdout] test poly::ntt::tests::test_montgomery_arithmetic ... ok
[INFO] [stdout] test poly::ntt::tests::test_ntt_linearity ... ok
[INFO] [stdout] test poly::ntt::tests::test_ntt_multiplication ... ok
[INFO] [stdout] test poly::ntt::tests::test_ntt_roundtrip_ml_dsa ... ok
[INFO] [stdout] test poly::ntt::tests::test_constant_polynomial ... ok
[INFO] [stdout] test poly::ntt::tests::test_polynomial_patterns ... ok
[INFO] [stdout] test poly::ntt::tests::test_ntt_convolution_property ... ok
[INFO] [stdout] test poly::params::tests::test_ml_dsa_constant_calculations ... ok
[INFO] [stdout] test poly::params::tests::test_ml_dsa_general_params ... ok
[INFO] [stdout] test poly::ntt::tests::test_zero_polynomial ... ok
[INFO] [stdout] test poly::params::tests::test_ml_dsa_params ... ok
[INFO] [stdout] test poly::params::tests::test_twist_factors ... ok
[INFO] [stdout] test poly::params::tests::test_zetas_in_montgomery_domain ... ok
[INFO] [stdout] test poly::polynomial::tests::test_ml_dsa_negacyclic ... ok
[INFO] [stdout] test poly::polynomial::tests::test_modular_reduction ... ok
[INFO] [stdout] test poly::polynomial::tests::test_polynomial_addition ... ok
[INFO] [stdout] test poly::polynomial::tests::test_polynomial_negation ... ok
[INFO] [stdout] test poly::polynomial::tests::test_schoolbook_mul_negacyclic ... ok
[INFO] [stdout] test poly::polynomial::tests::test_zeroization ... ok
[INFO] [stdout] test poly::polynomial::tests::test_polynomial_creation ... ok
[INFO] [stdout] test poly::polynomial::tests::test_polynomial_subtraction ... ok
[INFO] [stdout] test poly::ntt::tests::test_domain_conversions ... ok
[INFO] [stdout] test poly::sampling::tests::test_uniform_sampling ... ok
[INFO] [stdout] test poly::serialize::tests::test_bytes_required ... ok
[INFO] [stdout] test poly::sampling::tests::test_cbd_sampling ... ok
[INFO] [stdout] test poly::serialize::tests::test_pack_unpack_roundtrip ... ok
[INFO] [stdout] test ec::k256::tests::test_point_group_properties ... ok
[INFO] [stdout] test stream::chacha::chacha20::tests::test_chacha20_keystream ... ok
[INFO] [stdout] test kdf::pbkdf2::tests::test_pbkdf2_sha256 ... ok
[INFO] [stdout] test stream::chacha::chacha20::tests::counter_exhaustion_fails_before_reusing_a_block ... ok
[INFO] [stdout] test stream::chacha::chacha20::tests::test_chacha20_seek ... ok
[INFO] [stdout] test stream::chacha::chacha20::tests::test_chacha20_with_secure_key ... ok
[INFO] [stdout] test stream::chacha::chacha20::tests::test_chacha20_rfc8439 ... ok
[INFO] [stdout] test xof::blake3::tests::test_blake3_abc ... ok
[INFO] [stdout] test xof::blake3::tests::test_blake3_derive_key ... ok
[INFO] [stdout] test xof::blake3::tests::test_blake3_empty ... ok
[INFO] [stdout] test stream::chacha::chacha20::tests::test_chacha20_zeroization ... ok
[INFO] [stdout] test xof::blake3::tests::test_blake3_incremental ... ok
[INFO] [stdout] test xof::blake3::tests::debug_blake3_abc_step_by_step ... ok
[INFO] [stdout] test xof::blake3::tests::test_input_pattern ... ok
[INFO] [stdout] test poly::serialize::tests::test_invalid_parameters ... ok
[INFO] [stdout] test xof::blake3::tests::test_official_test_vectors ... FAILED
[INFO] [stdout] test xof::shake::tests::debug_shake_implementation ... ok
[INFO] [stdout] test xof::shake::tests::test_shake128_empty_output ... ok
[INFO] [stdout] test xof::shake::tests::test_shake128_xof_variable_length ... ok
[INFO] [stdout] test poly::serialize::tests::test_optimized_10bit ... ok
[INFO] [stdout] test xof::blake3::tests::test_blake3_keyed ... ok
[INFO] [stdout] test xof::shake::tests::test_shake256_state_errors ... ok
[INFO] [stdout] test xof::shake::tests::test_shake256_xof_variable_length ... ok
[INFO] [stdout] test xof::shake::tests::test_shake_bit_oriented_api_preserves_byte_input_and_rejects_ambiguity ... ok
[INFO] [stdout] test xof::shake::tests::test_shake_bit_oriented_nist_vectors ... ok
[INFO] [stdout] test xof::shake::tests::test_shake_xof_incremental_output ... ok
[INFO] [stdout] test xof::shake::tests::test_shake_nist_variable_output ... ok
[INFO] [stdout] test xof::shake::tests::test_shake_bit_suffix_at_and_across_rate_boundary ... ok
[INFO] [stdout] test xof::shake::tests::test_shake_reset ... ok
[INFO] [stdout] test xof::tests::test_xof_algorithm_validation ... ok
[INFO] [stdout] test xof::shake::tests::test_xof_reset ... ok
[INFO] [stdout] test xof::shake::tests::test_xof_reuse_error ... ok
[INFO] [stdout] test kdf::pbkdf2::tests::test_pbkdf2_sha1_rfc6070_6 ... ok
[INFO] [stdout] test kdf::pbkdf2::tests::test_pbkdf2_sha1_rfc6070_3 ... ok
[INFO] [stdout] test kdf::pbkdf2::tests::test_pbkdf2_sha1_rfc6070_5 ... ok
[INFO] [stdout] test ec::k256::tests::test_point_uncompressed_property ... ok
[INFO] [stdout] test ec::p384::tests::scalar_multiplication_vectors::test_point_multiplication_vectors ... ok
[INFO] [stdout] test ec::p521::tests::test_point_compression_roundtrip ... ok
[INFO] [stdout] test poly::sampling::tests::test_cbd_distribution ... ok
[INFO] [stdout] test ec::k256::tests::test_point_compression_property ... ok
[INFO] [stdout] test ec::p521::tests::test_scalar_inversion ... ok
[INFO] [stdout] test kdf::argon2::tests::argon2_builder_overrides_work ... ok
[INFO] [stdout] test kdf::argon2::tests::argon2id_phc_string_hash_verify ... ok
[INFO] [stderr] error: test failed, to rerun pass `--lib`
[INFO] [stdout] 
[INFO] [stdout] failures:
[INFO] [stdout] 
[INFO] [stdout] ---- aead::gcm::tests::test_aes_gcm_nist_decrypt_vectors stdout ----
[INFO] [stdout] 
[INFO] [stdout] thread 'aead::gcm::tests::test_aes_gcm_nist_decrypt_vectors' (740) panicked at src/aead/gcm/tests.rs:500:9:
[INFO] [stdout] Test vector file not found: /opt/rustwide/workdir/../../tests/src/vectors/legacy_rsp/gcm/gcmDecrypt128.rsp
[INFO] [stdout] stack backtrace:
[INFO] [stdout]    0:     0x62ff8a6bf891 - <<std[617be2ca0a6fd877]::sys::backtrace::BacktraceLock>::print::DisplayBacktrace as core[a373ad73a504971]::fmt::Display>::fmt
[INFO] [stdout]    1:     0x62ff8a6d419a - core[a373ad73a504971]::fmt::write
[INFO] [stdout]    2:     0x62ff8a6c3aec - <alloc[2e1b2a31b91974c5]::vec::Vec<u8> as core[a373ad73a504971]::io::write::Write>::write_fmt
[INFO] [stdout]    3:     0x62ff8a69b7d6 - std[617be2ca0a6fd877]::panicking::default_hook::{closure#0}
[INFO] [stdout]    4:     0x62ff8a6b7b99 - std[617be2ca0a6fd877]::panicking::default_hook
[INFO] [stdout]    5:     0x62ff8a651a80 - test[aada8e7e76ba119b]::test_main_inner::{closure#0}
[INFO] [stdout]    6:     0x62ff8a6b7d52 - std[617be2ca0a6fd877]::panicking::panic_with_hook
[INFO] [stdout]    7:     0x62ff8a69b882 - std[617be2ca0a6fd877]::panicking::panic_handler::{closure#0}
[INFO] [stdout]    8:     0x62ff8a694409 - std[617be2ca0a6fd877]::sys::backtrace::__rust_end_short_backtrace::<std[617be2ca0a6fd877]::panicking::panic_handler::{closure#0}, !>
[INFO] [stdout]    9:     0x62ff8a69c48d - __rustc[ea4f61d10b84890b]::rust_begin_unwind
[INFO] [stdout]   10:     0x62ff8a6d48cc - core[a373ad73a504971]::panicking::panic_fmt
[INFO] [stdout]   11:     0x62ff8a5865cd - dcrypt_algorithms[22c7bb1b90e5dd97]::aead::gcm::tests::test_aes_gcm_nist_decrypt_vectors
[INFO] [stdout]   12:     0x62ff8a58e819 - <dcrypt_algorithms[22c7bb1b90e5dd97]::aead::gcm::tests::test_aes_gcm_nist_decrypt_vectors::{closure#0} as core[a373ad73a504971]::ops::function::FnOnce<()>>::call_once
[INFO] [stdout]   13:     0x62ff8a644ecb - test[aada8e7e76ba119b]::__rust_begin_short_backtrace::<core[a373ad73a504971]::result::Result<(), alloc[2e1b2a31b91974c5]::string::String>, fn() -> core[a373ad73a504971]::result::Result<(), alloc[2e1b2a31b91974c5]::string::String>>
[INFO] [stdout]   14:     0x62ff8a6520a5 - test[aada8e7e76ba119b]::run_test::{closure#0}
[INFO] [stdout]   15:     0x62ff8a64b994 - std[617be2ca0a6fd877]::sys::backtrace::__rust_begin_short_backtrace::<test[aada8e7e76ba119b]::run_test::{closure#1}, ()>
[INFO] [stdout]   16:     0x62ff8a655132 - <std[617be2ca0a6fd877]::thread::lifecycle::spawn_unchecked<test[aada8e7e76ba119b]::run_test::{closure#1}, ()>::{closure#1} as core[a373ad73a504971]::ops::function::FnOnce<()>>::call_once::{shim:vtable#0}
[INFO] [stdout]   17:     0x62ff8a6beddf - <std[617be2ca0a6fd877]::sys::thread::unix::Thread>::new::thread_start
[INFO] [stdout]   18:     0x78f04e337dfa - <unknown>
[INFO] [stdout]   19:     0x78f04e3cb3d4 - clone
[INFO] [stdout]   20:                0x0 - <unknown>
[INFO] [stdout] 
[INFO] [stdout] ---- block::modes::cbc::tests::test_aes_cbc_nist_vectors stdout ----
[INFO] [stdout] 
[INFO] [stdout] thread 'block::modes::cbc::tests::test_aes_cbc_nist_vectors' (762) panicked at src/block/modes/cbc/tests.rs:40:9:
[INFO] [stdout] Test vector file not found: /opt/rustwide/workdir/../../tests/src/vectors/legacy_rsp/cbc/CBC-AES128-Encrypt.rsp
[INFO] [stdout] stack backtrace:
[INFO] [stdout]    0:     0x62ff8a6bf891 - <<std[617be2ca0a6fd877]::sys::backtrace::BacktraceLock>::print::DisplayBacktrace as core[a373ad73a504971]::fmt::Display>::fmt
[INFO] [stdout]    1:     0x62ff8a6d419a - core[a373ad73a504971]::fmt::write
[INFO] [stdout]    2:     0x62ff8a6c3aec - <alloc[2e1b2a31b91974c5]::vec::Vec<u8> as core[a373ad73a504971]::io::write::Write>::write_fmt
[INFO] [stdout]    3:     0x62ff8a69b7d6 - std[617be2ca0a6fd877]::panicking::default_hook::{closure#0}
[INFO] [stdout]    4:     0x62ff8a6b7b99 - std[617be2ca0a6fd877]::panicking::default_hook
[INFO] [stdout]    5:     0x62ff8a651a80 - test[aada8e7e76ba119b]::test_main_inner::{closure#0}
[INFO] [stdout]    6:     0x62ff8a6b7d52 - std[617be2ca0a6fd877]::panicking::panic_with_hook
[INFO] [stdout]    7:     0x62ff8a69b882 - std[617be2ca0a6fd877]::panicking::panic_handler::{closure#0}
[INFO] [stdout]    8:     0x62ff8a694409 - std[617be2ca0a6fd877]::sys::backtrace::__rust_end_short_backtrace::<std[617be2ca0a6fd877]::panicking::panic_handler::{closure#0}, !>
[INFO] [stdout]    9:     0x62ff8a69c48d - __rustc[ea4f61d10b84890b]::rust_begin_unwind
[INFO] [stdout]   10:     0x62ff8a6d48cc - core[a373ad73a504971]::panicking::panic_fmt
[INFO] [stdout]   11:     0x62ff8a63b965 - <dcrypt_algorithms[22c7bb1b90e5dd97]::block::modes::cbc::tests::test_aes_cbc_nist_vectors::{closure#0} as core[a373ad73a504971]::ops::function::FnOnce<()>>::call_once
[INFO] [stdout]   12:     0x62ff8a644ecb - test[aada8e7e76ba119b]::__rust_begin_short_backtrace::<core[a373ad73a504971]::result::Result<(), alloc[2e1b2a31b91974c5]::string::String>, fn() -> core[a373ad73a504971]::result::Result<(), alloc[2e1b2a31b91974c5]::string::String>>
[INFO] [stdout]   13:     0x62ff8a6520a5 - test[aada8e7e76ba119b]::run_test::{closure#0}
[INFO] [stdout]   14:     0x62ff8a64b994 - std[617be2ca0a6fd877]::sys::backtrace::__rust_begin_short_backtrace::<test[aada8e7e76ba119b]::run_test::{closure#1}, ()>
[INFO] [stdout]   15:     0x62ff8a655132 - <std[617be2ca0a6fd877]::thread::lifecycle::spawn_unchecked<test[aada8e7e76ba119b]::run_test::{closure#1}, ()>::{closure#1} as core[a373ad73a504971]::ops::function::FnOnce<()>>::call_once::{shim:vtable#0}
[INFO] [stdout]   16:     0x62ff8a6beddf - <std[617be2ca0a6fd877]::sys::thread::unix::Thread>::new::thread_start
[INFO] [stdout]   17:     0x78f04e337dfa - <unknown>
[INFO] [stdout]   18:     0x78f04e3cb3d4 - clone
[INFO] [stdout]   19:                0x0 - <unknown>
[INFO] [stdout] 
[INFO] [stdout] ---- block::modes::ctr::tests::test_aes_ctr_nist_vectors stdout ----
[INFO] [stdout] 
[INFO] [stdout] thread 'block::modes::ctr::tests::test_aes_ctr_nist_vectors' (765) panicked at src/block/modes/ctr/tests.rs:41:9:
[INFO] [stdout] Test vector file not found: /opt/rustwide/workdir/../../tests/src/vectors/legacy_rsp/ctr/CTR-AES128-Encrypt.rsp
[INFO] [stdout] stack backtrace:
[INFO] [stdout]    0:     0x62ff8a6bf891 - <<std[617be2ca0a6fd877]::sys::backtrace::BacktraceLock>::print::DisplayBacktrace as core[a373ad73a504971]::fmt::Display>::fmt
[INFO] [stdout]    1:     0x62ff8a6d419a - core[a373ad73a504971]::fmt::write
[INFO] [stdout]    2:     0x62ff8a6c3aec - <alloc[2e1b2a31b91974c5]::vec::Vec<u8> as core[a373ad73a504971]::io::write::Write>::write_fmt
[INFO] [stdout]    3:     0x62ff8a69b7d6 - std[617be2ca0a6fd877]::panicking::default_hook::{closure#0}
[INFO] [stdout]    4:     0x62ff8a6b7b99 - std[617be2ca0a6fd877]::panicking::default_hook
[INFO] [stdout]    5:     0x62ff8a651a80 - test[aada8e7e76ba119b]::test_main_inner::{closure#0}
[INFO] [stdout]    6:     0x62ff8a6b7d52 - std[617be2ca0a6fd877]::panicking::panic_with_hook
[INFO] [stdout]    7:     0x62ff8a69b882 - std[617be2ca0a6fd877]::panicking::panic_handler::{closure#0}
[INFO] [stdout]    8:     0x62ff8a694409 - std[617be2ca0a6fd877]::sys::backtrace::__rust_end_short_backtrace::<std[617be2ca0a6fd877]::panicking::panic_handler::{closure#0}, !>
[INFO] [stdout]    9:     0x62ff8a69c48d - __rustc[ea4f61d10b84890b]::rust_begin_unwind
[INFO] [stdout]   10:     0x62ff8a6d48cc - core[a373ad73a504971]::panicking::panic_fmt
[INFO] [stdout]   11:     0x62ff8a54e372 - <dcrypt_algorithms[22c7bb1b90e5dd97]::block::modes::ctr::tests::test_aes_ctr_nist_vectors::{closure#0} as core[a373ad73a504971]::ops::function::FnOnce<()>>::call_once
[INFO] [stdout]   12:     0x62ff8a644ecb - test[aada8e7e76ba119b]::__rust_begin_short_backtrace::<core[a373ad73a504971]::result::Result<(), alloc[2e1b2a31b91974c5]::string::String>, fn() -> core[a373ad73a504971]::result::Result<(), alloc[2e1b2a31b91974c5]::string::String>>
[INFO] [stdout]   13:     0x62ff8a6520a5 - test[aada8e7e76ba119b]::run_test::{closure#0}
[INFO] [stdout]   14:     0x62ff8a64b994 - std[617be2ca0a6fd877]::sys::backtrace::__rust_begin_short_backtrace::<test[aada8e7e76ba119b]::run_test::{closure#1}, ()>
[INFO] [stdout]   15:     0x62ff8a655132 - <std[617be2ca0a6fd877]::thread::lifecycle::spawn_unchecked<test[aada8e7e76ba119b]::run_test::{closure#1}, ()>::{closure#1} as core[a373ad73a504971]::ops::function::FnOnce<()>>::call_once::{shim:vtable#0}
[INFO] [stdout]   16:     0x62ff8a6beddf - <std[617be2ca0a6fd877]::sys::thread::unix::Thread>::new::thread_start
[INFO] [stdout]   17:     0x78f04e337dfa - <unknown>
[INFO] [stdout]   18:     0x78f04e3cb3d4 - clone
[INFO] [stdout]   19:                0x0 - <unknown>
[INFO] [stdout] 
[INFO] [stdout] ---- ec::bls12_381::tests::serialization::g1_compressed_valid_test_vectors stdout ----
[INFO] [stdout] 
[INFO] [stdout] thread 'ec::bls12_381::tests::serialization::g1_compressed_valid_test_vectors' (859) panicked at src/ec/bls12_381/tests/serialization.rs:298:33:
[INFO] [stdout] Failed to read test vector: "/opt/tests/src/vectors/custom/g1_compressed_valid_test_vectors.dat": Os { code: 2, kind: NotFound, message: "No such file or directory" }
[INFO] [stdout] stack backtrace:
[INFO] [stdout]    0:     0x62ff8a6bf891 - <<std[617be2ca0a6fd877]::sys::backtrace::BacktraceLock>::print::DisplayBacktrace as core[a373ad73a504971]::fmt::Display>::fmt
[INFO] [stdout]    1:     0x62ff8a6d419a - core[a373ad73a504971]::fmt::write
[INFO] [stdout]    2:     0x62ff8a6c3aec - <alloc[2e1b2a31b91974c5]::vec::Vec<u8> as core[a373ad73a504971]::io::write::Write>::write_fmt
[INFO] [stdout]    3:     0x62ff8a69b7d6 - std[617be2ca0a6fd877]::panicking::default_hook::{closure#0}
[INFO] [stdout]    4:     0x62ff8a6b7b99 - std[617be2ca0a6fd877]::panicking::default_hook
[INFO] [stdout]    5:     0x62ff8a651a80 - test[aada8e7e76ba119b]::test_main_inner::{closure#0}
[INFO] [stdout]    6:     0x62ff8a6b7d52 - std[617be2ca0a6fd877]::panicking::panic_with_hook
[INFO] [stdout]    7:     0x62ff8a69b882 - std[617be2ca0a6fd877]::panicking::panic_handler::{closure#0}
[INFO] [stdout]    8:     0x62ff8a694409 - std[617be2ca0a6fd877]::sys::backtrace::__rust_end_short_backtrace::<std[617be2ca0a6fd877]::panicking::panic_handler::{closure#0}, !>
[INFO] [stdout]    9:     0x62ff8a69c48d - __rustc[ea4f61d10b84890b]::rust_begin_unwind
[INFO] [stdout]   10:     0x62ff8a6d48cc - core[a373ad73a504971]::panicking::panic_fmt
[INFO] [stdout]   11:     0x62ff8a6d46a2 - core[a373ad73a504971]::result::unwrap_failed
[INFO] [stdout]   12:     0x62ff8a4a142d - <dcrypt_algorithms[22c7bb1b90e5dd97]::ec::bls12_381::tests::serialization::g1_compressed_valid_test_vectors::{closure#0} as core[a373ad73a504971]::ops::function::FnOnce<()>>::call_once
[INFO] [stdout]   13:     0x62ff8a644ecb - test[aada8e7e76ba119b]::__rust_begin_short_backtrace::<core[a373ad73a504971]::result::Result<(), alloc[2e1b2a31b91974c5]::string::String>, fn() -> core[a373ad73a504971]::result::Result<(), alloc[2e1b2a31b91974c5]::string::String>>
[INFO] [stdout]   14:     0x62ff8a6520a5 - test[aada8e7e76ba119b]::run_test::{closure#0}
[INFO] [stdout]   15:     0x62ff8a64b994 - std[617be2ca0a6fd877]::sys::backtrace::__rust_begin_short_backtrace::<test[aada8e7e76ba119b]::run_test::{closure#1}, ()>
[INFO] [stdout]   16:     0x62ff8a655132 - <std[617be2ca0a6fd877]::thread::lifecycle::spawn_unchecked<test[aada8e7e76ba119b]::run_test::{closure#1}, ()>::{closure#1} as core[a373ad73a504971]::ops::function::FnOnce<()>>::call_once::{shim:vtable#0}
[INFO] [stdout]   17:     0x62ff8a6beddf - <std[617be2ca0a6fd877]::sys::thread::unix::Thread>::new::thread_start
[INFO] [stdout]   18:     0x78f04e337dfa - <unknown>
[INFO] [stdout]   19:     0x78f04e3cb3d4 - clone
[INFO] [stdout]   20:                0x0 - <unknown>
[INFO] [stdout] 
[INFO] [stdout] ---- ec::bls12_381::tests::serialization::g1_uncompressed_valid_test_vectors stdout ----
[INFO] [stdout] 
[INFO] [stdout] thread 'ec::bls12_381::tests::serialization::g1_uncompressed_valid_test_vectors' (860) panicked at src/ec/bls12_381/tests/serialization.rs:271:33:
[INFO] [stdout] Failed to read test vector: "/opt/tests/src/vectors/custom/g1_uncompressed_valid_test_vectors.dat": Os { code: 2, kind: NotFound, message: "No such file or directory" }
[INFO] [stdout] stack backtrace:
[INFO] [stdout]    0:     0x62ff8a6bf891 - <<std[617be2ca0a6fd877]::sys::backtrace::BacktraceLock>::print::DisplayBacktrace as core[a373ad73a504971]::fmt::Display>::fmt
[INFO] [stdout]    1:     0x62ff8a6d419a - core[a373ad73a504971]::fmt::write
[INFO] [stdout]    2:     0x62ff8a6c3aec - <alloc[2e1b2a31b91974c5]::vec::Vec<u8> as core[a373ad73a504971]::io::write::Write>::write_fmt
[INFO] [stdout]    3:     0x62ff8a69b7d6 - std[617be2ca0a6fd877]::panicking::default_hook::{closure#0}
[INFO] [stdout]    4:     0x62ff8a6b7b99 - std[617be2ca0a6fd877]::panicking::default_hook
[INFO] [stdout]    5:     0x62ff8a651a80 - test[aada8e7e76ba119b]::test_main_inner::{closure#0}
[INFO] [stdout]    6:     0x62ff8a6b7d52 - std[617be2ca0a6fd877]::panicking::panic_with_hook
[INFO] [stdout]    7:     0x62ff8a69b882 - std[617be2ca0a6fd877]::panicking::panic_handler::{closure#0}
[INFO] [stdout]    8:     0x62ff8a694409 - std[617be2ca0a6fd877]::sys::backtrace::__rust_end_short_backtrace::<std[617be2ca0a6fd877]::panicking::panic_handler::{closure#0}, !>
[INFO] [stdout]    9:     0x62ff8a69c48d - __rustc[ea4f61d10b84890b]::rust_begin_unwind
[INFO] [stdout]   10:     0x62ff8a6d48cc - core[a373ad73a504971]::panicking::panic_fmt
[INFO] [stdout]   11:     0x62ff8a6d46a2 - core[a373ad73a504971]::result::unwrap_failed
[INFO] [stdout]   12:     0x62ff8a4a2796 - <dcrypt_algorithms[22c7bb1b90e5dd97]::ec::bls12_381::tests::serialization::g1_uncompressed_valid_test_vectors::{closure#0} as core[a373ad73a504971]::ops::function::FnOnce<()>>::call_once
[INFO] [stdout]   13:     0x62ff8a644ecb - test[aada8e7e76ba119b]::__rust_begin_short_backtrace::<core[a373ad73a504971]::result::Result<(), alloc[2e1b2a31b91974c5]::string::String>, fn() -> core[a373ad73a504971]::result::Result<(), alloc[2e1b2a31b91974c5]::string::String>>
[INFO] [stdout]   14:     0x62ff8a6520a5 - test[aada8e7e76ba119b]::run_test::{closure#0}
[INFO] [stdout]   15:     0x62ff8a64b994 - std[617be2ca0a6fd877]::sys::backtrace::__rust_begin_short_backtrace::<test[aada8e7e76ba119b]::run_test::{closure#1}, ()>
[INFO] [stdout]   16:     0x62ff8a655132 - <std[617be2ca0a6fd877]::thread::lifecycle::spawn_unchecked<test[aada8e7e76ba119b]::run_test::{closure#1}, ()>::{closure#1} as core[a373ad73a504971]::ops::function::FnOnce<()>>::call_once::{shim:vtable#0}
[INFO] [stdout]   17:     0x62ff8a6beddf - <std[617be2ca0a6fd877]::sys::thread::unix::Thread>::new::thread_start
[INFO] [stdout]   18:     0x78f04e337dfa - <unknown>
[INFO] [stdout]   19:     0x78f04e3cb3d4 - clone
[INFO] [stdout]   20:                0x0 - <unknown>
[INFO] [stdout] 
[INFO] [stdout] ---- ec::bls12_381::tests::serialization::g2_uncompressed_valid_test_vectors stdout ----
[INFO] [stdout] 
[INFO] [stdout] thread 'ec::bls12_381::tests::serialization::g2_uncompressed_valid_test_vectors' (862) panicked at src/ec/bls12_381/tests/serialization.rs:325:33:
[INFO] [stdout] Failed to read test vector: "/opt/tests/src/vectors/custom/g2_uncompressed_valid_test_vectors.dat": Os { code: 2, kind: NotFound, message: "No such file or directory" }
[INFO] [stdout] stack backtrace:
[INFO] [stdout]    0:     0x62ff8a6bf891 - <<std[617be2ca0a6fd877]::sys::backtrace::BacktraceLock>::print::DisplayBacktrace as core[a373ad73a504971]::fmt::Display>::fmt
[INFO] [stdout]    1:     0x62ff8a6d419a - core[a373ad73a504971]::fmt::write
[INFO] [stdout]    2:     0x62ff8a6c3aec - <alloc[2e1b2a31b91974c5]::vec::Vec<u8> as core[a373ad73a504971]::io::write::Write>::write_fmt
[INFO] [stdout]    3:     0x62ff8a69b7d6 - std[617be2ca0a6fd877]::panicking::default_hook::{closure#0}
[INFO] [stdout]    4:     0x62ff8a6b7b99 - std[617be2ca0a6fd877]::panicking::default_hook
[INFO] [stdout]    5:     0x62ff8a651a80 - test[aada8e7e76ba119b]::test_main_inner::{closure#0}
[INFO] [stdout]    6:     0x62ff8a6b7d52 - std[617be2ca0a6fd877]::panicking::panic_with_hook
[INFO] [stdout]    7:     0x62ff8a69b882 - std[617be2ca0a6fd877]::panicking::panic_handler::{closure#0}
[INFO] [stdout]    8:     0x62ff8a694409 - std[617be2ca0a6fd877]::sys::backtrace::__rust_end_short_backtrace::<std[617be2ca0a6fd877]::panicking::panic_handler::{closure#0}, !>
[INFO] [stdout]    9:     0x62ff8a69c48d - __rustc[ea4f61d10b84890b]::rust_begin_unwind
[INFO] [stdout]   10:     0x62ff8a6d48cc - core[a373ad73a504971]::panicking::panic_fmt
[INFO] [stdout]   11:     0x62ff8a6d46a2 - core[a373ad73a504971]::result::unwrap_failed
[INFO] [stdout]   12:     0x62ff8a4a2f7f - <dcrypt_algorithms[22c7bb1b90e5dd97]::ec::bls12_381::tests::serialization::g2_uncompressed_valid_test_vectors::{closure#0} as core[a373ad73a504971]::ops::function::FnOnce<()>>::call_once
[INFO] [stdout]   13:     0x62ff8a644ecb - test[aada8e7e76ba119b]::__rust_begin_short_backtrace::<core[a373ad73a504971]::result::Result<(), alloc[2e1b2a31b91974c5]::string::String>, fn() -> core[a373ad73a504971]::result::Result<(), alloc[2e1b2a31b91974c5]::string::String>>
[INFO] [stdout]   14:     0x62ff8a6520a5 - test[aada8e7e76ba119b]::run_test::{closure#0}
[INFO] [stdout]   15:     0x62ff8a64b994 - std[617be2ca0a6fd877]::sys::backtrace::__rust_begin_short_backtrace::<test[aada8e7e76ba119b]::run_test::{closure#1}, ()>
[INFO] [stdout]   16:     0x62ff8a655132 - <std[617be2ca0a6fd877]::thread::lifecycle::spawn_unchecked<test[aada8e7e76ba119b]::run_test::{closure#1}, ()>::{closure#1} as core[a373ad73a504971]::ops::function::FnOnce<()>>::call_once::{shim:vtable#0}
[INFO] [stdout]   17:     0x62ff8a6beddf - <std[617be2ca0a6fd877]::sys::thread::unix::Thread>::new::thread_start
[INFO] [stdout]   18:     0x78f04e337dfa - <unknown>
[INFO] [stdout]   19:     0x78f04e3cb3d4 - clone
[INFO] [stdout]   20:                0x0 - <unknown>
[INFO] [stdout] 
[INFO] [stdout] ---- ec::bls12_381::tests::serialization::g2_compressed_valid_test_vectors stdout ----
[INFO] [stdout] 
[INFO] [stdout] thread 'ec::bls12_381::tests::serialization::g2_compressed_valid_test_vectors' (861) panicked at src/ec/bls12_381/tests/serialization.rs:352:33:
[INFO] [stdout] Failed to read test vector: "/opt/tests/src/vectors/custom/g2_compressed_valid_test_vectors.dat": Os { code: 2, kind: NotFound, message: "No such file or directory" }
[INFO] [stdout] stack backtrace:
[INFO] [stdout]    0:     0x62ff8a6bf891 - <<std[617be2ca0a6fd877]::sys::backtrace::BacktraceLock>::print::DisplayBacktrace as core[a373ad73a504971]::fmt::Display>::fmt
[INFO] [stdout]    1:     0x62ff8a6d419a - core[a373ad73a504971]::fmt::write
[INFO] [stdout]    2:     0x62ff8a6c3aec - <alloc[2e1b2a31b91974c5]::vec::Vec<u8> as core[a373ad73a504971]::io::write::Write>::write_fmt
[INFO] [stdout]    3:     0x62ff8a69b7d6 - std[617be2ca0a6fd877]::panicking::default_hook::{closure#0}
[INFO] [stdout]    4:     0x62ff8a6b7b99 - std[617be2ca0a6fd877]::panicking::default_hook
[INFO] [stdout]    5:     0x62ff8a651a80 - test[aada8e7e76ba119b]::test_main_inner::{closure#0}
[INFO] [stdout]    6:     0x62ff8a6b7d52 - std[617be2ca0a6fd877]::panicking::panic_with_hook
[INFO] [stdout]    7:     0x62ff8a69b882 - std[617be2ca0a6fd877]::panicking::panic_handler::{closure#0}
[INFO] [stdout]    8:     0x62ff8a694409 - std[617be2ca0a6fd877]::sys::backtrace::__rust_end_short_backtrace::<std[617be2ca0a6fd877]::panicking::panic_handler::{closure#0}, !>
[INFO] [stdout]    9:     0x62ff8a69c48d - __rustc[ea4f61d10b84890b]::rust_begin_unwind
[INFO] [stdout]   10:     0x62ff8a6d48cc - core[a373ad73a504971]::panicking::panic_fmt
[INFO] [stdout]   11:     0x62ff8a6d46a2 - core[a373ad73a504971]::result::unwrap_failed
[INFO] [stdout]   12:     0x62ff8a4a1ef2 - <dcrypt_algorithms[22c7bb1b90e5dd97]::ec::bls12_381::tests::serialization::g2_compressed_valid_test_vectors::{closure#0} as core[a373ad73a504971]::ops::function::FnOnce<()>>::call_once
[INFO] [stdout]   13:     0x62ff8a644ecb - test[aada8e7e76ba119b]::__rust_begin_short_backtrace::<core[a373ad73a504971]::result::Result<(), alloc[2e1b2a31b91974c5]::string::String>, fn() -> core[a373ad73a504971]::result::Result<(), alloc[2e1b2a31b91974c5]::string::String>>
[INFO] [stdout]   14:     0x62ff8a6520a5 - test[aada8e7e76ba119b]::run_test::{closure#0}
[INFO] [stdout]   15:     0x62ff8a64b994 - std[617be2ca0a6fd877]::sys::backtrace::__rust_begin_short_backtrace::<test[aada8e7e76ba119b]::run_test::{closure#1}, ()>
[INFO] [stdout]   16:     0x62ff8a655132 - <std[617be2ca0a6fd877]::thread::lifecycle::spawn_unchecked<test[aada8e7e76ba119b]::run_test::{closure#1}, ()>::{closure#1} as core[a373ad73a504971]::ops::function::FnOnce<()>>::call_once::{shim:vtable#0}
[INFO] [stdout]   17:     0x62ff8a6beddf - <std[617be2ca0a6fd877]::sys::thread::unix::Thread>::new::thread_start
[INFO] [stdout]   18:     0x78f04e337dfa - <unknown>
[INFO] [stdout]   19:     0x78f04e3cb3d4 - clone
[INFO] [stdout]   20:                0x0 - <unknown>
[INFO] [stdout] 
[INFO] [stdout] ---- hash::sha2::tests::test_sha2_nist_long_vectors stdout ----
[INFO] [stdout] 
[INFO] [stdout] thread 'hash::sha2::tests::test_sha2_nist_long_vectors' (1042) panicked at src/hash/sha2/tests.rs:244:9:
[INFO] [stdout] Test vector file not found: /opt/rustwide/workdir/../../tests/src/vectors/legacy_rsp/sha2/SHA224LongMsg.rsp
[INFO] [stdout] stack backtrace:
[INFO] [stdout]    0:     0x62ff8a6bf891 - <<std[617be2ca0a6fd877]::sys::backtrace::BacktraceLock>::print::DisplayBacktrace as core[a373ad73a504971]::fmt::Display>::fmt
[INFO] [stdout]    1:     0x62ff8a6d419a - core[a373ad73a504971]::fmt::write
[INFO] [stdout]    2:     0x62ff8a6c3aec - <alloc[2e1b2a31b91974c5]::vec::Vec<u8> as core[a373ad73a504971]::io::write::Write>::write_fmt
[INFO] [stdout]    3:     0x62ff8a69b7d6 - std[617be2ca0a6fd877]::panicking::default_hook::{closure#0}
[INFO] [stdout]    4:     0x62ff8a6b7b99 - std[617be2ca0a6fd877]::panicking::default_hook
[INFO] [stdout]    5:     0x62ff8a651a80 - test[aada8e7e76ba119b]::test_main_inner::{closure#0}
[INFO] [stdout]    6:     0x62ff8a6b7d52 - std[617be2ca0a6fd877]::panicking::panic_with_hook
[INFO] [stdout]    7:     0x62ff8a69b882 - std[617be2ca0a6fd877]::panicking::panic_handler::{closure#0}
[INFO] [stdout]    8:     0x62ff8a694409 - std[617be2ca0a6fd877]::sys::backtrace::__rust_end_short_backtrace::<std[617be2ca0a6fd877]::panicking::panic_handler::{closure#0}, !>
[INFO] [stdout]    9:     0x62ff8a69c48d - __rustc[ea4f61d10b84890b]::rust_begin_unwind
[INFO] [stdout]   10:     0x62ff8a6d48cc - core[a373ad73a504971]::panicking::panic_fmt
[INFO] [stdout]   11:     0x62ff8a6288d0 - <dcrypt_algorithms[22c7bb1b90e5dd97]::hash::sha2::tests::test_sha2_nist_long_vectors::{closure#0} as core[a373ad73a504971]::ops::function::FnOnce<()>>::call_once
[INFO] [stdout]   12:     0x62ff8a644ecb - test[aada8e7e76ba119b]::__rust_begin_short_backtrace::<core[a373ad73a504971]::result::Result<(), alloc[2e1b2a31b91974c5]::string::String>, fn() -> core[a373ad73a504971]::result::Result<(), alloc[2e1b2a31b91974c5]::string::String>>
[INFO] [stdout]   13:     0x62ff8a6520a5 - test[aada8e7e76ba119b]::run_test::{closure#0}
[INFO] [stdout]   14:     0x62ff8a64b994 - std[617be2ca0a6fd877]::sys::backtrace::__rust_begin_short_backtrace::<test[aada8e7e76ba119b]::run_test::{closure#1}, ()>
[INFO] [stdout]   15:     0x62ff8a655132 - <std[617be2ca0a6fd877]::thread::lifecycle::spawn_unchecked<test[aada8e7e76ba119b]::run_test::{closure#1}, ()>::{closure#1} as core[a373ad73a504971]::ops::function::FnOnce<()>>::call_once::{shim:vtable#0}
[INFO] [stdout]   16:     0x62ff8a6beddf - <std[617be2ca0a6fd877]::sys::thread::unix::Thread>::new::thread_start
[INFO] [stdout]   17:     0x78f04e337dfa - <unknown>
[INFO] [stdout]   18:     0x78f04e3cb3d4 - clone
[INFO] [stdout]   19:                0x0 - <unknown>
[INFO] [stdout] 
[INFO] [stdout] ---- hash::sha2::tests::test_sha2_nist_monte_vectors stdout ----
[INFO] [stdout] 
[INFO] [stdout] thread 'hash::sha2::tests::test_sha2_nist_monte_vectors' (1043) panicked at src/hash/sha2/tests.rs:423:9:
[INFO] [stdout] Test vector file not found: /opt/rustwide/workdir/../../tests/src/vectors/legacy_rsp/sha2/SHA224Monte.rsp
[INFO] [stdout] stack backtrace:
[INFO] [stdout]    0:     0x62ff8a6bf891 - <<std[617be2ca0a6fd877]::sys::backtrace::BacktraceLock>::print::DisplayBacktrace as core[a373ad73a504971]::fmt::Display>::fmt
[INFO] [stdout]    1:     0x62ff8a6d419a - core[a373ad73a504971]::fmt::write
[INFO] [stdout]    2:     0x62ff8a6c3aec - <alloc[2e1b2a31b91974c5]::vec::Vec<u8> as core[a373ad73a504971]::io::write::Write>::write_fmt
[INFO] [stdout]    3:     0x62ff8a69b7d6 - std[617be2ca0a6fd877]::panicking::default_hook::{closure#0}
[INFO] [stdout]    4:     0x62ff8a6b7b99 - std[617be2ca0a6fd877]::panicking::default_hook
[INFO] [stdout]    5:     0x62ff8a651a80 - test[aada8e7e76ba119b]::test_main_inner::{closure#0}
[INFO] [stdout]    6:     0x62ff8a6b7d52 - std[617be2ca0a6fd877]::panicking::panic_with_hook
[INFO] [stdout]    7:     0x62ff8a69b882 - std[617be2ca0a6fd877]::panicking::panic_handler::{closure#0}
[INFO] [stdout]    8:     0x62ff8a694409 - std[617be2ca0a6fd877]::sys::backtrace::__rust_end_short_backtrace::<std[617be2ca0a6fd877]::panicking::panic_handler::{closure#0}, !>
[INFO] [stdout]    9:     0x62ff8a69c48d - __rustc[ea4f61d10b84890b]::rust_begin_unwind
[INFO] [stdout]   10:     0x62ff8a6d48cc - core[a373ad73a504971]::panicking::panic_fmt
[INFO] [stdout]   11:     0x62ff8a620496 - dcrypt_algorithms[22c7bb1b90e5dd97]::hash::sha2::tests::test_sha2_nist_monte_vectors
[INFO] [stdout]   12:     0x62ff8a628999 - <dcrypt_algorithms[22c7bb1b90e5dd97]::hash::sha2::tests::test_sha2_nist_monte_vectors::{closure#0} as core[a373ad73a504971]::ops::function::FnOnce<()>>::call_once
[INFO] [stdout]   13:     0x62ff8a644ecb - test[aada8e7e76ba119b]::__rust_begin_short_backtrace::<core[a373ad73a504971]::result::Result<(), alloc[2e1b2a31b91974c5]::string::String>, fn() -> core[a373ad73a504971]::result::Result<(), alloc[2e1b2a31b91974c5]::string::String>>
[INFO] [stdout]   14:     0x62ff8a6520a5 - test[aada8e7e76ba119b]::run_test::{closure#0}
[INFO] [stdout]   15:     0x62ff8a64b994 - std[617be2ca0a6fd877]::sys::backtrace::__rust_begin_short_backtrace::<test[aada8e7e76ba119b]::run_test::{closure#1}, ()>
[INFO] [stdout]   16:     0x62ff8a655132 - <std[617be2ca0a6fd877]::thread::lifecycle::spawn_unchecked<test[aada8e7e76ba119b]::run_test::{closure#1}, ()>::{closure#1} as core[a373ad73a504971]::ops::function::FnOnce<()>>::call_once::{shim:vtable#0}
[INFO] [stdout]   17:     0x62ff8a6beddf - <std[617be2ca0a6fd877]::sys::thread::unix::Thread>::new::thread_start
[INFO] [stdout]   18:     0x78f04e337dfa - <unknown>
[INFO] [stdout]   19:     0x78f04e3cb3d4 - clone
[INFO] [stdout]   20:                0x0 - <unknown>
[INFO] [stdout] 
[INFO] [stdout] ---- hash::sha2::tests::test_sha2_nist_short_vectors stdout ----
[INFO] [stdout] 
[INFO] [stdout] thread 'hash::sha2::tests::test_sha2_nist_short_vectors' (1044) panicked at src/hash/sha2/tests.rs:218:9:
[INFO] [stdout] Test vector file not found: /opt/rustwide/workdir/../../tests/src/vectors/legacy_rsp/sha2/SHA224ShortMsg.rsp
[INFO] [stdout] stack backtrace:
[INFO] [stdout]    0:     0x62ff8a6bf891 - <<std[617be2ca0a6fd877]::sys::backtrace::BacktraceLock>::print::DisplayBacktrace as core[a373ad73a504971]::fmt::Display>::fmt
[INFO] [stdout]    1:     0x62ff8a6d419a - core[a373ad73a504971]::fmt::write
[INFO] [stdout]    2:     0x62ff8a6c3aec - <alloc[2e1b2a31b91974c5]::vec::Vec<u8> as core[a373ad73a504971]::io::write::Write>::write_fmt
[INFO] [stdout]    3:     0x62ff8a69b7d6 - std[617be2ca0a6fd877]::panicking::default_hook::{closure#0}
[INFO] [stdout]    4:     0x62ff8a6b7b99 - std[617be2ca0a6fd877]::panicking::default_hook
[INFO] [stdout]    5:     0x62ff8a651a80 - test[aada8e7e76ba119b]::test_main_inner::{closure#0}
[INFO] [stdout]    6:     0x62ff8a6b7d52 - std[617be2ca0a6fd877]::panicking::panic_with_hook
[INFO] [stdout]    7:     0x62ff8a69b882 - std[617be2ca0a6fd877]::panicking::panic_handler::{closure#0}
[INFO] [stdout]    8:     0x62ff8a694409 - std[617be2ca0a6fd877]::sys::backtrace::__rust_end_short_backtrace::<std[617be2ca0a6fd877]::panicking::panic_handler::{closure#0}, !>
[INFO] [stdout]    9:     0x62ff8a69c48d - __rustc[ea4f61d10b84890b]::rust_begin_unwind
[INFO] [stdout]   10:     0x62ff8a6d48cc - core[a373ad73a504971]::panicking::panic_fmt
[INFO] [stdout]   11:     0x62ff8a628e00 - <dcrypt_algorithms[22c7bb1b90e5dd97]::hash::sha2::tests::test_sha2_nist_short_vectors::{closure#0} as core[a373ad73a504971]::ops::function::FnOnce<()>>::call_once
[INFO] [stdout]   12:     0x62ff8a644ecb - test[aada8e7e76ba119b]::__rust_begin_short_backtrace::<core[a373ad73a504971]::result::Result<(), alloc[2e1b2a31b91974c5]::string::String>, fn() -> core[a373ad73a504971]::result::Result<(), alloc[2e1b2a31b91974c5]::string::String>>
[INFO] [stdout]   13:     0x62ff8a6520a5 - test[aada8e7e76ba119b]::run_test::{closure#0}
[INFO] [stdout]   14:     0x62ff8a64b994 - std[617be2ca0a6fd877]::sys::backtrace::__rust_begin_short_backtrace::<test[aada8e7e76ba119b]::run_test::{closure#1}, ()>
[INFO] [stdout]   15:     0x62ff8a655132 - <std[617be2ca0a6fd877]::thread::lifecycle::spawn_unchecked<test[aada8e7e76ba119b]::run_test::{closure#1}, ()>::{closure#1} as core[a373ad73a504971]::ops::function::FnOnce<()>>::call_once::{shim:vtable#0}
[INFO] [stdout]   16:     0x62ff8a6beddf - <std[617be2ca0a6fd877]::sys::thread::unix::Thread>::new::thread_start
[INFO] [stdout]   17:     0x78f04e337dfa - <unknown>
[INFO] [stdout]   18:     0x78f04e3cb3d4 - clone
[INFO] [stdout]   19:                0x0 - <unknown>
[INFO] [stdout] 
[INFO] [stdout] ---- hash::sha3::tests::test_sha3_nist_long_vectors stdout ----
[INFO] [stdout] 
[INFO] [stdout] thread 'hash::sha3::tests::test_sha3_nist_long_vectors' (1060) panicked at src/hash/sha3/tests.rs:333:9:
[INFO] [stdout] Test vector file not found: /opt/rustwide/workdir/../../tests/src/vectors/legacy_rsp/sha3/SHA3_224LongMsg.rsp
[INFO] [stdout] stack backtrace:
[INFO] [stdout]    0:     0x62ff8a6bf891 - <<std[617be2ca0a6fd877]::sys::backtrace::BacktraceLock>::print::DisplayBacktrace as core[a373ad73a504971]::fmt::Display>::fmt
[INFO] [stdout]    1:     0x62ff8a6d419a - core[a373ad73a504971]::fmt::write
[INFO] [stdout]    2:     0x62ff8a6c3aec - <alloc[2e1b2a31b91974c5]::vec::Vec<u8> as core[a373ad73a504971]::io::write::Write>::write_fmt
[INFO] [stdout]    3:     0x62ff8a69b7d6 - std[617be2ca0a6fd877]::panicking::default_hook::{closure#0}
[INFO] [stdout]    4:     0x62ff8a6b7b99 - std[617be2ca0a6fd877]::panicking::default_hook
[INFO] [stdout]    5:     0x62ff8a651a80 - test[aada8e7e76ba119b]::test_main_inner::{closure#0}
[INFO] [stdout]    6:     0x62ff8a6b7d52 - std[617be2ca0a6fd877]::panicking::panic_with_hook
[INFO] [stdout]    7:     0x62ff8a69b882 - std[617be2ca0a6fd877]::panicking::panic_handler::{closure#0}
[INFO] [stdout]    8:     0x62ff8a694409 - std[617be2ca0a6fd877]::sys::backtrace::__rust_end_short_backtrace::<std[617be2ca0a6fd877]::panicking::panic_handler::{closure#0}, !>
[INFO] [stdout]    9:     0x62ff8a69c48d - __rustc[ea4f61d10b84890b]::rust_begin_unwind
[INFO] [stdout]   10:     0x62ff8a6d48cc - core[a373ad73a504971]::panicking::panic_fmt
[INFO] [stdout]   11:     0x62ff8a505f70 - <dcrypt_algorithms[22c7bb1b90e5dd97]::hash::sha3::tests::test_sha3_nist_long_vectors::{closure#0} as core[a373ad73a504971]::ops::function::FnOnce<()>>::call_once
[INFO] [stdout]   12:     0x62ff8a644ecb - test[aada8e7e76ba119b]::__rust_begin_short_backtrace::<core[a373ad73a504971]::result::Result<(), alloc[2e1b2a31b91974c5]::string::String>, fn() -> core[a373ad73a504971]::result::Result<(), alloc[2e1b2a31b91974c5]::string::String>>
[INFO] [stdout]   13:     0x62ff8a6520a5 - test[aada8e7e76ba119b]::run_test::{closure#0}
[INFO] [stdout]   14:     0x62ff8a64b994 - std[617be2ca0a6fd877]::sys::backtrace::__rust_begin_short_backtrace::<test[aada8e7e76ba119b]::run_test::{closure#1}, ()>
[INFO] [stdout]   15:     0x62ff8a655132 - <std[617be2ca0a6fd877]::thread::lifecycle::spawn_unchecked<test[aada8e7e76ba119b]::run_test::{closure#1}, ()>::{closure#1} as core[a373ad73a504971]::ops::function::FnOnce<()>>::call_once::{shim:vtable#0}
[INFO] [stdout]   16:     0x62ff8a6beddf - <std[617be2ca0a6fd877]::sys::thread::unix::Thread>::new::thread_start
[INFO] [stdout]   17:     0x78f04e337dfa - <unknown>
[INFO] [stdout]   18:     0x78f04e3cb3d4 - clone
[INFO] [stdout]   19:                0x0 - <unknown>
[INFO] [stdout] 
[INFO] [stdout] ---- hash::sha3::tests::test_sha3_nist_monte_vectors stdout ----
[INFO] [stdout] 
[INFO] [stdout] thread 'hash::sha3::tests::test_sha3_nist_monte_vectors' (1061) panicked at src/hash/sha3/tests.rs:470:9:
[INFO] [stdout] Test vector file not found: /opt/rustwide/workdir/../../tests/src/vectors/legacy_rsp/sha3/SHA3_224Monte.rsp
[INFO] [stdout] stack backtrace:
[INFO] [stdout]    0:     0x62ff8a6bf891 - <<std[617be2ca0a6fd877]::sys::backtrace::BacktraceLock>::print::DisplayBacktrace as core[a373ad73a504971]::fmt::Display>::fmt
[INFO] [stdout]    1:     0x62ff8a6d419a - core[a373ad73a504971]::fmt::write
[INFO] [stdout]    2:     0x62ff8a6c3aec - <alloc[2e1b2a31b91974c5]::vec::Vec<u8> as core[a373ad73a504971]::io::write::Write>::write_fmt
[INFO] [stdout]    3:     0x62ff8a69b7d6 - std[617be2ca0a6fd877]::panicking::default_hook::{closure#0}
[INFO] [stdout]    4:     0x62ff8a6b7b99 - std[617be2ca0a6fd877]::panicking::default_hook
[INFO] [stdout]    5:     0x62ff8a651a80 - test[aada8e7e76ba119b]::test_main_inner::{closure#0}
[INFO] [stdout]    6:     0x62ff8a6b7d52 - std[617be2ca0a6fd877]::panicking::panic_with_hook
[INFO] [stdout]    7:     0x62ff8a69b882 - std[617be2ca0a6fd877]::panicking::panic_handler::{closure#0}
[INFO] [stdout]    8:     0x62ff8a694409 - std[617be2ca0a6fd877]::sys::backtrace::__rust_end_short_backtrace::<std[617be2ca0a6fd877]::panicking::panic_handler::{closure#0}, !>
[INFO] [stdout]    9:     0x62ff8a69c48d - __rustc[ea4f61d10b84890b]::rust_begin_unwind
[INFO] [stdout]   10:     0x62ff8a6d48cc - core[a373ad73a504971]::panicking::panic_fmt
[INFO] [stdout]   11:     0x62ff8a4f82f7 - dcrypt_algorithms[22c7bb1b90e5dd97]::hash::sha3::tests::test_sha3_nist_monte_vectors::{closure#0}
[INFO] [stdout]   12:     0x62ff8a506039 - <dcrypt_algorithms[22c7bb1b90e5dd97]::hash::sha3::tests::test_sha3_nist_monte_vectors::{closure#0} as core[a373ad73a504971]::ops::function::FnOnce<()>>::call_once
[INFO] [stdout]   13:     0x62ff8a644ecb - test[aada8e7e76ba119b]::__rust_begin_short_backtrace::<core[a373ad73a504971]::result::Result<(), alloc[2e1b2a31b91974c5]::string::String>, fn() -> core[a373ad73a504971]::result::Result<(), alloc[2e1b2a31b91974c5]::string::String>>
[INFO] [stdout]   14:     0x62ff8a6520a5 - test[aada8e7e76ba119b]::run_test::{closure#0}
[INFO] [stdout]   15:     0x62ff8a64b994 - std[617be2ca0a6fd877]::sys::backtrace::__rust_begin_short_backtrace::<test[aada8e7e76ba119b]::run_test::{closure#1}, ()>
[INFO] [stdout]   16:     0x62ff8a655132 - <std[617be2ca0a6fd877]::thread::lifecycle::spawn_unchecked<test[aada8e7e76ba119b]::run_test::{closure#1}, ()>::{closure#1} as core[a373ad73a504971]::ops::function::FnOnce<()>>::call_once::{shim:vtable#0}
[INFO] [stdout]   17:     0x62ff8a6beddf - <std[617be2ca0a6fd877]::sys::thread::unix::Thread>::new::thread_start
[INFO] [stdout]   18:     0x78f04e337dfa - <unknown>
[INFO] [stdout]   19:     0x78f04e3cb3d4 - clone
[INFO] [stdout]   20:                0x0 - <unknown>
[INFO] [stdout] 
[INFO] [stdout] ---- hash::shake::tests::test_shake_nist_long_vectors stdout ----
[INFO] [stdout] 
[INFO] [stdout] thread 'hash::shake::tests::test_shake_nist_long_vectors' (1066) panicked at src/hash/shake/tests.rs:271:9:
[INFO] [stdout] Test vector file not found: /opt/rustwide/workdir/../../tests/src/vectors/legacy_rsp/shake/SHAKE128LongMsg.rsp
[INFO] [stdout] stack backtrace:
[INFO] [stdout]    0:     0x62ff8a6bf891 - <<std[617be2ca0a6fd877]::sys::backtrace::BacktraceLock>::print::DisplayBacktrace as core[a373ad73a504971]::fmt::Display>::fmt
[INFO] [stdout]    1:     0x62ff8a6d419a - core[a373ad73a504971]::fmt::write
[INFO] [stdout]    2:     0x62ff8a6c3aec - <alloc[2e1b2a31b91974c5]::vec::Vec<u8> as core[a373ad73a504971]::io::write::Write>::write_fmt
[INFO] [stdout]    3:     0x62ff8a69b7d6 - std[617be2ca0a6fd877]::panicking::default_hook::{closure#0}
[INFO] [stdout]    4:     0x62ff8a6b7b99 - std[617be2ca0a6fd877]::panicking::default_hook
[INFO] [stdout]    5:     0x62ff8a651a80 - test[aada8e7e76ba119b]::test_main_inner::{closure#0}
[INFO] [stdout]    6:     0x62ff8a6b7d52 - std[617be2ca0a6fd877]::panicking::panic_with_hook
[INFO] [stdout]    7:     0x62ff8a69b882 - std[617be2ca0a6fd877]::panicking::panic_handler::{closure#0}
[INFO] [stdout]    8:     0x62ff8a694409 - std[617be2ca0a6fd877]::sys::backtrace::__rust_end_short_backtrace::<std[617be2ca0a6fd877]::panicking::panic_handler::{closure#0}, !>
[INFO] [stdout]    9:     0x62ff8a69c48d - __rustc[ea4f61d10b84890b]::rust_begin_unwind
[INFO] [stdout]   10:     0x62ff8a6d48cc - core[a373ad73a504971]::panicking::panic_fmt
[INFO] [stdout]   11:     0x62ff8a636d5a - <dcrypt_algorithms[22c7bb1b90e5dd97]::hash::shake::tests::test_shake_nist_long_vectors::{closure#0} as core[a373ad73a504971]::ops::function::FnOnce<()>>::call_once
[INFO] [stdout]   12:     0x62ff8a644ecb - test[aada8e7e76ba119b]::__rust_begin_short_backtrace::<core[a373ad73a504971]::result::Result<(), alloc[2e1b2a31b91974c5]::string::String>, fn() -> core[a373ad73a504971]::result::Result<(), alloc[2e1b2a31b91974c5]::string::String>>
[INFO] [stdout]   13:     0x62ff8a6520a5 - test[aada8e7e76ba119b]::run_test::{closure#0}
[INFO] [stdout]   14:     0x62ff8a64b994 - std[617be2ca0a6fd877]::sys::backtrace::__rust_begin_short_backtrace::<test[aada8e7e76ba119b]::run_test::{closure#1}, ()>
[INFO] [stdout]   15:     0x62ff8a655132 - <std[617be2ca0a6fd877]::thread::lifecycle::spawn_unchecked<test[aada8e7e76ba119b]::run_test::{closure#1}, ()>::{closure#1} as core[a373ad73a504971]::ops::function::FnOnce<()>>::call_once::{shim:vtable#0}
[INFO] [stdout]   16:     0x62ff8a6beddf - <std[617be2ca0a6fd877]::sys::thread::unix::Thread>::new::thread_start
[INFO] [stdout]   17:     0x78f04e337dfa - <unknown>
[INFO] [stdout]   18:     0x78f04e3cb3d4 - clone
[INFO] [stdout]   19:                0x0 - <unknown>
[INFO] [stdout] 
[INFO] [stdout] ---- hash::shake::tests::test_shake_nist_short_vectors stdout ----
[INFO] [stdout] 
[INFO] [stdout] thread 'hash::shake::tests::test_shake_nist_short_vectors' (1067) panicked at src/hash/shake/tests.rs:248:9:
[INFO] [stdout] Test vector file not found: /opt/rustwide/workdir/../../tests/src/vectors/legacy_rsp/shake/SHAKE128ShortMsg.rsp
[INFO] [stdout] stack backtrace:
[INFO] [stdout]    0:     0x62ff8a6bf891 - <<std[617be2ca0a6fd877]::sys::backtrace::BacktraceLock>::print::DisplayBacktrace as core[a373ad73a504971]::fmt::Display>::fmt
[INFO] [stdout]    1:     0x62ff8a6d419a - core[a373ad73a504971]::fmt::write
[INFO] [stdout]    2:     0x62ff8a6c3aec - <alloc[2e1b2a31b91974c5]::vec::Vec<u8> as core[a373ad73a504971]::io::write::Write>::write_fmt
[INFO] [stdout]    3:     0x62ff8a69b7d6 - std[617be2ca0a6fd877]::panicking::default_hook::{closure#0}
[INFO] [stdout]    4:     0x62ff8a6b7b99 - std[617be2ca0a6fd877]::panicking::default_hook
[INFO] [stdout]    5:     0x62ff8a651a80 - test[aada8e7e76ba119b]::test_main_inner::{closure#0}
[INFO] [stdout]    6:     0x62ff8a6b7d52 - std[617be2ca0a6fd877]::panicking::panic_with_hook
[INFO] [stdout]    7:     0x62ff8a69b882 - std[617be2ca0a6fd877]::panicking::panic_handler::{closure#0}
[INFO] [stdout]    8:     0x62ff8a694409 - std[617be2ca0a6fd877]::sys::backtrace::__rust_end_short_backtrace::<std[617be2ca0a6fd877]::panicking::panic_handler::{closure#0}, !>
[INFO] [stdout]    9:     0x62ff8a69c48d - __rustc[ea4f61d10b84890b]::rust_begin_unwind
[INFO] [stdout]   10:     0x62ff8a6d48cc - core[a373ad73a504971]::panicking::panic_fmt
[INFO] [stdout]   11:     0x62ff8a636fea - <dcrypt_algorithms[22c7bb1b90e5dd97]::hash::shake::tests::test_shake_nist_short_vectors::{closure#0} as core[a373ad73a504971]::ops::function::FnOnce<()>>::call_once
[INFO] [stdout]   12:     0x62ff8a644ecb - test[aada8e7e76ba119b]::__rust_begin_short_backtrace::<core[a373ad73a504971]::result::Result<(), alloc[2e1b2a31b91974c5]::string::String>, fn() -> core[a373ad73a504971]::result::Result<(), alloc[2e1b2a31b91974c5]::string::String>>
[INFO] [stdout]   13:     0x62ff8a6520a5 - test[aada8e7e76ba119b]::run_test::{closure#0}
[INFO] [stdout]   14:     0x62ff8a64b994 - std[617be2ca0a6fd877]::sys::backtrace::__rust_begin_short_backtrace::<test[aada8e7e76ba119b]::run_test::{closure#1}, ()>
[INFO] [stdout]   15:     0x62ff8a655132 - <std[617be2ca0a6fd877]::thread::lifecycle::spawn_unchecked<test[aada8e7e76ba119b]::run_test::{closure#1}, ()>::{closure#1} as core[a373ad73a504971]::ops::function::FnOnce<()>>::call_once::{shim:vtable#0}
[INFO] [stdout]   16:     0x62ff8a6beddf - <std[617be2ca0a6fd877]::sys::thread::unix::Thread>::new::thread_start
[INFO] [stdout]   17:     0x78f04e337dfa - <unknown>
[INFO] [stdout]   18:     0x78f04e3cb3d4 - clone
[INFO] [stdout]   19:                0x0 - <unknown>
[INFO] [stdout] 
[INFO] [stdout] ---- hash::sha3::tests::test_sha3_nist_short_vectors stdout ----
[INFO] [stdout] 
[INFO] [stdout] thread 'hash::sha3::tests::test_sha3_nist_short_vectors' (1062) panicked at src/hash/sha3/tests.rs:302:9:
[INFO] [stdout] Test vector file not found: /opt/rustwide/workdir/../../tests/src/vectors/legacy_rsp/sha3/SHA3_224ShortMsg.rsp
[INFO] [stdout] stack backtrace:
[INFO] [stdout]    0:     0x62ff8a6bf891 - <<std[617be2ca0a6fd877]::sys::backtrace::BacktraceLock>::print::DisplayBacktrace as core[a373ad73a504971]::fmt::Display>::fmt
[INFO] [stdout]    1:     0x62ff8a6d419a - core[a373ad73a504971]::fmt::write
[INFO] [stdout]    2:     0x62ff8a6c3aec - <alloc[2e1b2a31b91974c5]::vec::Vec<u8> as core[a373ad73a504971]::io::write::Write>::write_fmt
[INFO] [stdout]    3:     0x62ff8a69b7d6 - std[617be2ca0a6fd877]::panicking::default_hook::{closure#0}
[INFO] [stdout]    4:     0x62ff8a6b7b99 - std[617be2ca0a6fd877]::panicking::default_hook
[INFO] [stdout]    5:     0x62ff8a651a80 - test[aada8e7e76ba119b]::test_main_inner::{closure#0}
[INFO] [stdout]    6:     0x62ff8a6b7d52 - std[617be2ca0a6fd877]::panicking::panic_with_hook
[INFO] [stdout]    7:     0x62ff8a69b882 - std[617be2ca0a6fd877]::panicking::panic_handler::{closure#0}
[INFO] [stdout]    8:     0x62ff8a694409 - std[617be2ca0a6fd877]::sys::backtrace::__rust_end_short_backtrace::<std[617be2ca0a6fd877]::panicking::panic_handler::{closure#0}, !>
[INFO] [stdout]    9:     0x62ff8a69c48d - __rustc[ea4f61d10b84890b]::rust_begin_unwind
[INFO] [stdout]   10:     0x62ff8a6d48cc - core[a373ad73a504971]::panicking::panic_fmt
[INFO] [stdout]   11:     0x62ff8a506490 - <dcrypt_algorithms[22c7bb1b90e5dd97]::hash::sha3::tests::test_sha3_nist_short_vectors::{closure#0} as core[a373ad73a504971]::ops::function::FnOnce<()>>::call_once
[INFO] [stdout]   12:     0x62ff8a644ecb - test[aada8e7e76ba119b]::__rust_begin_short_backtrace::<core[a373ad73a504971]::result::Result<(), alloc[2e1b2a31b91974c5]::string::String>, fn() -> core[a373ad73a504971]::result::Result<(), alloc[2e1b2a31b91974c5]::string::String>>
[INFO] [stdout]   13:     0x62ff8a6520a5 - test[aada8e7e76ba119b]::run_test::{closure#0}
[INFO] [stdout]   14:     0x62ff8a64b994 - std[617be2ca0a6fd877]::sys::backtrace::__rust_begin_short_backtrace::<test[aada8e7e76ba119b]::run_test::{closure#1}, ()>
[INFO] [stdout]   15:     0x62ff8a655132 - <std[617be2ca0a6fd877]::thread::lifecycle::spawn_unchecked<test[aada8e7e76ba119b]::run_test::{closure#1}, ()>::{closure#1} as core[a373ad73a504971]::ops::function::FnOnce<()>>::call_once::{shim:vtable#0}
[INFO] [stdout]   16:     0x62ff8a6beddf - <std[617be2ca0a6fd877]::sys::thread::unix::Thread>::new::thread_start
[INFO] [stdout]   17:     0x78f04e337dfa - <unknown>
[INFO] [stdout]   18:     0x78f04e3cb3d4 - clone
[INFO] [stdout]   19:                0x0 - <unknown>
[INFO] [stdout] 
[INFO] [stdout] ---- xof::blake3::tests::test_official_test_vectors stdout ----
[INFO] [stdout] 
[INFO] [stdout] thread 'xof::blake3::tests::test_official_test_vectors' (1166) panicked at src/xof/blake3/tests.rs:51:5:
[INFO] [stdout] Test vector file not found: /opt/rustwide/workdir/../../tests/src/vectors/legacy_rsp/blake3/blake3_vectors.json
[INFO] [stdout] stack backtrace:
[INFO] [stdout]    0:     0x62ff8a6bf891 - <<std[617be2ca0a6fd877]::sys::backtrace::BacktraceLock>::print::DisplayBacktrace as core[a373ad73a504971]::fmt::Display>::fmt
[INFO] [stdout]    1:     0x62ff8a6d419a - core[a373ad73a504971]::fmt::write
[INFO] [stdout]    2:     0x62ff8a6c3aec - <alloc[2e1b2a31b91974c5]::vec::Vec<u8> as core[a373ad73a504971]::io::write::Write>::write_fmt
[INFO] [stdout]    3:     0x62ff8a69b7d6 - std[617be2ca0a6fd877]::panicking::default_hook::{closure#0}
[INFO] [stdout]    4:     0x62ff8a6b7b99 - std[617be2ca0a6fd877]::panicking::default_hook
[INFO] [stdout]    5:     0x62ff8a651a80 - test[aada8e7e76ba119b]::test_main_inner::{closure#0}
[INFO] [stdout]    6:     0x62ff8a6b7d52 - std[617be2ca0a6fd877]::panicking::panic_with_hook
[INFO] [stdout]    7:     0x62ff8a69b882 - std[617be2ca0a6fd877]::panicking::panic_handler::{closure#0}
[INFO] [stdout]    8:     0x62ff8a694409 - std[617be2ca0a6fd877]::sys::backtrace::__rust_end_short_backtrace::<std[617be2ca0a6fd877]::panicking::panic_handler::{closure#0}, !>
[INFO] [stdout]    9:     0x62ff8a69c48d - __rustc[ea4f61d10b84890b]::rust_begin_unwind
[INFO] [stdout]   10:     0x62ff8a6d48cc - core[a373ad73a504971]::panicking::panic_fmt
[INFO] [stdout]   11:     0x62ff8a6059b6 - <dcrypt_algorithms[22c7bb1b90e5dd97]::xof::blake3::tests::test_official_test_vectors::{closure#0} as core[a373ad73a504971]::ops::function::FnOnce<()>>::call_once
[INFO] [stdout]   12:     0x62ff8a644ecb - test[aada8e7e76ba119b]::__rust_begin_short_backtrace::<core[a373ad73a504971]::result::Result<(), alloc[2e1b2a31b91974c5]::string::String>, fn() -> core[a373ad73a504971]::result::Result<(), alloc[2e1b2a31b91974c5]::string::String>>
[INFO] [stdout]   13:     0x62ff8a6520a5 - test[aada8e7e76ba119b]::run_test::{closure#0}
[INFO] [stdout]   14:     0x62ff8a64b994 - std[617be2ca0a6fd877]::sys::backtrace::__rust_begin_short_backtrace::<test[aada8e7e76ba119b]::run_test::{closure#1}, ()>
[INFO] [stdout]   15:     0x62ff8a655132 - <std[617be2ca0a6fd877]::thread::lifecycle::spawn_unchecked<test[aada8e7e76ba119b]::run_test::{closure#1}, ()>::{closure#1} as core[a373ad73a504971]::ops::function::FnOnce<()>>::call_once::{shim:vtable#0}
[INFO] [stdout]   16:     0x62ff8a6beddf - <std[617be2ca0a6fd877]::sys::thread::unix::Thread>::new::thread_start
[INFO] [stdout]   17:     0x78f04e337dfa - <unknown>
[INFO] [stdout]   18:     0x78f04e3cb3d4 - clone
[INFO] [stdout]   19:                0x0 - <unknown>
[INFO] [stdout] 
[INFO] [stdout] 
[INFO] [stdout] failures:
[INFO] [stdout]     aead::gcm::tests::test_aes_gcm_nist_decrypt_vectors
[INFO] [stdout]     block::modes::cbc::tests::test_aes_cbc_nist_vectors
[INFO] [stdout]     block::modes::ctr::tests::test_aes_ctr_nist_vectors
[INFO] [stdout]     ec::bls12_381::tests::serialization::g1_compressed_valid_test_vectors
[INFO] [stdout]     ec::bls12_381::tests::serialization::g1_uncompressed_valid_test_vectors
[INFO] [stdout]     ec::bls12_381::tests::serialization::g2_compressed_valid_test_vectors
[INFO] [stdout]     ec::bls12_381::tests::serialization::g2_uncompressed_valid_test_vectors
[INFO] [stdout]     hash::sha2::tests::test_sha2_nist_long_vectors
[INFO] [stdout]     hash::sha2::tests::test_sha2_nist_monte_vectors
[INFO] [stdout]     hash::sha2::tests::test_sha2_nist_short_vectors
[INFO] [stdout]     hash::sha3::tests::test_sha3_nist_long_vectors
[INFO] [stdout]     hash::sha3::tests::test_sha3_nist_monte_vectors
[INFO] [stdout]     hash::sha3::tests::test_sha3_nist_short_vectors
[INFO] [stdout]     hash::shake::tests::test_shake_nist_long_vectors
[INFO] [stdout]     hash::shake::tests::test_shake_nist_short_vectors
[INFO] [stdout]     xof::blake3::tests::test_official_test_vectors
[INFO] [stdout] 
[INFO] [stdout] test result: FAILED. 442 passed; 16 failed; 1 ignored; 0 measured; 0 filtered out; finished in 9.94s
[INFO] [stdout] 
[INFO] running `Command { std: "docker" "inspect" "3b1093fdcbc3fc093039f39b12fbac36cd7584cbdc9619b1b4dec726fd900ec9", kill_on_drop: false }`
[INFO] running `Command { std: "docker" "rm" "-f" "3b1093fdcbc3fc093039f39b12fbac36cd7584cbdc9619b1b4dec726fd900ec9", kill_on_drop: false }`
[INFO] [stdout] 3b1093fdcbc3fc093039f39b12fbac36cd7584cbdc9619b1b4dec726fd900ec9
