[INFO] fetching crate dcr 0.9.1...
[INFO] testing dcr-0.9.1 against 1.99.0-beta.8+cargoflags=--release for beta-release-1.100-2
[INFO] extracting crate dcr 0.9.1 into /workspace/builds/worker-3-tc1/source
[INFO] removed /workspace/builds/worker-3-tc1/source/rust-toolchain.toml
[INFO] started tweaking crates.io crate dcr 0.9.1
[INFO] removed 0 missing tests
[INFO] finished tweaking crates.io crate dcr 0.9.1
[INFO] tweaked toml for crates.io crate dcr 0.9.1 written to /workspace/builds/worker-3-tc1/source/Cargo.toml
[INFO] validating manifest of crates.io crate dcr 0.9.1 on toolchain 1.99.0-beta.8
[INFO] running `Command { std: CARGO_HOME="/workspace/cargo-home" RUSTUP_HOME="/workspace/rustup-home" "/workspace/cargo-home/bin/cargo" "+1.99.0-beta.8" "metadata" "--manifest-path" "Cargo.toml" "--no-deps", kill_on_drop: false }`
[INFO] crate crates.io crate dcr 0.9.1 already has a lockfile, it will not be regenerated
[INFO] running `Command { std: CARGO_HOME="/workspace/cargo-home" RUSTUP_HOME="/workspace/rustup-home" "/workspace/cargo-home/bin/cargo" "+1.99.0-beta.8" "fetch" "--manifest-path" "Cargo.toml", kill_on_drop: false }`
[INFO] [stderr]     Updating crates.io index
[INFO] [stderr]  Downloading crates ...
[INFO] [stderr]   Downloaded self-replace v1.5.0
[INFO] [stderr]   Downloaded fatfs v0.3.6
[INFO] [stderr]   Downloaded rustls-native-certs v0.7.3
[INFO] [stderr]   Downloaded cc v1.3.0
[INFO] running `Command { std: "docker" "create" "-v" "/var/lib/crater-agent-workspace/builds/worker-3-tc1/source:/opt/rustwide/workdir:ro,Z" "-v" "/var/lib/crater-agent-workspace/builds/worker-3-tc1/target:/opt/rustwide/target:rw,Z" "-v" "/var/lib/crater-agent-workspace/cargo-home:/opt/rustwide/cargo-home:ro,Z" "-v" "/var/lib/crater-agent-workspace/rustup-home:/opt/rustwide/rustup-home:ro,Z" "-m" "1610612736" "--network" "none" "ghcr.io/rust-lang/crates-build-env/linux@sha256:77db811e55d90add9212f6832c23229e3de5f1c1f9905e8cb07319ea15df73ac" "sleep" "infinity", kill_on_drop: false }`
[INFO] [stdout] 5363f99740c8320628a0423a64d0161ddc57e5bf595a6bcc4ecb22da12c135ce
[INFO] running `Command { std: "docker" "start" "5363f99740c8320628a0423a64d0161ddc57e5bf595a6bcc4ecb22da12c135ce", kill_on_drop: false }`
[INFO] running `Command { std: "docker" "inspect" "5363f99740c8320628a0423a64d0161ddc57e5bf595a6bcc4ecb22da12c135ce", kill_on_drop: false }`
[INFO] running `Command { std: "docker" "exec" "-e" "SOURCE_DIR=/opt/rustwide/workdir" "-e" "CARGO_HOME=/opt/rustwide/cargo-home" "-e" "RUSTUP_HOME=/opt/rustwide/rustup-home" "-e" "CARGO_TARGET_DIR=/opt/rustwide/target" "-w" "/opt/rustwide/workdir" "--user" "0:0" "5363f99740c8320628a0423a64d0161ddc57e5bf595a6bcc4ecb22da12c135ce" "/opt/rustwide/cargo-home/bin/cargo" "+1.99.0-beta.8" "metadata" "--no-deps" "--format-version=1", kill_on_drop: false }`
[INFO] running `Command { std: "docker" "inspect" "5363f99740c8320628a0423a64d0161ddc57e5bf595a6bcc4ecb22da12c135ce", kill_on_drop: false }`
[INFO] running `Command { std: "docker" "exec" "-e" "SOURCE_DIR=/opt/rustwide/workdir" "-e" "CARGO_HOME=/opt/rustwide/cargo-home" "-e" "RUSTUP_HOME=/opt/rustwide/rustup-home" "-e" "CARGO_TARGET_DIR=/opt/rustwide/target" "-e" "CARGO_INCREMENTAL=0" "-e" "RUST_BACKTRACE=full" "-e" "RUSTFLAGS=--cap-lints=warn" "-e" "RUSTDOCFLAGS=--cap-lints=warn" "-w" "/opt/rustwide/workdir" "--user" "0:0" "5363f99740c8320628a0423a64d0161ddc57e5bf595a6bcc4ecb22da12c135ce" "/opt/rustwide/cargo-home/bin/cargo" "+1.99.0-beta.8" "build" "--frozen" "--message-format=json" "--release", kill_on_drop: false }`
[INFO] [stderr]    Compiling proc-macro2 v1.0.106
[INFO] [stderr]    Compiling quote v1.0.45
[INFO] [stderr]    Compiling unicode-ident v1.0.24
[INFO] [stderr]    Compiling stable_deref_trait v1.2.1
[INFO] [stderr]    Compiling litemap v0.8.2
[INFO] [stderr]    Compiling writeable v0.6.3
[INFO] [stderr]    Compiling serde_core v1.0.228
[INFO] [stderr]    Compiling libc v0.2.186
[INFO] [stderr]    Compiling utf8_iter v1.0.4
[INFO] [stderr]    Compiling icu_properties_data v2.2.0
[INFO] [stderr]    Compiling icu_normalizer_data v2.2.0
[INFO] [stderr]    Compiling version_check v0.9.5
[INFO] [stderr]    Compiling cfg-if v1.0.4
[INFO] [stderr]    Compiling typenum v1.20.1
[INFO] [stderr]    Compiling smallvec v1.15.1
[INFO] [stderr]    Compiling bitflags v2.11.1
[INFO] [stderr]    Compiling zeroize v1.8.2
[INFO] [stderr]    Compiling zmij v1.0.21
[INFO] [stderr]    Compiling generic-array v0.14.7
[INFO] [stderr]    Compiling getrandom v0.4.2
[INFO] [stderr]    Compiling rustix v1.1.4
[INFO] [stderr]    Compiling cfg_aliases v0.2.1
[INFO] [stderr]    Compiling rustls-pki-types v1.14.1
[INFO] [stderr]    Compiling nix v0.31.3
[INFO] [stderr]    Compiling serde_json v1.0.150
[INFO] [stderr]    Compiling percent-encoding v2.3.2
[INFO] [stderr]    Compiling once_cell v1.21.4
[INFO] [stderr]    Compiling linux-raw-sys v0.12.1
[INFO] [stderr]    Compiling serde v1.0.228
[INFO] [stderr]    Compiling syn v2.0.117
[INFO] [stderr]    Compiling rustls-pemfile v2.2.0
[INFO] [stderr]    Compiling form_urlencoded v1.2.2
[INFO] [stderr]    Compiling openssl-probe v0.1.6
[INFO] [stderr]    Compiling itoa v1.0.18
[INFO] [stderr]    Compiling winnow v1.0.3
[INFO] [stderr]    Compiling memchr v2.8.1
[INFO] [stderr]    Compiling fastrand v2.4.1
[INFO] [stderr]    Compiling hashbrown v0.17.1
[INFO] [stderr]    Compiling equivalent v1.0.2
[INFO] [stderr]    Compiling toml_parser v1.1.2+spec-1.1.0
[INFO] [stderr]    Compiling block-buffer v0.10.4
[INFO] [stderr]    Compiling crypto-common v0.1.7
[INFO] [stderr]    Compiling digest v0.10.7
[INFO] [stderr]    Compiling rustls-native-certs v0.7.3
[INFO] [stderr]    Compiling indexmap v2.14.0
[INFO] [stderr]    Compiling log v0.4.30
[INFO] [stderr]    Compiling base64 v0.22.1
[INFO] [stderr]    Compiling winnow v0.7.15
[INFO] [stderr]    Compiling toml_write v0.1.2
[INFO] [stderr]    Compiling dcr v0.9.1 (/opt/rustwide/workdir)
[INFO] [stderr]    Compiling cpufeatures v0.2.17
[INFO] [stderr]    Compiling toml_writer v1.1.1+spec-1.1.0
[INFO] [stderr]    Compiling toml_datetime v0.6.11
[INFO] [stderr]    Compiling sha2 v0.10.9
[INFO] [stderr]    Compiling ctrlc v3.5.2
[INFO] [stderr]    Compiling glob v0.3.3
[INFO] [stderr]    Compiling tempfile v3.27.0
[INFO] [stderr]    Compiling toml_datetime v1.1.1+spec-1.1.0
[INFO] [stderr]    Compiling serde_spanned v1.1.1
[INFO] [stderr]    Compiling synstructure v0.13.2
[INFO] [stderr]    Compiling self-replace v1.5.0
[INFO] [stderr]    Compiling toml v1.1.2+spec-1.1.0
[INFO] [stderr]    Compiling zerofrom-derive v0.1.7
[INFO] [stderr]    Compiling yoke-derive v0.8.2
[INFO] [stderr]    Compiling zerovec-derive v0.11.3
[INFO] [stderr]    Compiling displaydoc v0.2.6
[INFO] [stderr]    Compiling serde_derive v1.0.228
[INFO] [stderr]    Compiling toml_edit v0.22.27
[INFO] [stderr]    Compiling zerofrom v0.1.8
[INFO] [stderr]    Compiling yoke v0.8.2
[INFO] [stderr]    Compiling zerovec v0.11.6
[INFO] [stderr]    Compiling zerotrie v0.2.4
[INFO] [stderr]    Compiling tinystr v0.8.3
[INFO] [stderr]    Compiling potential_utf v0.1.5
[INFO] [stderr]    Compiling icu_collections v2.2.0
[INFO] [stderr]    Compiling icu_locale_core v2.2.0
[INFO] [stderr]    Compiling icu_provider v2.2.0
[INFO] [stderr]    Compiling icu_normalizer v2.2.0
[INFO] [stderr]    Compiling icu_properties v2.2.0
[INFO] [stderr]    Compiling idna_adapter v1.2.2
[INFO] [stderr]    Compiling idna v1.1.0
[INFO] [stderr]    Compiling url v2.5.8
[INFO] [stderr]    Compiling ureq v2.12.1
[INFO] [stderr]     Finished `release` profile [optimized] target(s) in 1m 26s
[INFO] running `Command { std: "docker" "inspect" "5363f99740c8320628a0423a64d0161ddc57e5bf595a6bcc4ecb22da12c135ce", kill_on_drop: false }`
[INFO] running `Command { std: "docker" "exec" "-e" "SOURCE_DIR=/opt/rustwide/workdir" "-e" "CARGO_HOME=/opt/rustwide/cargo-home" "-e" "RUSTUP_HOME=/opt/rustwide/rustup-home" "-e" "CARGO_TARGET_DIR=/opt/rustwide/target" "-e" "CARGO_INCREMENTAL=0" "-e" "RUST_BACKTRACE=full" "-e" "RUSTFLAGS=--cap-lints=warn" "-e" "RUSTDOCFLAGS=--cap-lints=warn" "-w" "/opt/rustwide/workdir" "--user" "0:0" "5363f99740c8320628a0423a64d0161ddc57e5bf595a6bcc4ecb22da12c135ce" "/opt/rustwide/cargo-home/bin/cargo" "+1.99.0-beta.8" "test" "--frozen" "--no-run" "--message-format=json" "--release", kill_on_drop: false }`
[INFO] [stderr]    Compiling stable_deref_trait v1.2.1
[INFO] [stderr]    Compiling writeable v0.6.3
[INFO] [stderr]    Compiling litemap v0.8.2
[INFO] [stderr]    Compiling utf8_iter v1.0.4
[INFO] [stderr]    Compiling zerofrom v0.1.8
[INFO] [stderr]    Compiling serde_core v1.0.228
[INFO] [stderr]    Compiling cfg-if v1.0.4
[INFO] [stderr]    Compiling icu_normalizer_data v2.2.0
[INFO] [stderr]    Compiling icu_properties_data v2.2.0
[INFO] [stderr]    Compiling libc v0.2.186
[INFO] [stderr]    Compiling typenum v1.20.1
[INFO] [stderr]    Compiling yoke v0.8.2
[INFO] [stderr]    Compiling smallvec v1.15.1
[INFO] [stderr]    Compiling bitflags v2.11.1
[INFO] [stderr]    Compiling zeroize v1.8.2
[INFO] [stderr]    Compiling percent-encoding v2.3.2
[INFO] [stderr]    Compiling zerovec v0.11.6
[INFO] [stderr]    Compiling zerotrie v0.2.4
[INFO] [stderr]    Compiling rustls-pki-types v1.14.1
[INFO] [stderr]    Compiling once_cell v1.21.4
[INFO] [stderr]    Compiling linux-raw-sys v0.12.1
[INFO] [stderr]    Compiling form_urlencoded v1.2.2
[INFO] [stderr]    Compiling rustls-pemfile v2.2.0
[INFO] [stderr]    Compiling zmij v1.0.21
[INFO] [stderr]    Compiling generic-array v0.14.7
[INFO] [stderr]    Compiling openssl-probe v0.1.6
[INFO] [stderr]    Compiling tinystr v0.8.3
[INFO] [stderr]    Compiling potential_utf v0.1.5
[INFO] [stderr]    Compiling rustix v1.1.4
[INFO] [stderr]    Compiling hashbrown v0.17.1
[INFO] [stderr]    Compiling winnow v1.0.3
[INFO] [stderr]    Compiling icu_collections v2.2.0
[INFO] [stderr]    Compiling icu_locale_core v2.2.0
[INFO] [stderr]    Compiling fastrand v2.4.1
[INFO] [stderr]    Compiling block-buffer v0.10.4
[INFO] [stderr]    Compiling crypto-common v0.1.7
[INFO] [stderr]    Compiling memchr v2.8.1
[INFO] [stderr]    Compiling equivalent v1.0.2
[INFO] [stderr]    Compiling itoa v1.0.18
[INFO] [stderr]    Compiling indexmap v2.14.0
[INFO] [stderr]    Compiling digest v0.10.7
[INFO] [stderr]    Compiling toml_parser v1.1.2+spec-1.1.0
[INFO] [stderr]    Compiling rustls-native-certs v0.7.3
[INFO] [stderr]    Compiling icu_provider v2.2.0
[INFO] [stderr]    Compiling getrandom v0.4.2
[INFO] [stderr]    Compiling nix v0.31.3
[INFO] [stderr]    Compiling icu_normalizer v2.2.0
[INFO] [stderr]    Compiling icu_properties v2.2.0
[INFO] [stderr]    Compiling toml_datetime v0.6.11
[INFO] [stderr]    Compiling log v0.4.30
[INFO] [stderr]    Compiling cpufeatures v0.2.17
[INFO] [stderr]    Compiling base64 v0.22.1
[INFO] [stderr]    Compiling toml_writer v1.1.1+spec-1.1.0
[INFO] [stderr]    Compiling toml_write v0.1.2
[INFO] [stderr]    Compiling serde_json v1.0.150
[INFO] [stderr]    Compiling serde_spanned v1.1.1
[INFO] [stderr]    Compiling toml_datetime v1.1.1+spec-1.1.0
[INFO] [stderr]    Compiling serde v1.0.228
[INFO] [stderr]    Compiling tempfile v3.27.0
[INFO] [stderr]    Compiling winnow v0.7.15
[INFO] [stderr]    Compiling toml v1.1.2+spec-1.1.0
[INFO] [stderr]    Compiling self-replace v1.5.0
[INFO] [stderr]    Compiling ctrlc v3.5.2
[INFO] [stderr]    Compiling sha2 v0.10.9
[INFO] [stderr]    Compiling glob v0.3.3
[INFO] [stderr]    Compiling idna_adapter v1.2.2
[INFO] [stderr]    Compiling idna v1.1.0
[INFO] [stderr]    Compiling url v2.5.8
[INFO] [stderr]    Compiling ureq v2.12.1
[INFO] [stderr]    Compiling toml_edit v0.22.27
[INFO] [stderr]    Compiling dcr v0.9.1 (/opt/rustwide/workdir)
[INFO] [stderr]     Finished `release` profile [optimized] target(s) in 2m 45s
[INFO] running `Command { std: "docker" "inspect" "5363f99740c8320628a0423a64d0161ddc57e5bf595a6bcc4ecb22da12c135ce", kill_on_drop: false }`
[INFO] running `Command { std: "docker" "exec" "-e" "SOURCE_DIR=/opt/rustwide/workdir" "-e" "CARGO_HOME=/opt/rustwide/cargo-home" "-e" "RUSTUP_HOME=/opt/rustwide/rustup-home" "-e" "CARGO_TARGET_DIR=/opt/rustwide/target" "-e" "CARGO_INCREMENTAL=0" "-e" "RUST_BACKTRACE=full" "-e" "RUSTFLAGS=--cap-lints=warn" "-e" "RUSTDOCFLAGS=--cap-lints=warn" "-w" "/opt/rustwide/workdir" "--user" "0:0" "5363f99740c8320628a0423a64d0161ddc57e5bf595a6bcc4ecb22da12c135ce" "/opt/rustwide/cargo-home/bin/cargo" "+1.99.0-beta.8" "test" "--frozen" "--release", kill_on_drop: false }`
[INFO] [stderr]     Finished `release` profile [optimized] target(s) in 0.20s
[INFO] [stderr]      Running unittests src/main.rs (/opt/rustwide/target/release/deps/dcr-a85f7145501a7a4c)
[INFO] [stdout] 
[INFO] [stdout] running 94 tests
[INFO] [stdout] test core::build::builder::artifact::tests::resolve_bin_default ... ok
[INFO] [stdout] test core::build::builder::artifact::tests::resolve_staticlib ... ok
[INFO] [stdout] test core::build::builder::artifact::tests::resolve_none_kind ... ok
[INFO] [stdout] test cli::flags::tests::parse_run_flags_forwards_after_double_dash ... ok
[INFO] [stdout] test core::build::builder::tests::builder_resolves_by_compiler_name ... ok
[INFO] [stdout] test core::build::common::tests::asm_lang_flag_returns_correct_flag ... ok
[INFO] [stdout] test core::build::common::tests::collect_sources_c_files ... ok
[INFO] [stdout] test cli::flags::tests::split_double_dash_with_bin_args ... ok
[INFO] [stdout] test core::build::common::tests::collect_sources_empty_dir ... ok
[INFO] [stdout] test core::build::common::tests::collect_sources_nested ... ok
[INFO] [stdout] test core::build::common::tests::collect_sources_respects_excludes ... ok
[INFO] [stdout] test core::build::common::tests::exclude_glob_with_include_override ... ok
[INFO] [stdout] test core::build::common::tests::is_excluded_match ... ok
[INFO] [stdout] test core::build::common::tests::collect_sources_cpp_files ... ok
[INFO] [stdout] test core::build::common::tests::exclude_glob_without_include_keeps_other_files ... ok
[INFO] [stdout] test core::build::common::tests::include_overrides_exclude ... ok
[INFO] [stdout] test core::build::common::tests::is_excluded_no_match ... ok
[INFO] [stdout] test core::build::common::tests::needs_link_no_output ... ok
[INFO] [stdout] test core::build::builder::artifact::tests::resolve_bin_custom_target_dir ... ok
[INFO] [stdout] test core::build::builder::artifact::tests::resolve_with_filename_ext ... ok
[INFO] [stdout] test cli::flags::tests::split_double_dash_empty_tail ... ok
[INFO] [stdout] test core::build::common::tests::needs_rebuild_no_object ... ok
[INFO] [stdout] test core::build::common::tests::normalize_relative_path ... ok
[INFO] [stdout] test core::build::common::tests::object_path_basic ... ok
[INFO] [stdout] test core::build::common::tests::object_path_msvc_ext ... ok
[INFO] [stdout] test core::build::common::tests::object_path_no_prefix ... ok
[INFO] [stdout] test core::build::common::tests::parse_d_file_gcc_format ... ok
[INFO] [stdout] test core::build::common::tests::parse_d_file_keeps_windows_path_separators ... ok
[INFO] [stdout] test core::build::common::tests::parse_d_file_msvc_format ... ok
[INFO] [stdout] test core::build::common::tests::source_extensions_parses_language_string ... ok
[INFO] [stdout] test core::build::engine::tests::absolutize_prefers_long_include_prefixes ... ok
[INFO] [stdout] test core::build::common::tests::object_path_nested ... ok
[INFO] [stdout] test core::build::language::tests::languages_expose_expected_extensions ... ok
[INFO] [stdout] test core::build::language::tests::tokens_resolve_to_languages ... ok
[INFO] [stdout] test core::build::resolve::tests::test_normalize_target_os ... ok
[INFO] [stdout] test core::build_config::tests::check_returns_bool ... ok
[INFO] [stdout] test core::build_config::tests::create_rejects_invalid_name_without_writing_manifest ... ok
[INFO] [stdout] test core::build_config::tests::get_values ... ok
[INFO] [stdout] test core::build_config::tests::exposes_typed_config ... ok
[INFO] [stdout] test core::build_config::tests::open_invalid_toml_syntax ... ok
[INFO] [stdout] test core::build_config::tests::new_creates_default_config ... ok
[INFO] [stdout] test core::build_config::tests::open_nonexistent_fails ... ok
[INFO] [stdout] test core::build_config::tests::open_valid_toml ... ok
[INFO] [stdout] test core::build_config::tests::save_preserves_untyped_sections ... ok
[INFO] [stdout] test core::build_config::tests::set_and_read_back ... ok
[INFO] [stdout] test core::build_config::tests::validate_empty_language_fails ... ok
[INFO] [stdout] test core::build_config::tests::validate_language_array ... ok
[INFO] [stdout] test core::build_config::tests::validate_invalid_package_names_fail ... ok
[INFO] [stdout] test core::build_config::tests::validate_language_array_empty_fails ... ok
[INFO] [stdout] test core::build_config::tests::validate_missing_package_fails ... ok
[INFO] [stdout] test core::build_config::tests::validate_unknown_kind_fails ... ok
[INFO] [stdout] test core::build_config::tests::validate_missing_build_fails ... ok
[INFO] [stdout] test core::build_config::tests::validate_workspace_empty_path_fails ... ok
[INFO] [stdout] test core::build_config::tests::validate_valid_kinds ... ok
[INFO] [stdout] test core::build_config::tests::validate_wrong_field_type_fails ... ok
[INFO] [stdout] test core::deps::register::tests::registry_dep_detection_excludes_source_tables ... ok
[INFO] [stdout] test core::deps::register::tests::registry_dep_detection_excludes_local_and_git_strings ... ok
[INFO] [stdout] test core::deps::register::tests::registry_package_root_accepts_package_dir_or_manifest_path ... ok
[INFO] [stdout] test core::deps::register::tests::registry_path_strips_windows_extended_prefix ... ok
[INFO] [stdout] test core::deps::tests::default_lib_dirs_include_packaged_library_output ... ok
[INFO] [stdout] test core::deps::tests::pkg_config_dep_accepts_string_and_array ... ok
[INFO] [stdout] test platform::linux::tests::bin_path_custom_target ... ok
[INFO] [stdout] test platform::linux::tests::bin_path_custom_target_trailing_slash ... ok
[INFO] [stdout] test platform::linux::tests::bin_path_default ... ok
[INFO] [stdout] test platform::linux::tests::bin_path_release ... ok
[INFO] [stdout] test platform::linux::tests::lib_path_custom_target ... ok
[INFO] [stdout] test platform::linux::tests::lib_path_default ... ok
[INFO] [stdout] test platform::linux::tests::shared_lib_path_custom_target ... ok
[INFO] [stdout] test platform::linux::tests::shared_lib_path_default ... ok
[INFO] [stdout] test platform::path_util::tests::join_dir_trims_both_slashes ... ok
[INFO] [stdout] test platform::path_util::tests::with_exe_no_double ... ok
[INFO] [stdout] test utils::build::tests::compare_semver_orders_and_ignores_prerelease ... ok
[INFO] [stdout] test utils::build::tests::default_profile_flags_by_profile ... ok
[INFO] [stdout] test utils::build::tests::default_target_triple_uses_host_arch ... ok
[INFO] [stdout] test utils::build::tests::is_bare_metal_detects_embedded_targets ... ok
[INFO] [stdout] test utils::build::tests::normalize_kind_empty_defaults_to_bin ... ok
[INFO] [stdout] test utils::build::tests::normalize_platform_empty_is_none ... ok
[INFO] [stdout] test utils::build::tests::normalize_target_short_names ... ok
[INFO] [stdout] test utils::build::tests::normalize_target_with_profile ... ok
[INFO] [stdout] test utils::build::tests::parse_version_parts ... ok
[INFO] [stdout] test utils::build::tests::prepend_clang_target_flag_adds_once_for_clang ... ok
[INFO] [stdout] test utils::build::tests::prepend_clang_target_flag_ignores_non_clang_tools ... ok
[INFO] [stdout] test utils::build::tests::resolve_artifact_target_dir_native_and_workspace ... ok
[INFO] [stdout] test core::deps::tests::path_dep_path_supports_table_and_legacy_strings ... ok
[INFO] [stdout] test utils::fs::tests::canonicalize_path_absolute ... ok
[INFO] [stdout] test utils::fs::tests::canonicalize_path_relative_fallback ... ok
[INFO] [stdout] test utils::fs::tests::ensure_dcr_dir_creates_ide ... ok
[INFO] [stdout] test utils::fs::tests::atomic_write_roundtrip ... ok
[INFO] [stdout] test core::build::common::tests::elapsed_secs_returns_positive ... ok
[INFO] [stdout] test core::build::common::tests::needs_link_stale ... ok
[INFO] [stdout] test core::build::common::tests::needs_rebuild_fresh ... ok
[INFO] [stdout] test core::build::common::tests::needs_link_fresh ... ok
[INFO] [stdout] test core::build::common::tests::needs_rebuild_stale ... ok
[INFO] [stderr]      Running tests/cli_build.rs (/opt/rustwide/target/release/deps/cli_build-ec2fd84182c417af)
[INFO] [stdout] test core::build::common::tests::needs_rebuild_header_modified ... ok
[INFO] [stdout] 
[INFO] [stdout] test result: ok. 94 passed; 0 failed; 0 ignored; 0 measured; 0 filtered out; finished in 4.01s
[INFO] [stdout] 
[INFO] [stdout] 
[INFO] [stdout] running 8 tests
[INFO] [stdout] test add_preserves_run_and_untyped_keys ... FAILED
[INFO] [stdout] test init_and_clean_remove_target ... FAILED
[INFO] [stdout] test package_build_target_used_without_cli_flag ... FAILED
[INFO] [stdout] test host_target_section_ldflags_apply_without_cli_target ... FAILED
[INFO] [stdout] test build_with_out_dir ... FAILED
[INFO] [stdout] test build_run_clean_flags_normal_project ... FAILED
[INFO] [stdout] test build_with_target_config ... FAILED
[INFO] [stdout] test flat_bin_nasm_build ... FAILED
[INFO] [stderr] error: test failed, to rerun pass `--test cli_build`
[INFO] [stdout] 
[INFO] [stdout] failures:
[INFO] [stdout] 
[INFO] [stdout] ---- add_preserves_run_and_untyped_keys stdout ----
[INFO] [stdout] 
[INFO] [stdout] thread 'add_preserves_run_and_untyped_keys' (2295) panicked at tests/common/mod.rs:33:36:
[INFO] [stdout] failed to create temp dir: Os { code: 30, kind: ReadOnlyFilesystem, message: "Read-only file system" }
[INFO] [stdout] stack backtrace:
[INFO] [stdout]    0:     0x5f776bc0bd36 - <unknown>
[INFO] [stdout]    1:     0x5f776bbc1544 - <unknown>
[INFO] [stdout]    2:     0x5f776bc108cc - <unknown>
[INFO] [stdout]    3:     0x5f776bbe4ea2 - <unknown>
[INFO] [stdout]    4:     0x5f776bc04641 - <unknown>
[INFO] [stdout]    5:     0x5f776bc04822 - <unknown>
[INFO] [stdout]    6:     0x5f776bbe4f52 - <unknown>
[INFO] [stdout]    7:     0x5f776bbddbc9 - <unknown>
[INFO] [stdout]    8:     0x5f776bbea37d - <unknown>
[INFO] [stdout]    9:     0x5f776bbc1c1c - <unknown>
[INFO] [stdout]   10:     0x5f776bbc19f2 - <unknown>
[INFO] [stdout]   11:     0x5f776bbbb816 - <unknown>
[INFO] [stdout]   12:     0x5f776bbbc683 - <unknown>
[INFO] [stdout]   13:     0x5f776bbbda5e - <unknown>
[INFO] [stdout]   14:     0x5f776bc11f1b - <unknown>
[INFO] [stdout]   15:     0x5f776bc1f662 - <unknown>
[INFO] [stdout]   16:     0x5f776bc191e4 - <unknown>
[INFO] [stdout]   17:     0x5f776bc230c2 - <unknown>
[INFO] [stdout]   18:     0x5f776bc0ac87 - <unknown>
[INFO] [stdout]   19:     0x76ffa802adfa - <unknown>
[INFO] [stdout]   20:     0x76ffa80be3d4 - clone
[INFO] [stdout]   21:                0x0 - <unknown>
[INFO] [stdout] 
[INFO] [stdout] ---- init_and_clean_remove_target stdout ----
[INFO] [stdout] 
[INFO] [stdout] thread 'init_and_clean_remove_target' (2301) panicked at tests/common/mod.rs:33:36:
[INFO] [stdout] failed to create temp dir: Os { code: 30, kind: ReadOnlyFilesystem, message: "Read-only file system" }
[INFO] [stdout] stack backtrace:
[INFO] [stdout]    0:     0x5f776bc0bd36 - <unknown>
[INFO] [stdout]    1:     0x5f776bbc1544 - <unknown>
[INFO] [stdout]    2:     0x5f776bc108cc - <unknown>
[INFO] [stdout]    3:     0x5f776bbe4ea2 - <unknown>
[INFO] [stdout]    4:     0x5f776bc04641 - <unknown>
[INFO] [stdout]    5:     0x5f776bc04822 - <unknown>
[INFO] [stdout]    6:     0x5f776bbe4f52 - <unknown>
[INFO] [stdout]    7:     0x5f776bbddbc9 - <unknown>
[INFO] [stdout]    8:     0x5f776bbea37d - <unknown>
[INFO] [stdout]    9:     0x5f776bbc1c1c - <unknown>
[INFO] [stdout]   10:     0x5f776bbc19f2 - <unknown>
[INFO] [stdout]   11:     0x5f776bbbb816 - <unknown>
[INFO] [stdout]   12:     0x5f776bbbc683 - <unknown>
[INFO] [stdout]   13:     0x5f776bbbd807 - <unknown>
[INFO] [stdout]   14:     0x5f776bc11f1b - <unknown>
[INFO] [stdout]   15:     0x5f776bc1f662 - <unknown>
[INFO] [stdout]   16:     0x5f776bc191e4 - <unknown>
[INFO] [stdout]   17:     0x5f776bc230c2 - <unknown>
[INFO] [stdout]   18:     0x5f776bc0ac87 - <unknown>
[INFO] [stdout]   19:     0x76ffa802adfa - <unknown>
[INFO] [stdout]   20:     0x76ffa80be3d4 - clone
[INFO] [stdout]   21:                0x0 - <unknown>
[INFO] [stdout] 
[INFO] [stdout] ---- package_build_target_used_without_cli_flag stdout ----
[INFO] [stdout] 
[INFO] [stdout] thread 'package_build_target_used_without_cli_flag' (2302) panicked at tests/common/mod.rs:33:36:
[INFO] [stdout] failed to create temp dir: Os { code: 30, kind: ReadOnlyFilesystem, message: "Read-only file system" }
[INFO] [stdout] stack backtrace:
[INFO] [stdout]    0:     0x5f776bc0bd36 - <unknown>
[INFO] [stdout]    1:     0x5f776bbc1544 - <unknown>
[INFO] [stdout]    2:     0x5f776bc108cc - <unknown>
[INFO] [stdout]    3:     0x5f776bbe4ea2 - <unknown>
[INFO] [stdout]    4:     0x5f776bc04641 - <unknown>
[INFO] [stdout]    5:     0x5f776bc04822 - <unknown>
[INFO] [stdout]    6:     0x5f776bbe4f52 - <unknown>
[INFO] [stdout]    7:     0x5f776bbddbc9 - <unknown>
[INFO] [stdout]    8:     0x5f776bbea37d - <unknown>
[INFO] [stdout]    9:     0x5f776bbc1c1c - <unknown>
[INFO] [stdout]   10:     0x5f776bbc19f2 - <unknown>
[INFO] [stdout]   11:     0x5f776bbbb816 - <unknown>
[INFO] [stdout]   12:     0x5f776bbbc683 - <unknown>
[INFO] [stdout]   13:     0x5f776bbbe60f - <unknown>
[INFO] [stdout]   14:     0x5f776bc11f1b - <unknown>
[INFO] [stdout]   15:     0x5f776bc1f662 - <unknown>
[INFO] [stdout]   16:     0x5f776bc191e4 - <unknown>
[INFO] [stdout]   17:     0x5f776bc230c2 - <unknown>
[INFO] [stdout]   18:     0x5f776bc0ac87 - <unknown>
[INFO] [stdout]   19:     0x76ffa802adfa - <unknown>
[INFO] [stdout]   20:     0x76ffa80be3d4 - clone
[INFO] [stdout]   21:                0x0 - <unknown>
[INFO] [stdout] 
[INFO] [stdout] ---- host_target_section_ldflags_apply_without_cli_target stdout ----
[INFO] [stdout] 
[INFO] [stdout] thread 'host_target_section_ldflags_apply_without_cli_target' (2300) panicked at tests/common/mod.rs:33:36:
[INFO] [stdout] failed to create temp dir: Os { code: 30, kind: ReadOnlyFilesystem, message: "Read-only file system" }
[INFO] [stdout] stack backtrace:
[INFO] [stdout]    0:     0x5f776bc0bd36 - <unknown>
[INFO] [stdout]    1:     0x5f776bbc1544 - <unknown>
[INFO] [stdout]    2:     0x5f776bc108cc - <unknown>
[INFO] [stdout]    3:     0x5f776bbe4ea2 - <unknown>
[INFO] [stdout]    4:     0x5f776bc04641 - <unknown>
[INFO] [stdout]    5:     0x5f776bc04822 - <unknown>
[INFO] [stdout]    6:     0x5f776bbe4f52 - <unknown>
[INFO] [stdout]    7:     0x5f776bbddbc9 - <unknown>
[INFO] [stdout]    8:     0x5f776bbea37d - <unknown>
[INFO] [stdout]    9:     0x5f776bbc1c1c - <unknown>
[INFO] [stdout]   10:     0x5f776bbc19f2 - <unknown>
[INFO] [stdout]   11:     0x5f776bbbb816 - <unknown>
[INFO] [stdout]   12:     0x5f776bbbc683 - <unknown>
[INFO] [stdout]   13:     0x5f776bbbea95 - <unknown>
[INFO] [stdout]   14:     0x5f776bc11f1b - <unknown>
[INFO] [stdout]   15:     0x5f776bc1f662 - <unknown>
[INFO] [stdout]   16:     0x5f776bc191e4 - <unknown>
[INFO] [stdout]   17:     0x5f776bc230c2 - <unknown>
[INFO] [stdout]   18:     0x5f776bc0ac87 - <unknown>
[INFO] [stdout]   19:     0x76ffa802adfa - <unknown>
[INFO] [stdout]   20:     0x76ffa80be3d4 - clone
[INFO] [stdout]   21:                0x0 - <unknown>
[INFO] [stdout] 
[INFO] [stdout] ---- build_with_out_dir stdout ----
[INFO] [stdout] 
[INFO] [stdout] thread 'build_with_out_dir' (2297) panicked at tests/common/mod.rs:33:36:
[INFO] [stdout] failed to create temp dir: Os { code: 30, kind: ReadOnlyFilesystem, message: "Read-only file system" }
[INFO] [stdout] stack backtrace:
[INFO] [stdout]    0:     0x5f776bc0bd36 - <unknown>
[INFO] [stdout]    1:     0x5f776bbc1544 - <unknown>
[INFO] [stdout]    2:     0x5f776bc108cc - <unknown>
[INFO] [stdout]    3:     0x5f776bbe4ea2 - <unknown>
[INFO] [stdout]    4:     0x5f776bc04641 - <unknown>
[INFO] [stdout]    5:     0x5f776bc04822 - <unknown>
[INFO] [stdout]    6:     0x5f776bbe4f52 - <unknown>
[INFO] [stdout]    7:     0x5f776bbddbc9 - <unknown>
[INFO] [stdout]    8:     0x5f776bbea37d - <unknown>
[INFO] [stdout]    9:     0x5f776bbc1c1c - <unknown>
[INFO] [stdout]   10:     0x5f776bbc19f2 - <unknown>
[INFO] [stdout]   11:     0x5f776bbbb816 - <unknown>
[INFO] [stdout]   12:     0x5f776bbbc683 - <unknown>
[INFO] [stdout]   13:     0x5f776bbbcb6f - <unknown>
[INFO] [stdout]   14:     0x5f776bc11f1b - <unknown>
[INFO] [stdout]   15:     0x5f776bc1f662 - <unknown>
[INFO] [stdout]   16:     0x5f776bc191e4 - <unknown>
[INFO] [stdout]   17:     0x5f776bc230c2 - <unknown>
[INFO] [stdout]   18:     0x5f776bc0ac87 - <unknown>
[INFO] [stdout]   19:     0x76ffa802adfa - <unknown>
[INFO] [stdout]   20:     0x76ffa80be3d4 - clone
[INFO] [stdout]   21:                0x0 - <unknown>
[INFO] [stdout] 
[INFO] [stdout] ---- build_run_clean_flags_normal_project stdout ----
[INFO] [stdout] 
[INFO] [stdout] thread 'build_run_clean_flags_normal_project' (2296) panicked at tests/common/mod.rs:33:36:
[INFO] [stdout] failed to create temp dir: Os { code: 30, kind: ReadOnlyFilesystem, message: "Read-only file system" }
[INFO] [stdout] stack backtrace:
[INFO] [stdout]    0:     0x5f776bc0bd36 - <unknown>
[INFO] [stdout]    1:     0x5f776bbc1544 - <unknown>
[INFO] [stdout]    2:     0x5f776bc108cc - <unknown>
[INFO] [stdout]    3:     0x5f776bbe4ea2 - <unknown>
[INFO] [stdout]    4:     0x5f776bc04641 - <unknown>
[INFO] [stdout]    5:     0x5f776bc04822 - <unknown>
[INFO] [stdout]    6:     0x5f776bbe4f52 - <unknown>
[INFO] [stdout]    7:     0x5f776bbddbc9 - <unknown>
[INFO] [stdout]    8:     0x5f776bbea37d - <unknown>
[INFO] [stdout]    9:     0x5f776bbc1c1c - <unknown>
[INFO] [stdout]   10:     0x5f776bbc19f2 - <unknown>
[INFO] [stdout]   11:     0x5f776bbbb816 - <unknown>
[INFO] [stdout]   12:     0x5f776bbbc683 - <unknown>
[INFO] [stdout]   13:     0x5f776bbbde12 - <unknown>
[INFO] [stdout]   14:     0x5f776bc11f1b - <unknown>
[INFO] [stdout]   15:     0x5f776bc1f662 - <unknown>
[INFO] [stdout]   16:     0x5f776bc191e4 - <unknown>
[INFO] [stdout]   17:     0x5f776bc230c2 - <unknown>
[INFO] [stdout]   18:     0x5f776bc0ac87 - <unknown>
[INFO] [stdout]   19:     0x76ffa802adfa - <unknown>
[INFO] [stdout]   20:     0x76ffa80be3d4 - clone
[INFO] [stdout]   21:                0x0 - <unknown>
[INFO] [stdout] 
[INFO] [stdout] ---- build_with_target_config stdout ----
[INFO] [stdout] 
[INFO] [stdout] thread 'build_with_target_config' (2298) panicked at tests/common/mod.rs:33:36:
[INFO] [stdout] failed to create temp dir: Os { code: 30, kind: ReadOnlyFilesystem, message: "Read-only file system" }
[INFO] [stdout] stack backtrace:
[INFO] [stdout]    0:     0x5f776bc0bd36 - <unknown>
[INFO] [stdout]    1:     0x5f776bbc1544 - <unknown>
[INFO] [stdout]    2:     0x5f776bc108cc - <unknown>
[INFO] [stdout]    3:     0x5f776bbe4ea2 - <unknown>
[INFO] [stdout]    4:     0x5f776bc04641 - <unknown>
[INFO] [stdout]    5:     0x5f776bc04822 - <unknown>
[INFO] [stdout]    6:     0x5f776bbe4f52 - <unknown>
[INFO] [stdout]    7:     0x5f776bbddbc9 - <unknown>
[INFO] [stdout]    8:     0x5f776bbea37d - <unknown>
[INFO] [stdout]    9:     0x5f776bbc1c1c - <unknown>
[INFO] [stdout]   10:     0x5f776bbc19f2 - <unknown>
[INFO] [stdout]   11:     0x5f776bbbb816 - <unknown>
[INFO] [stdout]   12:     0x5f776bbbc683 - <unknown>
[INFO] [stdout]   13:     0x5f776bbbd412 - <unknown>
[INFO] [stdout]   14:     0x5f776bc11f1b - <unknown>
[INFO] [stdout]   15:     0x5f776bc1f662 - <unknown>
[INFO] [stdout]   16:     0x5f776bc191e4 - <unknown>
[INFO] [stdout]   17:     0x5f776bc230c2 - <unknown>
[INFO] [stdout]   18:     0x5f776bc0ac87 - <unknown>
[INFO] [stdout]   19:     0x76ffa802adfa - <unknown>
[INFO] [stdout]   20:     0x76ffa80be3d4 - clone
[INFO] [stdout]   21:                0x0 - <unknown>
[INFO] [stdout] 
[INFO] [stdout] ---- flat_bin_nasm_build stdout ----
[INFO] [stdout] 
[INFO] [stdout] thread 'flat_bin_nasm_build' (2299) panicked at tests/common/mod.rs:33:36:
[INFO] [stdout] failed to create temp dir: Os { code: 30, kind: ReadOnlyFilesystem, message: "Read-only file system" }
[INFO] [stdout] stack backtrace:
[INFO] [stdout]    0:     0x5f776bc0bd36 - <unknown>
[INFO] [stdout]    1:     0x5f776bbc1544 - <unknown>
[INFO] [stdout]    2:     0x5f776bc108cc - <unknown>
[INFO] [stdout]    3:     0x5f776bbe4ea2 - <unknown>
[INFO] [stdout]    4:     0x5f776bc04641 - <unknown>
[INFO] [stdout]    5:     0x5f776bc04822 - <unknown>
[INFO] [stdout]    6:     0x5f776bbe4f52 - <unknown>
[INFO] [stdout]    7:     0x5f776bbddbc9 - <unknown>
[INFO] [stdout]    8:     0x5f776bbea37d - <unknown>
[INFO] [stdout]    9:     0x5f776bbc1c1c - <unknown>
[INFO] [stdout]   10:     0x5f776bbc19f2 - <unknown>
[INFO] [stdout]   11:     0x5f776bbbb816 - <unknown>
[INFO] [stdout]   12:     0x5f776bbbc683 - <unknown>
[INFO] [stdout]   13:     0x5f776bbbd027 - <unknown>
[INFO] [stdout]   14:     0x5f776bc11f1b - <unknown>
[INFO] [stdout]   15:     0x5f776bc1f662 - <unknown>
[INFO] [stdout]   16:     0x5f776bc191e4 - <unknown>
[INFO] [stdout]   17:     0x5f776bc230c2 - <unknown>
[INFO] [stdout]   18:     0x5f776bc0ac87 - <unknown>
[INFO] [stdout]   19:     0x76ffa802adfa - <unknown>
[INFO] [stdout]   20:     0x76ffa80be3d4 - clone
[INFO] [stdout]   21:                0x0 - <unknown>
[INFO] [stdout] 
[INFO] [stdout] 
[INFO] [stdout] failures:
[INFO] [stdout]     add_preserves_run_and_untyped_keys
[INFO] [stdout]     build_run_clean_flags_normal_project
[INFO] [stdout]     build_with_out_dir
[INFO] [stdout]     build_with_target_config
[INFO] [stdout]     flat_bin_nasm_build
[INFO] [stdout]     host_target_section_ldflags_apply_without_cli_target
[INFO] [stdout]     init_and_clean_remove_target
[INFO] [stdout]     package_build_target_used_without_cli_flag
[INFO] [stdout] 
[INFO] [stdout] test result: FAILED. 0 passed; 8 failed; 0 ignored; 0 measured; 0 filtered out; finished in 0.02s
[INFO] [stdout] 
[INFO] running `Command { std: "docker" "inspect" "5363f99740c8320628a0423a64d0161ddc57e5bf595a6bcc4ecb22da12c135ce", kill_on_drop: false }`
[INFO] running `Command { std: "docker" "rm" "-f" "5363f99740c8320628a0423a64d0161ddc57e5bf595a6bcc4ecb22da12c135ce", kill_on_drop: false }`
[INFO] [stdout] 5363f99740c8320628a0423a64d0161ddc57e5bf595a6bcc4ecb22da12c135ce
