[INFO] fetching crate dcp-ai 2.8.1...
[INFO] testing dcp-ai-2.8.1 against 1.99.0-beta.8+cargoflags=--release for beta-release-1.100-2
[INFO] extracting crate dcp-ai 2.8.1 into /workspace/builds/worker-1-tc1/source
[INFO] started tweaking crates.io crate dcp-ai 2.8.1
[INFO] removed 0 missing tests
[INFO] finished tweaking crates.io crate dcp-ai 2.8.1
[INFO] tweaked toml for crates.io crate dcp-ai 2.8.1 written to /workspace/builds/worker-1-tc1/source/Cargo.toml
[INFO] validating manifest of crates.io crate dcp-ai 2.8.1 on toolchain 1.99.0-beta.8
[INFO] running `Command { std: CARGO_HOME="/workspace/cargo-home" RUSTUP_HOME="/workspace/rustup-home" "/workspace/cargo-home/bin/cargo" "+1.99.0-beta.8" "metadata" "--manifest-path" "Cargo.toml" "--no-deps", kill_on_drop: false }`
[INFO] crate crates.io crate dcp-ai 2.8.1 already has a lockfile, it will not be regenerated
[INFO] running `Command { std: CARGO_HOME="/workspace/cargo-home" RUSTUP_HOME="/workspace/rustup-home" "/workspace/cargo-home/bin/cargo" "+1.99.0-beta.8" "fetch" "--manifest-path" "Cargo.toml", kill_on_drop: false }`
[INFO] [stderr]     Updating crates.io index
[INFO] [stderr]  Downloading crates ...
[INFO] [stderr]   Downloaded wasm-bindgen-test-shared v0.2.114
[INFO] [stderr]   Downloaded wasm-bindgen-test-macro v0.3.64
[INFO] [stderr]   Downloaded wasm-bindgen-test v0.3.64
[INFO] [stderr]   Downloaded opentelemetry-otlp v0.17.0
[INFO] [stderr]   Downloaded opentelemetry v0.24.0
[INFO] [stderr]   Downloaded opentelemetry_sdk v0.24.1
[INFO] [stderr]   Downloaded opentelemetry-http v0.13.0
[INFO] [stderr]   Downloaded opentelemetry-proto v0.7.0
[INFO] [stderr]   Downloaded fips203 v0.4.3
[INFO] [stderr]   Downloaded fips204 v0.4.6
[INFO] [stderr]   Downloaded fips205 v0.4.1
[INFO] running `Command { std: "docker" "create" "-v" "/var/lib/crater-agent-workspace/builds/worker-1-tc1/source:/opt/rustwide/workdir:ro,Z" "-v" "/var/lib/crater-agent-workspace/builds/worker-1-tc1/target:/opt/rustwide/target:rw,Z" "-v" "/var/lib/crater-agent-workspace/cargo-home:/opt/rustwide/cargo-home:ro,Z" "-v" "/var/lib/crater-agent-workspace/rustup-home:/opt/rustwide/rustup-home:ro,Z" "-m" "1610612736" "--network" "none" "ghcr.io/rust-lang/crates-build-env/linux@sha256:77db811e55d90add9212f6832c23229e3de5f1c1f9905e8cb07319ea15df73ac" "sleep" "infinity", kill_on_drop: false }`
[INFO] [stdout] 9d5f307fff031ea548d3f902e87eef27c25be4548d97af49c7428ae62ed2de3e
[INFO] running `Command { std: "docker" "start" "9d5f307fff031ea548d3f902e87eef27c25be4548d97af49c7428ae62ed2de3e", kill_on_drop: false }`
[INFO] running `Command { std: "docker" "inspect" "9d5f307fff031ea548d3f902e87eef27c25be4548d97af49c7428ae62ed2de3e", kill_on_drop: false }`
[INFO] running `Command { std: "docker" "exec" "-e" "SOURCE_DIR=/opt/rustwide/workdir" "-e" "CARGO_HOME=/opt/rustwide/cargo-home" "-e" "RUSTUP_HOME=/opt/rustwide/rustup-home" "-e" "CARGO_TARGET_DIR=/opt/rustwide/target" "-w" "/opt/rustwide/workdir" "--user" "0:0" "9d5f307fff031ea548d3f902e87eef27c25be4548d97af49c7428ae62ed2de3e" "/opt/rustwide/cargo-home/bin/cargo" "+1.99.0-beta.8" "metadata" "--no-deps" "--format-version=1", kill_on_drop: false }`
[INFO] running `Command { std: "docker" "inspect" "9d5f307fff031ea548d3f902e87eef27c25be4548d97af49c7428ae62ed2de3e", kill_on_drop: false }`
[INFO] running `Command { std: "docker" "exec" "-e" "SOURCE_DIR=/opt/rustwide/workdir" "-e" "CARGO_HOME=/opt/rustwide/cargo-home" "-e" "RUSTUP_HOME=/opt/rustwide/rustup-home" "-e" "CARGO_TARGET_DIR=/opt/rustwide/target" "-e" "CARGO_INCREMENTAL=0" "-e" "RUST_BACKTRACE=full" "-e" "RUSTFLAGS=--cap-lints=warn" "-e" "RUSTDOCFLAGS=--cap-lints=warn" "-w" "/opt/rustwide/workdir" "--user" "0:0" "9d5f307fff031ea548d3f902e87eef27c25be4548d97af49c7428ae62ed2de3e" "/opt/rustwide/cargo-home/bin/cargo" "+1.99.0-beta.8" "build" "--frozen" "--message-format=json" "--release", kill_on_drop: false }`
[INFO] [stderr]    Compiling libc v0.2.182
[INFO] [stderr]    Compiling zerocopy v0.8.40
[INFO] [stderr]    Compiling keccak v0.1.6
[INFO] [stderr]    Compiling subtle v2.6.1
[INFO] [stderr]    Compiling signature v2.2.0
[INFO] [stderr]    Compiling quote v1.0.44
[INFO] [stderr]    Compiling curve25519-dalek v4.1.3
[INFO] [stderr]    Compiling crypto-common v0.1.7
[INFO] [stderr]    Compiling digest v0.10.7
[INFO] [stderr]    Compiling ed25519 v2.2.3
[INFO] [stderr]    Compiling syn v2.0.117
[INFO] [stderr]    Compiling sha2 v0.10.9
[INFO] [stderr]    Compiling sha3 v0.10.8
[INFO] [stderr]    Compiling getrandom v0.2.17
[INFO] [stderr]    Compiling rand_core v0.6.4
[INFO] [stderr]    Compiling zeroize_derive v1.4.3
[INFO] [stderr]    Compiling curve25519-dalek-derive v0.1.1
[INFO] [stderr]    Compiling serde_derive v1.0.228
[INFO] [stderr]    Compiling thiserror-impl v1.0.69
[INFO] [stderr]    Compiling zeroize v1.8.2
[INFO] [stderr]    Compiling fips204 v0.4.6
[INFO] [stderr]    Compiling fips205 v0.4.1
[INFO] [stderr]    Compiling fips203 v0.4.3
[INFO] [stderr]    Compiling thiserror v1.0.69
[INFO] [stderr]    Compiling ppv-lite86 v0.2.21
[INFO] [stderr]    Compiling rand_chacha v0.3.1
[INFO] [stderr]    Compiling ed25519-dalek v2.2.0
[INFO] [stderr]    Compiling rand v0.8.6
[INFO] [stderr]    Compiling serde v1.0.228
[INFO] [stderr]    Compiling dcp-ai v2.8.1 (/opt/rustwide/workdir)
[INFO] [stderr]     Finished `release` profile [optimized] target(s) in 45.10s
[INFO] running `Command { std: "docker" "inspect" "9d5f307fff031ea548d3f902e87eef27c25be4548d97af49c7428ae62ed2de3e", kill_on_drop: false }`
[INFO] running `Command { std: "docker" "exec" "-e" "SOURCE_DIR=/opt/rustwide/workdir" "-e" "CARGO_HOME=/opt/rustwide/cargo-home" "-e" "RUSTUP_HOME=/opt/rustwide/rustup-home" "-e" "CARGO_TARGET_DIR=/opt/rustwide/target" "-e" "CARGO_INCREMENTAL=0" "-e" "RUST_BACKTRACE=full" "-e" "RUSTFLAGS=--cap-lints=warn" "-e" "RUSTDOCFLAGS=--cap-lints=warn" "-w" "/opt/rustwide/workdir" "--user" "0:0" "9d5f307fff031ea548d3f902e87eef27c25be4548d97af49c7428ae62ed2de3e" "/opt/rustwide/cargo-home/bin/cargo" "+1.99.0-beta.8" "test" "--frozen" "--no-run" "--message-format=json" "--release", kill_on_drop: false }`
[INFO] [stderr]    Compiling syn v2.0.117
[INFO] [stderr]    Compiling wasm-bindgen-shared v0.2.114
[INFO] [stderr]    Compiling bumpalo v3.20.2
[INFO] [stderr]    Compiling once_cell v1.21.3
[INFO] [stderr]    Compiling serde_json v1.0.149
[INFO] [stderr]    Compiling wasm-bindgen v0.2.114
[INFO] [stderr]    Compiling slab v0.4.12
[INFO] [stderr]    Compiling futures-core v0.3.32
[INFO] [stderr]    Compiling wasm-bindgen-test-shared v0.2.114
[INFO] [stderr]    Compiling nu-ansi-term v0.50.3
[INFO] [stderr]    Compiling futures-util v0.3.32
[INFO] [stderr]    Compiling wasm-bindgen-macro-support v0.2.114
[INFO] [stderr]    Compiling zeroize_derive v1.4.3
[INFO] [stderr]    Compiling serde_derive v1.0.228
[INFO] [stderr]    Compiling curve25519-dalek-derive v0.1.1
[INFO] [stderr]    Compiling thiserror-impl v1.0.69
[INFO] [stderr]    Compiling async-trait v0.1.89
[INFO] [stderr]    Compiling wasm-bindgen-test-macro v0.3.64
[INFO] [stderr]    Compiling zeroize v1.8.2
[INFO] [stderr]    Compiling curve25519-dalek v4.1.3
[INFO] [stderr]    Compiling fips205 v0.4.1
[INFO] [stderr]    Compiling fips204 v0.4.6
[INFO] [stderr]    Compiling fips203 v0.4.3
[INFO] [stderr]    Compiling thiserror v1.0.69
[INFO] [stderr]    Compiling ed25519-dalek v2.2.0
[INFO] [stderr]    Compiling wasm-bindgen-macro v0.2.114
[INFO] [stderr]    Compiling serde v1.0.228
[INFO] [stderr]    Compiling js-sys v0.3.91
[INFO] [stderr]    Compiling dcp-ai v2.8.1 (/opt/rustwide/workdir)
[INFO] [stderr]    Compiling wasm-bindgen-futures v0.4.64
[INFO] [stderr]    Compiling wasm-bindgen-test v0.3.64
[INFO] [stdout] warning: unused import: `verify_object`
[INFO] [stdout]   --> tests/conformance.rs:14:78
[INFO] [stdout]    |
[INFO] [stdout] 14 | use dcp_ai::crypto::{canonicalize, hash_object, merkle_root_from_hex_leaves, verify_object};
[INFO] [stdout]    |                                                                              ^^^^^^^^^^^^^
[INFO] [stdout]    |
[INFO] [stdout]    = note: `#[warn(unused_imports)]` (part of `#[warn(unused)]`) on by default
[INFO] [stdout] 
[INFO] [stdout] 
[INFO] [stdout] warning: unused import: `serde::Deserialize`
[INFO] [stdout]   --> tests/interop.rs:10:5
[INFO] [stdout]    |
[INFO] [stdout] 10 | use serde::Deserialize;
[INFO] [stdout]    |     ^^^^^^^^^^^^^^^^^^
[INFO] [stdout]    |
[INFO] [stdout]    = note: `#[warn(unused_imports)]` (part of `#[warn(unused)]`) on by default
[INFO] [stdout] 
[INFO] [stdout] 
[INFO] [stdout] warning: unused import: `CompositeKeyInfo`
[INFO] [stdout]   --> tests/interop.rs:21:51
[INFO] [stdout]    |
[INFO] [stdout] 21 | use dcp_ai::v2::composite_ops::{composite_verify, CompositeKeyInfo};
[INFO] [stdout]    |                                                   ^^^^^^^^^^^^^^^^
[INFO] [stdout] 
[INFO] [stdout] 
[INFO] [stdout] warning: unused import: `Digest`
[INFO] [stdout]   --> tests/conformance.rs:12:12
[INFO] [stdout]    |
[INFO] [stdout] 12 | use sha3::{Digest as Sha3Digest, Sha3_256};
[INFO] [stdout]    |            ^^^^^^
[INFO] [stdout] 
[INFO] [stdout] 
[INFO] [stdout] warning: value assigned to `prev_sha3` is never read
[INFO] [stdout]    --> tests/conformance.rs:401:25
[INFO] [stdout]     |
[INFO] [stdout] 401 |     let mut prev_sha3 = "GENESIS".to_string();
[INFO] [stdout]     |                         ^^^^^^^^^^^^^^^^^^^^^ this value is reassigned later and never used
[INFO] [stdout] ...
[INFO] [stdout] 408 |         prev_sha3 = dh.sha3_256;
[INFO] [stdout]     |         --------- `prev_sha3` is overwritten here before the previous value is read
[INFO] [stdout]     |
[INFO] [stdout]     = note: `#[warn(unused_assignments)]` (part of `#[warn(unused)]`) on by default
[INFO] [stdout] 
[INFO] [stdout] 
[INFO] [stderr]     Finished `release` profile [optimized] target(s) in 46.09s
[INFO] running `Command { std: "docker" "inspect" "9d5f307fff031ea548d3f902e87eef27c25be4548d97af49c7428ae62ed2de3e", kill_on_drop: false }`
[INFO] running `Command { std: "docker" "exec" "-e" "SOURCE_DIR=/opt/rustwide/workdir" "-e" "CARGO_HOME=/opt/rustwide/cargo-home" "-e" "RUSTUP_HOME=/opt/rustwide/rustup-home" "-e" "CARGO_TARGET_DIR=/opt/rustwide/target" "-e" "CARGO_INCREMENTAL=0" "-e" "RUST_BACKTRACE=full" "-e" "RUSTFLAGS=--cap-lints=warn" "-e" "RUSTDOCFLAGS=--cap-lints=warn" "-w" "/opt/rustwide/workdir" "--user" "0:0" "9d5f307fff031ea548d3f902e87eef27c25be4548d97af49c7428ae62ed2de3e" "/opt/rustwide/cargo-home/bin/cargo" "+1.99.0-beta.8" "test" "--frozen" "--release", kill_on_drop: false }`
[INFO] [stderr] warning: unused import: `verify_object`
[INFO] [stderr]   --> tests/conformance.rs:14:78
[INFO] [stderr]    |
[INFO] [stderr] 14 | use dcp_ai::crypto::{canonicalize, hash_object, merkle_root_from_hex_leaves, verify_object};
[INFO] [stderr]    |                                                                              ^^^^^^^^^^^^^
[INFO] [stderr]    |
[INFO] [stderr]    = note: `#[warn(unused_imports)]` (part of `#[warn(unused)]`) on by default
[INFO] [stderr] 
[INFO] [stderr] warning: unused import: `Digest`
[INFO] [stderr]   --> tests/conformance.rs:12:12
[INFO] [stderr]    |
[INFO] [stderr] 12 | use sha3::{Digest as Sha3Digest, Sha3_256};
[INFO] [stderr]    |            ^^^^^^
[INFO] [stderr] 
[INFO] [stderr] warning: value assigned to `prev_sha3` is never read
[INFO] [stderr]    --> tests/conformance.rs:401:25
[INFO] [stderr]     |
[INFO] [stderr] 401 |     let mut prev_sha3 = "GENESIS".to_string();
[INFO] [stderr]     |                         ^^^^^^^^^^^^^^^^^^^^^ this value is reassigned later and never used
[INFO] [stderr] ...
[INFO] [stderr] 408 |         prev_sha3 = dh.sha3_256;
[INFO] [stderr]     |         --------- `prev_sha3` is overwritten here before the previous value is read
[INFO] [stderr]     |
[INFO] [stderr]     = note: `#[warn(unused_assignments)]` (part of `#[warn(unused)]`) on by default
[INFO] [stderr] 
[INFO] [stderr] warning: `dcp-ai` (test "conformance") generated 3 warnings (run `cargo fix --test "conformance" -p dcp-ai` to apply 1 suggestion)
[INFO] [stderr] warning: unused import: `serde::Deserialize`
[INFO] [stderr]   --> tests/interop.rs:10:5
[INFO] [stderr]    |
[INFO] [stderr] 10 | use serde::Deserialize;
[INFO] [stderr]    |     ^^^^^^^^^^^^^^^^^^
[INFO] [stderr]    |
[INFO] [stderr]    = note: `#[warn(unused_imports)]` (part of `#[warn(unused)]`) on by default
[INFO] [stderr] 
[INFO] [stderr] warning: unused import: `CompositeKeyInfo`
[INFO] [stderr]   --> tests/interop.rs:21:51
[INFO] [stderr]    |
[INFO] [stderr] 21 | use dcp_ai::v2::composite_ops::{composite_verify, CompositeKeyInfo};
[INFO] [stderr]    |                                                   ^^^^^^^^^^^^^^^^
[INFO] [stderr] 
[INFO] [stderr] warning: `dcp-ai` (test "interop") generated 2 warnings (run `cargo fix --test "interop" -p dcp-ai` to apply 2 suggestions)
[INFO] [stderr]     Finished `release` profile [optimized] target(s) in 0.15s
[INFO] [stderr]      Running unittests src/lib.rs (/opt/rustwide/target/release/deps/dcp_ai-4ede81bd90520b66)
[INFO] [stdout] 
[INFO] [stdout] running 57 tests
[INFO] [stdout] test providers::ed25519::tests::test_keypair_generation ... ok
[INFO] [stdout] test observability::tests::percentiles_empty_and_single ... ok
[INFO] [stdout] test providers::ed25519::tests::test_sign_and_verify ... ok
[INFO] [stdout] test providers::ml_kem_768::tests::test_deterministic_kid ... ok
[INFO] [stdout] test providers::ml_kem_768::tests::test_encaps_decaps_round_trip ... ok
[INFO] [stdout] test observability::tests::emits_init_event ... ok
[INFO] [stdout] test observability::tests::cache_hit_rate ... ok
[INFO] [stdout] test providers::slh_dsa_192f::tests::test_keypair_generation ... ok
[INFO] [stdout] test observability::tests::span_lifecycle_records_duration ... ok
[INFO] [stdout] test observability::tests::tier_distribution_grows ... ok
[INFO] [stdout] test observability::tests::records_sign_verify_and_aggregates ... ok
[INFO] [stdout] test providers::ml_dsa_65::tests::test_verify_wrong_message ... ok
[INFO] [stdout] test observability::tests::disabled_by_default ... ok
[INFO] [stdout] test observability::tests::error_increments_totals_and_emits ... ok
[INFO] [stdout] test providers::ml_kem_768::tests::test_keypair_generation ... ok
[INFO] [stdout] test providers::ml_dsa_65::tests::test_keypair_generation ... ok
[INFO] [stdout] test providers::ml_dsa_65::tests::test_sign_and_verify ... ok
[INFO] [stdout] test providers::ml_dsa_65::tests::test_deterministic_kid ... ok
[INFO] [stdout] test providers::ed25519::tests::test_verify_wrong_message ... ok
[INFO] [stdout] test observability::tests::end_unknown_span_is_noop ... ok
[INFO] [stdout] test v2::canonicalize::tests::test_accepts_integer_valued_float ... ok
[INFO] [stdout] test v2::canonicalize::tests::test_accepts_scientific_notation_with_integer_value ... ok
[INFO] [stdout] test v2::canonicalize::tests::test_rejects_non_finite ... ok
[INFO] [stdout] test v2::domain_separation::tests::test_domain_separated_message ... ok
[INFO] [stdout] test v2::dual_hash::tests::test_dual_hash_produces_both ... ok
[INFO] [stdout] test v2::canonicalize::tests::test_integer_ok ... ok
[INFO] [stdout] test v2::domain_separation::tests::test_valid_context ... ok
[INFO] [stdout] test v2::dual_hash::tests::test_dual_merkle_root_deterministic_and_non_trivial ... ok
[INFO] [stdout] test v2::canonicalize::tests::test_nested ... ok
[INFO] [stdout] test v2::dual_hash::tests::test_dual_merkle_root_empty ... ok
[INFO] [stdout] test v2::canonicalize::tests::test_rejects_non_integer_floats ... ok
[INFO] [stdout] test v2::dual_hash::tests::test_dual_merkle_root_single_leaf ... ok
[INFO] [stdout] test v2::canonicalize::tests::test_sorted_keys ... ok
[INFO] [stdout] test v2::domain_separation::tests::test_invalid_context_rejected ... ok
[INFO] [stdout] test observability::tests::listener_panic_does_not_break_emit ... ok
[INFO] [stdout] test v2::dual_hash::tests::test_sha256_hex_known ... ok
[INFO] [stdout] test v2::composite_ops::tests::test_classical_only_sign_verify ... ok
[INFO] [stdout] test v2::crypto_provider::tests::test_derive_kid_length ... ok
[INFO] [stdout] test v2::signed_payload::tests::test_verify_payload_hash_valid ... ok
[INFO] [stdout] test v2::lifecycle::tests::commissioning_certificate_has_composite_sig ... ok
[INFO] [stdout] test v2::succession::tests::classify_memory_partitions_correctly ... ok
[INFO] [stdout] test v2::succession::tests::execute_succession_happy_path ... ok
[INFO] [stdout] test v2::lifecycle::tests::vitality_score_bounds ... ok
[INFO] [stdout] test v2::dual_hash::tests::test_sha3_256_hex_known ... ok
[INFO] [stdout] test v2::succession::tests::classify_memory_unknown_defaults_to_destroy ... ok
[INFO] [stdout] test v2::canonicalize::tests::test_accepts_trailing_zeros ... ok
[INFO] [stdout] test v2::lifecycle::tests::decommissioning_without_successor ... ok
[INFO] [stdout] test v2::lifecycle::tests::state_transitions_respect_the_machine ... ok
[INFO] [stdout] test v2::lifecycle::tests::hash_vitality_report_is_deterministic ... ok
[INFO] [stdout] test v2::proof_of_possession::tests::test_key_rotation_round_trip ... ok
[INFO] [stdout] test v2::proof_of_possession::tests::test_registration_pop_round_trip ... ok
[INFO] [stdout] test v2::succession::tests::execute_succession_requires_participants ... ok
[INFO] [stdout] test v2::signed_payload::tests::test_prepare_payload ... ok
[INFO] [stdout] test v2::lifecycle::tests::vitality_report_with_integer_metrics ... ok
[INFO] [stdout] test v2::succession::tests::first_testament_is_genesis ... ok
[INFO] [stdout] test providers::slh_dsa_192f::tests::test_sign_and_verify ... ok
[INFO] [stdout] test providers::slh_dsa_192f::tests::test_verify_wrong_message ... ok
[INFO] [stderr]      Running tests/composite_sig.rs (/opt/rustwide/target/release/deps/composite_sig-87215b25a0ac4fbb)
[INFO] [stdout] 
[INFO] [stdout] test result: ok. 57 passed; 0 failed; 0 ignored; 0 measured; 0 filtered out; finished in 0.10s
[INFO] [stdout] 
[INFO] [stdout] 
[INFO] [stdout] running 7 tests
[INFO] [stdout] test classical_only_wrong_key_fails ... ok
[INFO] [stdout] test classical_only_sign_verify_round_trip ... ok
[INFO] [stdout] test registration_pop_round_trip ... ok
[INFO] [stdout] test key_rotation_wrong_old_key_fails ... ok
[INFO] [stdout] test registration_pop_wrong_key_fails ... ok
[INFO] [stdout] test domain_separation_prevents_replay ... ok
[INFO] [stdout] test key_rotation_round_trip ... ok
[INFO] [stdout] 
[INFO] [stdout] test result: ok. 7 passed; 0 failed; 0 ignored; 0 measured; 0 filtered out; finished in 0.00s
[INFO] [stdout] 
[INFO] [stderr]      Running tests/conformance.rs (/opt/rustwide/target/release/deps/conformance-6992f659f82f88d1)
[INFO] [stdout] 
[INFO] [stdout] running 31 tests
[INFO] [stdout] test audit_entry_hashes_match_golden ... FAILED
[INFO] [stdout] test canonical_simple_sorted_keys ... FAILED
[INFO] [stdout] test dual_hash_canonical_intent_matches ... FAILED
[INFO] [stdout] test dual_hash_sha256_sha3_always_differ ... ok
[INFO] [stdout] test canonical_with_null ... FAILED
[INFO] [stdout] test canonical_nested_objects ... FAILED
[INFO] [stdout] test dual_merkle_sha256_matches_v1_merkle_root ... FAILED
[INFO] [stdout] test dual_hash_audit_entries_match_golden ... FAILED
[INFO] [stdout] test sha256_hello_matches ... FAILED
[INFO] [stdout] test dual_merkle_roots_match_golden ... FAILED
[INFO] [stdout] test canonical_unicode ... FAILED
[INFO] [stdout] test sha3_256_empty_matches ... FAILED
[INFO] [stdout] test v1_bundle_rejects_tampered_intent ... FAILED
[INFO] [stdout] test v1_bundle_hash_matches_golden_vector ... FAILED
[INFO] [stdout] test sha256_empty_matches ... FAILED
[INFO] [stdout] test v1_bundle_verifies_with_explicit_key ... FAILED
[INFO] [stdout] test v1_merkle_root_matches_golden_vector ... FAILED
[INFO] [stdout] test v1_bundle_verifies_with_embedded_key ... FAILED
[INFO] [stdout] test v1_bundle_rejects_wrong_key ... FAILED
[INFO] [stdout] test v1_prev_hash_chain_matches_golden_vector ... FAILED
[INFO] [stdout] test v1_intent_hash_matches_golden_vector ... FAILED
[INFO] [stdout] test v1_bundle_rejects_tampered_audit ... FAILED
[INFO] [stdout] test v2_assert_no_floats_passes_integers ... ok
[INFO] [stdout] test sha3_256_hello_matches ... FAILED
[INFO] [stdout] test v2_assert_no_floats_rejects ... ok
[INFO] [stdout] test v2_canonical_rejects_nested_floats ... ok
[INFO] [stdout] test dual_hash_raw_matches_golden ... FAILED
[INFO] [stdout] test v2_canonical_integer_only ... FAILED
[INFO] [stdout] test v2_canonical_rejects_floats ... ok
[INFO] [stdout] test canonical_mixed_types ... FAILED
[INFO] [stdout] test dual_hash_chain_integrity ... FAILED
[INFO] [stdout] 
[INFO] [stdout] failures:
[INFO] [stdout] 
[INFO] [stdout] ---- audit_entry_hashes_match_golden stdout ----
[INFO] [stdout] 
[INFO] [stdout] thread 'audit_entry_hashes_match_golden' (1789) panicked at tests/conformance.rs:37:42:
[INFO] [stdout] signed bundle not found: Os { code: 2, kind: NotFound, message: "No such file or directory" }
[INFO] [stdout] stack backtrace:
[INFO] [stdout]    0:     0x5bfd5545c5e1 - <<std[70759c8f55707aa4]::sys::backtrace::BacktraceLock>::print::DisplayBacktrace as core[df12db4294e9bfd3]::fmt::Display>::fmt
[INFO] [stdout]    1:     0x5bfd5547153a - core[df12db4294e9bfd3]::fmt::write
[INFO] [stdout]    2:     0x5bfd55460a7c - <alloc[2182bb758b4b3781]::vec::Vec<u8> as core[df12db4294e9bfd3]::io::write::Write>::write_fmt
[INFO] [stdout]    3:     0x5bfd554386d6 - std[70759c8f55707aa4]::panicking::default_hook::{closure#0}
[INFO] [stdout]    4:     0x5bfd554549d9 - std[70759c8f55707aa4]::panicking::default_hook
[INFO] [stdout]    5:     0x5bfd553c8740 - test[9d35eded1c95d3be]::test_main_inner::<test[9d35eded1c95d3be]::test_main_static::{closure#0}>::{closure#0}
[INFO] [stdout]    6:     0x5bfd55454b92 - std[70759c8f55707aa4]::panicking::panic_with_hook
[INFO] [stdout]    7:     0x5bfd55438782 - std[70759c8f55707aa4]::panicking::panic_handler::{closure#0}
[INFO] [stdout]    8:     0x5bfd55431379 - std[70759c8f55707aa4]::sys::backtrace::__rust_end_short_backtrace::<std[70759c8f55707aa4]::panicking::panic_handler::{closure#0}, !>
[INFO] [stdout]    9:     0x5bfd5543937d - __rustc[8fa7c3cbc660c2b3]::rust_begin_unwind
[INFO] [stdout]   10:     0x5bfd55471c6c - core[df12db4294e9bfd3]::panicking::panic_fmt
[INFO] [stdout]   11:     0x5bfd55471a42 - core[df12db4294e9bfd3]::result::unwrap_failed
[INFO] [stdout]   12:     0x5bfd553b0887 - conformance[bed13c020e2dfc2a]::load_signed_bundle
[INFO] [stdout]   13:     0x5bfd553b3cde - <conformance[bed13c020e2dfc2a]::audit_entry_hashes_match_golden::{closure#0} as core[df12db4294e9bfd3]::ops::function::FnOnce<()>>::call_once
[INFO] [stdout]   14:     0x5bfd553bba2b - test[9d35eded1c95d3be]::__rust_begin_short_backtrace::<core[df12db4294e9bfd3]::result::Result<(), alloc[2182bb758b4b3781]::string::String>, fn() -> core[df12db4294e9bfd3]::result::Result<(), alloc[2182bb758b4b3781]::string::String>>
[INFO] [stdout]   15:     0x5bfd553c9095 - test[9d35eded1c95d3be]::run_test::{closure#0}
[INFO] [stdout]   16:     0x5bfd553c2954 - std[70759c8f55707aa4]::sys::backtrace::__rust_begin_short_backtrace::<test[9d35eded1c95d3be]::run_test::{closure#1}, ()>
[INFO] [stdout]   17:     0x5bfd553cc1f2 - <std[70759c8f55707aa4]::thread::lifecycle::spawn_unchecked<test[9d35eded1c95d3be]::run_test::{closure#1}, ()>::{closure#1} as core[df12db4294e9bfd3]::ops::function::FnOnce<()>>::call_once::{shim:vtable#0}
[INFO] [stdout]   18:     0x5bfd5545bb49 - <std[70759c8f55707aa4]::sys::thread::unix::Thread>::new::thread_start
[INFO] [stdout]   19:     0x704a249dadfa - <unknown>
[INFO] [stdout]   20:     0x704a24a6e3d4 - clone
[INFO] [stdout]   21:                0x0 - <unknown>
[INFO] [stdout] 
[INFO] [stdout] ---- canonical_simple_sorted_keys stdout ----
[INFO] [stdout] 
[INFO] [stdout] thread 'canonical_simple_sorted_keys' (1792) panicked at tests/conformance.rs:29:42:
[INFO] [stdout] golden_vectors.json not found: Os { code: 2, kind: NotFound, message: "No such file or directory" }
[INFO] [stdout] stack backtrace:
[INFO] [stdout]    0:     0x5bfd5545c5e1 - <<std[70759c8f55707aa4]::sys::backtrace::BacktraceLock>::print::DisplayBacktrace as core[df12db4294e9bfd3]::fmt::Display>::fmt
[INFO] [stdout]    1:     0x5bfd5547153a - core[df12db4294e9bfd3]::fmt::write
[INFO] [stdout]    2:     0x5bfd55460a7c - <alloc[2182bb758b4b3781]::vec::Vec<u8> as core[df12db4294e9bfd3]::io::write::Write>::write_fmt
[INFO] [stdout]    3:     0x5bfd554386d6 - std[70759c8f55707aa4]::panicking::default_hook::{closure#0}
[INFO] [stdout]    4:     0x5bfd554549d9 - std[70759c8f55707aa4]::panicking::default_hook
[INFO] [stdout]    5:     0x5bfd553c8740 - test[9d35eded1c95d3be]::test_main_inner::<test[9d35eded1c95d3be]::test_main_static::{closure#0}>::{closure#0}
[INFO] [stdout]    6:     0x5bfd55454b92 - std[70759c8f55707aa4]::panicking::panic_with_hook
[INFO] [stdout]    7:     0x5bfd55438782 - std[70759c8f55707aa4]::panicking::panic_handler::{closure#0}
[INFO] [stdout]    8:     0x5bfd55431379 - std[70759c8f55707aa4]::sys::backtrace::__rust_end_short_backtrace::<std[70759c8f55707aa4]::panicking::panic_handler::{closure#0}, !>
[INFO] [stdout]    9:     0x5bfd5543937d - __rustc[8fa7c3cbc660c2b3]::rust_begin_unwind
[INFO] [stdout]   10:     0x5bfd55471c6c - core[df12db4294e9bfd3]::panicking::panic_fmt
[INFO] [stdout]   11:     0x5bfd55471a42 - core[df12db4294e9bfd3]::result::unwrap_failed
[INFO] [stdout]   12:     0x5bfd553b0ac7 - conformance[bed13c020e2dfc2a]::load_golden_vectors
[INFO] [stdout]   13:     0x5bfd553b26bb - <conformance[bed13c020e2dfc2a]::canonical_simple_sorted_keys::{closure#0} as core[df12db4294e9bfd3]::ops::function::FnOnce<()>>::call_once
[INFO] [stdout]   14:     0x5bfd553bba2b - test[9d35eded1c95d3be]::__rust_begin_short_backtrace::<core[df12db4294e9bfd3]::result::Result<(), alloc[2182bb758b4b3781]::string::String>, fn() -> core[df12db4294e9bfd3]::result::Result<(), alloc[2182bb758b4b3781]::string::String>>
[INFO] [stdout]   15:     0x5bfd553c9095 - test[9d35eded1c95d3be]::run_test::{closure#0}
[INFO] [stdout]   16:     0x5bfd553c2954 - std[70759c8f55707aa4]::sys::backtrace::__rust_begin_short_backtrace::<test[9d35eded1c95d3be]::run_test::{closure#1}, ()>
[INFO] [stdout]   17:     0x5bfd553cc1f2 - <std[70759c8f55707aa4]::thread::lifecycle::spawn_unchecked<test[9d35eded1c95d3be]::run_test::{closure#1}, ()>::{closure#1} as core[df12db4294e9bfd3]::ops::function::FnOnce<()>>::call_once::{shim:vtable#0}
[INFO] [stdout]   18:     0x5bfd5545bb49 - <std[70759c8f55707aa4]::sys::thread::unix::Thread>::new::thread_start
[INFO] [stdout]   19:     0x704a249dadfa - <unknown>
[INFO] [stdout]   20:     0x704a24a6e3d4 - clone
[INFO] [stdout]   21:                0x0 - <unknown>
[INFO] [stdout] 
[INFO] [stdout] ---- dual_hash_canonical_intent_matches stdout ----
[INFO] [stdout] 
[INFO] [stdout] thread 'dual_hash_canonical_intent_matches' (1796) panicked at tests/conformance.rs:29:42:
[INFO] [stdout] golden_vectors.json not found: Os { code: 2, kind: NotFound, message: "No such file or directory" }
[INFO] [stdout] stack backtrace:
[INFO] [stdout]    0:     0x5bfd5545c5e1 - <<std[70759c8f55707aa4]::sys::backtrace::BacktraceLock>::print::DisplayBacktrace as core[df12db4294e9bfd3]::fmt::Display>::fmt
[INFO] [stdout]    1:     0x5bfd5547153a - core[df12db4294e9bfd3]::fmt::write
[INFO] [stdout]    2:     0x5bfd55460a7c - <alloc[2182bb758b4b3781]::vec::Vec<u8> as core[df12db4294e9bfd3]::io::write::Write>::write_fmt
[INFO] [stdout]    3:     0x5bfd554386d6 - std[70759c8f55707aa4]::panicking::default_hook::{closure#0}
[INFO] [stdout]    4:     0x5bfd554549d9 - std[70759c8f55707aa4]::panicking::default_hook
[INFO] [stdout]    5:     0x5bfd553c8740 - test[9d35eded1c95d3be]::test_main_inner::<test[9d35eded1c95d3be]::test_main_static::{closure#0}>::{closure#0}
[INFO] [stdout]    6:     0x5bfd55454b92 - std[70759c8f55707aa4]::panicking::panic_with_hook
[INFO] [stdout]    7:     0x5bfd55438782 - std[70759c8f55707aa4]::panicking::panic_handler::{closure#0}
[INFO] [stdout]    8:     0x5bfd55431379 - std[70759c8f55707aa4]::sys::backtrace::__rust_end_short_backtrace::<std[70759c8f55707aa4]::panicking::panic_handler::{closure#0}, !>
[INFO] [stdout]    9:     0x5bfd5543937d - __rustc[8fa7c3cbc660c2b3]::rust_begin_unwind
[INFO] [stdout]   10:     0x5bfd55471c6c - core[df12db4294e9bfd3]::panicking::panic_fmt
[INFO] [stdout]   11:     0x5bfd55471a42 - core[df12db4294e9bfd3]::result::unwrap_failed
[INFO] [stdout]   12:     0x5bfd553b0ac7 - conformance[bed13c020e2dfc2a]::load_golden_vectors
[INFO] [stdout]   13:     0x5bfd553b44ae - <conformance[bed13c020e2dfc2a]::dual_hash_canonical_intent_matches::{closure#0} as core[df12db4294e9bfd3]::ops::function::FnOnce<()>>::call_once
[INFO] [stdout]   14:     0x5bfd553bba2b - test[9d35eded1c95d3be]::__rust_begin_short_backtrace::<core[df12db4294e9bfd3]::result::Result<(), alloc[2182bb758b4b3781]::string::String>, fn() -> core[df12db4294e9bfd3]::result::Result<(), alloc[2182bb758b4b3781]::string::String>>
[INFO] [stdout]   15:     0x5bfd553c9095 - test[9d35eded1c95d3be]::run_test::{closure#0}
[INFO] [stdout]   16:     0x5bfd553c2954 - std[70759c8f55707aa4]::sys::backtrace::__rust_begin_short_backtrace::<test[9d35eded1c95d3be]::run_test::{closure#1}, ()>
[INFO] [stdout]   17:     0x5bfd553cc1f2 - <std[70759c8f55707aa4]::thread::lifecycle::spawn_unchecked<test[9d35eded1c95d3be]::run_test::{closure#1}, ()>::{closure#1} as core[df12db4294e9bfd3]::ops::function::FnOnce<()>>::call_once::{shim:vtable#0}
[INFO] [stdout]   18:     0x5bfd5545bb49 - <std[70759c8f55707aa4]::sys::thread::unix::Thread>::new::thread_start
[INFO] [stdout]   19:     0x704a249dadfa - <unknown>
[INFO] [stdout]   20:     0x704a24a6e3d4 - clone
[INFO] [stdout]   21:                0x0 - <unknown>
[INFO] [stdout] 
[INFO] [stdout] ---- canonical_with_null stdout ----
[INFO] [stdout] 
[INFO] [stdout] thread 'canonical_with_null' (1794) panicked at tests/conformance.rs:29:42:
[INFO] [stdout] golden_vectors.json not found: Os { code: 2, kind: NotFound, message: "No such file or directory" }
[INFO] [stdout] stack backtrace:
[INFO] [stdout]    0:     0x5bfd5545c5e1 - <<std[70759c8f55707aa4]::sys::backtrace::BacktraceLock>::print::DisplayBacktrace as core[df12db4294e9bfd3]::fmt::Display>::fmt
[INFO] [stdout]    1:     0x5bfd5547153a - core[df12db4294e9bfd3]::fmt::write
[INFO] [stdout]    2:     0x5bfd55460a7c - <alloc[2182bb758b4b3781]::vec::Vec<u8> as core[df12db4294e9bfd3]::io::write::Write>::write_fmt
[INFO] [stdout]    3:     0x5bfd554386d6 - std[70759c8f55707aa4]::panicking::default_hook::{closure#0}
[INFO] [stdout]    4:     0x5bfd554549d9 - std[70759c8f55707aa4]::panicking::default_hook
[INFO] [stdout]    5:     0x5bfd553c8740 - test[9d35eded1c95d3be]::test_main_inner::<test[9d35eded1c95d3be]::test_main_static::{closure#0}>::{closure#0}
[INFO] [stdout]    6:     0x5bfd55454b92 - std[70759c8f55707aa4]::panicking::panic_with_hook
[INFO] [stdout]    7:     0x5bfd55438782 - std[70759c8f55707aa4]::panicking::panic_handler::{closure#0}
[INFO] [stdout]    8:     0x5bfd55431379 - std[70759c8f55707aa4]::sys::backtrace::__rust_end_short_backtrace::<std[70759c8f55707aa4]::panicking::panic_handler::{closure#0}, !>
[INFO] [stdout]    9:     0x5bfd5543937d - __rustc[8fa7c3cbc660c2b3]::rust_begin_unwind
[INFO] [stdout]   10:     0x5bfd55471c6c - core[df12db4294e9bfd3]::panicking::panic_fmt
[INFO] [stdout]   11:     0x5bfd55471a42 - core[df12db4294e9bfd3]::result::unwrap_failed
[INFO] [stdout]   12:     0x5bfd553b0ac7 - conformance[bed13c020e2dfc2a]::load_golden_vectors
[INFO] [stdout]   13:     0x5bfd553b0ecb - <conformance[bed13c020e2dfc2a]::canonical_with_null::{closure#0} as core[df12db4294e9bfd3]::ops::function::FnOnce<()>>::call_once
[INFO] [stdout]   14:     0x5bfd553bba2b - test[9d35eded1c95d3be]::__rust_begin_short_backtrace::<core[df12db4294e9bfd3]::result::Result<(), alloc[2182bb758b4b3781]::string::String>, fn() -> core[df12db4294e9bfd3]::result::Result<(), alloc[2182bb758b4b3781]::string::String>>
[INFO] [stdout]   15:     0x5bfd553c9095 - test[9d35eded1c95d3be]::run_test::{closure#0}
[INFO] [stdout]   16:     0x5bfd553c2954 - std[70759c8f55707aa4]::sys::backtrace::__rust_begin_short_backtrace::<test[9d35eded1c95d3be]::run_test::{closure#1}, ()>
[INFO] [stdout]   17:     0x5bfd553cc1f2 - <std[70759c8f55707aa4]::thread::lifecycle::spawn_unchecked<test[9d35eded1c95d3be]::run_test::{closure#1}, ()>::{closure#1} as core[df12db4294e9bfd3]::ops::function::FnOnce<()>>::call_once::{shim:vtable#0}
[INFO] [stdout]   18:     0x5bfd5545bb49 - <std[70759c8f55707aa4]::sys::thread::unix::Thread>::new::thread_start
[INFO] [stdout]   19:     0x704a249dadfa - <unknown>
[INFO] [stdout]   20:     0x704a24a6e3d4 - clone
[INFO] [stdout]   21:                0x0 - <unknown>
[INFO] [stdout] 
[INFO] [stdout] ---- canonical_nested_objects stdout ----
[INFO] [stdout] 
[INFO] [stdout] thread 'canonical_nested_objects' (1791) panicked at tests/conformance.rs:29:42:
[INFO] [stdout] golden_vectors.json not found: Os { code: 2, kind: NotFound, message: "No such file or directory" }
[INFO] [stdout] stack backtrace:
[INFO] [stdout]    0:     0x5bfd5545c5e1 - <<std[70759c8f55707aa4]::sys::backtrace::BacktraceLock>::print::DisplayBacktrace as core[df12db4294e9bfd3]::fmt::Display>::fmt
[INFO] [stdout]    1:     0x5bfd5547153a - core[df12db4294e9bfd3]::fmt::write
[INFO] [stdout]    2:     0x5bfd55460a7c - <alloc[2182bb758b4b3781]::vec::Vec<u8> as core[df12db4294e9bfd3]::io::write::Write>::write_fmt
[INFO] [stdout]    3:     0x5bfd554386d6 - std[70759c8f55707aa4]::panicking::default_hook::{closure#0}
[INFO] [stdout]    4:     0x5bfd554549d9 - std[70759c8f55707aa4]::panicking::default_hook
[INFO] [stdout]    5:     0x5bfd553c8740 - test[9d35eded1c95d3be]::test_main_inner::<test[9d35eded1c95d3be]::test_main_static::{closure#0}>::{closure#0}
[INFO] [stdout]    6:     0x5bfd55454b92 - std[70759c8f55707aa4]::panicking::panic_with_hook
[INFO] [stdout]    7:     0x5bfd55438782 - std[70759c8f55707aa4]::panicking::panic_handler::{closure#0}
[INFO] [stdout]    8:     0x5bfd55431379 - std[70759c8f55707aa4]::sys::backtrace::__rust_end_short_backtrace::<std[70759c8f55707aa4]::panicking::panic_handler::{closure#0}, !>
[INFO] [stdout]    9:     0x5bfd5543937d - __rustc[8fa7c3cbc660c2b3]::rust_begin_unwind
[INFO] [stdout]   10:     0x5bfd55471c6c - core[df12db4294e9bfd3]::panicking::panic_fmt
[INFO] [stdout]   11:     0x5bfd55471a42 - core[df12db4294e9bfd3]::result::unwrap_failed
[INFO] [stdout]   12:     0x5bfd553b0ac7 - conformance[bed13c020e2dfc2a]::load_golden_vectors
[INFO] [stdout]   13:     0x5bfd553b182b - <conformance[bed13c020e2dfc2a]::canonical_nested_objects::{closure#0} as core[df12db4294e9bfd3]::ops::function::FnOnce<()>>::call_once
[INFO] [stdout]   14:     0x5bfd553bba2b - test[9d35eded1c95d3be]::__rust_begin_short_backtrace::<core[df12db4294e9bfd3]::result::Result<(), alloc[2182bb758b4b3781]::string::String>, fn() -> core[df12db4294e9bfd3]::result::Result<(), alloc[2182bb758b4b3781]::string::String>>
[INFO] [stdout]   15:     0x5bfd553c9095 - test[9d35eded1c95d3be]::run_test::{closure#0}
[INFO] [stdout]   16:     0x5bfd553c2954 - std[70759c8f55707aa4]::sys::backtrace::__rust_begin_short_backtrace::<test[9d35eded1c95d3be]::run_test::{closure#1}, ()>
[INFO] [stdout]   17:     0x5bfd553cc1f2 - <std[70759c8f55707aa4]::thread::lifecycle::spawn_unchecked<test[9d35eded1c95d3be]::run_test::{closure#1}, ()>::{closure#1} as core[df12db4294e9bfd3]::ops::function::FnOnce<()>>::call_once::{shim:vtable#0}
[INFO] [stdout]   18:     0x5bfd5545bb49 - <std[70759c8f55707aa4]::sys::thread::unix::Thread>::new::thread_start
[INFO] [stdout]   19:     0x704a249dadfa - <unknown>
[INFO] [stdout]   20:     0x704a24a6e3d4 - clone
[INFO] [stdout]   21:                0x0 - <unknown>
[INFO] [stdout] 
[INFO] [stdout] ---- dual_merkle_sha256_matches_v1_merkle_root stdout ----
[INFO] [stdout] 
[INFO] [stdout] thread 'dual_merkle_sha256_matches_v1_merkle_root' (1801) panicked at tests/conformance.rs:29:42:
[INFO] [stdout] golden_vectors.json not found: Os { code: 2, kind: NotFound, message: "No such file or directory" }
[INFO] [stdout] stack backtrace:
[INFO] [stdout]    0:     0x5bfd5545c5e1 - <<std[70759c8f55707aa4]::sys::backtrace::BacktraceLock>::print::DisplayBacktrace as core[df12db4294e9bfd3]::fmt::Display>::fmt
[INFO] [stdout]    1:     0x5bfd5547153a - core[df12db4294e9bfd3]::fmt::write
[INFO] [stdout]    2:     0x5bfd55460a7c - <alloc[2182bb758b4b3781]::vec::Vec<u8> as core[df12db4294e9bfd3]::io::write::Write>::write_fmt
[INFO] [stdout]    3:     0x5bfd554386d6 - std[70759c8f55707aa4]::panicking::default_hook::{closure#0}
[INFO] [stdout]    4:     0x5bfd554549d9 - std[70759c8f55707aa4]::panicking::default_hook
[INFO] [stdout]    5:     0x5bfd553c8740 - test[9d35eded1c95d3be]::test_main_inner::<test[9d35eded1c95d3be]::test_main_static::{closure#0}>::{closure#0}
[INFO] [stdout]    6:     0x5bfd55454b92 - std[70759c8f55707aa4]::panicking::panic_with_hook
[INFO] [stdout]    7:     0x5bfd55438782 - std[70759c8f55707aa4]::panicking::panic_handler::{closure#0}
[INFO] [stdout]    8:     0x5bfd55431379 - std[70759c8f55707aa4]::sys::backtrace::__rust_end_short_backtrace::<std[70759c8f55707aa4]::panicking::panic_handler::{closure#0}, !>
[INFO] [stdout]    9:     0x5bfd5543937d - __rustc[8fa7c3cbc660c2b3]::rust_begin_unwind
[INFO] [stdout]   10:     0x5bfd55471c6c - core[df12db4294e9bfd3]::panicking::panic_fmt
[INFO] [stdout]   11:     0x5bfd55471a42 - core[df12db4294e9bfd3]::result::unwrap_failed
[INFO] [stdout]   12:     0x5bfd553b0ac7 - conformance[bed13c020e2dfc2a]::load_golden_vectors
[INFO] [stdout]   13:     0x5bfd553b61db - <conformance[bed13c020e2dfc2a]::dual_merkle_sha256_matches_v1_merkle_root::{closure#0} as core[df12db4294e9bfd3]::ops::function::FnOnce<()>>::call_once
[INFO] [stdout]   14:     0x5bfd553bba2b - test[9d35eded1c95d3be]::__rust_begin_short_backtrace::<core[df12db4294e9bfd3]::result::Result<(), alloc[2182bb758b4b3781]::string::String>, fn() -> core[df12db4294e9bfd3]::result::Result<(), alloc[2182bb758b4b3781]::string::String>>
[INFO] [stdout]   15:     0x5bfd553c9095 - test[9d35eded1c95d3be]::run_test::{closure#0}
[INFO] [stdout]   16:     0x5bfd553c2954 - std[70759c8f55707aa4]::sys::backtrace::__rust_begin_short_backtrace::<test[9d35eded1c95d3be]::run_test::{closure#1}, ()>
[INFO] [stdout]   17:     0x5bfd553cc1f2 - <std[70759c8f55707aa4]::thread::lifecycle::spawn_unchecked<test[9d35eded1c95d3be]::run_test::{closure#1}, ()>::{closure#1} as core[df12db4294e9bfd3]::ops::function::FnOnce<()>>::call_once::{shim:vtable#0}
[INFO] [stdout]   18:     0x5bfd5545bb49 - <std[70759c8f55707aa4]::sys::thread::unix::Thread>::new::thread_start
[INFO] [stdout]   19:     0x704a249dadfa - <unknown>
[INFO] [stdout]   20:     0x704a24a6e3d4 - clone
[INFO] [stdout]   21:                0x0 - <unknown>
[INFO] [stdout] 
[INFO] [stdout] ---- dual_hash_audit_entries_match_golden stdout ----
[INFO] [stdout] 
[INFO] [stdout] thread 'dual_hash_audit_entries_match_golden' (1795) panicked at tests/conformance.rs:37:42:
[INFO] [stdout] signed bundle not found: Os { code: 2, kind: NotFound, message: "No such file or directory" }
[INFO] [stdout] stack backtrace:
[INFO] [stdout]    0:     0x5bfd5545c5e1 - <<std[70759c8f55707aa4]::sys::backtrace::BacktraceLock>::print::DisplayBacktrace as core[df12db4294e9bfd3]::fmt::Display>::fmt
[INFO] [stdout]    1:     0x5bfd5547153a - core[df12db4294e9bfd3]::fmt::write
[INFO] [stdout]    2:     0x5bfd55460a7c - <alloc[2182bb758b4b3781]::vec::Vec<u8> as core[df12db4294e9bfd3]::io::write::Write>::write_fmt
[INFO] [stdout]    3:     0x5bfd554386d6 - std[70759c8f55707aa4]::panicking::default_hook::{closure#0}
[INFO] [stdout]    4:     0x5bfd554549d9 - std[70759c8f55707aa4]::panicking::default_hook
[INFO] [stdout]    5:     0x5bfd553c8740 - test[9d35eded1c95d3be]::test_main_inner::<test[9d35eded1c95d3be]::test_main_static::{closure#0}>::{closure#0}
[INFO] [stdout]    6:     0x5bfd55454b92 - std[70759c8f55707aa4]::panicking::panic_with_hook
[INFO] [stdout]    7:     0x5bfd55438782 - std[70759c8f55707aa4]::panicking::panic_handler::{closure#0}
[INFO] [stdout]    8:     0x5bfd55431379 - std[70759c8f55707aa4]::sys::backtrace::__rust_end_short_backtrace::<std[70759c8f55707aa4]::panicking::panic_handler::{closure#0}, !>
[INFO] [stdout]    9:     0x5bfd5543937d - __rustc[8fa7c3cbc660c2b3]::rust_begin_unwind
[INFO] [stdout]   10:     0x5bfd55471c6c - core[df12db4294e9bfd3]::panicking::panic_fmt
[INFO] [stdout]   11:     0x5bfd55471a42 - core[df12db4294e9bfd3]::result::unwrap_failed
[INFO] [stdout]   12:     0x5bfd553b0887 - conformance[bed13c020e2dfc2a]::load_signed_bundle
[INFO] [stdout]   13:     0x5bfd553b4cb1 - <conformance[bed13c020e2dfc2a]::dual_hash_audit_entries_match_golden::{closure#0} as core[df12db4294e9bfd3]::ops::function::FnOnce<()>>::call_once
[INFO] [stdout]   14:     0x5bfd553bba2b - test[9d35eded1c95d3be]::__rust_begin_short_backtrace::<core[df12db4294e9bfd3]::result::Result<(), alloc[2182bb758b4b3781]::string::String>, fn() -> core[df12db4294e9bfd3]::result::Result<(), alloc[2182bb758b4b3781]::string::String>>
[INFO] [stdout]   15:     0x5bfd553c9095 - test[9d35eded1c95d3be]::run_test::{closure#0}
[INFO] [stdout]   16:     0x5bfd553c2954 - std[70759c8f55707aa4]::sys::backtrace::__rust_begin_short_backtrace::<test[9d35eded1c95d3be]::run_test::{closure#1}, ()>
[INFO] [stdout]   17:     0x5bfd553cc1f2 - <std[70759c8f55707aa4]::thread::lifecycle::spawn_unchecked<test[9d35eded1c95d3be]::run_test::{closure#1}, ()>::{closure#1} as core[df12db4294e9bfd3]::ops::function::FnOnce<()>>::call_once::{shim:vtable#0}
[INFO] [stdout]   18:     0x5bfd5545bb49 - <std[70759c8f55707aa4]::sys::thread::unix::Thread>::new::thread_start
[INFO] [stdout]   19:     0x704a249dadfa - <unknown>
[INFO] [stdout]   20:     0x704a24a6e3d4 - clone
[INFO] [stdout]   21:                0x0 - <unknown>
[INFO] [stdout] 
[INFO] [stdout] ---- sha256_hello_matches stdout ----
[INFO] [stdout] 
[INFO] [stdout] thread 'sha256_hello_matches' (1803) panicked at tests/conformance.rs:29:42:
[INFO] [stdout] golden_vectors.json not found: Os { code: 2, kind: NotFound, message: "No such file or directory" }
[INFO] [stdout] stack backtrace:
[INFO] [stdout]    0:     0x5bfd5545c5e1 - <<std[70759c8f55707aa4]::sys::backtrace::BacktraceLock>::print::DisplayBacktrace as core[df12db4294e9bfd3]::fmt::Display>::fmt
[INFO] [stdout]    1:     0x5bfd5547153a - core[df12db4294e9bfd3]::fmt::write
[INFO] [stdout]    2:     0x5bfd55460a7c - <alloc[2182bb758b4b3781]::vec::Vec<u8> as core[df12db4294e9bfd3]::io::write::Write>::write_fmt
[INFO] [stdout]    3:     0x5bfd554386d6 - std[70759c8f55707aa4]::panicking::default_hook::{closure#0}
[INFO] [stdout]    4:     0x5bfd554549d9 - std[70759c8f55707aa4]::panicking::default_hook
[INFO] [stdout]    5:     0x5bfd553c8740 - test[9d35eded1c95d3be]::test_main_inner::<test[9d35eded1c95d3be]::test_main_static::{closure#0}>::{closure#0}
[INFO] [stdout]    6:     0x5bfd55454b92 - std[70759c8f55707aa4]::panicking::panic_with_hook
[INFO] [stdout]    7:     0x5bfd55438782 - std[70759c8f55707aa4]::panicking::panic_handler::{closure#0}
[INFO] [stdout]    8:     0x5bfd55431379 - std[70759c8f55707aa4]::sys::backtrace::__rust_end_short_backtrace::<std[70759c8f55707aa4]::panicking::panic_handler::{closure#0}, !>
[INFO] [stdout]    9:     0x5bfd5543937d - __rustc[8fa7c3cbc660c2b3]::rust_begin_unwind
[INFO] [stdout]   10:     0x5bfd55471c6c - core[df12db4294e9bfd3]::panicking::panic_fmt
[INFO] [stdout]   11:     0x5bfd55471a42 - core[df12db4294e9bfd3]::result::unwrap_failed
[INFO] [stdout]   12:     0x5bfd553b0ac7 - conformance[bed13c020e2dfc2a]::load_golden_vectors
[INFO] [stdout]   13:     0x5bfd553b120b - <conformance[bed13c020e2dfc2a]::sha256_hello_matches::{closure#0} as core[df12db4294e9bfd3]::ops::function::FnOnce<()>>::call_once
[INFO] [stdout]   14:     0x5bfd553bba2b - test[9d35eded1c95d3be]::__rust_begin_short_backtrace::<core[df12db4294e9bfd3]::result::Result<(), alloc[2182bb758b4b3781]::string::String>, fn() -> core[df12db4294e9bfd3]::result::Result<(), alloc[2182bb758b4b3781]::string::String>>
[INFO] [stdout]   15:     0x5bfd553c9095 - test[9d35eded1c95d3be]::run_test::{closure#0}
[INFO] [stdout]   16:     0x5bfd553c2954 - std[70759c8f55707aa4]::sys::backtrace::__rust_begin_short_backtrace::<test[9d35eded1c95d3be]::run_test::{closure#1}, ()>
[INFO] [stdout]   17:     0x5bfd553cc1f2 - <std[70759c8f55707aa4]::thread::lifecycle::spawn_unchecked<test[9d35eded1c95d3be]::run_test::{closure#1}, ()>::{closure#1} as core[df12db4294e9bfd3]::ops::function::FnOnce<()>>::call_once::{shim:vtable#0}
[INFO] [stdout]   18:     0x5bfd5545bb49 - <std[70759c8f55707aa4]::sys::thread::unix::Thread>::new::thread_start
[INFO] [stdout]   19:     0x704a249dadfa - <unknown>
[INFO] [stdout]   20:     0x704a24a6e3d4 - clone
[INFO] [stdout]   21:                0x0 - <unknown>
[INFO] [stdout] 
[INFO] [stdout] ---- dual_merkle_roots_match_golden stdout ----
[INFO] [stdout] 
[INFO] [stdout] thread 'dual_merkle_roots_match_golden' (1800) panicked at tests/conformance.rs:29:42:
[INFO] [stdout] golden_vectors.json not found: Os { code: 2, kind: NotFound, message: "No such file or directory" }
[INFO] [stdout] stack backtrace:
[INFO] [stdout]    0:     0x5bfd5545c5e1 - <<std[70759c8f55707aa4]::sys::backtrace::BacktraceLock>::print::DisplayBacktrace as core[df12db4294e9bfd3]::fmt::Display>::fmt
[INFO] [stdout]    1:     0x5bfd5547153a - core[df12db4294e9bfd3]::fmt::write
[INFO] [stdout]    2:     0x5bfd55460a7c - <alloc[2182bb758b4b3781]::vec::Vec<u8> as core[df12db4294e9bfd3]::io::write::Write>::write_fmt
[INFO] [stdout]    3:     0x5bfd554386d6 - std[70759c8f55707aa4]::panicking::default_hook::{closure#0}
[INFO] [stdout]    4:     0x5bfd554549d9 - std[70759c8f55707aa4]::panicking::default_hook
[INFO] [stdout]    5:     0x5bfd553c8740 - test[9d35eded1c95d3be]::test_main_inner::<test[9d35eded1c95d3be]::test_main_static::{closure#0}>::{closure#0}
[INFO] [stdout]    6:     0x5bfd55454b92 - std[70759c8f55707aa4]::panicking::panic_with_hook
[INFO] [stdout]    7:     0x5bfd55438782 - std[70759c8f55707aa4]::panicking::panic_handler::{closure#0}
[INFO] [stdout]    8:     0x5bfd55431379 - std[70759c8f55707aa4]::sys::backtrace::__rust_end_short_backtrace::<std[70759c8f55707aa4]::panicking::panic_handler::{closure#0}, !>
[INFO] [stdout]    9:     0x5bfd5543937d - __rustc[8fa7c3cbc660c2b3]::rust_begin_unwind
[INFO] [stdout]   10:     0x5bfd55471c6c - core[df12db4294e9bfd3]::panicking::panic_fmt
[INFO] [stdout]   11:     0x5bfd55471a42 - core[df12db4294e9bfd3]::result::unwrap_failed
[INFO] [stdout]   12:     0x5bfd553b0ac7 - conformance[bed13c020e2dfc2a]::load_golden_vectors
[INFO] [stdout]   13:     0x5bfd553b2ac4 - <conformance[bed13c020e2dfc2a]::dual_merkle_roots_match_golden::{closure#0} as core[df12db4294e9bfd3]::ops::function::FnOnce<()>>::call_once
[INFO] [stdout]   14:     0x5bfd553bba2b - test[9d35eded1c95d3be]::__rust_begin_short_backtrace::<core[df12db4294e9bfd3]::result::Result<(), alloc[2182bb758b4b3781]::string::String>, fn() -> core[df12db4294e9bfd3]::result::Result<(), alloc[2182bb758b4b3781]::string::String>>
[INFO] [stdout]   15:     0x5bfd553c9095 - test[9d35eded1c95d3be]::run_test::{closure#0}
[INFO] [stdout]   16:     0x5bfd553c2954 - std[70759c8f55707aa4]::sys::backtrace::__rust_begin_short_backtrace::<test[9d35eded1c95d3be]::run_test::{closure#1}, ()>
[INFO] [stdout]   17:     0x5bfd553cc1f2 - <std[70759c8f55707aa4]::thread::lifecycle::spawn_unchecked<test[9d35eded1c95d3be]::run_test::{closure#1}, ()>::{closure#1} as core[df12db4294e9bfd3]::ops::function::FnOnce<()>>::call_once::{shim:vtable#0}
[INFO] [stdout]   18:     0x5bfd5545bb49 - <std[70759c8f55707aa4]::sys::thread::unix::Thread>::new::thread_start
[INFO] [stdout]   19:     0x704a249dadfa - <unknown>
[INFO] [stdout]   20:     0x704a24a6e3d4 - clone
[INFO] [stdout]   21:                0x0 - <unknown>
[INFO] [stdout] 
[INFO] [stdout] ---- canonical_unicode stdout ----
[INFO] [stdout] 
[INFO] [stdout] thread 'canonical_unicode' (1793) panicked at tests/conformance.rs:29:42:
[INFO] [stdout] golden_vectors.json not found: Os { code: 2, kind: NotFound, message: "No such file or directory" }
[INFO] [stdout] stack backtrace:
[INFO] [stdout]    0:     0x5bfd5545c5e1 - <<std[70759c8f55707aa4]::sys::backtrace::BacktraceLock>::print::DisplayBacktrace as core[df12db4294e9bfd3]::fmt::Display>::fmt
[INFO] [stdout]    1:     0x5bfd5547153a - core[df12db4294e9bfd3]::fmt::write
[INFO] [stdout]    2:     0x5bfd55460a7c - <alloc[2182bb758b4b3781]::vec::Vec<u8> as core[df12db4294e9bfd3]::io::write::Write>::write_fmt
[INFO] [stdout]    3:     0x5bfd554386d6 - std[70759c8f55707aa4]::panicking::default_hook::{closure#0}
[INFO] [stdout]    4:     0x5bfd554549d9 - std[70759c8f55707aa4]::panicking::default_hook
[INFO] [stdout]    5:     0x5bfd553c8740 - test[9d35eded1c95d3be]::test_main_inner::<test[9d35eded1c95d3be]::test_main_static::{closure#0}>::{closure#0}
[INFO] [stdout]    6:     0x5bfd55454b92 - std[70759c8f55707aa4]::panicking::panic_with_hook
[INFO] [stdout]    7:     0x5bfd55438782 - std[70759c8f55707aa4]::panicking::panic_handler::{closure#0}
[INFO] [stdout]    8:     0x5bfd55431379 - std[70759c8f55707aa4]::sys::backtrace::__rust_end_short_backtrace::<std[70759c8f55707aa4]::panicking::panic_handler::{closure#0}, !>
[INFO] [stdout]    9:     0x5bfd5543937d - __rustc[8fa7c3cbc660c2b3]::rust_begin_unwind
[INFO] [stdout]   10:     0x5bfd55471c6c - core[df12db4294e9bfd3]::panicking::panic_fmt
[INFO] [stdout]   11:     0x5bfd55471a42 - core[df12db4294e9bfd3]::result::unwrap_failed
[INFO] [stdout]   12:     0x5bfd553b0ac7 - conformance[bed13c020e2dfc2a]::load_golden_vectors
[INFO] [stdout]   13:     0x5bfd553b0cfb - <conformance[bed13c020e2dfc2a]::canonical_unicode::{closure#0} as core[df12db4294e9bfd3]::ops::function::FnOnce<()>>::call_once
[INFO] [stdout]   14:     0x5bfd553bba2b - test[9d35eded1c95d3be]::__rust_begin_short_backtrace::<core[df12db4294e9bfd3]::result::Result<(), alloc[2182bb758b4b3781]::string::String>, fn() -> core[df12db4294e9bfd3]::result::Result<(), alloc[2182bb758b4b3781]::string::String>>
[INFO] [stdout]   15:     0x5bfd553c9095 - test[9d35eded1c95d3be]::run_test::{closure#0}
[INFO] [stdout]   16:     0x5bfd553c2954 - std[70759c8f55707aa4]::sys::backtrace::__rust_begin_short_backtrace::<test[9d35eded1c95d3be]::run_test::{closure#1}, ()>
[INFO] [stdout]   17:     0x5bfd553cc1f2 - <std[70759c8f55707aa4]::thread::lifecycle::spawn_unchecked<test[9d35eded1c95d3be]::run_test::{closure#1}, ()>::{closure#1} as core[df12db4294e9bfd3]::ops::function::FnOnce<()>>::call_once::{shim:vtable#0}
[INFO] [stdout]   18:     0x5bfd5545bb49 - <std[70759c8f55707aa4]::sys::thread::unix::Thread>::new::thread_start
[INFO] [stdout]   19:     0x704a249dadfa - <unknown>
[INFO] [stdout]   20:     0x704a24a6e3d4 - clone
[INFO] [stdout]   21:                0x0 - <unknown>
[INFO] [stdout] 
[INFO] [stdout] ---- sha3_256_empty_matches stdout ----
[INFO] [stdout] 
[INFO] [stdout] thread 'sha3_256_empty_matches' (1804) panicked at tests/conformance.rs:29:42:
[INFO] [stdout] golden_vectors.json not found: Os { code: 2, kind: NotFound, message: "No such file or directory" }
[INFO] [stdout] stack backtrace:
[INFO] [stdout]    0:     0x5bfd5545c5e1 - <<std[70759c8f55707aa4]::sys::backtrace::BacktraceLock>::print::DisplayBacktrace as core[df12db4294e9bfd3]::fmt::Display>::fmt
[INFO] [stdout]    1:     0x5bfd5547153a - core[df12db4294e9bfd3]::fmt::write
[INFO] [stdout]    2:     0x5bfd55460a7c - <alloc[2182bb758b4b3781]::vec::Vec<u8> as core[df12db4294e9bfd3]::io::write::Write>::write_fmt
[INFO] [stdout]    3:     0x5bfd554386d6 - std[70759c8f55707aa4]::panicking::default_hook::{closure#0}
[INFO] [stdout]    4:     0x5bfd554549d9 - std[70759c8f55707aa4]::panicking::default_hook
[INFO] [stdout]    5:     0x5bfd553c8740 - test[9d35eded1c95d3be]::test_main_inner::<test[9d35eded1c95d3be]::test_main_static::{closure#0}>::{closure#0}
[INFO] [stdout]    6:     0x5bfd55454b92 - std[70759c8f55707aa4]::panicking::panic_with_hook
[INFO] [stdout]    7:     0x5bfd55438782 - std[70759c8f55707aa4]::panicking::panic_handler::{closure#0}
[INFO] [stdout]    8:     0x5bfd55431379 - std[70759c8f55707aa4]::sys::backtrace::__rust_end_short_backtrace::<std[70759c8f55707aa4]::panicking::panic_handler::{closure#0}, !>
[INFO] [stdout]    9:     0x5bfd5543937d - __rustc[8fa7c3cbc660c2b3]::rust_begin_unwind
[INFO] [stdout]   10:     0x5bfd55471c6c - core[df12db4294e9bfd3]::panicking::panic_fmt
[INFO] [stdout]   11:     0x5bfd55471a42 - core[df12db4294e9bfd3]::result::unwrap_failed
[INFO] [stdout]   12:     0x5bfd553b0ac7 - conformance[bed13c020e2dfc2a]::load_golden_vectors
[INFO] [stdout]   13:     0x5bfd553b154b - <conformance[bed13c020e2dfc2a]::sha3_256_empty_matches::{closure#0} as core[df12db4294e9bfd3]::ops::function::FnOnce<()>>::call_once
[INFO] [stdout]   14:     0x5bfd553bba2b - test[9d35eded1c95d3be]::__rust_begin_short_backtrace::<core[df12db4294e9bfd3]::result::Result<(), alloc[2182bb758b4b3781]::string::String>, fn() -> core[df12db4294e9bfd3]::result::Result<(), alloc[2182bb758b4b3781]::string::String>>
[INFO] [stdout]   15:     0x5bfd553c9095 - test[9d35eded1c95d3be]::run_test::{closure#0}
[INFO] [stdout]   16:     0x5bfd553c2954 - std[70759c8f55707aa4]::sys::backtrace::__rust_begin_short_backtrace::<test[9d35eded1c95d3be]::run_test::{closure#1}, ()>
[INFO] [stdout]   17:     0x5bfd553cc1f2 - <std[70759c8f55707aa4]::thread::lifecycle::spawn_unchecked<test[9d35eded1c95d3be]::run_test::{closure#1}, ()>::{closure#1} as core[df12db4294e9bfd3]::ops::function::FnOnce<()>>::call_once::{shim:vtable#0}
[INFO] [stdout]   18:     0x5bfd5545bb49 - <std[70759c8f55707aa4]::sys::thread::unix::Thread>::new::thread_start
[INFO] [stdout]   19:     0x704a249dadfa - <unknown>
[INFO] [stdout]   20:     0x704a24a6e3d4 - clone
[INFO] [stdout]   21:                0x0 - <unknown>
[INFO] [stdout] 
[INFO] [stdout] ---- v1_bundle_rejects_tampered_intent stdout ----
[INFO] [stdout] 
[INFO] [stdout] thread 'v1_bundle_rejects_tampered_intent' (1808) panicked at tests/conformance.rs:37:42:
[INFO] [stdout] signed bundle not found: Os { code: 2, kind: NotFound, message: "No such file or directory" }
[INFO] [stdout] stack backtrace:
[INFO] [stdout]    0:     0x5bfd5545c5e1 - <<std[70759c8f55707aa4]::sys::backtrace::BacktraceLock>::print::DisplayBacktrace as core[df12db4294e9bfd3]::fmt::Display>::fmt
[INFO] [stdout]    1:     0x5bfd5547153a - core[df12db4294e9bfd3]::fmt::write
[INFO] [stdout]    2:     0x5bfd55460a7c - <alloc[2182bb758b4b3781]::vec::Vec<u8> as core[df12db4294e9bfd3]::io::write::Write>::write_fmt
[INFO] [stdout]    3:     0x5bfd554386d6 - std[70759c8f55707aa4]::panicking::default_hook::{closure#0}
[INFO] [stdout]    4:     0x5bfd554549d9 - std[70759c8f55707aa4]::panicking::default_hook
[INFO] [stdout]    5:     0x5bfd553c8740 - test[9d35eded1c95d3be]::test_main_inner::<test[9d35eded1c95d3be]::test_main_static::{closure#0}>::{closure#0}
[INFO] [stdout]    6:     0x5bfd55454b92 - std[70759c8f55707aa4]::panicking::panic_with_hook
[INFO] [stdout]    7:     0x5bfd55438782 - std[70759c8f55707aa4]::panicking::panic_handler::{closure#0}
[INFO] [stdout]    8:     0x5bfd55431379 - std[70759c8f55707aa4]::sys::backtrace::__rust_end_short_backtrace::<std[70759c8f55707aa4]::panicking::panic_handler::{closure#0}, !>
[INFO] [stdout]    9:     0x5bfd5543937d - __rustc[8fa7c3cbc660c2b3]::rust_begin_unwind
[INFO] [stdout]   10:     0x5bfd55471c6c - core[df12db4294e9bfd3]::panicking::panic_fmt
[INFO] [stdout]   11:     0x5bfd55471a42 - core[df12db4294e9bfd3]::result::unwrap_failed
[INFO] [stdout]   12:     0x5bfd553b0887 - conformance[bed13c020e2dfc2a]::load_signed_bundle
[INFO] [stdout]   13:     0x5bfd553b41fb - <conformance[bed13c020e2dfc2a]::v1_bundle_rejects_tampered_intent::{closure#0} as core[df12db4294e9bfd3]::ops::function::FnOnce<()>>::call_once
[INFO] [stdout]   14:     0x5bfd553bba2b - test[9d35eded1c95d3be]::__rust_begin_short_backtrace::<core[df12db4294e9bfd3]::result::Result<(), alloc[2182bb758b4b3781]::string::String>, fn() -> core[df12db4294e9bfd3]::result::Result<(), alloc[2182bb758b4b3781]::string::String>>
[INFO] [stdout]   15:     0x5bfd553c9095 - test[9d35eded1c95d3be]::run_test::{closure#0}
[INFO] [stdout]   16:     0x5bfd553c2954 - std[70759c8f55707aa4]::sys::backtrace::__rust_begin_short_backtrace::<test[9d35eded1c95d3be]::run_test::{closure#1}, ()>
[INFO] [stdout]   17:     0x5bfd553cc1f2 - <std[70759c8f55707aa4]::thread::lifecycle::spawn_unchecked<test[9d35eded1c95d3be]::run_test::{closure#1}, ()>::{closure#1} as core[df12db4294e9bfd3]::ops::function::FnOnce<()>>::call_once::{shim:vtable#0}
[INFO] [stdout]   18:     0x5bfd5545bb49 - <std[70759c8f55707aa4]::sys::thread::unix::Thread>::new::thread_start
[INFO] [stdout]   19:     0x704a249dadfa - <unknown>
[INFO] [stdout]   20:     0x704a24a6e3d4 - clone
[INFO] [stdout]   21:                0x0 - <unknown>
[INFO] [stdout] 
[INFO] [stdout] ---- v1_bundle_hash_matches_golden_vector stdout ----
[INFO] [stdout] 
[INFO] [stdout] thread 'v1_bundle_hash_matches_golden_vector' (1806) panicked at tests/conformance.rs:37:42:
[INFO] [stdout] signed bundle not found: Os { code: 2, kind: NotFound, message: "No such file or directory" }
[INFO] [stdout] stack backtrace:
[INFO] [stdout]    0:     0x5bfd5545c5e1 - <<std[70759c8f55707aa4]::sys::backtrace::BacktraceLock>::print::DisplayBacktrace as core[df12db4294e9bfd3]::fmt::Display>::fmt
[INFO] [stdout]    1:     0x5bfd5547153a - core[df12db4294e9bfd3]::fmt::write
[INFO] [stdout]    2:     0x5bfd55460a7c - <alloc[2182bb758b4b3781]::vec::Vec<u8> as core[df12db4294e9bfd3]::io::write::Write>::write_fmt
[INFO] [stdout]    3:     0x5bfd554386d6 - std[70759c8f55707aa4]::panicking::default_hook::{closure#0}
[INFO] [stdout]    4:     0x5bfd554549d9 - std[70759c8f55707aa4]::panicking::default_hook
[INFO] [stdout]    5:     0x5bfd553c8740 - test[9d35eded1c95d3be]::test_main_inner::<test[9d35eded1c95d3be]::test_main_static::{closure#0}>::{closure#0}
[INFO] [stdout]    6:     0x5bfd55454b92 - std[70759c8f55707aa4]::panicking::panic_with_hook
[INFO] [stdout]    7:     0x5bfd55438782 - std[70759c8f55707aa4]::panicking::panic_handler::{closure#0}
[INFO] [stdout]    8:     0x5bfd55431379 - std[70759c8f55707aa4]::sys::backtrace::__rust_end_short_backtrace::<std[70759c8f55707aa4]::panicking::panic_handler::{closure#0}, !>
[INFO] [stdout]    9:     0x5bfd5543937d - __rustc[8fa7c3cbc660c2b3]::rust_begin_unwind
[INFO] [stdout]   10:     0x5bfd55471c6c - core[df12db4294e9bfd3]::panicking::panic_fmt
[INFO] [stdout]   11:     0x5bfd55471a42 - core[df12db4294e9bfd3]::result::unwrap_failed
[INFO] [stdout]   12:     0x5bfd553b0887 - conformance[bed13c020e2dfc2a]::load_signed_bundle
[INFO] [stdout]   13:     0x5bfd553b50e1 - <conformance[bed13c020e2dfc2a]::v1_bundle_hash_matches_golden_vector::{closure#0} as core[df12db4294e9bfd3]::ops::function::FnOnce<()>>::call_once
[INFO] [stdout]   14:     0x5bfd553bba2b - test[9d35eded1c95d3be]::__rust_begin_short_backtrace::<core[df12db4294e9bfd3]::result::Result<(), alloc[2182bb758b4b3781]::string::String>, fn() -> core[df12db4294e9bfd3]::result::Result<(), alloc[2182bb758b4b3781]::string::String>>
[INFO] [stdout]   15:     0x5bfd553c9095 - test[9d35eded1c95d3be]::run_test::{closure#0}
[INFO] [stdout]   16:     0x5bfd553c2954 - std[70759c8f55707aa4]::sys::backtrace::__rust_begin_short_backtrace::<test[9d35eded1c95d3be]::run_test::{closure#1}, ()>
[INFO] [stdout]   17:     0x5bfd553cc1f2 - <std[70759c8f55707aa4]::thread::lifecycle::spawn_unchecked<test[9d35eded1c95d3be]::run_test::{closure#1}, ()>::{closure#1} as core[df12db4294e9bfd3]::ops::function::FnOnce<()>>::call_once::{shim:vtable#0}
[INFO] [stdout]   18:     0x5bfd5545bb49 - <std[70759c8f55707aa4]::sys::thread::unix::Thread>::new::thread_start
[INFO] [stdout]   19:     0x704a249dadfa - <unknown>
[INFO] [stdout]   20:     0x704a24a6e3d4 - clone
[INFO] [stdout]   21:                0x0 - <unknown>
[INFO] [stdout] 
[INFO] [stdout] ---- sha256_empty_matches stdout ----
[INFO] [stdout] 
[INFO] [stdout] thread 'sha256_empty_matches' (1802) panicked at tests/conformance.rs:29:42:
[INFO] [stdout] golden_vectors.json not found: Os { code: 2, kind: NotFound, message: "No such file or directory" }
[INFO] [stdout] stack backtrace:
[INFO] [stdout]    0:     0x5bfd5545c5e1 - <<std[70759c8f55707aa4]::sys::backtrace::BacktraceLock>::print::DisplayBacktrace as core[df12db4294e9bfd3]::fmt::Display>::fmt
[INFO] [stdout]    1:     0x5bfd5547153a - core[df12db4294e9bfd3]::fmt::write
[INFO] [stdout]    2:     0x5bfd55460a7c - <alloc[2182bb758b4b3781]::vec::Vec<u8> as core[df12db4294e9bfd3]::io::write::Write>::write_fmt
[INFO] [stdout]    3:     0x5bfd554386d6 - std[70759c8f55707aa4]::panicking::default_hook::{closure#0}
[INFO] [stdout]    4:     0x5bfd554549d9 - std[70759c8f55707aa4]::panicking::default_hook
[INFO] [stdout]    5:     0x5bfd553c8740 - test[9d35eded1c95d3be]::test_main_inner::<test[9d35eded1c95d3be]::test_main_static::{closure#0}>::{closure#0}
[INFO] [stdout]    6:     0x5bfd55454b92 - std[70759c8f55707aa4]::panicking::panic_with_hook
[INFO] [stdout]    7:     0x5bfd55438782 - std[70759c8f55707aa4]::panicking::panic_handler::{closure#0}
[INFO] [stdout]    8:     0x5bfd55431379 - std[70759c8f55707aa4]::sys::backtrace::__rust_end_short_backtrace::<std[70759c8f55707aa4]::panicking::panic_handler::{closure#0}, !>
[INFO] [stdout]    9:     0x5bfd5543937d - __rustc[8fa7c3cbc660c2b3]::rust_begin_unwind
[INFO] [stdout]   10:     0x5bfd55471c6c - core[df12db4294e9bfd3]::panicking::panic_fmt
[INFO] [stdout]   11:     0x5bfd55471a42 - core[df12db4294e9bfd3]::result::unwrap_failed
[INFO] [stdout]   12:     0x5bfd553b0ac7 - conformance[bed13c020e2dfc2a]::load_golden_vectors
[INFO] [stdout]   13:     0x5bfd553b109b - <conformance[bed13c020e2dfc2a]::sha256_empty_matches::{closure#0} as core[df12db4294e9bfd3]::ops::function::FnOnce<()>>::call_once
[INFO] [stdout]   14:     0x5bfd553bba2b - test[9d35eded1c95d3be]::__rust_begin_short_backtrace::<core[df12db4294e9bfd3]::result::Result<(), alloc[2182bb758b4b3781]::string::String>, fn() -> core[df12db4294e9bfd3]::result::Result<(), alloc[2182bb758b4b3781]::string::String>>
[INFO] [stdout]   15:     0x5bfd553c9095 - test[9d35eded1c95d3be]::run_test::{closure#0}
[INFO] [stdout]   16:     0x5bfd553c2954 - std[70759c8f55707aa4]::sys::backtrace::__rust_begin_short_backtrace::<test[9d35eded1c95d3be]::run_test::{closure#1}, ()>
[INFO] [stdout]   17:     0x5bfd553cc1f2 - <std[70759c8f55707aa4]::thread::lifecycle::spawn_unchecked<test[9d35eded1c95d3be]::run_test::{closure#1}, ()>::{closure#1} as core[df12db4294e9bfd3]::ops::function::FnOnce<()>>::call_once::{shim:vtable#0}
[INFO] [stdout]   18:     0x5bfd5545bb49 - <std[70759c8f55707aa4]::sys::thread::unix::Thread>::new::thread_start
[INFO] [stdout]   19:     0x704a249dadfa - <unknown>
[INFO] [stdout]   20:     0x704a24a6e3d4 - clone
[INFO] [stdout]   21:                0x0 - <unknown>
[INFO] [stdout] 
[INFO] [stdout] ---- v1_bundle_verifies_with_explicit_key stdout ----
[INFO] [stdout] 
[INFO] [stdout] thread 'v1_bundle_verifies_with_explicit_key' (1811) panicked at tests/conformance.rs:37:42:
[INFO] [stdout] signed bundle not found: Os { code: 2, kind: NotFound, message: "No such file or directory" }
[INFO] [stdout] stack backtrace:
[INFO] [stdout]    0:     0x5bfd5545c5e1 - <<std[70759c8f55707aa4]::sys::backtrace::BacktraceLock>::print::DisplayBacktrace as core[df12db4294e9bfd3]::fmt::Display>::fmt
[INFO] [stdout]    1:     0x5bfd5547153a - core[df12db4294e9bfd3]::fmt::write
[INFO] [stdout]    2:     0x5bfd55460a7c - <alloc[2182bb758b4b3781]::vec::Vec<u8> as core[df12db4294e9bfd3]::io::write::Write>::write_fmt
[INFO] [stdout]    3:     0x5bfd554386d6 - std[70759c8f55707aa4]::panicking::default_hook::{closure#0}
[INFO] [stdout]    4:     0x5bfd554549d9 - std[70759c8f55707aa4]::panicking::default_hook
[INFO] [stdout]    5:     0x5bfd553c8740 - test[9d35eded1c95d3be]::test_main_inner::<test[9d35eded1c95d3be]::test_main_static::{closure#0}>::{closure#0}
[INFO] [stdout]    6:     0x5bfd55454b92 - std[70759c8f55707aa4]::panicking::panic_with_hook
[INFO] [stdout]    7:     0x5bfd55438782 - std[70759c8f55707aa4]::panicking::panic_handler::{closure#0}
[INFO] [stdout]    8:     0x5bfd55431379 - std[70759c8f55707aa4]::sys::backtrace::__rust_end_short_backtrace::<std[70759c8f55707aa4]::panicking::panic_handler::{closure#0}, !>
[INFO] [stdout]    9:     0x5bfd5543937d - __rustc[8fa7c3cbc660c2b3]::rust_begin_unwind
[INFO] [stdout]   10:     0x5bfd55471c6c - core[df12db4294e9bfd3]::panicking::panic_fmt
[INFO] [stdout]   11:     0x5bfd55471a42 - core[df12db4294e9bfd3]::result::unwrap_failed
[INFO] [stdout]   12:     0x5bfd553b0887 - conformance[bed13c020e2dfc2a]::load_signed_bundle
[INFO] [stdout]   13:     0x5bfd553b574b - <conformance[bed13c020e2dfc2a]::v1_bundle_verifies_with_explicit_key::{closure#0} as core[df12db4294e9bfd3]::ops::function::FnOnce<()>>::call_once
[INFO] [stdout]   14:     0x5bfd553bba2b - test[9d35eded1c95d3be]::__rust_begin_short_backtrace::<core[df12db4294e9bfd3]::result::Result<(), alloc[2182bb758b4b3781]::string::String>, fn() -> core[df12db4294e9bfd3]::result::Result<(), alloc[2182bb758b4b3781]::string::String>>
[INFO] [stdout]   15:     0x5bfd553c9095 - test[9d35eded1c95d3be]::run_test::{closure#0}
[INFO] [stdout]   16:     0x5bfd553c2954 - std[70759c8f55707aa4]::sys::backtrace::__rust_begin_short_backtrace::<test[9d35eded1c95d3be]::run_test::{closure#1}, ()>
[INFO] [stdout]   17:     0x5bfd553cc1f2 - <std[70759c8f55707aa4]::thread::lifecycle::spawn_unchecked<test[9d35eded1c95d3be]::run_test::{closure#1}, ()>::{closure#1} as core[df12db4294e9bfd3]::ops::function::FnOnce<()>>::call_once::{shim:vtable#0}
[INFO] [stdout]   18:     0x5bfd5545bb49 - <std[70759c8f55707aa4]::sys::thread::unix::Thread>::new::thread_start
[INFO] [stdout]   19:     0x704a249dadfa - <unknown>
[INFO] [stdout]   20:     0x704a24a6e3d4 - clone
[INFO] [stdout]   21:                0x0 - <unknown>
[INFO] [stdout] 
[INFO] [stdout] ---- v1_merkle_root_matches_golden_vector stdout ----
[INFO] [stdout] 
[INFO] [stdout] thread 'v1_merkle_root_matches_golden_vector' (1813) panicked at tests/conformance.rs:37:42:
[INFO] [stdout] signed bundle not found: Os { code: 2, kind: NotFound, message: "No such file or directory" }
[INFO] [stdout] stack backtrace:
[INFO] [stdout]    0:     0x5bfd5545c5e1 - <<std[70759c8f55707aa4]::sys::backtrace::BacktraceLock>::print::DisplayBacktrace as core[df12db4294e9bfd3]::fmt::Display>::fmt
[INFO] [stdout]    1:     0x5bfd5547153a - core[df12db4294e9bfd3]::fmt::write
[INFO] [stdout]    2:     0x5bfd55460a7c - <alloc[2182bb758b4b3781]::vec::Vec<u8> as core[df12db4294e9bfd3]::io::write::Write>::write_fmt
[INFO] [stdout]    3:     0x5bfd554386d6 - std[70759c8f55707aa4]::panicking::default_hook::{closure#0}
[INFO] [stdout]    4:     0x5bfd554549d9 - std[70759c8f55707aa4]::panicking::default_hook
[INFO] [stdout]    5:     0x5bfd553c8740 - test[9d35eded1c95d3be]::test_main_inner::<test[9d35eded1c95d3be]::test_main_static::{closure#0}>::{closure#0}
[INFO] [stdout]    6:     0x5bfd55454b92 - std[70759c8f55707aa4]::panicking::panic_with_hook
[INFO] [stdout]    7:     0x5bfd55438782 - std[70759c8f55707aa4]::panicking::panic_handler::{closure#0}
[INFO] [stdout]    8:     0x5bfd55431379 - std[70759c8f55707aa4]::sys::backtrace::__rust_end_short_backtrace::<std[70759c8f55707aa4]::panicking::panic_handler::{closure#0}, !>
[INFO] [stdout]    9:     0x5bfd5543937d - __rustc[8fa7c3cbc660c2b3]::rust_begin_unwind
[INFO] [stdout]   10:     0x5bfd55471c6c - core[df12db4294e9bfd3]::panicking::panic_fmt
[INFO] [stdout]   11:     0x5bfd55471a42 - core[df12db4294e9bfd3]::result::unwrap_failed
[INFO] [stdout]   12:     0x5bfd553b0887 - conformance[bed13c020e2dfc2a]::load_signed_bundle
[INFO] [stdout]   13:     0x5bfd553b5a9e - <conformance[bed13c020e2dfc2a]::v1_merkle_root_matches_golden_vector::{closure#0} as core[df12db4294e9bfd3]::ops::function::FnOnce<()>>::call_once
[INFO] [stdout]   14:     0x5bfd553bba2b - test[9d35eded1c95d3be]::__rust_begin_short_backtrace::<core[df12db4294e9bfd3]::result::Result<(), alloc[2182bb758b4b3781]::string::String>, fn() -> core[df12db4294e9bfd3]::result::Result<(), alloc[2182bb758b4b3781]::string::String>>
[INFO] [stdout]   15:     0x5bfd553c9095 - test[9d35eded1c95d3be]::run_test::{closure#0}
[INFO] [stdout]   16:     0x5bfd553c2954 - std[70759c8f55707aa4]::sys::backtrace::__rust_begin_short_backtrace::<test[9d35eded1c95d3be]::run_test::{closure#1}, ()>
[INFO] [stdout]   17:     0x5bfd553cc1f2 - <std[70759c8f55707aa4]::thread::lifecycle::spawn_unchecked<test[9d35eded1c95d3be]::run_test::{closure#1}, ()>::{closure#1} as core[df12db4294e9bfd3]::ops::function::FnOnce<()>>::call_once::{shim:vtable#0}
[INFO] [stdout]   18:     0x5bfd5545bb49 - <std[70759c8f55707aa4]::sys::thread::unix::Thread>::new::thread_start
[INFO] [stdout]   19:     0x704a249dadfa - <unknown>
[INFO] [stdout]   20:     0x704a24a6e3d4 - clone
[INFO] [stdout]   21:                0x0 - <unknown>
[INFO] [stdout] 
[INFO] [stdout] ---- v1_bundle_verifies_with_embedded_key stdout ----
[INFO] [stdout] 
[INFO] [stdout] thread 'v1_bundle_verifies_with_embedded_key' (1810) panicked at tests/conformance.rs:37:42:
[INFO] [stdout] signed bundle not found: Os { code: 2, kind: NotFound, message: "No such file or directory" }
[INFO] [stdout] stack backtrace:
[INFO] [stdout]    0:     0x5bfd5545c5e1 - <<std[70759c8f55707aa4]::sys::backtrace::BacktraceLock>::print::DisplayBacktrace as core[df12db4294e9bfd3]::fmt::Display>::fmt
[INFO] [stdout]    1:     0x5bfd5547153a - core[df12db4294e9bfd3]::fmt::write
[INFO] [stdout]    2:     0x5bfd55460a7c - <alloc[2182bb758b4b3781]::vec::Vec<u8> as core[df12db4294e9bfd3]::io::write::Write>::write_fmt
[INFO] [stdout]    3:     0x5bfd554386d6 - std[70759c8f55707aa4]::panicking::default_hook::{closure#0}
[INFO] [stdout]    4:     0x5bfd554549d9 - std[70759c8f55707aa4]::panicking::default_hook
[INFO] [stdout]    5:     0x5bfd553c8740 - test[9d35eded1c95d3be]::test_main_inner::<test[9d35eded1c95d3be]::test_main_static::{closure#0}>::{closure#0}
[INFO] [stdout]    6:     0x5bfd55454b92 - std[70759c8f55707aa4]::panicking::panic_with_hook
[INFO] [stdout]    7:     0x5bfd55438782 - std[70759c8f55707aa4]::panicking::panic_handler::{closure#0}
[INFO] [stdout]    8:     0x5bfd55431379 - std[70759c8f55707aa4]::sys::backtrace::__rust_end_short_backtrace::<std[70759c8f55707aa4]::panicking::panic_handler::{closure#0}, !>
[INFO] [stdout]    9:     0x5bfd5543937d - __rustc[8fa7c3cbc660c2b3]::rust_begin_unwind
[INFO] [stdout]   10:     0x5bfd55471c6c - core[df12db4294e9bfd3]::panicking::panic_fmt
[INFO] [stdout]   11:     0x5bfd55471a42 - core[df12db4294e9bfd3]::result::unwrap_failed
[INFO] [stdout]   12:     0x5bfd553b0887 - conformance[bed13c020e2dfc2a]::load_signed_bundle
[INFO] [stdout]   13:     0x5bfd553b561e - <conformance[bed13c020e2dfc2a]::v1_bundle_verifies_with_embedded_key::{closure#0} as core[df12db4294e9bfd3]::ops::function::FnOnce<()>>::call_once
[INFO] [stdout]   14:     0x5bfd553bba2b - test[9d35eded1c95d3be]::__rust_begin_short_backtrace::<core[df12db4294e9bfd3]::result::Result<(), alloc[2182bb758b4b3781]::string::String>, fn() -> core[df12db4294e9bfd3]::result::Result<(), alloc[2182bb758b4b3781]::string::String>>
[INFO] [stdout]   15:     0x5bfd553c9095 - test[9d35eded1c95d3be]::run_test::{closure#0}
[INFO] [stdout]   16:     0x5bfd553c2954 - std[70759c8f55707aa4]::sys::backtrace::__rust_begin_short_backtrace::<test[9d35eded1c95d3be]::run_test::{closure#1}, ()>
[INFO] [stdout]   17:     0x5bfd553cc1f2 - <std[70759c8f55707aa4]::thread::lifecycle::spawn_unchecked<test[9d35eded1c95d3be]::run_test::{closure#1}, ()>::{closure#1} as core[df12db4294e9bfd3]::ops::function::FnOnce<()>>::call_once::{shim:vtable#0}
[INFO] [stdout]   18:     0x5bfd5545bb49 - <std[70759c8f55707aa4]::sys::thread::unix::Thread>::new::thread_start
[INFO] [stdout]   19:     0x704a249dadfa - <unknown>
[INFO] [stdout]   20:     0x704a24a6e3d4 - clone
[INFO] [stdout]   21:                0x0 - <unknown>
[INFO] [stdout] 
[INFO] [stdout] ---- v1_bundle_rejects_wrong_key stdout ----
[INFO] [stdout] 
[INFO] [stdout] thread 'v1_bundle_rejects_wrong_key' (1809) panicked at tests/conformance.rs:37:42:
[INFO] [stdout] signed bundle not found: Os { code: 2, kind: NotFound, message: "No such file or directory" }
[INFO] [stdout] stack backtrace:
[INFO] [stdout]    0:     0x5bfd5545c5e1 - <<std[70759c8f55707aa4]::sys::backtrace::BacktraceLock>::print::DisplayBacktrace as core[df12db4294e9bfd3]::fmt::Display>::fmt
[INFO] [stdout]    1:     0x5bfd5547153a - core[df12db4294e9bfd3]::fmt::write
[INFO] [stdout]    2:     0x5bfd55460a7c - <alloc[2182bb758b4b3781]::vec::Vec<u8> as core[df12db4294e9bfd3]::io::write::Write>::write_fmt
[INFO] [stdout]    3:     0x5bfd554386d6 - std[70759c8f55707aa4]::panicking::default_hook::{closure#0}
[INFO] [stdout]    4:     0x5bfd554549d9 - std[70759c8f55707aa4]::panicking::default_hook
[INFO] [stdout]    5:     0x5bfd553c8740 - test[9d35eded1c95d3be]::test_main_inner::<test[9d35eded1c95d3be]::test_main_static::{closure#0}>::{closure#0}
[INFO] [stdout]    6:     0x5bfd55454b92 - std[70759c8f55707aa4]::panicking::panic_with_hook
[INFO] [stdout]    7:     0x5bfd55438782 - std[70759c8f55707aa4]::panicking::panic_handler::{closure#0}
[INFO] [stdout]    8:     0x5bfd55431379 - std[70759c8f55707aa4]::sys::backtrace::__rust_end_short_backtrace::<std[70759c8f55707aa4]::panicking::panic_handler::{closure#0}, !>
[INFO] [stdout]    9:     0x5bfd5543937d - __rustc[8fa7c3cbc660c2b3]::rust_begin_unwind
[INFO] [stdout]   10:     0x5bfd55471c6c - core[df12db4294e9bfd3]::panicking::panic_fmt
[INFO] [stdout]   11:     0x5bfd55471a42 - core[df12db4294e9bfd3]::result::unwrap_failed
[INFO] [stdout]   12:     0x5bfd553b0887 - conformance[bed13c020e2dfc2a]::load_signed_bundle
[INFO] [stdout]   13:     0x5bfd553b21ee - <conformance[bed13c020e2dfc2a]::v1_bundle_rejects_wrong_key::{closure#0} as core[df12db4294e9bfd3]::ops::function::FnOnce<()>>::call_once
[INFO] [stdout]   14:     0x5bfd553bba2b - test[9d35eded1c95d3be]::__rust_begin_short_backtrace::<core[df12db4294e9bfd3]::result::Result<(), alloc[2182bb758b4b3781]::string::String>, fn() -> core[df12db4294e9bfd3]::result::Result<(), alloc[2182bb758b4b3781]::string::String>>
[INFO] [stdout]   15:     0x5bfd553c9095 - test[9d35eded1c95d3be]::run_test::{closure#0}
[INFO] [stdout]   16:     0x5bfd553c2954 - std[70759c8f55707aa4]::sys::backtrace::__rust_begin_short_backtrace::<test[9d35eded1c95d3be]::run_test::{closure#1}, ()>
[INFO] [stdout]   17:     0x5bfd553cc1f2 - <std[70759c8f55707aa4]::thread::lifecycle::spawn_unchecked<test[9d35eded1c95d3be]::run_test::{closure#1}, ()>::{closure#1} as core[df12db4294e9bfd3]::ops::function::FnOnce<()>>::call_once::{shim:vtable#0}
[INFO] [stdout]   18:     0x5bfd5545bb49 - <std[70759c8f55707aa4]::sys::thread::unix::Thread>::new::thread_start
[INFO] [stdout]   19:     0x704a249dadfa - <unknown>
[INFO] [stdout]   20:     0x704a24a6e3d4 - clone
[INFO] [stdout]   21:                0x0 - <unknown>
[INFO] [stdout] 
[INFO] [stdout] ---- v1_prev_hash_chain_matches_golden_vector stdout ----
[INFO] [stdout] 
[INFO] [stdout] thread 'v1_prev_hash_chain_matches_golden_vector' (1814) panicked at tests/conformance.rs:37:42:
[INFO] [stdout] signed bundle not found: Os { code: 2, kind: NotFound, message: "No such file or directory" }
[INFO] [stdout] stack backtrace:
[INFO] [stdout]    0:     0x5bfd5545c5e1 - <<std[70759c8f55707aa4]::sys::backtrace::BacktraceLock>::print::DisplayBacktrace as core[df12db4294e9bfd3]::fmt::Display>::fmt
[INFO] [stdout]    1:     0x5bfd5547153a - core[df12db4294e9bfd3]::fmt::write
[INFO] [stdout]    2:     0x5bfd55460a7c - <alloc[2182bb758b4b3781]::vec::Vec<u8> as core[df12db4294e9bfd3]::io::write::Write>::write_fmt
[INFO] [stdout]    3:     0x5bfd554386d6 - std[70759c8f55707aa4]::panicking::default_hook::{closure#0}
[INFO] [stdout]    4:     0x5bfd554549d9 - std[70759c8f55707aa4]::panicking::default_hook
[INFO] [stdout]    5:     0x5bfd553c8740 - test[9d35eded1c95d3be]::test_main_inner::<test[9d35eded1c95d3be]::test_main_static::{closure#0}>::{closure#0}
[INFO] [stdout]    6:     0x5bfd55454b92 - std[70759c8f55707aa4]::panicking::panic_with_hook
[INFO] [stdout]    7:     0x5bfd55438782 - std[70759c8f55707aa4]::panicking::panic_handler::{closure#0}
[INFO] [stdout]    8:     0x5bfd55431379 - std[70759c8f55707aa4]::sys::backtrace::__rust_end_short_backtrace::<std[70759c8f55707aa4]::panicking::panic_handler::{closure#0}, !>
[INFO] [stdout]    9:     0x5bfd5543937d - __rustc[8fa7c3cbc660c2b3]::rust_begin_unwind
[INFO] [stdout]   10:     0x5bfd55471c6c - core[df12db4294e9bfd3]::panicking::panic_fmt
[INFO] [stdout]   11:     0x5bfd55471a42 - core[df12db4294e9bfd3]::result::unwrap_failed
[INFO] [stdout]   12:     0x5bfd553b0887 - conformance[bed13c020e2dfc2a]::load_signed_bundle
[INFO] [stdout]   13:     0x5bfd553b5dae - <conformance[bed13c020e2dfc2a]::v1_prev_hash_chain_matches_golden_vector::{closure#0} as core[df12db4294e9bfd3]::ops::function::FnOnce<()>>::call_once
[INFO] [stdout]   14:     0x5bfd553bba2b - test[9d35eded1c95d3be]::__rust_begin_short_backtrace::<core[df12db4294e9bfd3]::result::Result<(), alloc[2182bb758b4b3781]::string::String>, fn() -> core[df12db4294e9bfd3]::result::Result<(), alloc[2182bb758b4b3781]::string::String>>
[INFO] [stdout]   15:     0x5bfd553c9095 - test[9d35eded1c95d3be]::run_test::{closure#0}
[INFO] [stdout]   16:     0x5bfd553c2954 - std[70759c8f55707aa4]::sys::backtrace::__rust_begin_short_backtrace::<test[9d35eded1c95d3be]::run_test::{closure#1}, ()>
[INFO] [stdout]   17:     0x5bfd553cc1f2 - <std[70759c8f55707aa4]::thread::lifecycle::spawn_unchecked<test[9d35eded1c95d3be]::run_test::{closure#1}, ()>::{closure#1} as core[df12db4294e9bfd3]::ops::function::FnOnce<()>>::call_once::{shim:vtable#0}
[INFO] [stdout]   18:     0x5bfd5545bb49 - <std[70759c8f55707aa4]::sys::thread::unix::Thread>::new::thread_start
[INFO] [stdout]   19:     0x704a249dadfa - <unknown>
[INFO] [stdout]   20:     0x704a24a6e3d4 - clone
[INFO] [stdout]   21:                0x0 - <unknown>
[INFO] [stdout] 
[INFO] [stdout] ---- v1_intent_hash_matches_golden_vector stdout ----
[INFO] [stdout] 
[INFO] [stdout] thread 'v1_intent_hash_matches_golden_vector' (1812) panicked at tests/conformance.rs:37:42:
[INFO] [stdout] signed bundle not found: Os { code: 2, kind: NotFound, message: "No such file or directory" }
[INFO] [stdout] stack backtrace:
[INFO] [stdout]    0:     0x5bfd5545c5e1 - <<std[70759c8f55707aa4]::sys::backtrace::BacktraceLock>::print::DisplayBacktrace as core[df12db4294e9bfd3]::fmt::Display>::fmt
[INFO] [stdout]    1:     0x5bfd5547153a - core[df12db4294e9bfd3]::fmt::write
[INFO] [stdout]    2:     0x5bfd55460a7c - <alloc[2182bb758b4b3781]::vec::Vec<u8> as core[df12db4294e9bfd3]::io::write::Write>::write_fmt
[INFO] [stdout]    3:     0x5bfd554386d6 - std[70759c8f55707aa4]::panicking::default_hook::{closure#0}
[INFO] [stdout]    4:     0x5bfd554549d9 - std[70759c8f55707aa4]::panicking::default_hook
[INFO] [stdout]    5:     0x5bfd553c8740 - test[9d35eded1c95d3be]::test_main_inner::<test[9d35eded1c95d3be]::test_main_static::{closure#0}>::{closure#0}
[INFO] [stdout]    6:     0x5bfd55454b92 - std[70759c8f55707aa4]::panicking::panic_with_hook
[INFO] [stdout]    7:     0x5bfd55438782 - std[70759c8f55707aa4]::panicking::panic_handler::{closure#0}
[INFO] [stdout]    8:     0x5bfd55431379 - std[70759c8f55707aa4]::sys::backtrace::__rust_end_short_backtrace::<std[70759c8f55707aa4]::panicking::panic_handler::{closure#0}, !>
[INFO] [stdout]    9:     0x5bfd5543937d - __rustc[8fa7c3cbc660c2b3]::rust_begin_unwind
[INFO] [stdout]   10:     0x5bfd55471c6c - core[df12db4294e9bfd3]::panicking::panic_fmt
[INFO] [stdout]   11:     0x5bfd55471a42 - core[df12db4294e9bfd3]::result::unwrap_failed
[INFO] [stdout]   12:     0x5bfd553b0887 - conformance[bed13c020e2dfc2a]::load_signed_bundle
[INFO] [stdout]   13:     0x5bfd553b58e8 - <conformance[bed13c020e2dfc2a]::v1_intent_hash_matches_golden_vector::{closure#0} as core[df12db4294e9bfd3]::ops::function::FnOnce<()>>::call_once
[INFO] [stdout]   14:     0x5bfd553bba2b - test[9d35eded1c95d3be]::__rust_begin_short_backtrace::<core[df12db4294e9bfd3]::result::Result<(), alloc[2182bb758b4b3781]::string::String>, fn() -> core[df12db4294e9bfd3]::result::Result<(), alloc[2182bb758b4b3781]::string::String>>
[INFO] [stdout]   15:     0x5bfd553c9095 - test[9d35eded1c95d3be]::run_test::{closure#0}
[INFO] [stdout]   16:     0x5bfd553c2954 - std[70759c8f55707aa4]::sys::backtrace::__rust_begin_short_backtrace::<test[9d35eded1c95d3be]::run_test::{closure#1}, ()>
[INFO] [stdout]   17:     0x5bfd553cc1f2 - <std[70759c8f55707aa4]::thread::lifecycle::spawn_unchecked<test[9d35eded1c95d3be]::run_test::{closure#1}, ()>::{closure#1} as core[df12db4294e9bfd3]::ops::function::FnOnce<()>>::call_once::{shim:vtable#0}
[INFO] [stdout]   18:     0x5bfd5545bb49 - <std[70759c8f55707aa4]::sys::thread::unix::Thread>::new::thread_start
[INFO] [stdout]   19:     0x704a249dadfa - <unknown>
[INFO] [stdout]   20:     0x704a24a6e3d4 - clone
[INFO] [stdout]   21:                0x0 - <unknown>
[INFO] [stdout] 
[INFO] [stdout] ---- v1_bundle_rejects_tampered_audit stdout ----
[INFO] [stdout] 
[INFO] [stdout] thread 'v1_bundle_rejects_tampered_audit' (1807) panicked at tests/conformance.rs:37:42:
[INFO] [stdout] signed bundle not found: Os { code: 2, kind: NotFound, message: "No such file or directory" }
[INFO] [stdout] stack backtrace:
[INFO] [stdout]    0:     0x5bfd5545c5e1 - <<std[70759c8f55707aa4]::sys::backtrace::BacktraceLock>::print::DisplayBacktrace as core[df12db4294e9bfd3]::fmt::Display>::fmt
[INFO] [stdout]    1:     0x5bfd5547153a - core[df12db4294e9bfd3]::fmt::write
[INFO] [stdout]    2:     0x5bfd55460a7c - <alloc[2182bb758b4b3781]::vec::Vec<u8> as core[df12db4294e9bfd3]::io::write::Write>::write_fmt
[INFO] [stdout]    3:     0x5bfd554386d6 - std[70759c8f55707aa4]::panicking::default_hook::{closure#0}
[INFO] [stdout]    4:     0x5bfd554549d9 - std[70759c8f55707aa4]::panicking::default_hook
[INFO] [stdout]    5:     0x5bfd553c8740 - test[9d35eded1c95d3be]::test_main_inner::<test[9d35eded1c95d3be]::test_main_static::{closure#0}>::{closure#0}
[INFO] [stdout]    6:     0x5bfd55454b92 - std[70759c8f55707aa4]::panicking::panic_with_hook
[INFO] [stdout]    7:     0x5bfd55438782 - std[70759c8f55707aa4]::panicking::panic_handler::{closure#0}
[INFO] [stdout]    8:     0x5bfd55431379 - std[70759c8f55707aa4]::sys::backtrace::__rust_end_short_backtrace::<std[70759c8f55707aa4]::panicking::panic_handler::{closure#0}, !>
[INFO] [stdout]    9:     0x5bfd5543937d - __rustc[8fa7c3cbc660c2b3]::rust_begin_unwind
[INFO] [stdout]   10:     0x5bfd55471c6c - core[df12db4294e9bfd3]::panicking::panic_fmt
[INFO] [stdout]   11:     0x5bfd55471a42 - core[df12db4294e9bfd3]::result::unwrap_failed
[INFO] [stdout]   12:     0x5bfd553b0887 - conformance[bed13c020e2dfc2a]::load_signed_bundle
[INFO] [stdout]   13:     0x5bfd553b3f4b - <conformance[bed13c020e2dfc2a]::v1_bundle_rejects_tampered_audit::{closure#0} as core[df12db4294e9bfd3]::ops::function::FnOnce<()>>::call_once
[INFO] [stdout]   14:     0x5bfd553bba2b - test[9d35eded1c95d3be]::__rust_begin_short_backtrace::<core[df12db4294e9bfd3]::result::Result<(), alloc[2182bb758b4b3781]::string::String>, fn() -> core[df12db4294e9bfd3]::result::Result<(), alloc[2182bb758b4b3781]::string::String>>
[INFO] [stdout]   15:     0x5bfd553c9095 - test[9d35eded1c95d3be]::run_test::{closure#0}
[INFO] [stdout]   16:     0x5bfd553c2954 - std[70759c8f55707aa4]::sys::backtrace::__rust_begin_short_backtrace::<test[9d35eded1c95d3be]::run_test::{closure#1}, ()>
[INFO] [stdout]   17:     0x5bfd553cc1f2 - <std[70759c8f55707aa4]::thread::lifecycle::spawn_unchecked<test[9d35eded1c95d3be]::run_test::{closure#1}, ()>::{closure#1} as core[df12db4294e9bfd3]::ops::function::FnOnce<()>>::call_once::{shim:vtable#0}
[INFO] [stdout]   18:     0x5bfd5545bb49 - <std[70759c8f55707aa4]::sys::thread::unix::Thread>::new::thread_start
[INFO] [stdout]   19:     0x704a249dadfa - <unknown>
[INFO] [stdout]   20:     0x704a24a6e3d4 - clone
[INFO] [stdout]   21:                0x0 - <unknown>
[INFO] [stdout] 
[INFO] [stdout] ---- sha3_256_hello_matches stdout ----
[INFO] [stdout] 
[INFO] [stdout] thread 'sha3_256_hello_matches' (1805) panicked at tests/conformance.rs:29:42:
[INFO] [stdout] golden_vectors.json not found: Os { code: 2, kind: NotFound, message: "No such file or directory" }
[INFO] [stdout] stack backtrace:
[INFO] [stdout]    0:     0x5bfd5545c5e1 - <<std[70759c8f55707aa4]::sys::backtrace::BacktraceLock>::print::DisplayBacktrace as core[df12db4294e9bfd3]::fmt::Display>::fmt
[INFO] [stdout]    1:     0x5bfd5547153a - core[df12db4294e9bfd3]::fmt::write
[INFO] [stdout]    2:     0x5bfd55460a7c - <alloc[2182bb758b4b3781]::vec::Vec<u8> as core[df12db4294e9bfd3]::io::write::Write>::write_fmt
[INFO] [stdout]    3:     0x5bfd554386d6 - std[70759c8f55707aa4]::panicking::default_hook::{closure#0}
[INFO] [stdout]    4:     0x5bfd554549d9 - std[70759c8f55707aa4]::panicking::default_hook
[INFO] [stdout]    5:     0x5bfd553c8740 - test[9d35eded1c95d3be]::test_main_inner::<test[9d35eded1c95d3be]::test_main_static::{closure#0}>::{closure#0}
[INFO] [stdout]    6:     0x5bfd55454b92 - std[70759c8f55707aa4]::panicking::panic_with_hook
[INFO] [stdout]    7:     0x5bfd55438782 - std[70759c8f55707aa4]::panicking::panic_handler::{closure#0}
[INFO] [stdout]    8:     0x5bfd55431379 - std[70759c8f55707aa4]::sys::backtrace::__rust_end_short_backtrace::<std[70759c8f55707aa4]::panicking::panic_handler::{closure#0}, !>
[INFO] [stdout]    9:     0x5bfd5543937d - __rustc[8fa7c3cbc660c2b3]::rust_begin_unwind
[INFO] [stdout]   10:     0x5bfd55471c6c - core[df12db4294e9bfd3]::panicking::panic_fmt
[INFO] [stdout]   11:     0x5bfd55471a42 - core[df12db4294e9bfd3]::result::unwrap_failed
[INFO] [stdout]   12:     0x5bfd553b0ac7 - conformance[bed13c020e2dfc2a]::load_golden_vectors
[INFO] [stdout]   13:     0x5bfd553b16bb - <conformance[bed13c020e2dfc2a]::sha3_256_hello_matches::{closure#0} as core[df12db4294e9bfd3]::ops::function::FnOnce<()>>::call_once
[INFO] [stdout]   14:     0x5bfd553bba2b - test[9d35eded1c95d3be]::__rust_begin_short_backtrace::<core[df12db4294e9bfd3]::result::Result<(), alloc[2182bb758b4b3781]::string::String>, fn() -> core[df12db4294e9bfd3]::result::Result<(), alloc[2182bb758b4b3781]::string::String>>
[INFO] [stdout]   15:     0x5bfd553c9095 - test[9d35eded1c95d3be]::run_test::{closure#0}
[INFO] [stdout]   16:     0x5bfd553c2954 - std[70759c8f55707aa4]::sys::backtrace::__rust_begin_short_backtrace::<test[9d35eded1c95d3be]::run_test::{closure#1}, ()>
[INFO] [stdout]   17:     0x5bfd553cc1f2 - <std[70759c8f55707aa4]::thread::lifecycle::spawn_unchecked<test[9d35eded1c95d3be]::run_test::{closure#1}, ()>::{closure#1} as core[df12db4294e9bfd3]::ops::function::FnOnce<()>>::call_once::{shim:vtable#0}
[INFO] [stdout]   18:     0x5bfd5545bb49 - <std[70759c8f55707aa4]::sys::thread::unix::Thread>::new::thread_start
[INFO] [stdout]   19:     0x704a249dadfa - <unknown>
[INFO] [stdout]   20:     0x704a24a6e3d4 - clone
[INFO] [stdout]   21:                0x0 - <unknown>
[INFO] [stdout] 
[INFO] [stdout] ---- dual_hash_raw_matches_golden stdout ----
[INFO] [stdout] 
[INFO] [stdout] thread 'dual_hash_raw_matches_golden' (1798) panicked at tests/conformance.rs:29:42:
[INFO] [stdout] golden_vectors.json not found: Os { code: 2, kind: NotFound, message: "No such file or directory" }
[INFO] [stdout] stack backtrace:
[INFO] [stdout]    0:     0x5bfd5545c5e1 - <<std[70759c8f55707aa4]::sys::backtrace::BacktraceLock>::print::DisplayBacktrace as core[df12db4294e9bfd3]::fmt::Display>::fmt
[INFO] [stdout]    1:     0x5bfd5547153a - core[df12db4294e9bfd3]::fmt::write
[INFO] [stdout]    2:     0x5bfd55460a7c - <alloc[2182bb758b4b3781]::vec::Vec<u8> as core[df12db4294e9bfd3]::io::write::Write>::write_fmt
[INFO] [stdout]    3:     0x5bfd554386d6 - std[70759c8f55707aa4]::panicking::default_hook::{closure#0}
[INFO] [stdout]    4:     0x5bfd554549d9 - std[70759c8f55707aa4]::panicking::default_hook
[INFO] [stdout]    5:     0x5bfd553c8740 - test[9d35eded1c95d3be]::test_main_inner::<test[9d35eded1c95d3be]::test_main_static::{closure#0}>::{closure#0}
[INFO] [stdout]    6:     0x5bfd55454b92 - std[70759c8f55707aa4]::panicking::panic_with_hook
[INFO] [stdout]    7:     0x5bfd55438782 - std[70759c8f55707aa4]::panicking::panic_handler::{closure#0}
[INFO] [stdout]    8:     0x5bfd55431379 - std[70759c8f55707aa4]::sys::backtrace::__rust_end_short_backtrace::<std[70759c8f55707aa4]::panicking::panic_handler::{closure#0}, !>
[INFO] [stdout]    9:     0x5bfd5543937d - __rustc[8fa7c3cbc660c2b3]::rust_begin_unwind
[INFO] [stdout]   10:     0x5bfd55471c6c - core[df12db4294e9bfd3]::panicking::panic_fmt
[INFO] [stdout]   11:     0x5bfd55471a42 - core[df12db4294e9bfd3]::result::unwrap_failed
[INFO] [stdout]   12:     0x5bfd553b0ac7 - conformance[bed13c020e2dfc2a]::load_golden_vectors
[INFO] [stdout]   13:     0x5bfd553b288e - <conformance[bed13c020e2dfc2a]::dual_hash_raw_matches_golden::{closure#0} as core[df12db4294e9bfd3]::ops::function::FnOnce<()>>::call_once
[INFO] [stdout]   14:     0x5bfd553bba2b - test[9d35eded1c95d3be]::__rust_begin_short_backtrace::<core[df12db4294e9bfd3]::result::Result<(), alloc[2182bb758b4b3781]::string::String>, fn() -> core[df12db4294e9bfd3]::result::Result<(), alloc[2182bb758b4b3781]::string::String>>
[INFO] [stdout]   15:     0x5bfd553c9095 - test[9d35eded1c95d3be]::run_test::{closure#0}
[INFO] [stdout]   16:     0x5bfd553c2954 - std[70759c8f55707aa4]::sys::backtrace::__rust_begin_short_backtrace::<test[9d35eded1c95d3be]::run_test::{closure#1}, ()>
[INFO] [stdout]   17:     0x5bfd553cc1f2 - <std[70759c8f55707aa4]::thread::lifecycle::spawn_unchecked<test[9d35eded1c95d3be]::run_test::{closure#1}, ()>::{closure#1} as core[df12db4294e9bfd3]::ops::function::FnOnce<()>>::call_once::{shim:vtable#0}
[INFO] [stdout]   18:     0x5bfd5545bb49 - <std[70759c8f55707aa4]::sys::thread::unix::Thread>::new::thread_start
[INFO] [stdout]   19:     0x704a249dadfa - <unknown>
[INFO] [stdout]   20:     0x704a24a6e3d4 - clone
[INFO] [stdout]   21:                0x0 - <unknown>
[INFO] [stdout] 
[INFO] [stdout] ---- v2_canonical_integer_only stdout ----
[INFO] [stdout] 
[INFO] [stdout] thread 'v2_canonical_integer_only' (1817) panicked at tests/conformance.rs:29:42:
[INFO] [stdout] golden_vectors.json not found: Os { code: 2, kind: NotFound, message: "No such file or directory" }
[INFO] [stdout] stack backtrace:
[INFO] [stdout]    0:     0x5bfd5545c5e1 - <<std[70759c8f55707aa4]::sys::backtrace::BacktraceLock>::print::DisplayBacktrace as core[df12db4294e9bfd3]::fmt::Display>::fmt
[INFO] [stdout]    1:     0x5bfd5547153a - core[df12db4294e9bfd3]::fmt::write
[INFO] [stdout]    2:     0x5bfd55460a7c - <alloc[2182bb758b4b3781]::vec::Vec<u8> as core[df12db4294e9bfd3]::io::write::Write>::write_fmt
[INFO] [stdout]    3:     0x5bfd554386d6 - std[70759c8f55707aa4]::panicking::default_hook::{closure#0}
[INFO] [stdout]    4:     0x5bfd554549d9 - std[70759c8f55707aa4]::panicking::default_hook
[INFO] [stdout]    5:     0x5bfd553c8740 - test[9d35eded1c95d3be]::test_main_inner::<test[9d35eded1c95d3be]::test_main_static::{closure#0}>::{closure#0}
[INFO] [stdout]    6:     0x5bfd55454b92 - std[70759c8f55707aa4]::panicking::panic_with_hook
[INFO] [stdout]    7:     0x5bfd55438782 - std[70759c8f55707aa4]::panicking::panic_handler::{closure#0}
[INFO] [stdout]    8:     0x5bfd55431379 - std[70759c8f55707aa4]::sys::backtrace::__rust_end_short_backtrace::<std[70759c8f55707aa4]::panicking::panic_handler::{closure#0}, !>
[INFO] [stdout]    9:     0x5bfd5543937d - __rustc[8fa7c3cbc660c2b3]::rust_begin_unwind
[INFO] [stdout]   10:     0x5bfd55471c6c - core[df12db4294e9bfd3]::panicking::panic_fmt
[INFO] [stdout]   11:     0x5bfd55471a42 - core[df12db4294e9bfd3]::result::unwrap_failed
[INFO] [stdout]   12:     0x5bfd553b0ac7 - conformance[bed13c020e2dfc2a]::load_golden_vectors
[INFO] [stderr] error: test failed, to rerun pass `--test conformance`
[INFO] [stdout]   13:     0x5bfd553b1fcb - <conformance[bed13c020e2dfc2a]::v2_canonical_integer_only::{closure#0} as core[df12db4294e9bfd3]::ops::function::FnOnce<()>>::call_once
[INFO] [stdout]   14:     0x5bfd553bba2b - test[9d35eded1c95d3be]::__rust_begin_short_backtrace::<core[df12db4294e9bfd3]::result::Result<(), alloc[2182bb758b4b3781]::string::String>, fn() -> core[df12db4294e9bfd3]::result::Result<(), alloc[2182bb758b4b3781]::string::String>>
[INFO] [stdout]   15:     0x5bfd553c9095 - test[9d35eded1c95d3be]::run_test::{closure#0}
[INFO] [stdout]   16:     0x5bfd553c2954 - std[70759c8f55707aa4]::sys::backtrace::__rust_begin_short_backtrace::<test[9d35eded1c95d3be]::run_test::{closure#1}, ()>
[INFO] [stdout]   17:     0x5bfd553cc1f2 - <std[70759c8f55707aa4]::thread::lifecycle::spawn_unchecked<test[9d35eded1c95d3be]::run_test::{closure#1}, ()>::{closure#1} as core[df12db4294e9bfd3]::ops::function::FnOnce<()>>::call_once::{shim:vtable#0}
[INFO] [stdout]   18:     0x5bfd5545bb49 - <std[70759c8f55707aa4]::sys::thread::unix::Thread>::new::thread_start
[INFO] [stdout]   19:     0x704a249dadfa - <unknown>
[INFO] [stdout]   20:     0x704a24a6e3d4 - clone
[INFO] [stdout]   21:                0x0 - <unknown>
[INFO] [stdout] 
[INFO] [stdout] ---- canonical_mixed_types stdout ----
[INFO] [stdout] 
[INFO] [stdout] thread 'canonical_mixed_types' (1790) panicked at tests/conformance.rs:29:42:
[INFO] [stdout] golden_vectors.json not found: Os { code: 2, kind: NotFound, message: "No such file or directory" }
[INFO] [stdout] stack backtrace:
[INFO] [stdout]    0:     0x5bfd5545c5e1 - <<std[70759c8f55707aa4]::sys::backtrace::BacktraceLock>::print::DisplayBacktrace as core[df12db4294e9bfd3]::fmt::Display>::fmt
[INFO] [stdout]    1:     0x5bfd5547153a - core[df12db4294e9bfd3]::fmt::write
[INFO] [stdout]    2:     0x5bfd55460a7c - <alloc[2182bb758b4b3781]::vec::Vec<u8> as core[df12db4294e9bfd3]::io::write::Write>::write_fmt
[INFO] [stdout]    3:     0x5bfd554386d6 - std[70759c8f55707aa4]::panicking::default_hook::{closure#0}
[INFO] [stdout]    4:     0x5bfd554549d9 - std[70759c8f55707aa4]::panicking::default_hook
[INFO] [stdout]    5:     0x5bfd553c8740 - test[9d35eded1c95d3be]::test_main_inner::<test[9d35eded1c95d3be]::test_main_static::{closure#0}>::{closure#0}
[INFO] [stdout]    6:     0x5bfd55454b92 - std[70759c8f55707aa4]::panicking::panic_with_hook
[INFO] [stdout]    7:     0x5bfd55438782 - std[70759c8f55707aa4]::panicking::panic_handler::{closure#0}
[INFO] [stdout]    8:     0x5bfd55431379 - std[70759c8f55707aa4]::sys::backtrace::__rust_end_short_backtrace::<std[70759c8f55707aa4]::panicking::panic_handler::{closure#0}, !>
[INFO] [stdout]    9:     0x5bfd5543937d - __rustc[8fa7c3cbc660c2b3]::rust_begin_unwind
[INFO] [stdout]   10:     0x5bfd55471c6c - core[df12db4294e9bfd3]::panicking::panic_fmt
[INFO] [stdout]   11:     0x5bfd55471a42 - core[df12db4294e9bfd3]::result::unwrap_failed
[INFO] [stdout]   12:     0x5bfd553b0ac7 - conformance[bed13c020e2dfc2a]::load_golden_vectors
[INFO] [stdout]   13:     0x5bfd553b137b - <conformance[bed13c020e2dfc2a]::canonical_mixed_types::{closure#0} as core[df12db4294e9bfd3]::ops::function::FnOnce<()>>::call_once
[INFO] [stdout]   14:     0x5bfd553bba2b - test[9d35eded1c95d3be]::__rust_begin_short_backtrace::<core[df12db4294e9bfd3]::result::Result<(), alloc[2182bb758b4b3781]::string::String>, fn() -> core[df12db4294e9bfd3]::result::Result<(), alloc[2182bb758b4b3781]::string::String>>
[INFO] [stdout]   15:     0x5bfd553c9095 - test[9d35eded1c95d3be]::run_test::{closure#0}
[INFO] [stdout]   16:     0x5bfd553c2954 - std[70759c8f55707aa4]::sys::backtrace::__rust_begin_short_backtrace::<test[9d35eded1c95d3be]::run_test::{closure#1}, ()>
[INFO] [stdout]   17:     0x5bfd553cc1f2 - <std[70759c8f55707aa4]::thread::lifecycle::spawn_unchecked<test[9d35eded1c95d3be]::run_test::{closure#1}, ()>::{closure#1} as core[df12db4294e9bfd3]::ops::function::FnOnce<()>>::call_once::{shim:vtable#0}
[INFO] [stdout]   18:     0x5bfd5545bb49 - <std[70759c8f55707aa4]::sys::thread::unix::Thread>::new::thread_start
[INFO] [stdout]   19:     0x704a249dadfa - <unknown>
[INFO] [stdout]   20:     0x704a24a6e3d4 - clone
[INFO] [stdout]   21:                0x0 - <unknown>
[INFO] [stdout] 
[INFO] [stdout] ---- dual_hash_chain_integrity stdout ----
[INFO] [stdout] 
[INFO] [stdout] thread 'dual_hash_chain_integrity' (1797) panicked at tests/conformance.rs:37:42:
[INFO] [stdout] signed bundle not found: Os { code: 2, kind: NotFound, message: "No such file or directory" }
[INFO] [stdout] stack backtrace:
[INFO] [stdout]    0:     0x5bfd5545c5e1 - <<std[70759c8f55707aa4]::sys::backtrace::BacktraceLock>::print::DisplayBacktrace as core[df12db4294e9bfd3]::fmt::Display>::fmt
[INFO] [stdout]    1:     0x5bfd5547153a - core[df12db4294e9bfd3]::fmt::write
[INFO] [stdout]    2:     0x5bfd55460a7c - <alloc[2182bb758b4b3781]::vec::Vec<u8> as core[df12db4294e9bfd3]::io::write::Write>::write_fmt
[INFO] [stdout]    3:     0x5bfd554386d6 - std[70759c8f55707aa4]::panicking::default_hook::{closure#0}
[INFO] [stdout]    4:     0x5bfd554549d9 - std[70759c8f55707aa4]::panicking::default_hook
[INFO] [stdout]    5:     0x5bfd553c8740 - test[9d35eded1c95d3be]::test_main_inner::<test[9d35eded1c95d3be]::test_main_static::{closure#0}>::{closure#0}
[INFO] [stdout]    6:     0x5bfd55454b92 - std[70759c8f55707aa4]::panicking::panic_with_hook
[INFO] [stdout]    7:     0x5bfd55438782 - std[70759c8f55707aa4]::panicking::panic_handler::{closure#0}
[INFO] [stdout]    8:     0x5bfd55431379 - std[70759c8f55707aa4]::sys::backtrace::__rust_end_short_backtrace::<std[70759c8f55707aa4]::panicking::panic_handler::{closure#0}, !>
[INFO] [stdout]    9:     0x5bfd5543937d - __rustc[8fa7c3cbc660c2b3]::rust_begin_unwind
[INFO] [stdout]   10:     0x5bfd55471c6c - core[df12db4294e9bfd3]::panicking::panic_fmt
[INFO] [stdout]   11:     0x5bfd55471a42 - core[df12db4294e9bfd3]::result::unwrap_failed
[INFO] [stdout]   12:     0x5bfd553b0887 - conformance[bed13c020e2dfc2a]::load_signed_bundle
[INFO] [stdout]   13:     0x5bfd553b1a01 - <conformance[bed13c020e2dfc2a]::dual_hash_chain_integrity::{closure#0} as core[df12db4294e9bfd3]::ops::function::FnOnce<()>>::call_once
[INFO] [stdout]   14:     0x5bfd553bba2b - test[9d35eded1c95d3be]::__rust_begin_short_backtrace::<core[df12db4294e9bfd3]::result::Result<(), alloc[2182bb758b4b3781]::string::String>, fn() -> core[df12db4294e9bfd3]::result::Result<(), alloc[2182bb758b4b3781]::string::String>>
[INFO] [stdout]   15:     0x5bfd553c9095 - test[9d35eded1c95d3be]::run_test::{closure#0}
[INFO] [stdout]   16:     0x5bfd553c2954 - std[70759c8f55707aa4]::sys::backtrace::__rust_begin_short_backtrace::<test[9d35eded1c95d3be]::run_test::{closure#1}, ()>
[INFO] [stdout]   17:     0x5bfd553cc1f2 - <std[70759c8f55707aa4]::thread::lifecycle::spawn_unchecked<test[9d35eded1c95d3be]::run_test::{closure#1}, ()>::{closure#1} as core[df12db4294e9bfd3]::ops::function::FnOnce<()>>::call_once::{shim:vtable#0}
[INFO] [stdout]   18:     0x5bfd5545bb49 - <std[70759c8f55707aa4]::sys::thread::unix::Thread>::new::thread_start
[INFO] [stdout]   19:     0x704a249dadfa - <unknown>
[INFO] [stdout]   20:     0x704a24a6e3d4 - clone
[INFO] [stdout]   21:                0x0 - <unknown>
[INFO] [stdout] 
[INFO] [stdout] 
[INFO] [stdout] failures:
[INFO] [stdout]     audit_entry_hashes_match_golden
[INFO] [stdout]     canonical_mixed_types
[INFO] [stdout]     canonical_nested_objects
[INFO] [stdout]     canonical_simple_sorted_keys
[INFO] [stdout]     canonical_unicode
[INFO] [stdout]     canonical_with_null
[INFO] [stdout]     dual_hash_audit_entries_match_golden
[INFO] [stdout]     dual_hash_canonical_intent_matches
[INFO] [stdout]     dual_hash_chain_integrity
[INFO] [stdout]     dual_hash_raw_matches_golden
[INFO] [stdout]     dual_merkle_roots_match_golden
[INFO] [stdout]     dual_merkle_sha256_matches_v1_merkle_root
[INFO] [stdout]     sha256_empty_matches
[INFO] [stdout]     sha256_hello_matches
[INFO] [stdout]     sha3_256_empty_matches
[INFO] [stdout]     sha3_256_hello_matches
[INFO] [stdout]     v1_bundle_hash_matches_golden_vector
[INFO] [stdout]     v1_bundle_rejects_tampered_audit
[INFO] [stdout]     v1_bundle_rejects_tampered_intent
[INFO] [stdout]     v1_bundle_rejects_wrong_key
[INFO] [stdout]     v1_bundle_verifies_with_embedded_key
[INFO] [stdout]     v1_bundle_verifies_with_explicit_key
[INFO] [stdout]     v1_intent_hash_matches_golden_vector
[INFO] [stdout]     v1_merkle_root_matches_golden_vector
[INFO] [stdout]     v1_prev_hash_chain_matches_golden_vector
[INFO] [stdout]     v2_canonical_integer_only
[INFO] [stdout] 
[INFO] [stdout] test result: FAILED. 5 passed; 26 failed; 0 ignored; 0 measured; 0 filtered out; finished in 0.01s
[INFO] [stdout] 
[INFO] running `Command { std: "docker" "inspect" "9d5f307fff031ea548d3f902e87eef27c25be4548d97af49c7428ae62ed2de3e", kill_on_drop: false }`
[INFO] running `Command { std: "docker" "rm" "-f" "9d5f307fff031ea548d3f902e87eef27c25be4548d97af49c7428ae62ed2de3e", kill_on_drop: false }`
[INFO] [stdout] 9d5f307fff031ea548d3f902e87eef27c25be4548d97af49c7428ae62ed2de3e
