[INFO] fetching crate dcc-bigfred-proto-z21 0.1.0...
[INFO] testing dcc-bigfred-proto-z21-0.1.0 against 1.99.0-beta.8+cargoflags=--release for beta-release-1.100-2
[INFO] extracting crate dcc-bigfred-proto-z21 0.1.0 into /workspace/builds/worker-7-tc1/source
[INFO] started tweaking crates.io crate dcc-bigfred-proto-z21 0.1.0
[INFO] finished tweaking crates.io crate dcc-bigfred-proto-z21 0.1.0
[INFO] tweaked toml for crates.io crate dcc-bigfred-proto-z21 0.1.0 written to /workspace/builds/worker-7-tc1/source/Cargo.toml
[INFO] validating manifest of crates.io crate dcc-bigfred-proto-z21 0.1.0 on toolchain 1.99.0-beta.8
[INFO] running `Command { std: CARGO_HOME="/workspace/cargo-home" RUSTUP_HOME="/workspace/rustup-home" "/workspace/cargo-home/bin/cargo" "+1.99.0-beta.8" "metadata" "--manifest-path" "Cargo.toml" "--no-deps", kill_on_drop: false }`
[INFO] crate crates.io crate dcc-bigfred-proto-z21 0.1.0 already has a lockfile, it will not be regenerated
[INFO] running `Command { std: CARGO_HOME="/workspace/cargo-home" RUSTUP_HOME="/workspace/rustup-home" "/workspace/cargo-home/bin/cargo" "+1.99.0-beta.8" "fetch" "--manifest-path" "Cargo.toml", kill_on_drop: false }`
[INFO] running `Command { std: "docker" "create" "-v" "/var/lib/crater-agent-workspace/builds/worker-7-tc1/source:/opt/rustwide/workdir:ro,Z" "-v" "/var/lib/crater-agent-workspace/builds/worker-7-tc1/target:/opt/rustwide/target:rw,Z" "-v" "/var/lib/crater-agent-workspace/cargo-home:/opt/rustwide/cargo-home:ro,Z" "-v" "/var/lib/crater-agent-workspace/rustup-home:/opt/rustwide/rustup-home:ro,Z" "-m" "1610612736" "--network" "none" "ghcr.io/rust-lang/crates-build-env/linux@sha256:77db811e55d90add9212f6832c23229e3de5f1c1f9905e8cb07319ea15df73ac" "sleep" "infinity", kill_on_drop: false }`
[INFO] [stdout] 56a4db51099955fe6a69fda2561a30f3190552845c5c9f9c53c78528405965f7
[INFO] running `Command { std: "docker" "start" "56a4db51099955fe6a69fda2561a30f3190552845c5c9f9c53c78528405965f7", kill_on_drop: false }`
[INFO] running `Command { std: "docker" "inspect" "56a4db51099955fe6a69fda2561a30f3190552845c5c9f9c53c78528405965f7", kill_on_drop: false }`
[INFO] running `Command { std: "docker" "exec" "-e" "SOURCE_DIR=/opt/rustwide/workdir" "-e" "CARGO_HOME=/opt/rustwide/cargo-home" "-e" "RUSTUP_HOME=/opt/rustwide/rustup-home" "-e" "CARGO_TARGET_DIR=/opt/rustwide/target" "-w" "/opt/rustwide/workdir" "--user" "0:0" "56a4db51099955fe6a69fda2561a30f3190552845c5c9f9c53c78528405965f7" "/opt/rustwide/cargo-home/bin/cargo" "+1.99.0-beta.8" "metadata" "--no-deps" "--format-version=1", kill_on_drop: false }`
[INFO] running `Command { std: "docker" "inspect" "56a4db51099955fe6a69fda2561a30f3190552845c5c9f9c53c78528405965f7", kill_on_drop: false }`
[INFO] running `Command { std: "docker" "exec" "-e" "SOURCE_DIR=/opt/rustwide/workdir" "-e" "CARGO_HOME=/opt/rustwide/cargo-home" "-e" "RUSTUP_HOME=/opt/rustwide/rustup-home" "-e" "CARGO_TARGET_DIR=/opt/rustwide/target" "-e" "CARGO_INCREMENTAL=0" "-e" "RUST_BACKTRACE=full" "-e" "RUSTFLAGS=--cap-lints=warn" "-e" "RUSTDOCFLAGS=--cap-lints=warn" "-w" "/opt/rustwide/workdir" "--user" "0:0" "56a4db51099955fe6a69fda2561a30f3190552845c5c9f9c53c78528405965f7" "/opt/rustwide/cargo-home/bin/cargo" "+1.99.0-beta.8" "build" "--frozen" "--message-format=json" "--release", kill_on_drop: false }`
[INFO] [stderr]    Compiling heapless v0.8.0
[INFO] [stderr]    Compiling byteorder v1.5.0
[INFO] [stderr]    Compiling hash32 v0.3.1
[INFO] [stderr]    Compiling dcc-bigfred-proto-z21 v0.1.0 (/opt/rustwide/workdir)
[INFO] [stderr]     Finished `release` profile [optimized] target(s) in 1.46s
[INFO] running `Command { std: "docker" "inspect" "56a4db51099955fe6a69fda2561a30f3190552845c5c9f9c53c78528405965f7", kill_on_drop: false }`
[INFO] running `Command { std: "docker" "exec" "-e" "SOURCE_DIR=/opt/rustwide/workdir" "-e" "CARGO_HOME=/opt/rustwide/cargo-home" "-e" "RUSTUP_HOME=/opt/rustwide/rustup-home" "-e" "CARGO_TARGET_DIR=/opt/rustwide/target" "-e" "CARGO_INCREMENTAL=0" "-e" "RUST_BACKTRACE=full" "-e" "RUSTFLAGS=--cap-lints=warn" "-e" "RUSTDOCFLAGS=--cap-lints=warn" "-w" "/opt/rustwide/workdir" "--user" "0:0" "56a4db51099955fe6a69fda2561a30f3190552845c5c9f9c53c78528405965f7" "/opt/rustwide/cargo-home/bin/cargo" "+1.99.0-beta.8" "test" "--frozen" "--no-run" "--message-format=json" "--release", kill_on_drop: false }`
[INFO] [stderr]    Compiling proc-macro2 v1.0.107
[INFO] [stderr]    Compiling quote v1.0.47
[INFO] [stderr]    Compiling serde_json v1.0.151
[INFO] [stderr]    Compiling syn v3.0.4
[INFO] [stderr]    Compiling serde_derive v1.0.229
[INFO] [stderr]    Compiling serde v1.0.229
[INFO] [stderr]    Compiling dcc-bigfred-proto-z21 v0.1.0 (/opt/rustwide/workdir)
[INFO] [stderr]     Finished `release` profile [optimized] target(s) in 9.57s
[INFO] running `Command { std: "docker" "inspect" "56a4db51099955fe6a69fda2561a30f3190552845c5c9f9c53c78528405965f7", kill_on_drop: false }`
[INFO] running `Command { std: "docker" "exec" "-e" "SOURCE_DIR=/opt/rustwide/workdir" "-e" "CARGO_HOME=/opt/rustwide/cargo-home" "-e" "RUSTUP_HOME=/opt/rustwide/rustup-home" "-e" "CARGO_TARGET_DIR=/opt/rustwide/target" "-e" "CARGO_INCREMENTAL=0" "-e" "RUST_BACKTRACE=full" "-e" "RUSTFLAGS=--cap-lints=warn" "-e" "RUSTDOCFLAGS=--cap-lints=warn" "-w" "/opt/rustwide/workdir" "--user" "0:0" "56a4db51099955fe6a69fda2561a30f3190552845c5c9f9c53c78528405965f7" "/opt/rustwide/cargo-home/bin/cargo" "+1.99.0-beta.8" "test" "--frozen" "--release", kill_on_drop: false }`
[INFO] [stderr]     Finished `release` profile [optimized] target(s) in 0.06s
[INFO] [stderr]      Running unittests src/lib.rs (/opt/rustwide/target/release/deps/dcc_bigfred_proto_z21-c7cbc0af83653320)
[INFO] [stdout] 
[INFO] [stdout] running 13 tests
[INFO] [stdout] test tests::address_cv_writes_short_clears_long_bit ... ok
[INFO] [stdout] test tests::pom_write_encodes ... ok
[INFO] [stdout] test tests::cv_read_matches_wizard ... ok
[INFO] [stdout] test tests::xor_sum_xbus_example ... ok
[INFO] [stdout] test tests::address_cv_writes_long_sets_cv17_18 ... ok
[INFO] [stdout] test tests::address_cv_writes_rejects_zero ... ok
[INFO] [stdout] test tests::stop_keeps_r ... ok
[INFO] [stdout] test tests::address_from_cvs_short_and_long ... ok
[INFO] [stdout] test tests::cv_write_matches_wizard ... ok
[INFO] [stdout] test tests::function_group_parse ... FAILED
[INFO] [stdout] test tests::frames_match_go_vectors ... FAILED
[INFO] [stdout] test tests::on_bytes_emits_cv_events ... FAILED
[INFO] [stdout] test tests::cv_vectors_match_go ... FAILED
[INFO] [stdout] 
[INFO] [stdout] failures:
[INFO] [stdout] 
[INFO] [stdout] ---- tests::function_group_parse stdout ----
[INFO] [stdout] 
[INFO] [stdout] thread 'tests::function_group_parse' (430) panicked at src/lib.rs:649:53:
[INFO] [stdout] z21/function_group.json: Os { code: 2, kind: NotFound, message: "No such file or directory" }
[INFO] [stdout] stack backtrace:
[INFO] [stdout]    0:     0x59bba1cea251 - <<std[70759c8f55707aa4]::sys::backtrace::BacktraceLock>::print::DisplayBacktrace as core[df12db4294e9bfd3]::fmt::Display>::fmt
[INFO] [stdout]    1:     0x59bba1cfed5a - core[df12db4294e9bfd3]::fmt::write
[INFO] [stdout]    2:     0x59bba1cee6ec - <alloc[2182bb758b4b3781]::vec::Vec<u8> as core[df12db4294e9bfd3]::io::write::Write>::write_fmt
[INFO] [stdout]    3:     0x59bba1cc6346 - std[70759c8f55707aa4]::panicking::default_hook::{closure#0}
[INFO] [stdout]    4:     0x59bba1ce2649 - std[70759c8f55707aa4]::panicking::default_hook
[INFO] [stdout]    5:     0x59bba1c7df90 - test[9d35eded1c95d3be]::test_main_inner::<test[9d35eded1c95d3be]::test_main_static::{closure#0}>::{closure#0}
[INFO] [stdout]    6:     0x59bba1ce2802 - std[70759c8f55707aa4]::panicking::panic_with_hook
[INFO] [stdout]    7:     0x59bba1cc63f2 - std[70759c8f55707aa4]::panicking::panic_handler::{closure#0}
[INFO] [stdout]    8:     0x59bba1cbefe9 - std[70759c8f55707aa4]::sys::backtrace::__rust_end_short_backtrace::<std[70759c8f55707aa4]::panicking::panic_handler::{closure#0}, !>
[INFO] [stdout]    9:     0x59bba1cc6fed - __rustc[8fa7c3cbc660c2b3]::rust_begin_unwind
[INFO] [stdout]   10:     0x59bba1cff48c - core[df12db4294e9bfd3]::panicking::panic_fmt
[INFO] [stdout]   11:     0x59bba1cff262 - core[df12db4294e9bfd3]::result::unwrap_failed
[INFO] [stdout]   12:     0x59bba1c6ab1c - dcc_bigfred_proto_z21[e29b8e736de05769]::tests::load
[INFO] [stdout]   13:     0x59bba1c6b667 - dcc_bigfred_proto_z21[e29b8e736de05769]::tests::function_group_parse
[INFO] [stdout]   14:     0x59bba1c6a249 - <dcc_bigfred_proto_z21[e29b8e736de05769]::tests::function_group_parse::{closure#0} as core[df12db4294e9bfd3]::ops::function::FnOnce<()>>::call_once
[INFO] [stdout]   15:     0x59bba1c7127b - test[9d35eded1c95d3be]::__rust_begin_short_backtrace::<core[df12db4294e9bfd3]::result::Result<(), alloc[2182bb758b4b3781]::string::String>, fn() -> core[df12db4294e9bfd3]::result::Result<(), alloc[2182bb758b4b3781]::string::String>>
[INFO] [stdout]   16:     0x59bba1c7e8e5 - test[9d35eded1c95d3be]::run_test::{closure#0}
[INFO] [stdout]   17:     0x59bba1c781a4 - std[70759c8f55707aa4]::sys::backtrace::__rust_begin_short_backtrace::<test[9d35eded1c95d3be]::run_test::{closure#1}, ()>
[INFO] [stdout]   18:     0x59bba1c81a42 - <std[70759c8f55707aa4]::thread::lifecycle::spawn_unchecked<test[9d35eded1c95d3be]::run_test::{closure#1}, ()>::{closure#1} as core[df12db4294e9bfd3]::ops::function::FnOnce<()>>::call_once::{shim:vtable#0}
[INFO] [stdout]   19:     0x59bba1ce97b9 - <std[70759c8f55707aa4]::sys::thread::unix::Thread>::new::thread_start
[INFO] [stdout]   20:     0x77f43ded0dfa - <unknown>
[INFO] [stdout]   21:     0x77f43df643d4 - clone
[INFO] [stdout]   22:                0x0 - <unknown>
[INFO] [stdout] 
[INFO] [stdout] ---- tests::frames_match_go_vectors stdout ----
[INFO] [stdout] 
[INFO] [stdout] thread 'tests::frames_match_go_vectors' (429) panicked at src/lib.rs:649:53:
[INFO] [stdout] z21/frames.json: Os { code: 2, kind: NotFound, message: "No such file or directory" }
[INFO] [stdout] stack backtrace:
[INFO] [stdout]    0:     0x59bba1cea251 - <<std[70759c8f55707aa4]::sys::backtrace::BacktraceLock>::print::DisplayBacktrace as core[df12db4294e9bfd3]::fmt::Display>::fmt
[INFO] [stdout]    1:     0x59bba1cfed5a - core[df12db4294e9bfd3]::fmt::write
[INFO] [stdout]    2:     0x59bba1cee6ec - <alloc[2182bb758b4b3781]::vec::Vec<u8> as core[df12db4294e9bfd3]::io::write::Write>::write_fmt
[INFO] [stdout]    3:     0x59bba1cc6346 - std[70759c8f55707aa4]::panicking::default_hook::{closure#0}
[INFO] [stdout]    4:     0x59bba1ce2649 - std[70759c8f55707aa4]::panicking::default_hook
[INFO] [stdout]    5:     0x59bba1c7df90 - test[9d35eded1c95d3be]::test_main_inner::<test[9d35eded1c95d3be]::test_main_static::{closure#0}>::{closure#0}
[INFO] [stdout]    6:     0x59bba1ce2802 - std[70759c8f55707aa4]::panicking::panic_with_hook
[INFO] [stdout]    7:     0x59bba1cc63f2 - std[70759c8f55707aa4]::panicking::panic_handler::{closure#0}
[INFO] [stdout]    8:     0x59bba1cbefe9 - std[70759c8f55707aa4]::sys::backtrace::__rust_end_short_backtrace::<std[70759c8f55707aa4]::panicking::panic_handler::{closure#0}, !>
[INFO] [stdout]    9:     0x59bba1cc6fed - __rustc[8fa7c3cbc660c2b3]::rust_begin_unwind
[INFO] [stdout]   10:     0x59bba1cff48c - core[df12db4294e9bfd3]::panicking::panic_fmt
[INFO] [stdout]   11:     0x59bba1cff262 - core[df12db4294e9bfd3]::result::unwrap_failed
[INFO] [stdout]   12:     0x59bba1c6ab1c - dcc_bigfred_proto_z21[e29b8e736de05769]::tests::load
[INFO] [stdout]   13:     0x59bba1c6bb07 - dcc_bigfred_proto_z21[e29b8e736de05769]::tests::frames_match_go_vectors
[INFO] [stdout]   14:     0x59bba1c6a349 - <dcc_bigfred_proto_z21[e29b8e736de05769]::tests::frames_match_go_vectors::{closure#0} as core[df12db4294e9bfd3]::ops::function::FnOnce<()>>::call_once
[INFO] [stdout]   15:     0x59bba1c7127b - test[9d35eded1c95d3be]::__rust_begin_short_backtrace::<core[df12db4294e9bfd3]::result::Result<(), alloc[2182bb758b4b3781]::string::String>, fn() -> core[df12db4294e9bfd3]::result::Result<(), alloc[2182bb758b4b3781]::string::String>>
[INFO] [stdout]   16:     0x59bba1c7e8e5 - test[9d35eded1c95d3be]::run_test::{closure#0}
[INFO] [stdout]   17:     0x59bba1c781a4 - std[70759c8f55707aa4]::sys::backtrace::__rust_begin_short_backtrace::<test[9d35eded1c95d3be]::run_test::{closure#1}, ()>
[INFO] [stdout]   18:     0x59bba1c81a42 - <std[70759c8f55707aa4]::thread::lifecycle::spawn_unchecked<test[9d35eded1c95d3be]::run_test::{closure#1}, ()>::{closure#1} as core[df12db4294e9bfd3]::ops::function::FnOnce<()>>::call_once::{shim:vtable#0}
[INFO] [stdout]   19:     0x59bba1ce97b9 - <std[70759c8f55707aa4]::sys::thread::unix::Thread>::new::thread_start
[INFO] [stdout]   20:     0x77f43ded0dfa - <unknown>
[INFO] [stdout]   21:     0x77f43df643d4 - clone
[INFO] [stdout]   22:                0x0 - <unknown>
[INFO] [stdout] 
[INFO] [stdout] ---- tests::on_bytes_emits_cv_events stdout ----
[INFO] [stdout] 
[INFO] [stdout] thread 'tests::on_bytes_emits_cv_events' (431) panicked at src/lib.rs:649:53:
[INFO] [stdout] z21/cv.json: Os { code: 2, kind: NotFound, message: "No such file or directory" }
[INFO] [stdout] stack backtrace:
[INFO] [stdout]    0:     0x59bba1cea251 - <<std[70759c8f55707aa4]::sys::backtrace::BacktraceLock>::print::DisplayBacktrace as core[df12db4294e9bfd3]::fmt::Display>::fmt
[INFO] [stdout]    1:     0x59bba1cfed5a - core[df12db4294e9bfd3]::fmt::write
[INFO] [stdout]    2:     0x59bba1cee6ec - <alloc[2182bb758b4b3781]::vec::Vec<u8> as core[df12db4294e9bfd3]::io::write::Write>::write_fmt
[INFO] [stdout]    3:     0x59bba1cc6346 - std[70759c8f55707aa4]::panicking::default_hook::{closure#0}
[INFO] [stdout]    4:     0x59bba1ce2649 - std[70759c8f55707aa4]::panicking::default_hook
[INFO] [stdout]    5:     0x59bba1c7df90 - test[9d35eded1c95d3be]::test_main_inner::<test[9d35eded1c95d3be]::test_main_static::{closure#0}>::{closure#0}
[INFO] [stdout]    6:     0x59bba1ce2802 - std[70759c8f55707aa4]::panicking::panic_with_hook
[INFO] [stdout]    7:     0x59bba1cc63f2 - std[70759c8f55707aa4]::panicking::panic_handler::{closure#0}
[INFO] [stdout]    8:     0x59bba1cbefe9 - std[70759c8f55707aa4]::sys::backtrace::__rust_end_short_backtrace::<std[70759c8f55707aa4]::panicking::panic_handler::{closure#0}, !>
[INFO] [stdout]    9:     0x59bba1cc6fed - __rustc[8fa7c3cbc660c2b3]::rust_begin_unwind
[INFO] [stdout]   10:     0x59bba1cff48c - core[df12db4294e9bfd3]::panicking::panic_fmt
[INFO] [stdout]   11:     0x59bba1cff262 - core[df12db4294e9bfd3]::result::unwrap_failed
[INFO] [stdout]   12:     0x59bba1c6ab1c - dcc_bigfred_proto_z21[e29b8e736de05769]::tests::load
[INFO] [stdout]   13:     0x59bba1c6c107 - dcc_bigfred_proto_z21[e29b8e736de05769]::tests::on_bytes_emits_cv_events
[INFO] [stdout]   14:     0x59bba1c6a369 - <dcc_bigfred_proto_z21[e29b8e736de05769]::tests::on_bytes_emits_cv_events::{closure#0} as core[df12db4294e9bfd3]::ops::function::FnOnce<()>>::call_once
[INFO] [stdout]   15:     0x59bba1c7127b - test[9d35eded1c95d3be]::__rust_begin_short_backtrace::<core[df12db4294e9bfd3]::result::Result<(), alloc[2182bb758b4b3781]::string::String>, fn() -> core[df12db4294e9bfd3]::result::Result<(), alloc[2182bb758b4b3781]::string::String>>
[INFO] [stdout]   16:     0x59bba1c7e8e5 - test[9d35eded1c95d3be]::run_test::{closure#0}
[INFO] [stdout]   17:     0x59bba1c781a4 - std[70759c8f55707aa4]::sys::backtrace::__rust_begin_short_backtrace::<test[9d35eded1c95d3be]::run_test::{closure#1}, ()>
[INFO] [stdout]   18:     0x59bba1c81a42 - <std[70759c8f55707aa4]::thread::lifecycle::spawn_unchecked<test[9d35eded1c95d3be]::run_test::{closure#1}, ()>::{closure#1} as core[df12db4294e9bfd3]::ops::function::FnOnce<()>>::call_once::{shim:vtable#0}
[INFO] [stdout]   19:     0x59bba1ce97b9 - <std[70759c8f55707aa4]::sys::thread::unix::Thread>::new::thread_start
[INFO] [stdout]   20:     0x77f43ded0dfa - <unknown>
[INFO] [stdout]   21:     0x77f43df643d4 - clone
[INFO] [stdout]   22:                0x0 - <unknown>
[INFO] [stdout] 
[INFO] [stdout] ---- tests::cv_vectors_match_go stdout ----
[INFO] [stdout] 
[INFO] [stdout] thread 'tests::cv_vectors_match_go' (427) panicked at src/lib.rs:649:53:
[INFO] [stdout] z21/cv.json: Os { code: 2, kind: NotFound, message: "No such file or directory" }
[INFO] [stdout] stack backtrace:
[INFO] [stdout]    0:     0x59bba1cea251 - <<std[70759c8f55707aa4]::sys::backtrace::BacktraceLock>::print::DisplayBacktrace as core[df12db4294e9bfd3]::fmt::Display>::fmt
[INFO] [stdout]    1:     0x59bba1cfed5a - core[df12db4294e9bfd3]::fmt::write
[INFO] [stdout]    2:     0x59bba1cee6ec - <alloc[2182bb758b4b3781]::vec::Vec<u8> as core[df12db4294e9bfd3]::io::write::Write>::write_fmt
[INFO] [stdout]    3:     0x59bba1cc6346 - std[70759c8f55707aa4]::panicking::default_hook::{closure#0}
[INFO] [stdout]    4:     0x59bba1ce2649 - std[70759c8f55707aa4]::panicking::default_hook
[INFO] [stdout]    5:     0x59bba1c7df90 - test[9d35eded1c95d3be]::test_main_inner::<test[9d35eded1c95d3be]::test_main_static::{closure#0}>::{closure#0}
[INFO] [stdout]    6:     0x59bba1ce2802 - std[70759c8f55707aa4]::panicking::panic_with_hook
[INFO] [stdout]    7:     0x59bba1cc63f2 - std[70759c8f55707aa4]::panicking::panic_handler::{closure#0}
[INFO] [stdout]    8:     0x59bba1cbefe9 - std[70759c8f55707aa4]::sys::backtrace::__rust_end_short_backtrace::<std[70759c8f55707aa4]::panicking::panic_handler::{closure#0}, !>
[INFO] [stdout]    9:     0x59bba1cc6fed - __rustc[8fa7c3cbc660c2b3]::rust_begin_unwind
[INFO] [stdout]   10:     0x59bba1cff48c - core[df12db4294e9bfd3]::panicking::panic_fmt
[INFO] [stdout]   11:     0x59bba1cff262 - core[df12db4294e9bfd3]::result::unwrap_failed
[INFO] [stdout]   12:     0x59bba1c6ab1c - dcc_bigfred_proto_z21[e29b8e736de05769]::tests::load
[INFO] [stdout]   13:     0x59bba1c6aeca - dcc_bigfred_proto_z21[e29b8e736de05769]::tests::cv_vectors_match_go
[INFO] [stdout]   14:     0x59bba1c6a229 - <dcc_bigfred_proto_z21[e29b8e736de05769]::tests::cv_vectors_match_go::{closure#0} as core[df12db4294e9bfd3]::ops::function::FnOnce<()>>::call_once
[INFO] [stdout]   15:     0x59bba1c7127b - test[9d35eded1c95d3be]::__rust_begin_short_backtrace::<core[df12db4294e9bfd3]::result::Result<(), alloc[2182bb758b4b3781]::string::String>, fn() -> core[df12db4294e9bfd3]::result::Result<(), alloc[2182bb758b4b3781]::string::String>>
[INFO] [stdout]   16:     0x59bba1c7e8e5 - test[9d35eded1c95d3be]::run_test::{closure#0}
[INFO] [stdout]   17:     0x59bba1c781a4 - std[70759c8f55707aa4]::sys::backtrace::__rust_begin_short_backtrace::<test[9d35eded1c95d3be]::run_test::{closure#1}, ()>
[INFO] [stdout]   18:     0x59bba1c81a42 - <std[70759c8f55707aa4]::thread::lifecycle::spawn_unchecked<test[9d35eded1c95d3be]::run_test::{closure#1}, ()>::{closure#1} as core[df12db4294e9bfd3]::ops::function::FnOnce<()>>::call_once::{shim:vtable#0}
[INFO] [stdout]   19:     0x59bba1ce97b9 - <std[70759c8f55707aa4]::sys::thread::unix::Thread>::new::thread_start
[INFO] [stdout]   20:     0x77f43ded0dfa - <unknown>
[INFO] [stdout]   21:     0x77f43df643d4 - clone
[INFO] [stdout]   22:                0x0 - <unknown>
[INFO] [stdout] 
[INFO] [stdout] 
[INFO] [stdout] failures:
[INFO] [stdout]     tests::cv_vectors_match_go
[INFO] [stdout]     tests::frames_match_go_vectors
[INFO] [stdout]     tests::function_group_parse
[INFO] [stdout]     tests::on_bytes_emits_cv_events
[INFO] [stdout] 
[INFO] [stdout] test result: FAILED. 9 passed; 4 failed; 0 ignored; 0 measured; 0 filtered out; finished in 0.02s
[INFO] [stdout] 
[INFO] [stderr] error: test failed, to rerun pass `--lib`
[INFO] running `Command { std: "docker" "inspect" "56a4db51099955fe6a69fda2561a30f3190552845c5c9f9c53c78528405965f7", kill_on_drop: false }`
[INFO] running `Command { std: "docker" "rm" "-f" "56a4db51099955fe6a69fda2561a30f3190552845c5c9f9c53c78528405965f7", kill_on_drop: false }`
[INFO] [stdout] 56a4db51099955fe6a69fda2561a30f3190552845c5c9f9c53c78528405965f7
