[INFO] fetching crate dcap-qvl 0.7.0...
[INFO] testing dcap-qvl-0.7.0 against 1.100.0-beta.1+cargoflags=--release for beta-release-1.100-2
[INFO] extracting crate dcap-qvl 0.7.0 into /workspace/builds/worker-4-tc2/source
[INFO] started tweaking crates.io crate dcap-qvl 0.7.0
[INFO] removed 0 missing tests
[INFO] finished tweaking crates.io crate dcap-qvl 0.7.0
[INFO] tweaked toml for crates.io crate dcap-qvl 0.7.0 written to /workspace/builds/worker-4-tc2/source/Cargo.toml
[INFO] validating manifest of crates.io crate dcap-qvl 0.7.0 on toolchain 1.100.0-beta.1
[INFO] running `Command { std: CARGO_HOME="/workspace/cargo-home" RUSTUP_HOME="/workspace/rustup-home" "/workspace/cargo-home/bin/cargo" "+1.100.0-beta.1" "metadata" "--manifest-path" "Cargo.toml" "--no-deps", kill_on_drop: false }`
[INFO] crate crates.io crate dcap-qvl 0.7.0 already has a lockfile, it will not be regenerated
[INFO] running `Command { std: CARGO_HOME="/workspace/cargo-home" RUSTUP_HOME="/workspace/rustup-home" "/workspace/cargo-home/bin/cargo" "+1.100.0-beta.1" "fetch" "--manifest-path" "Cargo.toml", kill_on_drop: false }`
[INFO] running `Command { std: "docker" "create" "-v" "/var/lib/crater-agent-workspace/builds/worker-4-tc2/source:/opt/rustwide/workdir:ro,Z" "-v" "/var/lib/crater-agent-workspace/builds/worker-4-tc2/target:/opt/rustwide/target:rw,Z" "-v" "/var/lib/crater-agent-workspace/cargo-home:/opt/rustwide/cargo-home:ro,Z" "-v" "/var/lib/crater-agent-workspace/rustup-home:/opt/rustwide/rustup-home:ro,Z" "-m" "1610612736" "--network" "none" "ghcr.io/rust-lang/crates-build-env/linux@sha256:77db811e55d90add9212f6832c23229e3de5f1c1f9905e8cb07319ea15df73ac" "sleep" "infinity", kill_on_drop: false }`
[INFO] [stdout] b1b5c26bd019d4b8ae82c9e6ac414c98e3cba76eb711e1114212d06f0f414240
[INFO] running `Command { std: "docker" "start" "b1b5c26bd019d4b8ae82c9e6ac414c98e3cba76eb711e1114212d06f0f414240", kill_on_drop: false }`
[INFO] running `Command { std: "docker" "inspect" "b1b5c26bd019d4b8ae82c9e6ac414c98e3cba76eb711e1114212d06f0f414240", kill_on_drop: false }`
[INFO] running `Command { std: "docker" "exec" "-e" "SOURCE_DIR=/opt/rustwide/workdir" "-e" "CARGO_HOME=/opt/rustwide/cargo-home" "-e" "RUSTUP_HOME=/opt/rustwide/rustup-home" "-e" "CARGO_TARGET_DIR=/opt/rustwide/target" "-w" "/opt/rustwide/workdir" "--user" "0:0" "b1b5c26bd019d4b8ae82c9e6ac414c98e3cba76eb711e1114212d06f0f414240" "/opt/rustwide/cargo-home/bin/cargo" "+1.100.0-beta.1" "metadata" "--no-deps" "--format-version=1", kill_on_drop: false }`
[INFO] running `Command { std: "docker" "inspect" "b1b5c26bd019d4b8ae82c9e6ac414c98e3cba76eb711e1114212d06f0f414240", kill_on_drop: false }`
[INFO] running `Command { std: "docker" "exec" "-e" "SOURCE_DIR=/opt/rustwide/workdir" "-e" "CARGO_HOME=/opt/rustwide/cargo-home" "-e" "RUSTUP_HOME=/opt/rustwide/rustup-home" "-e" "CARGO_TARGET_DIR=/opt/rustwide/target" "-e" "CARGO_INCREMENTAL=0" "-e" "RUST_BACKTRACE=full" "-e" "RUSTFLAGS=--cap-lints=warn" "-e" "RUSTDOCFLAGS=--cap-lints=warn" "-w" "/opt/rustwide/workdir" "--user" "0:0" "b1b5c26bd019d4b8ae82c9e6ac414c98e3cba76eb711e1114212d06f0f414240" "/opt/rustwide/cargo-home/bin/cargo" "+1.100.0-beta.1" "build" "--frozen" "--message-format=json" "--release", kill_on_drop: false }`
[INFO] [stderr]    Compiling proc-macro2 v1.0.107
[INFO] [stderr]    Compiling unicode-ident v1.0.24
[INFO] [stderr]    Compiling quote v1.0.47
[INFO] [stderr]    Compiling libc v0.2.189
[INFO] [stderr]    Compiling zeroize v1.9.0
[INFO] [stderr]    Compiling subtle v2.6.1
[INFO] [stderr]    Compiling rand_core v0.10.1
[INFO] [stderr]    Compiling typenum v1.20.1
[INFO] [stderr]    Compiling cfg-if v1.0.4
[INFO] [stderr]    Compiling autocfg v1.5.1
[INFO] [stderr]    Compiling shlex v2.0.1
[INFO] [stderr]    Compiling stable_deref_trait v1.2.1
[INFO] [stderr]    Compiling find-msvc-tools v0.1.9
[INFO] [stderr]    Compiling serde_core v1.0.229
[INFO] [stderr]    Compiling pin-project-lite v0.2.17
[INFO] [stderr]    Compiling const-oid v0.10.2
[INFO] [stderr]    Compiling smallvec v1.15.2
[INFO] [stderr]    Compiling cmov v0.5.4
[INFO] [stderr]    Compiling portable-atomic v1.14.0
[INFO] [stderr]    Compiling serde v1.0.229
[INFO] [stderr]    Compiling futures-core v0.3.34
[INFO] [stderr]    Compiling bytes v1.12.1
[INFO] [stderr]    Compiling critical-section v1.2.0
[INFO] [stderr]    Compiling dunce v1.0.5
[INFO] [stderr]    Compiling litemap v0.8.2
[INFO] [stderr]    Compiling writeable v0.6.3
[INFO] [stderr]    Compiling pkg-config v0.3.33
[INFO] [stderr]    Compiling futures-sink v0.3.34
[INFO] [stderr]    Compiling ctutils v0.4.2
[INFO] [stderr]    Compiling fs_extra v1.3.0
[INFO] [stderr]    Compiling futures-channel v0.3.34
[INFO] [stderr]    Compiling icu_properties_data v2.2.0
[INFO] [stderr]    Compiling icu_normalizer_data v2.2.0
[INFO] [stderr]    Compiling utf8_iter v1.0.4
[INFO] [stderr]    Compiling memchr v2.8.3
[INFO] [stderr]    Compiling futures-io v0.3.34
[INFO] [stderr]    Compiling cpufeatures v0.3.0
[INFO] [stderr]    Compiling num-traits v0.2.19
[INFO] [stderr]    Compiling flagset v0.4.7
[INFO] [stderr]    Compiling slab v0.4.12
[INFO] [stderr]    Compiling version_check v0.9.5
[INFO] [stderr]    Compiling futures-task v0.3.34
[INFO] [stderr]    Compiling ff v0.14.0
[INFO] [stderr]    Compiling aws-lc-rs v1.17.3
[INFO] [stderr]    Compiling percent-encoding v2.3.2
[INFO] [stderr]    Compiling getrandom v0.4.3
[INFO] [stderr]    Compiling generic-array v0.14.9
[INFO] [stderr]    Compiling syn v2.0.119
[INFO] [stderr]    Compiling syn v3.0.3
[INFO] [stderr]    Compiling hybrid-array v0.4.13
[INFO] [stderr]    Compiling cpubits v0.1.1
[INFO] [stderr]    Compiling itoa v1.0.18
[INFO] [stderr]    Compiling rustls-pki-types v1.15.1
[INFO] [stderr]    Compiling untrusted v0.9.0
[INFO] [stderr]    Compiling group v0.14.0
[INFO] [stderr]    Compiling hashbrown v0.17.1
[INFO] [stderr]    Compiling base16ct v1.0.0
[INFO] [stderr]    Compiling http v1.4.2
[INFO] [stderr]    Compiling equivalent v1.0.2
[INFO] [stderr]    Compiling once_cell v1.21.4
[INFO] [stderr]    Compiling winnow v1.0.4
[INFO] [stderr]    Compiling crossbeam-utils v0.8.22
[INFO] [stderr]    Compiling tracing-core v0.1.36
[INFO] [stderr]    Compiling form_urlencoded v1.2.2
[INFO] [stderr]    Compiling crypto-common v0.2.2
[INFO] [stderr]    Compiling block-buffer v0.12.1
[INFO] [stderr]    Compiling mio v1.2.2
[INFO] [stderr]    Compiling socket2 v0.6.5
[INFO] [stderr]    Compiling jobserver v0.1.35
[INFO] [stderr]    Compiling crypto-bigint v0.7.5
[INFO] [stderr]    Compiling rustls v0.23.42
[INFO] [stderr]    Compiling parking_lot_core v0.9.12
[INFO] [stderr]    Compiling thiserror v2.0.19
[INFO] [stderr]    Compiling rustversion v1.0.23
[INFO] [stderr]    Compiling toml_datetime v1.1.1+spec-1.1.0
[INFO] [stderr]    Compiling indexmap v2.14.0
[INFO] [stderr]    Compiling semver v1.0.28
[INFO] [stderr]    Compiling cc v1.3.0
[INFO] [stderr]    Compiling http-body v1.1.0
[INFO] [stderr]    Compiling unicode-xid v0.2.6
[INFO] [stderr]    Compiling httparse v1.10.1
[INFO] [stderr]    Compiling block-buffer v0.10.4
[INFO] [stderr]    Compiling crypto-common v0.1.6
[INFO] [stderr]    Compiling rustc_version v0.4.1
[INFO] [stderr]    Compiling chacha20 v0.10.1
[INFO] [stderr]    Compiling crossbeam-epoch v0.9.20
[INFO] [stderr]    Compiling scopeguard v1.2.0
[INFO] [stderr]    Compiling tower-service v0.3.3
[INFO] [stderr]    Compiling try-lock v0.2.5
[INFO] [stderr]    Compiling tinyvec_macros v0.1.1
[INFO] [stderr]    Compiling either v1.16.0
[INFO] [stderr]    Compiling tinyvec v1.12.0
[INFO] [stderr]    Compiling want v0.3.1
[INFO] [stderr]    Compiling curve25519-dalek v4.1.3
[INFO] [stderr]    Compiling lock_api v0.4.14
[INFO] [stderr]    Compiling digest v0.10.7
[INFO] [stderr]    Compiling wnaf v0.14.0
[INFO] [stderr]    Compiling konst_macro_rules v0.2.19
[INFO] [stderr]    Compiling atomic-waker v1.1.2
[INFO] [stderr]    Compiling data-encoding v2.11.0
[INFO] [stderr]    Compiling rand v0.10.2
[INFO] [stderr]    Compiling cpufeatures v0.2.17
[INFO] [stderr]    Compiling parking_lot v0.12.5
[INFO] [stderr]    Compiling konst v0.2.20
[INFO] [stderr]    Compiling cmake v0.1.58
[INFO] [stderr]    Compiling toml_parser v1.1.2+spec-1.1.0
[INFO] [stderr]    Compiling parity-scale-codec v3.7.5
[INFO] [stderr]    Compiling crossbeam-channel v0.5.16
[INFO] [stderr]    Compiling const_format_proc_macros v0.2.34
[INFO] [stderr]    Compiling uuid v1.24.0
[INFO] [stderr]    Compiling sync_wrapper v1.0.2
[INFO] [stderr]    Compiling tagptr v0.2.0
[INFO] [stderr]    Compiling base64 v0.22.1
[INFO] [stderr]    Compiling tower-layer v0.3.3
[INFO] [stderr]    Compiling zmij v1.0.23
[INFO] [stderr]    Compiling signature v2.2.0
[INFO] [stderr]    Compiling unicode-segmentation v1.13.3
[INFO] [stderr]    Compiling openssl-probe v0.2.1
[INFO] [stderr]    Compiling ed25519 v2.2.3
[INFO] [stderr]    Compiling sha2 v0.10.9
[INFO] [stderr]    Compiling getrandom v0.2.17
[INFO] [stderr]    Compiling toml_edit v0.25.13+spec-1.1.0
[INFO] [stderr]    Compiling rustls-native-certs v0.8.4
[INFO] [stderr]    Compiling byte-slice-cast v1.2.3
[INFO] [stderr]    Compiling convert_case v0.10.0
[INFO] [stderr]    Compiling digest v0.11.3
[INFO] [stderr]    Compiling moka v0.12.15
[INFO] [stderr]    Compiling log v0.4.34
[INFO] [stderr]    Compiling aws-lc-sys v0.43.0
[INFO] [stderr]    Compiling ring v0.17.14
[INFO] [stderr]    Compiling const_format v0.2.36
[INFO] [stderr]    Compiling base64 v0.23.1
[INFO] [stderr]    Compiling bitflags v2.13.1
[INFO] [stderr]    Compiling serde_json v1.0.151
[INFO] [stderr]    Compiling primefield v0.14.0
[INFO] [stderr]    Compiling hmac v0.13.0
[INFO] [stderr]    Compiling signature v3.0.0
[INFO] [stderr]    Compiling sha2 v0.11.0
[INFO] [stderr]    Compiling arrayvec v0.7.8
[INFO] [stderr]    Compiling resolv-conf v0.7.6
[INFO] [stderr]    Compiling anyhow v1.0.104
[INFO] [stderr]    Compiling rfc6979 v0.6.0
[INFO] [stderr]    Compiling http-body-util v0.1.4
[INFO] [stderr]    Compiling base64 v0.13.1
[INFO] [stderr]    Compiling hex v0.4.3
[INFO] [stderr]    Compiling proc-macro-crate v3.5.0
[INFO] [stderr]    Compiling pem v4.0.0
[INFO] [stderr]    Compiling urlencoding v2.1.3
[INFO] [stderr]    Compiling byteorder v1.5.0
[INFO] [stderr]    Compiling asn1_der v0.7.7
[INFO] [stderr]    Compiling serde_derive v1.0.229
[INFO] [stderr]    Compiling futures-macro v0.3.34
[INFO] [stderr]    Compiling thiserror-impl v2.0.19
[INFO] [stderr]    Compiling async-trait v0.1.91
[INFO] [stderr]    Compiling futures-util v0.3.34
[INFO] [stderr]    Compiling synstructure v0.13.2
[INFO] [stderr]    Compiling zerofrom-derive v0.1.7
[INFO] [stderr]    Compiling yoke-derive v0.8.2
[INFO] [stderr]    Compiling zerovec-derive v0.11.3
[INFO] [stderr]    Compiling displaydoc v0.2.6
[INFO] [stderr]    Compiling tokio-macros v2.7.1
[INFO] [stderr]    Compiling der_derive v0.8.0
[INFO] [stderr]    Compiling tracing-attributes v0.1.31
[INFO] [stderr]    Compiling curve25519-dalek-derive v0.1.1
[INFO] [stderr]    Compiling tokio v1.53.1
[INFO] [stderr]    Compiling parity-scale-codec-derive v3.7.5
[INFO] [stderr]    Compiling zerofrom v0.1.8
[INFO] [stderr]    Compiling derive_more-impl v1.0.0
[INFO] [stderr]    Compiling impl-trait-for-tuples v0.2.3
[INFO] [stderr]    Compiling yoke v0.8.3
[INFO] [stderr]    Compiling scale-info-derive v2.11.6
[INFO] [stderr]    Compiling derive_more-impl v2.1.1
[INFO] [stderr]    Compiling zerovec v0.11.6
[INFO] [stderr]    Compiling zerotrie v0.2.4
[INFO] [stderr]    Compiling der v0.8.2
[INFO] [stderr]    Compiling ed25519-dalek v2.2.0
[INFO] [stderr]    Compiling derive_more v1.0.0
[INFO] [stderr]    Compiling tinystr v0.8.3
[INFO] [stderr]    Compiling potential_utf v0.1.5
[INFO] [stderr]    Compiling tracing v0.1.44
[INFO] [stderr]    Compiling icu_locale_core v2.2.0
[INFO] [stderr]    Compiling icu_collections v2.2.0
[INFO] [stderr]    Compiling derive_more v2.1.1
[INFO] [stderr]    Compiling futures-executor v0.3.34
[INFO] [stderr]    Compiling ipnet v2.12.0
[INFO] [stderr]    Compiling sec1 v0.8.1
[INFO] [stderr]    Compiling spki v0.8.0
[INFO] [stderr]    Compiling chrono v0.4.45
[INFO] [stderr]    Compiling serde-human-bytes v0.1.3
[INFO] [stderr]    Compiling elliptic-curve v0.14.1
[INFO] [stderr]    Compiling prefix-trie v0.8.4
[INFO] [stderr]    Compiling x509-cert v0.3.0
[INFO] [stderr]    Compiling primeorder v0.14.0
[INFO] [stderr]    Compiling ecdsa v0.17.0
[INFO] [stderr]    Compiling icu_provider v2.2.0
[INFO] [stderr]    Compiling scale-info v2.11.6
[INFO] [stderr]    Compiling futures v0.3.34
[INFO] [stderr]    Compiling icu_properties v2.2.0
[INFO] [stderr]    Compiling icu_normalizer v2.2.0
[INFO] [stderr]    Compiling p384 v0.14.0
[INFO] [stderr]    Compiling p256 v0.14.0
[INFO] [stderr]    Compiling idna_adapter v1.2.2
[INFO] [stderr]    Compiling idna v1.1.0
[INFO] [stderr]    Compiling hyper v1.11.0
[INFO] [stderr]    Compiling tower v0.5.3
[INFO] [stderr]    Compiling url v2.5.8
[INFO] [stderr]    Compiling hickory-proto v0.26.1
[INFO] [stderr]    Compiling hyper-util v0.1.20
[INFO] [stderr]    Compiling tower-http v0.6.11
[INFO] [stderr]    Compiling dcap-qvl-webpki v0.103.15+dcap.1
[INFO] [stderr]    Compiling hickory-net v0.26.1
[INFO] [stderr]    Compiling hickory-resolver v0.26.1
[INFO] [stderr]    Compiling rustls-webpki v0.103.13
[INFO] [stderr]    Compiling tokio-rustls v0.26.4
[INFO] [stderr]    Compiling rustls-platform-verifier v0.7.0
[INFO] [stderr]    Compiling hyper-rustls v0.27.9
[INFO] [stderr]    Compiling reqwest v0.13.5
[INFO] [stderr]    Compiling dcap-qvl v0.7.0 (/opt/rustwide/workdir)
[INFO] [stderr] warning: unused dependency `byteorder`
[INFO] [stderr]   --> Cargo.toml:21:15
[INFO] [stderr]    |
[INFO] [stderr] 21 | [dependencies.byteorder]
[INFO] [stderr]    |               ^^^^^^^^^^
[INFO] [stderr]    |
[INFO] [stderr]    = note: `cargo::unused_dependencies` is set to `warn` by default
[INFO] [stderr] help: consider removing the dependency on `byteorder`
[INFO] [stderr] warning: unused dependency `futures`
[INFO] [stderr]   --> Cargo.toml:50:15
[INFO] [stderr]    |
[INFO] [stderr] 50 | [dependencies.futures]
[INFO] [stderr]    |               ^^^^^^^^
[INFO] [stderr]    |
[INFO] [stderr] help: consider removing the dependency on `futures`
[INFO] [stderr] warning: unused dependency `scale-info`
[INFO] [stderr]    --> Cargo.toml:109:15
[INFO] [stderr]     |
[INFO] [stderr] 109 | [dependencies.scale-info]
[INFO] [stderr]     |               ^^^^^^^^^^^
[INFO] [stderr]     |
[INFO] [stderr] help: consider removing the dependency on `scale-info`
[INFO] [stderr] warning: `dcap-qvl` (manifest) generated 3 warnings
[INFO] [stderr]     Finished `release` profile [optimized] target(s) in 2m 17s
[INFO] running `Command { std: "docker" "inspect" "b1b5c26bd019d4b8ae82c9e6ac414c98e3cba76eb711e1114212d06f0f414240", kill_on_drop: false }`
[INFO] running `Command { std: "docker" "exec" "-e" "SOURCE_DIR=/opt/rustwide/workdir" "-e" "CARGO_HOME=/opt/rustwide/cargo-home" "-e" "RUSTUP_HOME=/opt/rustwide/rustup-home" "-e" "CARGO_TARGET_DIR=/opt/rustwide/target" "-e" "CARGO_INCREMENTAL=0" "-e" "RUST_BACKTRACE=full" "-e" "RUSTFLAGS=--cap-lints=warn" "-e" "RUSTDOCFLAGS=--cap-lints=warn" "-w" "/opt/rustwide/workdir" "--user" "0:0" "b1b5c26bd019d4b8ae82c9e6ac414c98e3cba76eb711e1114212d06f0f414240" "/opt/rustwide/cargo-home/bin/cargo" "+1.100.0-beta.1" "test" "--frozen" "--no-run" "--message-format=json" "--release", kill_on_drop: false }`
[INFO] [stderr]    Compiling cfg-if v1.0.4
[INFO] [stderr]    Compiling zeroize v1.9.0
[INFO] [stderr]    Compiling subtle v2.6.1
[INFO] [stderr]    Compiling rand_core v0.10.1
[INFO] [stderr]    Compiling typenum v1.20.1
[INFO] [stderr]    Compiling smallvec v1.15.2
[INFO] [stderr]    Compiling pin-project-lite v0.2.17
[INFO] [stderr]    Compiling stable_deref_trait v1.2.1
[INFO] [stderr]    Compiling critical-section v1.2.0
[INFO] [stderr]    Compiling futures-core v0.3.34
[INFO] [stderr]    Compiling libc v0.2.189
[INFO] [stderr]    Compiling portable-atomic v1.14.0
[INFO] [stderr]    Compiling num-traits v0.2.19
[INFO] [stderr]    Compiling zerofrom v0.1.8
[INFO] [stderr]    Compiling cmov v0.5.4
[INFO] [stderr]    Compiling bytes v1.12.1
[INFO] [stderr]    Compiling scopeguard v1.2.0
[INFO] [stderr]    Compiling const-oid v0.10.2
[INFO] [stderr]    Compiling serde_core v1.0.229
[INFO] [stderr]    Compiling futures-sink v0.3.34
[INFO] [stderr]    Compiling lock_api v0.4.14
[INFO] [stderr]    Compiling yoke v0.8.3
[INFO] [stderr]    Compiling writeable v0.6.3
[INFO] [stderr]    Compiling slab v0.4.12
[INFO] [stderr]    Compiling litemap v0.8.2
[INFO] [stderr]    Compiling memchr v2.8.3
[INFO] [stderr]    Compiling utf8_iter v1.0.4
[INFO] [stderr]    Compiling futures-channel v0.3.34
[INFO] [stderr]    Compiling futures-task v0.3.34
[INFO] [stderr]    Compiling futures-io v0.3.34
[INFO] [stderr]    Compiling ctutils v0.4.2
[INFO] [stderr]    Compiling cpufeatures v0.3.0
[INFO] [stderr]    Compiling itoa v1.0.18
[INFO] [stderr]    Compiling flagset v0.4.7
[INFO] [stderr]    Compiling zerovec v0.11.6
[INFO] [stderr]    Compiling zerotrie v0.2.4
[INFO] [stderr]    Compiling icu_normalizer_data v2.2.0
[INFO] [stderr]    Compiling icu_properties_data v2.2.0
[INFO] [stderr]    Compiling ff v0.14.0
[INFO] [stderr]    Compiling equivalent v1.0.2
[INFO] [stderr]    Compiling percent-encoding v2.3.2
[INFO] [stderr]    Compiling cpubits v0.1.1
[INFO] [stderr]    Compiling rustls-pki-types v1.15.1
[INFO] [stderr]    Compiling untrusted v0.9.0
[INFO] [stderr]    Compiling group v0.14.0
[INFO] [stderr]    Compiling aws-lc-sys v0.43.0
[INFO] [stderr]    Compiling base16ct v1.0.0
[INFO] [stderr]    Compiling futures-util v0.3.34
[INFO] [stderr]    Compiling hashbrown v0.17.1
[INFO] [stderr]    Compiling form_urlencoded v1.2.2
[INFO] [stderr]    Compiling crossbeam-utils v0.8.22
[INFO] [stderr]    Compiling http v1.4.2
[INFO] [stderr]    Compiling chacha20 v0.10.1
[INFO] [stderr]    Compiling bitflags v2.13.1
[INFO] [stderr]    Compiling once_cell v1.21.4
[INFO] [stderr]    Compiling tinystr v0.8.3
[INFO] [stderr]    Compiling icu_locale_core v2.2.0
[INFO] [stderr]    Compiling potential_utf v0.1.5
[INFO] [stderr]    Compiling tower-service v0.3.3
[INFO] [stderr]    Compiling hybrid-array v0.4.13
[INFO] [stderr]    Compiling tracing-core v0.1.36
[INFO] [stderr]    Compiling generic-array v0.14.9
[INFO] [stderr]    Compiling try-lock v0.2.5
[INFO] [stderr]    Compiling icu_collections v2.2.0
[INFO] [stderr]    Compiling tinyvec_macros v0.1.1
[INFO] [stderr]    Compiling http-body v1.1.0
[INFO] [stderr]    Compiling fnv v1.0.7
[INFO] [stderr]    Compiling either v1.16.0
[INFO] [stderr]    Compiling atomic-waker v1.1.2
[INFO] [stderr]    Compiling aws-lc-rs v1.17.3
[INFO] [stderr]    Compiling tinyvec v1.12.0
[INFO] [stderr]    Compiling want v0.3.1
[INFO] [stderr]    Compiling thiserror v2.0.19
[INFO] [stderr]    Compiling httparse v1.10.1
[INFO] [stderr]    Compiling indexmap v2.14.0
[INFO] [stderr]    Compiling cpufeatures v0.2.17
[INFO] [stderr]    Compiling konst_macro_rules v0.2.19
[INFO] [stderr]    Compiling data-encoding v2.11.0
[INFO] [stderr]    Compiling tracing v0.1.44
[INFO] [stderr]    Compiling konst v0.2.20
[INFO] [stderr]    Compiling crossbeam-epoch v0.9.20
[INFO] [stderr]    Compiling block-buffer v0.10.4
[INFO] [stderr]    Compiling parking_lot_core v0.9.12
[INFO] [stderr]    Compiling errno v0.3.14
[INFO] [stderr]    Compiling crypto-common v0.2.2
[INFO] [stderr]    Compiling mio v1.2.2
[INFO] [stderr]    Compiling socket2 v0.6.5
[INFO] [stderr]    Compiling signal-hook-registry v1.4.8
[INFO] [stderr]    Compiling block-buffer v0.12.1
[INFO] [stderr]    Compiling getrandom v0.4.3
[INFO] [stderr]    Compiling parking_lot v0.12.5
[INFO] [stderr]    Compiling crypto-bigint v0.7.5
[INFO] [stderr]    Compiling crypto-common v0.1.6
[INFO] [stderr]    Compiling digest v0.10.7
[INFO] [stderr]    Compiling rand v0.10.2
[INFO] [stderr]    Compiling wnaf v0.14.0
[INFO] [stderr]    Compiling uuid v1.24.0
[INFO] [stderr]    Compiling icu_provider v2.2.0
[INFO] [stderr]    Compiling crossbeam-channel v0.5.16
[INFO] [stderr]    Compiling sync_wrapper v1.0.2
[INFO] [stderr]    Compiling tokio v1.53.1
[INFO] [stderr]    Compiling tower-layer v0.3.3
[INFO] [stderr]    Compiling icu_properties v2.2.0
[INFO] [stderr]    Compiling icu_normalizer v2.2.0
[INFO] [stderr]    Compiling openssl-probe v0.2.1
[INFO] [stderr]    Compiling base64 v0.22.1
[INFO] [stderr]    Compiling signature v2.2.0
[INFO] [stderr]    Compiling rustix v1.1.4
[INFO] [stderr]    Compiling tagptr v0.2.0
[INFO] [stderr]    Compiling ed25519 v2.2.3
[INFO] [stderr]    Compiling rustls-native-certs v0.8.4
[INFO] [stderr]    Compiling rustls-webpki v0.103.13
[INFO] [stderr]    Compiling moka v0.12.15
[INFO] [stderr]    Compiling curve25519-dalek v4.1.3
[INFO] [stderr]    Compiling const_format v0.2.36
[INFO] [stderr]    Compiling sha2 v0.10.9
[INFO] [stderr]    Compiling getrandom v0.2.17
[INFO] [stderr]    Compiling serde v1.0.229
[INFO] [stderr]    Compiling linux-raw-sys v0.12.1
[INFO] [stderr]    Compiling log v0.4.34
[INFO] [stderr]    Compiling serde_json v1.0.151
[INFO] [stderr]    Compiling rustls v0.23.42
[INFO] [stderr]    Compiling base64 v0.23.1
[INFO] [stderr]    Compiling byte-slice-cast v1.2.3
[INFO] [stderr]    Compiling resolv-conf v0.7.6
[INFO] [stderr]    Compiling arrayvec v0.7.8
[INFO] [stderr]    Compiling digest v0.11.3
[INFO] [stderr]    Compiling der v0.8.2
[INFO] [stderr]    Compiling ipnet v2.12.0
[INFO] [stderr]    Compiling futures-executor v0.3.34
[INFO] [stderr]    Compiling hmac v0.13.0
[INFO] [stderr]    Compiling signature v3.0.0
[INFO] [stderr]    Compiling sha2 v0.11.0
[INFO] [stderr]    Compiling idna_adapter v1.2.2
[INFO] [stderr]    Compiling parity-scale-codec v3.7.5
[INFO] [stderr]    Compiling ed25519-dalek v2.2.0
[INFO] [stderr]    Compiling rfc6979 v0.6.0
[INFO] [stderr]    Compiling idna v1.1.0
[INFO] [stderr]    Compiling primefield v0.14.0
[INFO] [stderr]    Compiling ring v0.17.14
[INFO] [stderr]    Compiling prefix-trie v0.8.4
[INFO] [stderr]    Compiling url v2.5.8
[INFO] [stderr]    Compiling derive_more v1.0.0
[INFO] [stderr]    Compiling zmij v1.0.23
[INFO] [stderr]    Compiling http-body-util v0.1.4
[INFO] [stderr]    Compiling encoding_rs v0.8.35
[INFO] [stderr]    Compiling hex v0.4.3
[INFO] [stderr]    Compiling mime v0.3.17
[INFO] [stderr]    Compiling base64 v0.13.1
[INFO] [stderr]    Compiling fastrand v2.5.0
[INFO] [stderr]    Compiling scale-info v2.11.6
[INFO] [stderr]    Compiling hickory-proto v0.26.1
[INFO] [stderr]    Compiling derive_more v2.1.1
[INFO] [stderr]    Compiling anyhow v1.0.104
[INFO] [stderr]    Compiling serde-human-bytes v0.1.3
[INFO] [stderr]    Compiling futures v0.3.34
[INFO] [stderr]    Compiling pem v4.0.0
[INFO] [stderr]    Compiling chrono v0.4.45
[INFO] [stderr]    Compiling sec1 v0.8.1
[INFO] [stderr]    Compiling spki v0.8.0
[INFO] [stderr]    Compiling elliptic-curve v0.14.1
[INFO] [stderr]    Compiling x509-cert v0.3.0
[INFO] [stderr]    Compiling tempfile v3.27.0
[INFO] [stderr]    Compiling console v0.16.4
[INFO] [stderr]    Compiling byteorder v1.5.0
[INFO] [stderr]    Compiling urlencoding v2.1.3
[INFO] [stderr]    Compiling similar v2.7.0
[INFO] [stderr]    Compiling primeorder v0.14.0
[INFO] [stderr]    Compiling ecdsa v0.17.0
[INFO] [stderr]    Compiling asn1_der v0.7.7
[INFO] [stderr]    Compiling hex-literal v1.1.0
[INFO] [stderr]    Compiling insta v1.48.0
[INFO] [stderr]    Compiling p384 v0.14.0
[INFO] [stderr]    Compiling p256 v0.14.0
[INFO] [stderr]    Compiling rustls-platform-verifier v0.7.0
[INFO] [stderr]    Compiling tokio-util v0.7.19
[INFO] [stderr]    Compiling hickory-net v0.26.1
[INFO] [stderr]    Compiling tower v0.5.3
[INFO] [stderr]    Compiling tokio-rustls v0.26.4
[INFO] [stderr]    Compiling tower-http v0.6.11
[INFO] [stderr]    Compiling h2 v0.4.15
[INFO] [stderr]    Compiling hickory-resolver v0.26.1
[INFO] [stderr]    Compiling dcap-qvl-webpki v0.103.15+dcap.1
[INFO] [stderr]    Compiling hyper v1.11.0
[INFO] [stderr]    Compiling hyper-util v0.1.20
[INFO] [stderr]    Compiling hyper-rustls v0.27.9
[INFO] [stderr]    Compiling reqwest v0.13.5
[INFO] [stderr]    Compiling dcap-qvl v0.7.0 (/opt/rustwide/workdir)
[INFO] [stderr] warning: unused dependency `byteorder`
[INFO] [stderr]   --> Cargo.toml:21:15
[INFO] [stderr]    |
[INFO] [stderr] 21 | [dependencies.byteorder]
[INFO] [stderr]    |               ^^^^^^^^^^
[INFO] [stderr]    |
[INFO] [stderr]    = note: `cargo::unused_dependencies` is set to `warn` by default
[INFO] [stderr] help: consider removing the dependency on `byteorder`
[INFO] [stderr] warning: unused dependency `futures`
[INFO] [stderr]   --> Cargo.toml:50:15
[INFO] [stderr]    |
[INFO] [stderr] 50 | [dependencies.futures]
[INFO] [stderr]    |               ^^^^^^^^
[INFO] [stderr]    |
[INFO] [stderr] help: consider removing the dependency on `futures`
[INFO] [stderr] warning: unused dependency `scale-info`
[INFO] [stderr]    --> Cargo.toml:109:15
[INFO] [stderr]     |
[INFO] [stderr] 109 | [dependencies.scale-info]
[INFO] [stderr]     |               ^^^^^^^^^^^
[INFO] [stderr]     |
[INFO] [stderr] help: consider removing the dependency on `scale-info`
[INFO] [stderr] warning: `dcap-qvl` (manifest) generated 3 warnings
[INFO] [stderr]     Finished `release` profile [optimized] target(s) in 1m 47s
[INFO] running `Command { std: "docker" "inspect" "b1b5c26bd019d4b8ae82c9e6ac414c98e3cba76eb711e1114212d06f0f414240", kill_on_drop: false }`
[INFO] running `Command { std: "docker" "exec" "-e" "SOURCE_DIR=/opt/rustwide/workdir" "-e" "CARGO_HOME=/opt/rustwide/cargo-home" "-e" "RUSTUP_HOME=/opt/rustwide/rustup-home" "-e" "CARGO_TARGET_DIR=/opt/rustwide/target" "-e" "CARGO_INCREMENTAL=0" "-e" "RUST_BACKTRACE=full" "-e" "RUSTFLAGS=--cap-lints=warn" "-e" "RUSTDOCFLAGS=--cap-lints=warn" "-w" "/opt/rustwide/workdir" "--user" "0:0" "b1b5c26bd019d4b8ae82c9e6ac414c98e3cba76eb711e1114212d06f0f414240" "/opt/rustwide/cargo-home/bin/cargo" "+1.100.0-beta.1" "test" "--frozen" "--release", kill_on_drop: false }`
[INFO] [stderr] warning: unused dependency `byteorder`
[INFO] [stderr]   --> Cargo.toml:21:15
[INFO] [stderr]    |
[INFO] [stderr] 21 | [dependencies.byteorder]
[INFO] [stderr]    |               ^^^^^^^^^^
[INFO] [stderr]    |
[INFO] [stderr]    = note: `cargo::unused_dependencies` is set to `warn` by default
[INFO] [stderr] help: consider removing the dependency on `byteorder`
[INFO] [stderr] warning: unused dependency `futures`
[INFO] [stderr]   --> Cargo.toml:50:15
[INFO] [stderr]    |
[INFO] [stderr] 50 | [dependencies.futures]
[INFO] [stderr]    |               ^^^^^^^^
[INFO] [stderr]    |
[INFO] [stderr] help: consider removing the dependency on `futures`
[INFO] [stderr] warning: unused dependency `scale-info`
[INFO] [stderr]    --> Cargo.toml:109:15
[INFO] [stderr]     |
[INFO] [stderr] 109 | [dependencies.scale-info]
[INFO] [stderr]     |               ^^^^^^^^^^^
[INFO] [stderr]     |
[INFO] [stderr] help: consider removing the dependency on `scale-info`
[INFO] [stderr] warning: `dcap-qvl` (manifest) generated 3 warnings
[INFO] [stderr]     Finished `release` profile [optimized] target(s) in 0.45s
[INFO] [stderr]      Running unittests src/lib.rs (/opt/rustwide/target/release/build/dcap-qvl/d452a60f7e7c5049/out/dcap_qvl-d452a60f7e7c5049)
[INFO] [stdout] 
[INFO] [stdout] running 79 tests
[INFO] [stdout] test collateral::tests::test_pcs_endpoints_new ... ok
[INFO] [stdout] test collateral::tests::test_pcs_endpoints_url_pckcrl ... ok
[INFO] [stdout] test collateral::tests::test_extract_fmspc_and_ca_processor ... ok
[INFO] [stdout] test collateral::tests::test_pcs_endpoints_url_qe_identity ... ok
[INFO] [stdout] test policy::simple::tests::policy_blacklist_checked_for_current_tcb ... ok
[INFO] [stdout] test policy::simple::tests::policy_blacklist_checked_without_grace ... ok
[INFO] [stdout] test collateral::tests::test_pcs_endpoints_early_evaluation_data_set ... ok
[INFO] [stdout] test collateral::tests::test_numbered_evaluation_data_set_validates_response ... ok
[INFO] [stdout] test collateral::tests::test_pcs_endpoints_url_tcb ... ok
[INFO] [stdout] test collateral::tests::test_pcs_endpoints_numbered_evaluation_data_set ... ok
[INFO] [stdout] test policy::simple::tests::policy_collateral_expired_rejects ... ok
[INFO] [stdout] test policy::simple::tests::policy_collateral_not_expired_passes ... ok
[INFO] [stdout] test policy::simple::tests::policy_config_default_is_strict ... ok
[INFO] [stdout] test policy::simple::tests::policy_allows_advisory_when_not_blacklisted ... ok
[INFO] [stdout] test policy::simple::tests::policy_allows_dynamic_platform_when_configured ... ok
[INFO] [stdout] test policy::simple::tests::policy_config_into_policy_applies_fields ... ok
[INFO] [stdout] test collateral::tests::test_pcs_endpoints_url_rootcacrl ... ok
[INFO] [stdout] test policy::simple::tests::policy_blacklist_checked_during_platform_grace ... ok
[INFO] [stdout] test policy::simple::tests::policy_empty_advisories_passes ... ok
[INFO] [stdout] test policy::simple::tests::policy_min_eval_num_rejects_below ... ok
[INFO] [stdout] test policy::simple::tests::policy_out_of_date_with_fresh_tcb_date_accepts ... ok
[INFO] [stdout] test policy::simple::tests::policy_platform_grace_checked_for_out_of_date_accepts_with_grace ... ok
[INFO] [stdout] test policy::simple::tests::policy_min_eval_num_accepts_equal ... ok
[INFO] [stdout] test policy::simple::tests::policy_platform_grace_checked_for_out_of_date_config_needed ... ok
[INFO] [stdout] test policy::simple::tests::policy_platform_grace_checked_for_out_of_date_rejects ... ok
[INFO] [stdout] test policy::simple::tests::policy_blacklist_checked_for_out_of_date_config_needed ... ok
[INFO] [stdout] test policy::simple::tests::policy_platform_grace_does_not_cover_qe_out_of_date ... ok
[INFO] [stdout] test policy::simple::tests::policy_config_rejects_unknown_fields ... ok
[INFO] [stdout] test policy::simple::tests::policy_advisory_blacklist_case_insensitive ... ok
[INFO] [stdout] test policy::simple::tests::policy_allow_status_builder ... ok
[INFO] [stdout] test policy::simple::tests::policy_platform_grace_skipped_for_sw_hardening ... ok
[INFO] [stdout] test policy::simple::tests::policy_platform_grace_skipped_for_config_needed ... ok
[INFO] [stdout] test policy::simple::tests::policy_platform_grace_too_short_rejects ... ok
[INFO] [stdout] test policy::simple::tests::policy_reject_advisories_batch ... ok
[INFO] [stdout] test policy::simple::tests::policy_rejects_blacklisted_advisory ... ok
[INFO] [stdout] test policy::simple::tests::policy_rejects_dynamic_platform_true ... ok
[INFO] [stdout] test policy::simple::tests::policy_relaunch_advised_not_subject_to_platform_grace ... ok
[INFO] [stdout] test policy::simple::tests::policy_sgx_type_not_configured_passes ... ok
[INFO] [stdout] test policy::simple::tests::policy_qe_grace_accepts_qe_out_of_date ... ok
[INFO] [stdout] test policy::simple::tests::policy_sgx_type_whitelist_rejects ... ok
[INFO] [stdout] test policy::simple::tests::policy_rejects_cached_keys_true ... ok
[INFO] [stdout] test policy::simple::tests::policy_rejects_smt_true ... ok
[INFO] [stdout] test policy::simple::tests::policy_relaunch_advised_rejected_unless_allowed ... ok
[INFO] [stdout] test policy::simple::tests::policy_strict_rejects_sw_hardening ... ok
[INFO] [stdout] test policy::simple::tests::policy_sgx_type_whitelist_accepts ... ok
[INFO] [stdout] test policy::simple::tests::policy_strict_accepts_up_to_date ... ok
[INFO] [stdout] test quote::td_attributes_tests::reserved_matches_tdx_1_5_mbz_bits ... ok
[INFO] [stdout] test tcb_info::tests::test_canonicalize_sgx_ignores_tdx_components ... ok
[INFO] [stdout] test tcb_info::tests::qe_out_of_date_converges_configuration_status ... ok
[INFO] [stdout] test tcb_info::tests::test_canonicalize_sgx_pce_svn_tiebreaker ... ok
[INFO] [stdout] test policy::simple::tests::policy_platform_grace_skipped_for_up_to_date ... ok
[INFO] [stdout] test tcb_info::tests::test_canonicalize_sgx_sorts_by_cpu_svn_desc ... ok
[INFO] [stdout] test tcb_info::tests::test_check_for_relaunch_matches_intel ... ok
[INFO] [stdout] test tcb_info::tests::test_canonicalize_tdx_components_tiebreaker ... ok
[INFO] [stdout] test tcb_info::tests::test_tcb_status_merge_deduplicates_advisories ... ok
[INFO] [stdout] test tcb_info::tests::test_tcb_status_merge_out_of_date_component ... ok
[INFO] [stdout] test tcb_info::tests::test_converge_with_component_matches_intel ... ok
[INFO] [stdout] test verify::tests::test_qe_identity_policy_attributes_masked ... ok
[INFO] [stdout] test utils::tests::seq_entries_yields_each_entry_in_order ... ok
[INFO] [stdout] test verify::tests::test_qe_identity_policy_attributes_mismatch ... ok
[INFO] [stdout] test verify::tests::test_qe_identity_policy_isvsvn_up_to_date ... ok
[INFO] [stdout] test utils::tests::verify_certificate_chain_rejects_too_many_intermediates ... ok
[INFO] [stdout] test verify::tests::test_qe_identity_policy_miscselect_masked ... ok
[INFO] [stdout] test policy::simple::tests::policy_undefined_platform_flags_pass ... ok
[INFO] [stdout] test verify::tests::test_qe_identity_policy_valid ... ok
[INFO] [stdout] test verify::tests::test_qe_identity_policy_isvprodid_mismatch ... ok
[INFO] [stdout] test verify::tests::test_qe_identity_policy_isvsvn_between_levels ... ok
[INFO] [stdout] test verify::tests::test_qe_identity_policy_isvsvn_higher_than_required ... ok
[INFO] [stdout] test verify::tests::test_qe_identity_policy_isvsvn_out_of_date ... ok
[INFO] [stdout] test verify::tests::test_tdx_tcb_rejects_unappraisable_svns ... ok
[INFO] [stdout] test verify::tests::test_qe_identity_policy_isvsvn_too_low ... ok
[INFO] [stdout] test verify::tests::test_qe_identity_policy_miscselect_mismatch ... ok
[INFO] [stdout] test verify::tests::test_tdx_tcb_converges_module_status_and_date ... ok
[INFO] [stdout] test tcb_info::tests::test_tcb_status_merge_both_up_to_date ... ok
[INFO] [stdout] test tcb_info::tests::test_tcb_status_merge_combines_advisories ... ok
[INFO] [stdout] test quote::td_attributes_tests::parses_new_tdx_1_5_flags ... ok
[INFO] [stdout] test verify::tests::test_qe_identity_policy_mrsigner_mismatch ... ok
[INFO] [stdout] test collateral::tests::test_intel_pcs_url ... ok
[INFO] [stdout] test constants::dcap_roots_should_be_fresh ... FAILED
[INFO] [stdout] 
[INFO] [stdout] failures:
[INFO] [stdout] 
[INFO] [stdout] ---- constants::dcap_roots_should_be_fresh stdout ----
[INFO] [stdout] 
[INFO] [stdout] thread 'constants::dcap_roots_should_be_fresh' (5874) panicked at src/constants.rs:115:6:
[INFO] [stdout] called `Result::unwrap()` on an `Err` value: reqwest::Error { kind: Request, url: "https://certificates.trustedservices.intel.com/Intel_SGX_Provisioning_Certification_RootCA.cer", source: hyper_util::client::legacy::Error(Connect, ConnectError("dns error", DnsError { inner: NoConnections })) }
[INFO] [stdout] stack backtrace:
[INFO] [stdout]    0:     0x619c655444d1 - <unknown>
[INFO] [stdout]    1:     0x619c6555b85a - <unknown>
[INFO] [stdout]    2:     0x619c6554923c - <unknown>
[INFO] [stdout]    3:     0x619c6551e636 - <unknown>
[INFO] [stdout]    4:     0x619c6553b879 - <unknown>
[INFO] [stdout]    5:     0x619c654b29f0 - <unknown>
[INFO] [stdout]    6:     0x619c6553bba2 - <unknown>
[INFO] [stdout]    7:     0x619c6551e6e2 - <unknown>
[INFO] [stdout]    8:     0x619c655170e9 - <unknown>
[INFO] [stdout]    9:     0x619c6551f4dd - <unknown>
[INFO] [stdout]   10:     0x619c6555bfbc - <unknown>
[INFO] [stdout]   11:     0x619c6555bd92 - <unknown>
[INFO] [stdout]   12:     0x619c65128532 - <unknown>
[INFO] [stdout]   13:     0x619c65134f50 - <unknown>
[INFO] [stdout]   14:     0x619c654a5e3b - <unknown>
[INFO] [stdout]   15:     0x619c654b3015 - <unknown>
[INFO] [stdout]   16:     0x619c654ac904 - <unknown>
[INFO] [stdout]   17:     0x619c654b60a2 - <unknown>
[INFO] [stdout]   18:     0x619c6554366f - <unknown>
[INFO] [stdout]   19:     0x715115322dfa - <unknown>
[INFO] [stdout]   20:     0x7151153b63d4 - clone
[INFO] [stdout]   21:                0x0 - <unknown>
[INFO] [stdout] 
[INFO] [stdout] 
[INFO] [stdout] failures:
[INFO] [stdout]     constants::dcap_roots_should_be_fresh
[INFO] [stdout] 
[INFO] [stdout] test result: FAILED. 78 passed; 1 failed; 0 ignored; 0 measured; 0 filtered out; finished in 0.14s
[INFO] [stdout] 
[INFO] [stderr] error: test failed, to rerun pass `--lib`
[INFO] running `Command { std: "docker" "inspect" "b1b5c26bd019d4b8ae82c9e6ac414c98e3cba76eb711e1114212d06f0f414240", kill_on_drop: false }`
[INFO] running `Command { std: "docker" "rm" "-f" "b1b5c26bd019d4b8ae82c9e6ac414c98e3cba76eb711e1114212d06f0f414240", kill_on_drop: false }`
[INFO] [stdout] b1b5c26bd019d4b8ae82c9e6ac414c98e3cba76eb711e1114212d06f0f414240
