[INFO] fetching crate dcan-db 0.1.0...
[INFO] testing dcan-db-0.1.0 against 1.100.0-beta.1+cargoflags=--release for beta-release-1.100-2
[INFO] extracting crate dcan-db 0.1.0 into /workspace/builds/worker-5-tc2/source
[INFO] started tweaking crates.io crate dcan-db 0.1.0
[INFO] finished tweaking crates.io crate dcan-db 0.1.0
[INFO] tweaked toml for crates.io crate dcan-db 0.1.0 written to /workspace/builds/worker-5-tc2/source/Cargo.toml
[INFO] validating manifest of crates.io crate dcan-db 0.1.0 on toolchain 1.100.0-beta.1
[INFO] running `Command { std: CARGO_HOME="/workspace/cargo-home" RUSTUP_HOME="/workspace/rustup-home" "/workspace/cargo-home/bin/cargo" "+1.100.0-beta.1" "metadata" "--manifest-path" "Cargo.toml" "--no-deps", kill_on_drop: false }`
[INFO] crate crates.io crate dcan-db 0.1.0 already has a lockfile, it will not be regenerated
[INFO] running `Command { std: CARGO_HOME="/workspace/cargo-home" RUSTUP_HOME="/workspace/rustup-home" "/workspace/cargo-home/bin/cargo" "+1.100.0-beta.1" "fetch" "--manifest-path" "Cargo.toml", kill_on_drop: false }`
[INFO] [stderr] warning: `package.homepage` is redundant with `package.repository`
[INFO] [stderr]   --> Cargo.toml:28:12
[INFO] [stderr]    |
[INFO] [stderr] 28 | homepage = "https://github.com/DMoore12/dcan-db"
[INFO] [stderr]    |            ^^^^^^^^^^^^^^^^^^^^^^^^^^^^^^^^^^^^^
[INFO] [stderr] ...
[INFO] [stderr] 33 | repository = "https://github.com/DMoore12/dcan-db"
[INFO] [stderr]    |              -------------------------------------
[INFO] [stderr]    |
[INFO] [stderr]    = note: `cargo::redundant_homepage` is set to `warn` by default
[INFO] [stderr] help: consider removing `package.homepage`
[INFO] [stderr] warning: `dcan-db` (manifest) generated 1 warning
[INFO] running `Command { std: "docker" "create" "-v" "/var/lib/crater-agent-workspace/builds/worker-5-tc2/source:/opt/rustwide/workdir:ro,Z" "-v" "/var/lib/crater-agent-workspace/builds/worker-5-tc2/target:/opt/rustwide/target:rw,Z" "-v" "/var/lib/crater-agent-workspace/cargo-home:/opt/rustwide/cargo-home:ro,Z" "-v" "/var/lib/crater-agent-workspace/rustup-home:/opt/rustwide/rustup-home:ro,Z" "-m" "1610612736" "--network" "none" "ghcr.io/rust-lang/crates-build-env/linux@sha256:77db811e55d90add9212f6832c23229e3de5f1c1f9905e8cb07319ea15df73ac" "sleep" "infinity", kill_on_drop: false }`
[INFO] [stdout] f7a549cecadd9380886742116fecb58c44aa01147c32d038ec5ef452646dfbcb
[INFO] running `Command { std: "docker" "start" "f7a549cecadd9380886742116fecb58c44aa01147c32d038ec5ef452646dfbcb", kill_on_drop: false }`
[INFO] running `Command { std: "docker" "inspect" "f7a549cecadd9380886742116fecb58c44aa01147c32d038ec5ef452646dfbcb", kill_on_drop: false }`
[INFO] running `Command { std: "docker" "exec" "-e" "SOURCE_DIR=/opt/rustwide/workdir" "-e" "CARGO_HOME=/opt/rustwide/cargo-home" "-e" "RUSTUP_HOME=/opt/rustwide/rustup-home" "-e" "CARGO_TARGET_DIR=/opt/rustwide/target" "-w" "/opt/rustwide/workdir" "--user" "0:0" "f7a549cecadd9380886742116fecb58c44aa01147c32d038ec5ef452646dfbcb" "/opt/rustwide/cargo-home/bin/cargo" "+1.100.0-beta.1" "metadata" "--no-deps" "--format-version=1", kill_on_drop: false }`
[INFO] running `Command { std: "docker" "inspect" "f7a549cecadd9380886742116fecb58c44aa01147c32d038ec5ef452646dfbcb", kill_on_drop: false }`
[INFO] running `Command { std: "docker" "exec" "-e" "SOURCE_DIR=/opt/rustwide/workdir" "-e" "CARGO_HOME=/opt/rustwide/cargo-home" "-e" "RUSTUP_HOME=/opt/rustwide/rustup-home" "-e" "CARGO_TARGET_DIR=/opt/rustwide/target" "-e" "CARGO_INCREMENTAL=0" "-e" "RUST_BACKTRACE=full" "-e" "RUSTFLAGS=--cap-lints=warn" "-e" "RUSTDOCFLAGS=--cap-lints=warn" "-w" "/opt/rustwide/workdir" "--user" "0:0" "f7a549cecadd9380886742116fecb58c44aa01147c32d038ec5ef452646dfbcb" "/opt/rustwide/cargo-home/bin/cargo" "+1.100.0-beta.1" "build" "--frozen" "--message-format=json" "--release", kill_on_drop: false }`
[INFO] [stderr] warning: `package.homepage` is redundant with `package.repository`
[INFO] [stderr]   --> Cargo.toml:28:12
[INFO] [stderr]    |
[INFO] [stderr] 28 | homepage = "https://github.com/DMoore12/dcan-db"
[INFO] [stderr]    |            ^^^^^^^^^^^^^^^^^^^^^^^^^^^^^^^^^^^^^
[INFO] [stderr] ...
[INFO] [stderr] 33 | repository = "https://github.com/DMoore12/dcan-db"
[INFO] [stderr]    |              -------------------------------------
[INFO] [stderr]    |
[INFO] [stderr]    = note: `cargo::redundant_homepage` is set to `warn` by default
[INFO] [stderr] help: consider removing `package.homepage`
[INFO] [stderr] warning: `dcan-db` (manifest) generated 1 warning
[INFO] [stderr]    Compiling find-msvc-tools v0.1.2
[INFO] [stderr]    Compiling libc v0.2.175
[INFO] [stderr]    Compiling concolor-query v0.3.3
[INFO] [stderr]    Compiling unicode-segmentation v1.12.0
[INFO] [stderr]    Compiling unicode-ident v1.0.19
[INFO] [stderr]    Compiling cc v1.2.38
[INFO] [stderr]    Compiling is-terminal v0.4.16
[INFO] [stderr]    Compiling concolor v0.1.1
[INFO] [stderr]    Compiling ariadne v0.5.1
[INFO] [stderr]    Compiling psm v0.1.26
[INFO] [stderr]    Compiling stacker v0.1.21
[INFO] [stderr]    Compiling chumsky v0.11.1
[INFO] [stderr]    Compiling dcan-db v0.1.0 (/opt/rustwide/workdir)
[INFO] [stderr]     Finished `release` profile [optimized] target(s) in 26.60s
[INFO] running `Command { std: "docker" "inspect" "f7a549cecadd9380886742116fecb58c44aa01147c32d038ec5ef452646dfbcb", kill_on_drop: false }`
[INFO] running `Command { std: "docker" "exec" "-e" "SOURCE_DIR=/opt/rustwide/workdir" "-e" "CARGO_HOME=/opt/rustwide/cargo-home" "-e" "RUSTUP_HOME=/opt/rustwide/rustup-home" "-e" "CARGO_TARGET_DIR=/opt/rustwide/target" "-e" "CARGO_INCREMENTAL=0" "-e" "RUST_BACKTRACE=full" "-e" "RUSTFLAGS=--cap-lints=warn" "-e" "RUSTDOCFLAGS=--cap-lints=warn" "-w" "/opt/rustwide/workdir" "--user" "0:0" "f7a549cecadd9380886742116fecb58c44aa01147c32d038ec5ef452646dfbcb" "/opt/rustwide/cargo-home/bin/cargo" "+1.100.0-beta.1" "test" "--frozen" "--no-run" "--message-format=json" "--release", kill_on_drop: false }`
[INFO] [stderr] warning: `package.homepage` is redundant with `package.repository`
[INFO] [stderr]   --> Cargo.toml:28:12
[INFO] [stderr]    |
[INFO] [stderr] 28 | homepage = "https://github.com/DMoore12/dcan-db"
[INFO] [stderr]    |            ^^^^^^^^^^^^^^^^^^^^^^^^^^^^^^^^^^^^^
[INFO] [stderr] ...
[INFO] [stderr] 33 | repository = "https://github.com/DMoore12/dcan-db"
[INFO] [stderr]    |              -------------------------------------
[INFO] [stderr]    |
[INFO] [stderr]    = note: `cargo::redundant_homepage` is set to `warn` by default
[INFO] [stderr] help: consider removing `package.homepage`
[INFO] [stderr] warning: `dcan-db` (manifest) generated 1 warning
[INFO] [stderr]    Compiling dcan-db v0.1.0 (/opt/rustwide/workdir)
[INFO] [stderr]     Finished `release` profile [optimized] target(s) in 13.68s
[INFO] running `Command { std: "docker" "inspect" "f7a549cecadd9380886742116fecb58c44aa01147c32d038ec5ef452646dfbcb", kill_on_drop: false }`
[INFO] running `Command { std: "docker" "exec" "-e" "SOURCE_DIR=/opt/rustwide/workdir" "-e" "CARGO_HOME=/opt/rustwide/cargo-home" "-e" "RUSTUP_HOME=/opt/rustwide/rustup-home" "-e" "CARGO_TARGET_DIR=/opt/rustwide/target" "-e" "CARGO_INCREMENTAL=0" "-e" "RUST_BACKTRACE=full" "-e" "RUSTFLAGS=--cap-lints=warn" "-e" "RUSTDOCFLAGS=--cap-lints=warn" "-w" "/opt/rustwide/workdir" "--user" "0:0" "f7a549cecadd9380886742116fecb58c44aa01147c32d038ec5ef452646dfbcb" "/opt/rustwide/cargo-home/bin/cargo" "+1.100.0-beta.1" "test" "--frozen" "--release", kill_on_drop: false }`
[INFO] [stderr] warning: `package.homepage` is redundant with `package.repository`
[INFO] [stderr]   --> Cargo.toml:28:12
[INFO] [stderr]    |
[INFO] [stderr] 28 | homepage = "https://github.com/DMoore12/dcan-db"
[INFO] [stderr]    |            ^^^^^^^^^^^^^^^^^^^^^^^^^^^^^^^^^^^^^
[INFO] [stderr] ...
[INFO] [stderr] 33 | repository = "https://github.com/DMoore12/dcan-db"
[INFO] [stderr]    |              -------------------------------------
[INFO] [stderr]    |
[INFO] [stderr]    = note: `cargo::redundant_homepage` is set to `warn` by default
[INFO] [stderr] help: consider removing `package.homepage`
[INFO] [stderr] warning: `dcan-db` (manifest) generated 1 warning
[INFO] [stderr]     Finished `release` profile [optimized] target(s) in 0.06s
[INFO] [stderr]      Running unittests src/lib.rs (/opt/rustwide/target/release/build/dcan-db/9078b1cee3313dd1/out/dcan_db-9078b1cee3313dd1)
[INFO] [stdout] 
[INFO] [stdout] running 21 tests
[INFO] [stdout] test parser::int_parsing::parse_int_signed ... ok
[INFO] [stdout] test parser::float_parsing::parse_float_signed ... ok
[INFO] [stdout] test parser::misc_parsers::parse_baud ... ok
[INFO] [stdout] test parser::misc_parsers::parse_baud_empty ... ok
[INFO] [stdout] test parser::misc_parsers::parse_nodes ... ok
[INFO] [stdout] test parser::float_parsing::parse_float_unsigned ... ok
[INFO] [stdout] test parser::misc_parsers::parse_signal_descriptions ... ok
[INFO] [stdout] test parser::signal_parser::parse_signal_float ... ok
[INFO] [stdout] test parser::frame_parser::parse_frame ... ok
[INFO] [stdout] test parser::float_parsing::parse_float_simple ... ok
[INFO] [stdout] test parser::misc_parsers::parse_symbols ... ok
[INFO] [stdout] test parser::misc_parsers::parse_version ... ok
[INFO] [stdout] test parser::signal_parser::parse_signal_float_extended ... ok
[INFO] [stdout] test parser::int_parsing::parse_int_unsigned ... ok
[INFO] [stdout] test parser::signal_parser::parse_signal_float_exponent ... FAILED
[INFO] [stdout] test parser::signal_parser::parse_signal_multiplexed ... ok
[INFO] [stdout] test parser::signal_parser::parse_signal_int ... ok
[INFO] [stdout] test parser::signal_parser::parse_signal_multi_modes ... ok
[INFO] [stdout] test parser::top_level_parsing::does_run ... FAILED
[INFO] [stdout] test parser::value_table_parser::parse_value_table ... ok
[INFO] [stdout] test parser::value_table_parser::parse_value_table_simple ... ok
[INFO] [stdout] 
[INFO] [stdout] failures:
[INFO] [stdout] 
[INFO] [stdout] ---- parser::signal_parser::parse_signal_float_exponent stdout ----
[INFO] [stdout] 
[INFO] [stdout] thread 'parser::signal_parser::parse_signal_float_exponent' (435) panicked at src/parser.rs:629:9:
[INFO] [stdout] assertion `left == right` failed
[INFO] [stdout]   left: 0.0025
[INFO] [stdout]  right: -0.0025
[INFO] [stdout] stack backtrace:
[INFO] [stdout]    0:     0x57b930a3faa1 - <<std[617be2ca0a6fd877]::sys::backtrace::BacktraceLock>::print::DisplayBacktrace as core[a373ad73a504971]::fmt::Display>::fmt
[INFO] [stdout]    1:     0x57b930a54d8a - core[a373ad73a504971]::fmt::write
[INFO] [stdout]    2:     0x57b930a43d8c - <alloc[2e1b2a31b91974c5]::vec::Vec<u8> as core[a373ad73a504971]::io::write::Write>::write_fmt
[INFO] [stdout]    3:     0x57b930a1ba46 - std[617be2ca0a6fd877]::panicking::default_hook::{closure#0}
[INFO] [stdout]    4:     0x57b930a37d69 - std[617be2ca0a6fd877]::panicking::default_hook
[INFO] [stdout]    5:     0x57b9309d2b50 - test[aada8e7e76ba119b]::test_main_inner::{closure#0}
[INFO] [stdout]    6:     0x57b930a37f22 - std[617be2ca0a6fd877]::panicking::panic_with_hook
[INFO] [stdout]    7:     0x57b930a1baf2 - std[617be2ca0a6fd877]::panicking::panic_handler::{closure#0}
[INFO] [stdout]    8:     0x57b930a14649 - std[617be2ca0a6fd877]::sys::backtrace::__rust_end_short_backtrace::<std[617be2ca0a6fd877]::panicking::panic_handler::{closure#0}, !>
[INFO] [stdout]    9:     0x57b930a1c6fd - __rustc[ea4f61d10b84890b]::rust_begin_unwind
[INFO] [stdout]   10:     0x57b930a554bc - core[a373ad73a504971]::panicking::panic_fmt
[INFO] [stdout]   11:     0x57b930a553d3 - core[a373ad73a504971]::panicking::assert_failed_inner
[INFO] [stdout]   12:     0x57b9309b81cf - core[a373ad73a504971]::panicking::assert_failed::<f32, f32>
[INFO] [stdout]   13:     0x57b9309c2fe3 - <dcan_db[fdeb0c326c21c2f4]::parser::signal_parser::parse_signal_float_exponent::{closure#0} as core[a373ad73a504971]::ops::function::FnOnce<()>>::call_once
[INFO] [stdout]   14:     0x57b9309c5f9b - test[aada8e7e76ba119b]::__rust_begin_short_backtrace::<core[a373ad73a504971]::result::Result<(), alloc[2e1b2a31b91974c5]::string::String>, fn() -> core[a373ad73a504971]::result::Result<(), alloc[2e1b2a31b91974c5]::string::String>>
[INFO] [stdout]   15:     0x57b9309d3175 - test[aada8e7e76ba119b]::run_test::{closure#0}
[INFO] [stdout]   16:     0x57b9309cca64 - std[617be2ca0a6fd877]::sys::backtrace::__rust_begin_short_backtrace::<test[aada8e7e76ba119b]::run_test::{closure#1}, ()>
[INFO] [stdout]   17:     0x57b9309d6202 - <std[617be2ca0a6fd877]::thread::lifecycle::spawn_unchecked<test[aada8e7e76ba119b]::run_test::{closure#1}, ()>::{closure#1} as core[a373ad73a504971]::ops::function::FnOnce<()>>::call_once::{shim:vtable#0}
[INFO] [stdout]   18:     0x57b930a3ef9f - <std[617be2ca0a6fd877]::sys::thread::unix::Thread>::new::thread_start
[INFO] [stdout]   19:     0x74505330cdfa - <unknown>
[INFO] [stdout]   20:     0x7450533a03d4 - clone
[INFO] [stdout]   21:                0x0 - <unknown>
[INFO] [stdout] 
[INFO] [stdout] ---- parser::top_level_parsing::does_run stdout ----
[INFO] [stdout] 
[INFO] [stdout] thread 'parser::top_level_parsing::does_run' (440) panicked at src/parser.rs:522:9:
[INFO] [stdout] assertion failed: result.is_ok()
[INFO] [stdout] stack backtrace:
[INFO] [stdout]    0:     0x57b930a3faa1 - <<std[617be2ca0a6fd877]::sys::backtrace::BacktraceLock>::print::DisplayBacktrace as core[a373ad73a504971]::fmt::Display>::fmt
[INFO] [stdout]    1:     0x57b930a54d8a - core[a373ad73a504971]::fmt::write
[INFO] [stdout]    2:     0x57b930a43d8c - <alloc[2e1b2a31b91974c5]::vec::Vec<u8> as core[a373ad73a504971]::io::write::Write>::write_fmt
[INFO] [stdout]    3:     0x57b930a1ba46 - std[617be2ca0a6fd877]::panicking::default_hook::{closure#0}
[INFO] [stdout]    4:     0x57b930a37d69 - std[617be2ca0a6fd877]::panicking::default_hook
[INFO] [stdout]    5:     0x57b9309d2b50 - test[aada8e7e76ba119b]::test_main_inner::{closure#0}
[INFO] [stdout]    6:     0x57b930a37f22 - std[617be2ca0a6fd877]::panicking::panic_with_hook
[INFO] [stdout]    7:     0x57b930a1bb24 - std[617be2ca0a6fd877]::panicking::panic_handler::{closure#0}
[INFO] [stdout]    8:     0x57b930a14649 - std[617be2ca0a6fd877]::sys::backtrace::__rust_end_short_backtrace::<std[617be2ca0a6fd877]::panicking::panic_handler::{closure#0}, !>
[INFO] [stdout]    9:     0x57b930a1c6fd - __rustc[ea4f61d10b84890b]::rust_begin_unwind
[INFO] [stdout]   10:     0x57b930a554bc - core[a373ad73a504971]::panicking::panic_fmt
[INFO] [stdout]   11:     0x57b930a55482 - core[a373ad73a504971]::panicking::panic
[INFO] [stdout]   12:     0x57b9309c35fa - <dcan_db[fdeb0c326c21c2f4]::parser::top_level_parsing::does_run::{closure#0} as core[a373ad73a504971]::ops::function::FnOnce<()>>::call_once
[INFO] [stdout]   13:     0x57b9309c5f9b - test[aada8e7e76ba119b]::__rust_begin_short_backtrace::<core[a373ad73a504971]::result::Result<(), alloc[2e1b2a31b91974c5]::string::String>, fn() -> core[a373ad73a504971]::result::Result<(), alloc[2e1b2a31b91974c5]::string::String>>
[INFO] [stdout]   14:     0x57b9309d3175 - test[aada8e7e76ba119b]::run_test::{closure#0}
[INFO] [stdout]   15:     0x57b9309cca64 - std[617be2ca0a6fd877]::sys::backtrace::__rust_begin_short_backtrace::<test[aada8e7e76ba119b]::run_test::{closure#1}, ()>
[INFO] [stdout]   16:     0x57b9309d6202 - <std[617be2ca0a6fd877]::thread::lifecycle::spawn_unchecked<test[aada8e7e76ba119b]::run_test::{closure#1}, ()>::{closure#1} as core[a373ad73a504971]::ops::function::FnOnce<()>>::call_once::{shim:vtable#0}
[INFO] [stdout]   17:     0x57b930a3ef9f - <std[617be2ca0a6fd877]::sys::thread::unix::Thread>::new::thread_start
[INFO] [stdout]   18:     0x74505330cdfa - <unknown>
[INFO] [stdout]   19:     0x7450533a03d4 - clone
[INFO] [stdout]   20:                0x0 - <unknown>
[INFO] [stdout] 
[INFO] [stdout] 
[INFO] [stdout] failures:
[INFO] [stdout]     parser::signal_parser::parse_signal_float_exponent
[INFO] [stdout]     parser::top_level_parsing::does_run
[INFO] [stdout] 
[INFO] [stdout] test result: FAILED. 19 passed; 2 failed; 0 ignored; 0 measured; 0 filtered out; finished in 0.01s
[INFO] [stdout] 
[INFO] [stderr] error: test failed, to rerun pass `--lib`
[INFO] running `Command { std: "docker" "inspect" "f7a549cecadd9380886742116fecb58c44aa01147c32d038ec5ef452646dfbcb", kill_on_drop: false }`
[INFO] running `Command { std: "docker" "rm" "-f" "f7a549cecadd9380886742116fecb58c44aa01147c32d038ec5ef452646dfbcb", kill_on_drop: false }`
[INFO] [stdout] f7a549cecadd9380886742116fecb58c44aa01147c32d038ec5ef452646dfbcb
