[INFO] fetching crate dc-runner-cli 0.2.12...
[INFO] testing dc-runner-cli-0.2.12 against 1.99.0-beta.8+cargoflags=--release for beta-release-1.100-2
[INFO] extracting crate dc-runner-cli 0.2.12 into /workspace/builds/worker-4-tc1/source
[INFO] started tweaking crates.io crate dc-runner-cli 0.2.12
[INFO] removed 0 missing tests
[INFO] finished tweaking crates.io crate dc-runner-cli 0.2.12
[INFO] tweaked toml for crates.io crate dc-runner-cli 0.2.12 written to /workspace/builds/worker-4-tc1/source/Cargo.toml
[INFO] validating manifest of crates.io crate dc-runner-cli 0.2.12 on toolchain 1.99.0-beta.8
[INFO] running `Command { std: CARGO_HOME="/workspace/cargo-home" RUSTUP_HOME="/workspace/rustup-home" "/workspace/cargo-home/bin/cargo" "+1.99.0-beta.8" "metadata" "--manifest-path" "Cargo.toml" "--no-deps", kill_on_drop: false }`
[INFO] crate crates.io crate dc-runner-cli 0.2.12 already has a lockfile, it will not be regenerated
[INFO] running `Command { std: CARGO_HOME="/workspace/cargo-home" RUSTUP_HOME="/workspace/rustup-home" "/workspace/cargo-home/bin/cargo" "+1.99.0-beta.8" "fetch" "--manifest-path" "Cargo.toml", kill_on_drop: false }`
[INFO] [stderr]  Downloading crates ...
[INFO] [stderr]   Downloaded wasm-bindgen-shared v0.2.112
[INFO] [stderr]   Downloaded wasm-bindgen v0.2.112
[INFO] [stderr]   Downloaded wasm-bindgen-macro v0.2.112
[INFO] [stderr]   Downloaded js-sys v0.3.89
[INFO] [stderr]   Downloaded wasm-bindgen-macro-support v0.2.112
[INFO] running `Command { std: "docker" "create" "-v" "/var/lib/crater-agent-workspace/builds/worker-4-tc1/source:/opt/rustwide/workdir:ro,Z" "-v" "/var/lib/crater-agent-workspace/builds/worker-4-tc1/target:/opt/rustwide/target:rw,Z" "-v" "/var/lib/crater-agent-workspace/cargo-home:/opt/rustwide/cargo-home:ro,Z" "-v" "/var/lib/crater-agent-workspace/rustup-home:/opt/rustwide/rustup-home:ro,Z" "-m" "1610612736" "--network" "none" "ghcr.io/rust-lang/crates-build-env/linux@sha256:77db811e55d90add9212f6832c23229e3de5f1c1f9905e8cb07319ea15df73ac" "sleep" "infinity", kill_on_drop: false }`
[INFO] [stdout] 6439ab9c3e298d8d613bf7eff6f05b0528b5776f364dd9816d6c6246a2ba98cc
[INFO] running `Command { std: "docker" "start" "6439ab9c3e298d8d613bf7eff6f05b0528b5776f364dd9816d6c6246a2ba98cc", kill_on_drop: false }`
[INFO] running `Command { std: "docker" "inspect" "6439ab9c3e298d8d613bf7eff6f05b0528b5776f364dd9816d6c6246a2ba98cc", kill_on_drop: false }`
[INFO] running `Command { std: "docker" "exec" "-e" "SOURCE_DIR=/opt/rustwide/workdir" "-e" "CARGO_HOME=/opt/rustwide/cargo-home" "-e" "RUSTUP_HOME=/opt/rustwide/rustup-home" "-e" "CARGO_TARGET_DIR=/opt/rustwide/target" "-w" "/opt/rustwide/workdir" "--user" "0:0" "6439ab9c3e298d8d613bf7eff6f05b0528b5776f364dd9816d6c6246a2ba98cc" "/opt/rustwide/cargo-home/bin/cargo" "+1.99.0-beta.8" "metadata" "--no-deps" "--format-version=1", kill_on_drop: false }`
[INFO] running `Command { std: "docker" "inspect" "6439ab9c3e298d8d613bf7eff6f05b0528b5776f364dd9816d6c6246a2ba98cc", kill_on_drop: false }`
[INFO] running `Command { std: "docker" "exec" "-e" "SOURCE_DIR=/opt/rustwide/workdir" "-e" "CARGO_HOME=/opt/rustwide/cargo-home" "-e" "RUSTUP_HOME=/opt/rustwide/rustup-home" "-e" "CARGO_TARGET_DIR=/opt/rustwide/target" "-e" "CARGO_INCREMENTAL=0" "-e" "RUST_BACKTRACE=full" "-e" "RUSTFLAGS=--cap-lints=warn" "-e" "RUSTDOCFLAGS=--cap-lints=warn" "-w" "/opt/rustwide/workdir" "--user" "0:0" "6439ab9c3e298d8d613bf7eff6f05b0528b5776f364dd9816d6c6246a2ba98cc" "/opt/rustwide/cargo-home/bin/cargo" "+1.99.0-beta.8" "build" "--frozen" "--message-format=json" "--release", kill_on_drop: false }`
[INFO] [stderr]    Compiling serde v1.0.203
[INFO] [stderr]    Compiling indexmap v1.9.3
[INFO] [stderr]    Compiling serde_json v1.0.117
[INFO] [stderr]    Compiling clap_lex v0.7.7
[INFO] [stderr]    Compiling syn v2.0.117
[INFO] [stderr]    Compiling chrono v0.4.38
[INFO] [stderr]    Compiling sha2 v0.10.8
[INFO] [stderr]    Compiling clap_builder v4.5.7
[INFO] [stderr]    Compiling dc-runner-cli v0.2.12 (/opt/rustwide/workdir)
[INFO] [stderr]    Compiling serde_derive v1.0.203
[INFO] [stderr]    Compiling clap_derive v4.5.5
[INFO] [stderr]    Compiling clap v4.5.7
[INFO] [stderr]    Compiling serde_yaml v0.8.26
[INFO] [stdout] warning: fields `output` and `diagnostics` are never read
[INFO] [stdout]    --> src/service_runtime/mod.rs:103:9
[INFO] [stdout]     |
[INFO] [stdout] 102 | pub struct ServiceInvocationResponse {
[INFO] [stdout]     |            ------------------------- fields in this struct
[INFO] [stdout] 103 |     pub output: JsonValue,
[INFO] [stdout]     |         ^^^^^^
[INFO] [stdout] 104 |     pub diagnostics: HashMap<String, JsonValue>,
[INFO] [stdout]     |         ^^^^^^^^^^^
[INFO] [stdout]     |
[INFO] [stdout]     = note: `ServiceInvocationResponse` has derived impls for the traits `Debug` and `Clone`, but these are intentionally ignored during dead code analysis
[INFO] [stdout]     = note: `#[warn(dead_code)]` (part of `#[warn(unused)]`) on by default
[INFO] [stdout] 
[INFO] [stdout] 
[INFO] [stderr]     Finished `release` profile [optimized] target(s) in 51.44s
[INFO] running `Command { std: "docker" "inspect" "6439ab9c3e298d8d613bf7eff6f05b0528b5776f364dd9816d6c6246a2ba98cc", kill_on_drop: false }`
[INFO] running `Command { std: "docker" "exec" "-e" "SOURCE_DIR=/opt/rustwide/workdir" "-e" "CARGO_HOME=/opt/rustwide/cargo-home" "-e" "RUSTUP_HOME=/opt/rustwide/rustup-home" "-e" "CARGO_TARGET_DIR=/opt/rustwide/target" "-e" "CARGO_INCREMENTAL=0" "-e" "RUST_BACKTRACE=full" "-e" "RUSTFLAGS=--cap-lints=warn" "-e" "RUSTDOCFLAGS=--cap-lints=warn" "-w" "/opt/rustwide/workdir" "--user" "0:0" "6439ab9c3e298d8d613bf7eff6f05b0528b5776f364dd9816d6c6246a2ba98cc" "/opt/rustwide/cargo-home/bin/cargo" "+1.99.0-beta.8" "test" "--frozen" "--no-run" "--message-format=json" "--release", kill_on_drop: false }`
[INFO] [stdout] warning: fields `output` and `diagnostics` are never read
[INFO] [stdout]    --> src/service_runtime/mod.rs:103:9
[INFO] [stdout]     |
[INFO] [stdout] 102 | pub struct ServiceInvocationResponse {
[INFO] [stdout]     |            ------------------------- fields in this struct
[INFO] [stdout] 103 |     pub output: JsonValue,
[INFO] [stdout]     |         ^^^^^^
[INFO] [stdout] 104 |     pub diagnostics: HashMap<String, JsonValue>,
[INFO] [stdout]     |         ^^^^^^^^^^^
[INFO] [stdout]     |
[INFO] [stdout]     = note: `ServiceInvocationResponse` has derived impls for the traits `Debug` and `Clone`, but these are intentionally ignored during dead code analysis
[INFO] [stdout]     = note: `#[warn(dead_code)]` (part of `#[warn(unused)]`) on by default
[INFO] [stdout] 
[INFO] [stdout] 
[INFO] [stderr]    Compiling dc-runner-cli v0.2.12 (/opt/rustwide/workdir)
[INFO] [stdout] warning: fields `output` and `diagnostics` are never read
[INFO] [stdout]    --> src/service_runtime/mod.rs:103:9
[INFO] [stdout]     |
[INFO] [stdout] 102 | pub struct ServiceInvocationResponse {
[INFO] [stdout]     |            ------------------------- fields in this struct
[INFO] [stdout] 103 |     pub output: JsonValue,
[INFO] [stdout]     |         ^^^^^^
[INFO] [stdout] 104 |     pub diagnostics: HashMap<String, JsonValue>,
[INFO] [stdout]     |         ^^^^^^^^^^^
[INFO] [stdout]     |
[INFO] [stdout]     = note: `ServiceInvocationResponse` has derived impls for the traits `Debug` and `Clone`, but these are intentionally ignored during dead code analysis
[INFO] [stdout]     = note: `#[warn(dead_code)]` (part of `#[warn(unused)]`) on by default
[INFO] [stdout] 
[INFO] [stdout] 
[INFO] [stderr]     Finished `release` profile [optimized] target(s) in 27.84s
[INFO] running `Command { std: "docker" "inspect" "6439ab9c3e298d8d613bf7eff6f05b0528b5776f364dd9816d6c6246a2ba98cc", kill_on_drop: false }`
[INFO] running `Command { std: "docker" "exec" "-e" "SOURCE_DIR=/opt/rustwide/workdir" "-e" "CARGO_HOME=/opt/rustwide/cargo-home" "-e" "RUSTUP_HOME=/opt/rustwide/rustup-home" "-e" "CARGO_TARGET_DIR=/opt/rustwide/target" "-e" "CARGO_INCREMENTAL=0" "-e" "RUST_BACKTRACE=full" "-e" "RUSTFLAGS=--cap-lints=warn" "-e" "RUSTDOCFLAGS=--cap-lints=warn" "-w" "/opt/rustwide/workdir" "--user" "0:0" "6439ab9c3e298d8d613bf7eff6f05b0528b5776f364dd9816d6c6246a2ba98cc" "/opt/rustwide/cargo-home/bin/cargo" "+1.99.0-beta.8" "test" "--frozen" "--release", kill_on_drop: false }`
[INFO] [stderr] warning: fields `output` and `diagnostics` are never read
[INFO] [stderr]    --> src/service_runtime/mod.rs:103:9
[INFO] [stderr]     |
[INFO] [stderr] 102 | pub struct ServiceInvocationResponse {
[INFO] [stderr]     |            ------------------------- fields in this struct
[INFO] [stderr] 103 |     pub output: JsonValue,
[INFO] [stderr]     |         ^^^^^^
[INFO] [stderr] 104 |     pub diagnostics: HashMap<String, JsonValue>,
[INFO] [stderr]     |         ^^^^^^^^^^^
[INFO] [stderr]     |
[INFO] [stderr]     = note: `ServiceInvocationResponse` has derived impls for the traits `Debug` and `Clone`, but these are intentionally ignored during dead code analysis
[INFO] [stderr]     = note: `#[warn(dead_code)]` (part of `#[warn(unused)]`) on by default
[INFO] [stderr] 
[INFO] [stderr] warning: `dc-runner-cli` (bin "dc-runner") generated 1 warning
[INFO] [stderr] warning: `dc-runner-cli` (bin "dc-runner" test) generated 1 warning (1 duplicate)
[INFO] [stderr]     Finished `release` profile [optimized] target(s) in 0.07s
[INFO] [stderr]      Running unittests src/main.rs (/opt/rustwide/target/release/deps/dc_runner-b4ce2d3cb0136847)
[INFO] [stdout] 
[INFO] [stdout] running 84 tests
[INFO] [stdout] test app::dispatch::tests::dispatch_spec_ref_requires_single_argument ... ok
[INFO] [stdout] test app::entry::tests::parse_entry_no_args_returns_quickstart_exit_zero ... ok
[INFO] [stdout] test app::entry::tests::parse_entry_supports_bundle_install_lock_driven ... ok
[INFO] [stdout] test app::entry::tests::parse_entry_supports_governance_group_name ... ok
[INFO] [stdout] test app::entry::tests::parse_entry_supports_bundle_info ... ok
[INFO] [stdout] test app::entry::tests::parse_entry_supports_bundle_run_positional_id_defaults ... ok
[INFO] [stdout] test app::entry::tests::parse_entry_supports_bundle_scaffold ... ok
[INFO] [stdout] test app::entry::tests::parse_entry_reads_subcommand_and_forwarded_args ... ok
[INFO] [stdout] test app::entry::tests::parse_entry_supports_hidden_lint_alias ... ok
[INFO] [stdout] test app::entry::tests::parse_entry_rejects_bundle_install_missing_required_version ... ok
[INFO] [stdout] test app::entry::tests::parse_entry_supports_bundle_run ... ok
[INFO] [stdout] test app::entry::tests::parse_entry_supports_specs_run ... ok
[INFO] [stderr] error: the following required arguments were not provided:
[INFO] [stdout] test app::entry::tests::parse_entry_supports_bundle_list ... ok
[INFO] [stderr]   --bundle-id <BUNDLE_ID>
[INFO] [stdout] test app::entry::tests::parse_entry_supports_project_scaffold ... ok
[INFO] [stderr] 
[INFO] [stdout] test app::entry::tests::parse_entry_supports_quality_lint_pedantic ... ok
[INFO] [stderr] Usage: dc-runner bundle info --bundle-id <BUNDLE_ID>
[INFO] [stdout] test app::entry::tests::parse_entry_supports_specs_refresh_with_bundle_id ... ok
[INFO] [stderr] 
[INFO] [stdout] test app::entry::tests::parse_entry_supports_quality_lint_strict_default ... ok
[INFO] [stderr] For more information, try '--help'.
[INFO] [stdout] test app::tests::block_id_extracts_id ... ok
[INFO] [stderr] error: unrecognized subcommand 'does-not-exist'
[INFO] [stdout] test app::tests::canonical_bundle_release_builds_expected_paths ... ok
[INFO] [stderr] 
[INFO] [stdout] test app::tests::command_spec_ref_has_validate_report_mapping ... ok
[INFO] [stderr]   tip: a similar subcommand exists: 'docs-lint'
[INFO] [stdout] test app::dispatch::tests::dispatch_rejects_unknown_subcommand ... ok
[INFO] [stderr] 
[INFO] [stdout] test app::dispatch::tests::dispatch_supports_quality_lint_and_alias_input ... ok
[INFO] [stderr] Usage: dc-runner [OPTIONS] <COMMAND>
[INFO] [stdout] test app::entry::tests::parse_entry_rejects_bundle_info_missing_required_bundle_id ... ok
[INFO] [stderr] 
[INFO] [stdout] test app::entry::tests::parse_entry_rejects_unknown_subcommand ... ok
[INFO] [stderr] For more information, try '--help'.
[INFO] [stdout] test app::tests::parse_project_scaffold_args_accepts_canonical_mode ... ok
[INFO] [stdout] test app::tests::parse_bundle_asset_reference_finds_expected_urls ... ok
[INFO] [stdout] test app::tests::parse_project_scaffold_args_rejects_external_without_flag ... ok
[INFO] [stdout] test app::tests::parse_spec_ref_accepts_path_only ... ok
[INFO] [stdout] test app::tests::parse_spec_ref_accepts_path_and_fragment ... ok
[INFO] [stdout] test app::tests::parse_job_ref_accepts_same_doc_fragment ... ok
[INFO] [stdout] test app::tests::render_template_str_requires_fully_resolved_tokens ... ok
[INFO] [stdout] test app::tests::parse_spec_ref_rejects_empty_fragment ... ok
[INFO] [stdout] test app::tests::parse_bundle_catalog_extracts_bundle_rows ... ok
[INFO] [stdout] test app::tests::parse_sha256_sidecar_supports_common_formats ... ok
[INFO] [stdout] test app::tests::run_spec_ref_print_returns_nonzero_for_unknown ... ok
[INFO] [stdout] test app::tests::extract_spec_test_blocks_finds_tagged_yaml_blocks ... ok
[INFO] [stdout] test app::tests::parse_spec_ref_rejects_empty_path ... ok
[INFO] [stdout] test app::tests::load_case_block_rejects_runner_spec_non_canonical_schema_ref ... ok
[INFO] [stdout] test app::tests::load_case_block_supports_contracts_clauses_mapping_shape ... ok
[INFO] [stdout] test app::tests::load_case_block_supports_legacy_contracts_list_shape ... ok
[INFO] [stdout] test app::tests::parse_bundle_install_args_rejects_missing_version ... ok
[INFO] [stdout] test app::tests::parse_job_ref_accepts_path_and_fragment ... ok
[INFO] [stdout] test app::tests::specs_refresh_bundled_updates_state ... ok
[INFO] [stdout] test app::tests::specs_clean_keeps_active_and_removes_tail_when_yes ... ok
[INFO] [stdout] test app::tests::specs_info_reports_cached_bundle_state ... ok
[INFO] [stdout] test domain::command_map::tests::command_spec_ref_has_validate_report_mapping ... ok
[INFO] [stdout] test domain::command_map::tests::command_spec_ref_has_bundle_command_mapping ... ok
[INFO] [stdout] test domain::command_map::tests::command_spec_ref_mapped_ids_are_fragmented_references ... ok
[INFO] [stdout] test domain::refs::tests::block_id_extracts_id ... ok
[INFO] [stdout] test domain::refs::tests::parse_job_ref_accepts_same_doc_fragment ... ok
[INFO] [stdout] test domain::refs::tests::extract_spec_test_blocks_finds_tagged_yaml_blocks ... ok
[INFO] [stdout] test domain::refs::tests::parse_spec_ref_accepts_path_and_fragment ... ok
[INFO] [stdout] test domain::refs::tests::parse_spec_ref_accepts_path_only ... ok
[INFO] [stdout] test app::tests::specs_rollback_uses_previous_verified_version ... ok
[INFO] [stdout] test domain::refs::tests::parse_job_ref_accepts_path_and_fragment ... ok
[INFO] [stdout] test app::tests::specs_use_version_requires_verified_entry ... ok
[INFO] [stdout] test domain::refs::tests::parse_spec_ref_rejects_empty_fragment ... ok
[INFO] [stdout] test app::tests::specs_status_reports_default_when_state_missing ... ok
[INFO] [stdout] test app::tests::run_specs_prune_requires_expired_flag ... ok
[INFO] [stdout] test service_registry::tests::resolve_exact_known_profile ... ok
[INFO] [stdout] test job_helpers::tests::schema_lint_accepts_nested_class_within_contract ... ok
[INFO] [stdout] test service_registry::tests::resolve_exact_unknown_profile_fails ... ok
[INFO] [stdout] test domain::refs::tests::parse_spec_ref_rejects_empty_path ... ok
[INFO] [stdout] test service_runtime::tests::resolve_lock_opt_in_requires_manifest_for_locked_plugin ... ok
[INFO] [stdout] test job_helpers::tests::schema_lint_rejects_top_level_class ... ok
[INFO] [stdout] test services::gate_summary::tests::summarize_records_status_and_failure ... ok
[INFO] [stdout] test profiler::tests::profiler_close_writes_artifacts ... ok
[INFO] [stdout] test services::specs_ui::tests::normalize_ref_adds_root_slash ... ok
[INFO] [stdout] test profiler::tests::profiler_records_span_and_event ... ok
[INFO] [stdout] test app::tests::specs_use_workspace_and_bundled_are_accepted_targets ... ok
[INFO] [stdout] test service_runtime::tests::resolve_lock_opt_in_selects_plugin_on_match ... ok
[INFO] [stdout] test service_runtime::tests::resolve_lock_opt_in_uses_builtin_when_lock_has_no_match ... ok
[INFO] [stdout] test service_runtime::tests::resolve_lock_opt_in_uses_builtin_without_lock ... ok
[INFO] [stdout] test spec_source::tests::resolve_runtime_mode_auto_prefers_workspace_then_cached_core ... ok
[INFO] [stdout] test app::tests::parse_bundle_install_args_allows_help_flag ... ok
[INFO] [stdout] test app::tests::specs_verify_reports_tamper_failure_and_marks_untrusted ... ok
[INFO] [stdout] test spec_source::tests::resolve_runtime_mode_bundled_prefers_highest_verified_core_bundle ... ok
[INFO] [stdout] test spec_source::tests::resolve_runtime_mode_bundled_preserves_active_cache_when_valid ... ok
[INFO] [stdout] test app::tests::specs_versions_accepts_empty_cache ... ok
[INFO] [stdout] test spec_source::tests::resolve_runtime_mode_bundled_falls_back_to_embedded_for_invalid_active_cache ... ok
[INFO] [stdout] test app::dispatch::tests::dispatch_targets_bundle_install_via_dispatch_with_forwarded_args ... ok
[INFO] [stdout] test app::dispatch::tests::dispatch_targets_bundle_list_via_dispatch ... ok
[INFO] [stdout] test app::dispatch::tests::dispatch_targets_bundle_inspect_via_dispatch_with_forwarded_args ... ok
[INFO] [stdout] test app::dispatch::tests::dispatch_targets_bundle_info_via_dispatch_with_forwarded_args ... ok
[INFO] [stdout] 
[INFO] [stdout] test result: ok. 84 passed; 0 failed; 0 ignored; 0 measured; 0 filtered out; finished in 0.08s
[INFO] [stdout] 
[INFO] [stderr]      Running tests/cli_contract.rs (/opt/rustwide/target/release/deps/cli_contract-f7aec8a44f5e16c6)
[INFO] [stdout] 
[INFO] [stdout] running 27 tests
[INFO] [stdout] test entrypoints_run_missing_id_returns_usage_error ... ok
[INFO] [stdout] test governance_group_help_is_concise ... ok
[INFO] [stdout] test entrypoints_run_id_flag_is_rejected ... ok
[INFO] [stdout] test help_works_and_mentions_specs_group ... ok
[INFO] [stdout] test job_run_unknown_ref_returns_one ... ok
[INFO] [stdout] test bundler_group_is_absent_without_feature ... ok
[INFO] [stdout] test help_advanced_lists_hidden_runtime_flags ... ok
[INFO] [stdout] test invalid_spec_source_value_returns_usage_error ... ok
[INFO] [stdout] test entrypoints_list_supports_explicit_spec_source_flag ... ok
[INFO] [stdout] test entrypoints_help_shows_list_and_run ... ok
[INFO] [stdout] test ci_gate_summary_invalid_runner_bin_fails_with_runtime_error ... ok
[INFO] [stdout] test lint_alias_supports_mode_default_and_hidden_path ... ok
[INFO] [stdout] test required_contract_subcommands_are_dispatched ... FAILED
[INFO] [stdout] test entrypoints_list_includes_required_ids ... FAILED
[INFO] [stdout] test unknown_subcommand_returns_two ... ok
[INFO] [stdout] test entrypoints_json_includes_visibility_group_and_source ... ok
[INFO] [stdout] test spec_eval_usage_error_returns_two ... ok
[INFO] [stdout] test style_check_returns_zero ... ok
[INFO] [stdout] test entrypoints_run_unknown_id_returns_non_zero_with_ids ... ok
[INFO] [stdout] test quality_lint_is_discoverable_via_entrypoints ... ok
[INFO] [stdout] test legacy_schema_aliases_are_rejected ... ok
[INFO] [stdout] test specs_list_returns_zero ... ok
[INFO] [stdout] test quality_lint_default_and_mode_flags_are_accepted ... ok
[INFO] [stdout] test entrypoints_run_executes_known_id ... ok
[INFO] [stdout] test schema_commands_resolve_via_entrypoints ... ok
[INFO] [stdout] test ci_gate_summary_writes_outputs ... ok
[INFO] [stdout] test docs_commands_resolve_via_entrypoints ... ok
[INFO] [stdout] 
[INFO] [stdout] failures:
[INFO] [stdout] 
[INFO] [stdout] ---- required_contract_subcommands_are_dispatched stdout ----
[INFO] [stdout] 
[INFO] [stdout] thread 'required_contract_subcommands_are_dispatched' (786) panicked at tests/cli_contract.rs:38:10:
[INFO] [stdout] read contract file
[INFO] [stdout] stack backtrace:
[INFO] [stdout]    0:     0x5751f16ddb61 - <<std[70759c8f55707aa4]::sys::backtrace::BacktraceLock>::print::DisplayBacktrace as core[df12db4294e9bfd3]::fmt::Display>::fmt
[INFO] [stdout]    1:     0x5751f16f1e2a - core[df12db4294e9bfd3]::fmt::write
[INFO] [stdout]    2:     0x5751f16e201c - <alloc[2182bb758b4b3781]::vec::Vec<u8> as core[df12db4294e9bfd3]::io::write::Write>::write_fmt
[INFO] [stdout]    3:     0x5751f16b9806 - std[70759c8f55707aa4]::panicking::default_hook::{closure#0}
[INFO] [stdout]    4:     0x5751f16d5e79 - std[70759c8f55707aa4]::panicking::default_hook
[INFO] [stdout]    5:     0x5751f1671800 - test[9d35eded1c95d3be]::test_main_inner::<test[9d35eded1c95d3be]::test_main_static::{closure#0}>::{closure#0}
[INFO] [stdout]    6:     0x5751f16d6032 - std[70759c8f55707aa4]::panicking::panic_with_hook
[INFO] [stdout]    7:     0x5751f16b98b2 - std[70759c8f55707aa4]::panicking::panic_handler::{closure#0}
[INFO] [stdout]    8:     0x5751f16b23f9 - std[70759c8f55707aa4]::sys::backtrace::__rust_end_short_backtrace::<std[70759c8f55707aa4]::panicking::panic_handler::{closure#0}, !>
[INFO] [stdout]    9:     0x5751f16ba4ad - __rustc[8fa7c3cbc660c2b3]::rust_begin_unwind
[INFO] [stdout]   10:     0x5751f16f255c - core[df12db4294e9bfd3]::panicking::panic_fmt
[INFO] [stdout]   11:     0x5751f16f22b4 - core[df12db4294e9bfd3]::option::expect_failed
[INFO] [stdout]   12:     0x5751f16620bb - <cli_contract[6d17bf5de3a166a4]::required_contract_subcommands_are_dispatched::{closure#0} as core[df12db4294e9bfd3]::ops::function::FnOnce<()>>::call_once
[INFO] [stdout]   13:     0x5751f1664aeb - test[9d35eded1c95d3be]::__rust_begin_short_backtrace::<core[df12db4294e9bfd3]::result::Result<(), alloc[2182bb758b4b3781]::string::String>, fn() -> core[df12db4294e9bfd3]::result::Result<(), alloc[2182bb758b4b3781]::string::String>>
[INFO] [stdout]   14:     0x5751f1672155 - test[9d35eded1c95d3be]::run_test::{closure#0}
[INFO] [stdout]   15:     0x5751f166ba14 - std[70759c8f55707aa4]::sys::backtrace::__rust_begin_short_backtrace::<test[9d35eded1c95d3be]::run_test::{closure#1}, ()>
[INFO] [stdout]   16:     0x5751f16752b2 - <std[70759c8f55707aa4]::thread::lifecycle::spawn_unchecked<test[9d35eded1c95d3be]::run_test::{closure#1}, ()>::{closure#1} as core[df12db4294e9bfd3]::ops::function::FnOnce<()>>::call_once::{shim:vtable#0}
[INFO] [stdout]   17:     0x5751f16dd0c9 - <std[70759c8f55707aa4]::sys::thread::unix::Thread>::new::thread_start
[INFO] [stdout]   18:     0x7cec60b5bdfa - <unknown>
[INFO] [stdout]   19:     0x7cec60bef3d4 - clone
[INFO] [stdout]   20:                0x0 - <unknown>
[INFO] [stdout] 
[INFO] [stdout] ---- entrypoints_list_includes_required_ids stdout ----
[INFO] [stdout] 
[INFO] [stdout] thread 'entrypoints_list_includes_required_ids' (747) panicked at tests/cli_contract.rs:264:5:
[INFO] [stdout] assertion failed: stdout.contains("bundle-info")
[INFO] [stdout] stack backtrace:
[INFO] [stdout]    0:     0x5751f16ddb61 - <<std[70759c8f55707aa4]::sys::backtrace::BacktraceLock>::print::DisplayBacktrace as core[df12db4294e9bfd3]::fmt::Display>::fmt
[INFO] [stdout]    1:     0x5751f16f1e2a - core[df12db4294e9bfd3]::fmt::write
[INFO] [stdout]    2:     0x5751f16e201c - <alloc[2182bb758b4b3781]::vec::Vec<u8> as core[df12db4294e9bfd3]::io::write::Write>::write_fmt
[INFO] [stdout]    3:     0x5751f16b9806 - std[70759c8f55707aa4]::panicking::default_hook::{closure#0}
[INFO] [stdout]    4:     0x5751f16d5e79 - std[70759c8f55707aa4]::panicking::default_hook
[INFO] [stdout]    5:     0x5751f1671800 - test[9d35eded1c95d3be]::test_main_inner::<test[9d35eded1c95d3be]::test_main_static::{closure#0}>::{closure#0}
[INFO] [stdout]    6:     0x5751f16d6032 - std[70759c8f55707aa4]::panicking::panic_with_hook
[INFO] [stdout]    7:     0x5751f16b98e4 - std[70759c8f55707aa4]::panicking::panic_handler::{closure#0}
[INFO] [stdout]    8:     0x5751f16b23f9 - std[70759c8f55707aa4]::sys::backtrace::__rust_end_short_backtrace::<std[70759c8f55707aa4]::panicking::panic_handler::{closure#0}, !>
[INFO] [stdout]    9:     0x5751f16ba4ad - __rustc[8fa7c3cbc660c2b3]::rust_begin_unwind
[INFO] [stdout]   10:     0x5751f16f255c - core[df12db4294e9bfd3]::panicking::panic_fmt
[INFO] [stdout]   11:     0x5751f16f2522 - core[df12db4294e9bfd3]::panicking::panic
[INFO] [stdout]   12:     0x5751f16607a2 - <cli_contract[6d17bf5de3a166a4]::entrypoints_list_includes_required_ids::{closure#0} as core[df12db4294e9bfd3]::ops::function::FnOnce<()>>::call_once
[INFO] [stdout]   13:     0x5751f1664aeb - test[9d35eded1c95d3be]::__rust_begin_short_backtrace::<core[df12db4294e9bfd3]::result::Result<(), alloc[2182bb758b4b3781]::string::String>, fn() -> core[df12db4294e9bfd3]::result::Result<(), alloc[2182bb758b4b3781]::string::String>>
[INFO] [stdout]   14:     0x5751f1672155 - test[9d35eded1c95d3be]::run_test::{closure#0}
[INFO] [stdout]   15:     0x5751f166ba14 - std[70759c8f55707aa4]::sys::backtrace::__rust_begin_short_backtrace::<test[9d35eded1c95d3be]::run_test::{closure#1}, ()>
[INFO] [stdout]   16:     0x5751f16752b2 - <std[70759c8f55707aa4]::thread::lifecycle::spawn_unchecked<test[9d35eded1c95d3be]::run_test::{closure#1}, ()>::{closure#1} as core[df12db4294e9bfd3]::ops::function::FnOnce<()>>::call_once::{shim:vtable#0}
[INFO] [stdout]   17:     0x5751f16dd0c9 - <std[70759c8f55707aa4]::sys::thread::unix::Thread>::new::thread_start
[INFO] [stdout]   18:     0x7cec60b5bdfa - <unknown>
[INFO] [stdout]   19:     0x7cec60bef3d4 - clone
[INFO] [stdout]   20:                0x0 - <unknown>
[INFO] [stdout] 
[INFO] [stdout] 
[INFO] [stdout] failures:
[INFO] [stdout]     entrypoints_list_includes_required_ids
[INFO] [stdout]     required_contract_subcommands_are_dispatched
[INFO] [stdout] 
[INFO] [stdout] test result: FAILED. 25 passed; 2 failed; 0 ignored; 0 measured; 0 filtered out; finished in 0.17s
[INFO] [stdout] 
[INFO] [stderr] error: test failed, to rerun pass `--test cli_contract`
[INFO] running `Command { std: "docker" "inspect" "6439ab9c3e298d8d613bf7eff6f05b0528b5776f364dd9816d6c6246a2ba98cc", kill_on_drop: false }`
[INFO] running `Command { std: "docker" "rm" "-f" "6439ab9c3e298d8d613bf7eff6f05b0528b5776f364dd9816d6c6246a2ba98cc", kill_on_drop: false }`
[INFO] [stdout] 6439ab9c3e298d8d613bf7eff6f05b0528b5776f364dd9816d6c6246a2ba98cc
