[INFO] fetching crate dbz-lib 0.2.2...
[INFO] testing dbz-lib-0.2.2 against 1.99.0-beta.8+cargoflags=--release for beta-release-1.100-2
[INFO] extracting crate dbz-lib 0.2.2 into /workspace/builds/worker-1-tc1/source
[INFO] started tweaking crates.io crate dbz-lib 0.2.2
[INFO] finished tweaking crates.io crate dbz-lib 0.2.2
[INFO] tweaked toml for crates.io crate dbz-lib 0.2.2 written to /workspace/builds/worker-1-tc1/source/Cargo.toml
[INFO] validating manifest of crates.io crate dbz-lib 0.2.2 on toolchain 1.99.0-beta.8
[INFO] running `Command { std: CARGO_HOME="/workspace/cargo-home" RUSTUP_HOME="/workspace/rustup-home" "/workspace/cargo-home/bin/cargo" "+1.99.0-beta.8" "metadata" "--manifest-path" "Cargo.toml" "--no-deps", kill_on_drop: false }`
[INFO] running `Command { std: CARGO_HOME="/workspace/cargo-home" RUSTUP_HOME="/workspace/rustup-home" "/workspace/cargo-home/bin/cargo" "+1.99.0-beta.8" "generate-lockfile" "--manifest-path" "Cargo.toml", kill_on_drop: false }`
[INFO] [stderr]     Updating crates.io index
[INFO] [stderr]      Locking 65 packages to highest compatible versions
[INFO] [stderr]       Adding databento-defs v0.3.1 (available: v0.4.2)
[INFO] [stderr]       Adding pyo3 v0.17.3 (available: v0.30.1)
[INFO] [stderr]       Adding zstd v0.11.2+zstd.1.5.2 (available: v0.14.3)
[INFO] running `Command { std: CARGO_HOME="/workspace/cargo-home" RUSTUP_HOME="/workspace/rustup-home" "/workspace/cargo-home/bin/cargo" "+1.99.0-beta.8" "fetch" "--manifest-path" "Cargo.toml", kill_on_drop: false }`
[INFO] [stderr] warning: Cargo.toml: version requirement `= 0.11.2+zstd1.5.2` for dependency `zstd` includes semver metadata which will be ignored, removing the metadata is recommended to avoid confusion
[INFO] [stderr] warning: `dbz-lib` (manifest) generated 1 warning
[INFO] [stderr]  Downloading crates ...
[INFO] [stderr]   Downloaded pyo3-macros v0.17.3
[INFO] [stderr]   Downloaded pyo3-macros-backend v0.17.3
[INFO] [stderr]   Downloaded pyo3-ffi v0.17.3
[INFO] [stderr]   Downloaded databento-defs v0.3.1
[INFO] [stderr]   Downloaded pyo3-build-config v0.17.3
[INFO] [stderr]   Downloaded pyo3 v0.17.3
[INFO] [stderr]   Downloaded zstd-sys v2.1.2+zstd.1.5.7
[INFO] running `Command { std: "docker" "create" "-v" "/var/lib/crater-agent-workspace/builds/worker-1-tc1/source:/opt/rustwide/workdir:ro,Z" "-v" "/var/lib/crater-agent-workspace/builds/worker-1-tc1/target:/opt/rustwide/target:rw,Z" "-v" "/var/lib/crater-agent-workspace/cargo-home:/opt/rustwide/cargo-home:ro,Z" "-v" "/var/lib/crater-agent-workspace/rustup-home:/opt/rustwide/rustup-home:ro,Z" "-m" "1610612736" "--network" "none" "ghcr.io/rust-lang/crates-build-env/linux@sha256:77db811e55d90add9212f6832c23229e3de5f1c1f9905e8cb07319ea15df73ac" "sleep" "infinity", kill_on_drop: false }`
[INFO] [stdout] d00cbcb7d818947b74113c1bb884ffda4d85168b0d639b2ec05a399b668a3d17
[INFO] running `Command { std: "docker" "start" "d00cbcb7d818947b74113c1bb884ffda4d85168b0d639b2ec05a399b668a3d17", kill_on_drop: false }`
[INFO] running `Command { std: "docker" "inspect" "d00cbcb7d818947b74113c1bb884ffda4d85168b0d639b2ec05a399b668a3d17", kill_on_drop: false }`
[INFO] running `Command { std: "docker" "exec" "-e" "SOURCE_DIR=/opt/rustwide/workdir" "-e" "CARGO_HOME=/opt/rustwide/cargo-home" "-e" "RUSTUP_HOME=/opt/rustwide/rustup-home" "-e" "CARGO_TARGET_DIR=/opt/rustwide/target" "-w" "/opt/rustwide/workdir" "--user" "0:0" "d00cbcb7d818947b74113c1bb884ffda4d85168b0d639b2ec05a399b668a3d17" "/opt/rustwide/cargo-home/bin/cargo" "+1.99.0-beta.8" "metadata" "--no-deps" "--format-version=1", kill_on_drop: false }`
[INFO] running `Command { std: "docker" "inspect" "d00cbcb7d818947b74113c1bb884ffda4d85168b0d639b2ec05a399b668a3d17", kill_on_drop: false }`
[INFO] running `Command { std: "docker" "exec" "-e" "SOURCE_DIR=/opt/rustwide/workdir" "-e" "CARGO_HOME=/opt/rustwide/cargo-home" "-e" "RUSTUP_HOME=/opt/rustwide/rustup-home" "-e" "CARGO_TARGET_DIR=/opt/rustwide/target" "-e" "CARGO_INCREMENTAL=0" "-e" "RUST_BACKTRACE=full" "-e" "RUSTFLAGS=--cap-lints=warn" "-e" "RUSTDOCFLAGS=--cap-lints=warn" "-w" "/opt/rustwide/workdir" "--user" "0:0" "d00cbcb7d818947b74113c1bb884ffda4d85168b0d639b2ec05a399b668a3d17" "/opt/rustwide/cargo-home/bin/cargo" "+1.99.0-beta.8" "build" "--frozen" "--message-format=json" "--release", kill_on_drop: false }`
[INFO] [stderr] warning: Cargo.toml: version requirement `= 0.11.2+zstd1.5.2` for dependency `zstd` includes semver metadata which will be ignored, removing the metadata is recommended to avoid confusion
[INFO] [stderr] warning: `dbz-lib` (manifest) generated 1 warning
[INFO] [stderr]    Compiling serde_core v1.0.229
[INFO] [stderr]    Compiling find-msvc-tools v0.1.14
[INFO] [stderr]    Compiling jobserver v0.1.35
[INFO] [stderr]    Compiling toml_datetime v0.6.11
[INFO] [stderr]    Compiling syn v1.0.109
[INFO] [stderr]    Compiling zstd-safe v5.0.2+zstd.1.5.2
[INFO] [stderr]    Compiling csv-core v0.1.13
[INFO] [stderr]    Compiling streaming-iterator v0.1.9
[INFO] [stderr]    Compiling toml_edit v0.19.15
[INFO] [stderr]    Compiling cc v1.8.0
[INFO] [stderr]    Compiling zstd-sys v2.1.2+zstd.1.5.7
[INFO] [stderr]    Compiling proc-macro-crate v1.3.1
[INFO] [stderr]    Compiling num_enum_derive v0.5.11
[INFO] [stderr]    Compiling deranged v0.5.9
[INFO] [stderr]    Compiling num_enum v0.5.11
[INFO] [stderr]    Compiling serde v1.0.229
[INFO] [stderr]    Compiling databento-defs v0.3.1
[INFO] [stderr]    Compiling time v0.3.55
[INFO] [stderr]    Compiling serde_json v1.0.154
[INFO] [stderr]    Compiling csv v1.4.0
[INFO] [stderr]    Compiling zstd v0.11.2+zstd.1.5.2
[INFO] [stderr]    Compiling dbz-lib v0.2.2 (/opt/rustwide/workdir)
[INFO] [stderr]     Finished `release` profile [optimized] target(s) in 1m 18s
[INFO] running `Command { std: "docker" "inspect" "d00cbcb7d818947b74113c1bb884ffda4d85168b0d639b2ec05a399b668a3d17", kill_on_drop: false }`
[INFO] running `Command { std: "docker" "exec" "-e" "SOURCE_DIR=/opt/rustwide/workdir" "-e" "CARGO_HOME=/opt/rustwide/cargo-home" "-e" "RUSTUP_HOME=/opt/rustwide/rustup-home" "-e" "CARGO_TARGET_DIR=/opt/rustwide/target" "-e" "CARGO_INCREMENTAL=0" "-e" "RUST_BACKTRACE=full" "-e" "RUSTFLAGS=--cap-lints=warn" "-e" "RUSTDOCFLAGS=--cap-lints=warn" "-w" "/opt/rustwide/workdir" "--user" "0:0" "d00cbcb7d818947b74113c1bb884ffda4d85168b0d639b2ec05a399b668a3d17" "/opt/rustwide/cargo-home/bin/cargo" "+1.99.0-beta.8" "test" "--frozen" "--no-run" "--message-format=json" "--release", kill_on_drop: false }`
[INFO] [stderr] warning: Cargo.toml: version requirement `= 0.11.2+zstd1.5.2` for dependency `zstd` includes semver metadata which will be ignored, removing the metadata is recommended to avoid confusion
[INFO] [stderr] warning: `dbz-lib` (manifest) generated 1 warning
[INFO] [stderr]    Compiling dbz-lib v0.2.2 (/opt/rustwide/workdir)
[INFO] [stderr]     Finished `release` profile [optimized] target(s) in 7.18s
[INFO] running `Command { std: "docker" "inspect" "d00cbcb7d818947b74113c1bb884ffda4d85168b0d639b2ec05a399b668a3d17", kill_on_drop: false }`
[INFO] running `Command { std: "docker" "exec" "-e" "SOURCE_DIR=/opt/rustwide/workdir" "-e" "CARGO_HOME=/opt/rustwide/cargo-home" "-e" "RUSTUP_HOME=/opt/rustwide/rustup-home" "-e" "CARGO_TARGET_DIR=/opt/rustwide/target" "-e" "CARGO_INCREMENTAL=0" "-e" "RUST_BACKTRACE=full" "-e" "RUSTFLAGS=--cap-lints=warn" "-e" "RUSTDOCFLAGS=--cap-lints=warn" "-w" "/opt/rustwide/workdir" "--user" "0:0" "d00cbcb7d818947b74113c1bb884ffda4d85168b0d639b2ec05a399b668a3d17" "/opt/rustwide/cargo-home/bin/cargo" "+1.99.0-beta.8" "test" "--frozen" "--release", kill_on_drop: false }`
[INFO] [stderr] warning: Cargo.toml: version requirement `= 0.11.2+zstd1.5.2` for dependency `zstd` includes semver metadata which will be ignored, removing the metadata is recommended to avoid confusion
[INFO] [stderr] warning: `dbz-lib` (manifest) generated 1 warning
[INFO] [stderr]     Finished `release` profile [optimized] target(s) in 0.07s
[INFO] [stderr]      Running unittests src/lib.rs (/opt/rustwide/target/release/deps/dbz_lib-00abaceecef14b90)
[INFO] [stdout] 
[INFO] [stdout] running 40 tests
[INFO] [stdout] test read::tests::test_decode_iso8601_invalid_day ... ok
[INFO] [stdout] test read::tests::test_decode_symbol ... ok
[INFO] [stdout] test read::tests::test_decode_symbol_invalid_utf8 ... ok
[INFO] [stdout] test read::tests::test_decode_iso8601_valid ... ok
[INFO] [stdout] test read::tests::test_reading_mbp1 ... FAILED
[INFO] [stdout] test read::tests::test_reading_mbp10 ... FAILED
[INFO] [stdout] test read::tests::test_reading_tbbo ... FAILED
[INFO] [stdout] test read::tests::test_reading_ohlcv1m ... FAILED
[INFO] [stdout] test read::tests::test_reading_mbo ... FAILED
[INFO] [stdout] test read::tests::test_decode_iso8601_invalid_month ... ok
[INFO] [stdout] test read::tests::test_reading_ohlcv1h ... FAILED
[INFO] [stdout] test read::tests::test_reading_trades ... FAILED
[INFO] [stdout] test read::tests::test_reading_ohlcv1d ... FAILED
[INFO] [stdout] test write::csv::tests::test_mbo10_write_csv ... ok
[INFO] [stdout] test write::csv::tests::test_mbo1_write_csv ... ok
[INFO] [stdout] test write::csv::tests::test_ohlcv_write_csv ... ok
[INFO] [stdout] test write::csv::tests::test_sym_def_write_csv ... ok
[INFO] [stdout] test write::csv::tests::test_tick_write_csv ... ok
[INFO] [stdout] test write::csv::tests::test_trade_write_csv ... ok
[INFO] [stdout] test write::csv::tests::test_status_write_csv ... ok
[INFO] [stdout] test read::tests::test_reading_ohlcv1s ... FAILED
[INFO] [stdout] test write::dbz::tests::test_encode_date ... ok
[INFO] [stdout] test write::dbz::tests::test_encode_decode_mbp1_identity ... ok
[INFO] [stdout] test write::dbz::tests::test_encode_fixed_len_cstr ... ok
[INFO] [stdout] test write::dbz::tests::test_decode_malformed_encoded_dbz ... ok
[INFO] [stdout] test write::dbz::tests::test_encode_decode_trade_identity ... ok
[INFO] [stdout] test write::dbz::tests::test_encode_decode_mbo_identity ... ok
[INFO] [stdout] test write::dbz::tests::test_encode_decode_status_identity ... ok
[INFO] [stdout] test write::dbz::tests::test_encode_decode_ohlcv_identity ... ok
[INFO] [stdout] test write::dbz::tests::test_encode_repeated_symbol_cstr ... ok
[INFO] [stdout] test write::dbz::tests::test_update_encoded ... ok
[INFO] [stdout] test write::dbz::tests::test_encode_decode_metadata_identity ... ok
[INFO] [stdout] test write::json::tests::test_mbo10_write_json ... ok
[INFO] [stdout] test write::json::tests::test_mbo1_write_json ... ok
[INFO] [stdout] test write::json::tests::test_metadata_write_json ... ok
[INFO] [stdout] test write::json::tests::test_status_write_json ... ok
[INFO] [stdout] test write::json::tests::test_ohlcv_write_json ... ok
[INFO] [stdout] test write::json::tests::test_symdef_write_json ... ok
[INFO] [stdout] test write::json::tests::test_tick_write_json ... ok
[INFO] [stdout] test write::json::tests::test_trade_write_json ... ok
[INFO] [stdout] 
[INFO] [stdout] failures:
[INFO] [stdout] 
[INFO] [stdout] ---- read::tests::test_reading_mbp1 stdout ----
[INFO] [stdout] 
[INFO] [stdout] thread 'read::tests::test_reading_mbp1' (618) panicked at src/read.rs:494:5:
[INFO] [stdout] called `Result::unwrap()` on an `Err` value: Error opening dbz file at path '/opt/rustwide/workdir/../../tests/data/test_data.mbp-1.dbz'
[INFO] [stdout] 
[INFO] [stdout] Caused by:
[INFO] [stdout]     No such file or directory (os error 2)
[INFO] [stdout] 
[INFO] [stdout] Stack backtrace:
[INFO] [stdout]    0: <core::io::error::Error as anyhow::context::ext::StdError>::ext_context::<alloc::string::String>
[INFO] [stdout]    1: <dbz_lib::read::Dbz<alloc::io::buffered::bufreader::BufReader<std::fs::File>>>::from_file::<alloc::string::String>
[INFO] [stdout]    2: dbz_lib::read::tests::test_reading_mbp1
[INFO] [stdout]    3: <dbz_lib::read::tests::test_reading_mbp1::{closure#0} as core::ops::function::FnOnce<()>>::call_once
[INFO] [stdout]    4: test::__rust_begin_short_backtrace::<core::result::Result<(), alloc::string::String>, fn() -> core::result::Result<(), alloc::string::String>>
[INFO] [stdout]    5: test::run_test::{closure#0}
[INFO] [stdout]    6: std::sys::backtrace::__rust_begin_short_backtrace::<test::run_test::{closure#1}, ()>
[INFO] [stdout]    7: <std::thread::lifecycle::spawn_unchecked<test::run_test::{closure#1}, ()>::{closure#1} as core::ops::function::FnOnce<()>>::call_once::{shim:vtable#0}
[INFO] [stdout]    8: <std::sys::thread::unix::Thread>::new::thread_start
[INFO] [stdout]    9: <unknown>
[INFO] [stdout]   10: clone
[INFO] [stdout] stack backtrace:
[INFO] [stdout]    0:     0x599ee098f851 - <<std[70759c8f55707aa4]::sys::backtrace::BacktraceLock>::print::DisplayBacktrace as core[df12db4294e9bfd3]::fmt::Display>::fmt
[INFO] [stdout]    1:     0x599ee09a555a - core[df12db4294e9bfd3]::fmt::write
[INFO] [stdout]    2:     0x599ee099420c - <alloc[2182bb758b4b3781]::vec::Vec<u8> as core[df12db4294e9bfd3]::io::write::Write>::write_fmt
[INFO] [stdout]    3:     0x599ee096b8c6 - std[70759c8f55707aa4]::panicking::default_hook::{closure#0}
[INFO] [stdout]    4:     0x599ee0987f99 - std[70759c8f55707aa4]::panicking::default_hook
[INFO] [stdout]    5:     0x599ee084c360 - test[9d35eded1c95d3be]::test_main_inner::<test[9d35eded1c95d3be]::test_main_static::{closure#0}>::{closure#0}
[INFO] [stdout]    6:     0x599ee0988152 - std[70759c8f55707aa4]::panicking::panic_with_hook
[INFO] [stdout]    7:     0x599ee096b972 - std[70759c8f55707aa4]::panicking::panic_handler::{closure#0}
[INFO] [stdout]    8:     0x599ee0964169 - std[70759c8f55707aa4]::sys::backtrace::__rust_end_short_backtrace::<std[70759c8f55707aa4]::panicking::panic_handler::{closure#0}, !>
[INFO] [stdout]    9:     0x599ee096c67d - __rustc[8fa7c3cbc660c2b3]::rust_begin_unwind
[INFO] [stdout]   10:     0x599ee09a5c8c - core[df12db4294e9bfd3]::panicking::panic_fmt
[INFO] [stdout]   11:     0x599ee09a5a62 - core[df12db4294e9bfd3]::result::unwrap_failed
[INFO] [stdout]   12:     0x599ee0829377 - dbz_lib[b1da13857405300e]::read::tests::test_reading_mbp1
[INFO] [stdout]   13:     0x599ee0833199 - <dbz_lib[b1da13857405300e]::read::tests::test_reading_mbp1::{closure#0} as core[df12db4294e9bfd3]::ops::function::FnOnce<()>>::call_once
[INFO] [stdout]   14:     0x599ee083f64b - test[9d35eded1c95d3be]::__rust_begin_short_backtrace::<core[df12db4294e9bfd3]::result::Result<(), alloc[2182bb758b4b3781]::string::String>, fn() -> core[df12db4294e9bfd3]::result::Result<(), alloc[2182bb758b4b3781]::string::String>>
[INFO] [stdout]   15:     0x599ee084ccb5 - test[9d35eded1c95d3be]::run_test::{closure#0}
[INFO] [stdout]   16:     0x599ee0846574 - std[70759c8f55707aa4]::sys::backtrace::__rust_begin_short_backtrace::<test[9d35eded1c95d3be]::run_test::{closure#1}, ()>
[INFO] [stdout]   17:     0x599ee084fe12 - <std[70759c8f55707aa4]::thread::lifecycle::spawn_unchecked<test[9d35eded1c95d3be]::run_test::{closure#1}, ()>::{closure#1} as core[df12db4294e9bfd3]::ops::function::FnOnce<()>>::call_once::{shim:vtable#0}
[INFO] [stdout]   18:     0x599ee098f129 - <std[70759c8f55707aa4]::sys::thread::unix::Thread>::new::thread_start
[INFO] [stdout]   19:     0x7a80d37e5dfa - <unknown>
[INFO] [stdout]   20:     0x7a80d38793d4 - clone
[INFO] [stdout]   21:                0x0 - <unknown>
[INFO] [stdout] 
[INFO] [stdout] ---- read::tests::test_reading_mbp10 stdout ----
[INFO] [stdout] 
[INFO] [stdout] thread 'read::tests::test_reading_mbp10' (619) panicked at src/read.rs:495:5:
[INFO] [stdout] called `Result::unwrap()` on an `Err` value: Error opening dbz file at path '/opt/rustwide/workdir/../../tests/data/test_data.mbp-10.dbz'
[INFO] [stdout] 
[INFO] [stdout] Caused by:
[INFO] [stdout]     No such file or directory (os error 2)
[INFO] [stdout] 
[INFO] [stdout] Stack backtrace:
[INFO] [stdout]    0: <core::io::error::Error as anyhow::context::ext::StdError>::ext_context::<alloc::string::String>
[INFO] [stdout]    1: <dbz_lib::read::Dbz<alloc::io::buffered::bufreader::BufReader<std::fs::File>>>::from_file::<alloc::string::String>
[INFO] [stdout]    2: dbz_lib::read::tests::test_reading_mbp10
[INFO] [stdout]    3: <dbz_lib::read::tests::test_reading_mbp10::{closure#0} as core::ops::function::FnOnce<()>>::call_once
[INFO] [stdout]    4: test::__rust_begin_short_backtrace::<core::result::Result<(), alloc::string::String>, fn() -> core::result::Result<(), alloc::string::String>>
[INFO] [stdout]    5: test::run_test::{closure#0}
[INFO] [stdout]    6: std::sys::backtrace::__rust_begin_short_backtrace::<test::run_test::{closure#1}, ()>
[INFO] [stdout]    7: <std::thread::lifecycle::spawn_unchecked<test::run_test::{closure#1}, ()>::{closure#1} as core::ops::function::FnOnce<()>>::call_once::{shim:vtable#0}
[INFO] [stdout]    8: <std::sys::thread::unix::Thread>::new::thread_start
[INFO] [stdout]    9: <unknown>
[INFO] [stdout]   10: clone
[INFO] [stdout] stack backtrace:
[INFO] [stdout]    0:     0x599ee098f851 - <<std[70759c8f55707aa4]::sys::backtrace::BacktraceLock>::print::DisplayBacktrace as core[df12db4294e9bfd3]::fmt::Display>::fmt
[INFO] [stdout]    1:     0x599ee09a555a - core[df12db4294e9bfd3]::fmt::write
[INFO] [stdout]    2:     0x599ee099420c - <alloc[2182bb758b4b3781]::vec::Vec<u8> as core[df12db4294e9bfd3]::io::write::Write>::write_fmt
[INFO] [stdout]    3:     0x599ee096b8c6 - std[70759c8f55707aa4]::panicking::default_hook::{closure#0}
[INFO] [stdout]    4:     0x599ee0987f99 - std[70759c8f55707aa4]::panicking::default_hook
[INFO] [stdout]    5:     0x599ee084c360 - test[9d35eded1c95d3be]::test_main_inner::<test[9d35eded1c95d3be]::test_main_static::{closure#0}>::{closure#0}
[INFO] [stdout]    6:     0x599ee0988152 - std[70759c8f55707aa4]::panicking::panic_with_hook
[INFO] [stdout]    7:     0x599ee096b972 - std[70759c8f55707aa4]::panicking::panic_handler::{closure#0}
[INFO] [stdout]    8:     0x599ee0964169 - std[70759c8f55707aa4]::sys::backtrace::__rust_end_short_backtrace::<std[70759c8f55707aa4]::panicking::panic_handler::{closure#0}, !>
[INFO] [stdout]    9:     0x599ee096c67d - __rustc[8fa7c3cbc660c2b3]::rust_begin_unwind
[INFO] [stdout]   10:     0x599ee09a5c8c - core[df12db4294e9bfd3]::panicking::panic_fmt
[INFO] [stdout]   11:     0x599ee09a5a62 - core[df12db4294e9bfd3]::result::unwrap_failed
[INFO] [stdout]   12:     0x599ee0829a0a - dbz_lib[b1da13857405300e]::read::tests::test_reading_mbp10
[INFO] [stdout]   13:     0x599ee08331f9 - <dbz_lib[b1da13857405300e]::read::tests::test_reading_mbp10::{closure#0} as core[df12db4294e9bfd3]::ops::function::FnOnce<()>>::call_once
[INFO] [stdout]   14:     0x599ee083f64b - test[9d35eded1c95d3be]::__rust_begin_short_backtrace::<core[df12db4294e9bfd3]::result::Result<(), alloc[2182bb758b4b3781]::string::String>, fn() -> core[df12db4294e9bfd3]::result::Result<(), alloc[2182bb758b4b3781]::string::String>>
[INFO] [stdout]   15:     0x599ee084ccb5 - test[9d35eded1c95d3be]::run_test::{closure#0}
[INFO] [stdout]   16:     0x599ee0846574 - std[70759c8f55707aa4]::sys::backtrace::__rust_begin_short_backtrace::<test[9d35eded1c95d3be]::run_test::{closure#1}, ()>
[INFO] [stdout]   17:     0x599ee084fe12 - <std[70759c8f55707aa4]::thread::lifecycle::spawn_unchecked<test[9d35eded1c95d3be]::run_test::{closure#1}, ()>::{closure#1} as core[df12db4294e9bfd3]::ops::function::FnOnce<()>>::call_once::{shim:vtable#0}
[INFO] [stdout]   18:     0x599ee098f129 - <std[70759c8f55707aa4]::sys::thread::unix::Thread>::new::thread_start
[INFO] [stdout]   19:     0x7a80d37e5dfa - <unknown>
[INFO] [stdout]   20:     0x7a80d38793d4 - clone
[INFO] [stdout]   21:                0x0 - <unknown>
[INFO] [stdout] 
[INFO] [stdout] ---- read::tests::test_reading_tbbo stdout ----
[INFO] [stdout] 
[INFO] [stdout] thread 'read::tests::test_reading_tbbo' (624) panicked at src/read.rs:500:5:
[INFO] [stdout] called `Result::unwrap()` on an `Err` value: Error opening dbz file at path '/opt/rustwide/workdir/../../tests/data/test_data.tbbo.dbz'
[INFO] [stdout] 
[INFO] [stdout] Caused by:
[INFO] [stdout]     No such file or directory (os error 2)
[INFO] [stdout] 
[INFO] [stdout] Stack backtrace:
[INFO] [stdout]    0: <core::io::error::Error as anyhow::context::ext::StdError>::ext_context::<alloc::string::String>
[INFO] [stdout]    1: <dbz_lib::read::Dbz<alloc::io::buffered::bufreader::BufReader<std::fs::File>>>::from_file::<alloc::string::String>
[INFO] [stdout]    2: dbz_lib::read::tests::test_reading_tbbo
[INFO] [stdout]    3: <dbz_lib::read::tests::test_reading_tbbo::{closure#0} as core::ops::function::FnOnce<()>>::call_once
[INFO] [stdout]    4: test::__rust_begin_short_backtrace::<core::result::Result<(), alloc::string::String>, fn() -> core::result::Result<(), alloc::string::String>>
[INFO] [stdout]    5: test::run_test::{closure#0}
[INFO] [stdout]    6: std::sys::backtrace::__rust_begin_short_backtrace::<test::run_test::{closure#1}, ()>
[INFO] [stdout]    7: <std::thread::lifecycle::spawn_unchecked<test::run_test::{closure#1}, ()>::{closure#1} as core::ops::function::FnOnce<()>>::call_once::{shim:vtable#0}
[INFO] [stdout]    8: <std::sys::thread::unix::Thread>::new::thread_start
[INFO] [stdout]    9: <unknown>
[INFO] [stdout]   10: clone
[INFO] [stdout] stack backtrace:
[INFO] [stdout]    0:     0x599ee098f851 - <<std[70759c8f55707aa4]::sys::backtrace::BacktraceLock>::print::DisplayBacktrace as core[df12db4294e9bfd3]::fmt::Display>::fmt
[INFO] [stdout]    1:     0x599ee09a555a - core[df12db4294e9bfd3]::fmt::write
[INFO] [stdout]    2:     0x599ee099420c - <alloc[2182bb758b4b3781]::vec::Vec<u8> as core[df12db4294e9bfd3]::io::write::Write>::write_fmt
[INFO] [stdout]    3:     0x599ee096b8c6 - std[70759c8f55707aa4]::panicking::default_hook::{closure#0}
[INFO] [stdout]    4:     0x599ee0987f99 - std[70759c8f55707aa4]::panicking::default_hook
[INFO] [stdout]    5:     0x599ee084c360 - test[9d35eded1c95d3be]::test_main_inner::<test[9d35eded1c95d3be]::test_main_static::{closure#0}>::{closure#0}
[INFO] [stdout]    6:     0x599ee0988152 - std[70759c8f55707aa4]::panicking::panic_with_hook
[INFO] [stdout]    7:     0x599ee096b972 - std[70759c8f55707aa4]::panicking::panic_handler::{closure#0}
[INFO] [stdout]    8:     0x599ee0964169 - std[70759c8f55707aa4]::sys::backtrace::__rust_end_short_backtrace::<std[70759c8f55707aa4]::panicking::panic_handler::{closure#0}, !>
[INFO] [stdout]    9:     0x599ee096c67d - __rustc[8fa7c3cbc660c2b3]::rust_begin_unwind
[INFO] [stdout]   10:     0x599ee09a5c8c - core[df12db4294e9bfd3]::panicking::panic_fmt
[INFO] [stdout]   11:     0x599ee09a5a62 - core[df12db4294e9bfd3]::result::unwrap_failed
[INFO] [stdout]   12:     0x599ee0829617 - dbz_lib[b1da13857405300e]::read::tests::test_reading_tbbo
[INFO] [stdout]   13:     0x599ee08331b9 - <dbz_lib[b1da13857405300e]::read::tests::test_reading_tbbo::{closure#0} as core[df12db4294e9bfd3]::ops::function::FnOnce<()>>::call_once
[INFO] [stdout]   14:     0x599ee083f64b - test[9d35eded1c95d3be]::__rust_begin_short_backtrace::<core[df12db4294e9bfd3]::result::Result<(), alloc[2182bb758b4b3781]::string::String>, fn() -> core[df12db4294e9bfd3]::result::Result<(), alloc[2182bb758b4b3781]::string::String>>
[INFO] [stdout]   15:     0x599ee084ccb5 - test[9d35eded1c95d3be]::run_test::{closure#0}
[INFO] [stdout]   16:     0x599ee0846574 - std[70759c8f55707aa4]::sys::backtrace::__rust_begin_short_backtrace::<test[9d35eded1c95d3be]::run_test::{closure#1}, ()>
[INFO] [stdout]   17:     0x599ee084fe12 - <std[70759c8f55707aa4]::thread::lifecycle::spawn_unchecked<test[9d35eded1c95d3be]::run_test::{closure#1}, ()>::{closure#1} as core[df12db4294e9bfd3]::ops::function::FnOnce<()>>::call_once::{shim:vtable#0}
[INFO] [stdout]   18:     0x599ee098f129 - <std[70759c8f55707aa4]::sys::thread::unix::Thread>::new::thread_start
[INFO] [stdout]   19:     0x7a80d37e5dfa - <unknown>
[INFO] [stdout]   20:     0x7a80d38793d4 - clone
[INFO] [stdout]   21:                0x0 - <unknown>
[INFO] [stdout] 
[INFO] [stdout] ---- read::tests::test_reading_ohlcv1m stdout ----
[INFO] [stdout] 
[INFO] [stdout] thread 'read::tests::test_reading_ohlcv1m' (622) panicked at src/read.rs:498:5:
[INFO] [stdout] called `Result::unwrap()` on an `Err` value: Error opening dbz file at path '/opt/rustwide/workdir/../../tests/data/test_data.ohlcv-1m.dbz'
[INFO] [stdout] 
[INFO] [stdout] Caused by:
[INFO] [stdout]     No such file or directory (os error 2)
[INFO] [stdout] 
[INFO] [stdout] Stack backtrace:
[INFO] [stdout]    0: <core::io::error::Error as anyhow::context::ext::StdError>::ext_context::<alloc::string::String>
[INFO] [stdout]    1: <dbz_lib::read::Dbz<alloc::io::buffered::bufreader::BufReader<std::fs::File>>>::from_file::<alloc::string::String>
[INFO] [stdout]    2: dbz_lib::read::tests::test_reading_ohlcv1m
[INFO] [stdout]    3: <dbz_lib::read::tests::test_reading_ohlcv1m::{closure#0} as core::ops::function::FnOnce<()>>::call_once
[INFO] [stdout]    4: test::__rust_begin_short_backtrace::<core::result::Result<(), alloc::string::String>, fn() -> core::result::Result<(), alloc::string::String>>
[INFO] [stdout]    5: test::run_test::{closure#0}
[INFO] [stdout]    6: std::sys::backtrace::__rust_begin_short_backtrace::<test::run_test::{closure#1}, ()>
[INFO] [stdout]    7: <std::thread::lifecycle::spawn_unchecked<test::run_test::{closure#1}, ()>::{closure#1} as core::ops::function::FnOnce<()>>::call_once::{shim:vtable#0}
[INFO] [stdout]    8: <std::sys::thread::unix::Thread>::new::thread_start
[INFO] [stdout]    9: <unknown>
[INFO] [stdout]   10: clone
[INFO] [stdout] stack backtrace:
[INFO] [stdout]    0:     0x599ee098f851 - <<std[70759c8f55707aa4]::sys::backtrace::BacktraceLock>::print::DisplayBacktrace as core[df12db4294e9bfd3]::fmt::Display>::fmt
[INFO] [stdout]    1:     0x599ee09a555a - core[df12db4294e9bfd3]::fmt::write
[INFO] [stdout]    2:     0x599ee099420c - <alloc[2182bb758b4b3781]::vec::Vec<u8> as core[df12db4294e9bfd3]::io::write::Write>::write_fmt
[INFO] [stdout]    3:     0x599ee096b8c6 - std[70759c8f55707aa4]::panicking::default_hook::{closure#0}
[INFO] [stdout]    4:     0x599ee0987f99 - std[70759c8f55707aa4]::panicking::default_hook
[INFO] [stdout]    5:     0x599ee084c360 - test[9d35eded1c95d3be]::test_main_inner::<test[9d35eded1c95d3be]::test_main_static::{closure#0}>::{closure#0}
[INFO] [stdout]    6:     0x599ee0988152 - std[70759c8f55707aa4]::panicking::panic_with_hook
[INFO] [stdout]    7:     0x599ee096b972 - std[70759c8f55707aa4]::panicking::panic_handler::{closure#0}
[INFO] [stdout]    8:     0x599ee0964169 - std[70759c8f55707aa4]::sys::backtrace::__rust_end_short_backtrace::<std[70759c8f55707aa4]::panicking::panic_handler::{closure#0}, !>
[INFO] [stdout]    9:     0x599ee096c67d - __rustc[8fa7c3cbc660c2b3]::rust_begin_unwind
[INFO] [stdout]   10:     0x599ee09a5c8c - core[df12db4294e9bfd3]::panicking::panic_fmt
[INFO] [stdout]   11:     0x599ee09a5a62 - core[df12db4294e9bfd3]::result::unwrap_failed
[INFO] [stdout]   12:     0x599ee082a487 - dbz_lib[b1da13857405300e]::read::tests::test_reading_ohlcv1m
[INFO] [stdout]   13:     0x599ee0833279 - <dbz_lib[b1da13857405300e]::read::tests::test_reading_ohlcv1m::{closure#0} as core[df12db4294e9bfd3]::ops::function::FnOnce<()>>::call_once
[INFO] [stdout]   14:     0x599ee083f64b - test[9d35eded1c95d3be]::__rust_begin_short_backtrace::<core[df12db4294e9bfd3]::result::Result<(), alloc[2182bb758b4b3781]::string::String>, fn() -> core[df12db4294e9bfd3]::result::Result<(), alloc[2182bb758b4b3781]::string::String>>
[INFO] [stdout]   15:     0x599ee084ccb5 - test[9d35eded1c95d3be]::run_test::{closure#0}
[INFO] [stdout]   16:     0x599ee0846574 - std[70759c8f55707aa4]::sys::backtrace::__rust_begin_short_backtrace::<test[9d35eded1c95d3be]::run_test::{closure#1}, ()>
[INFO] [stdout]   17:     0x599ee084fe12 - <std[70759c8f55707aa4]::thread::lifecycle::spawn_unchecked<test[9d35eded1c95d3be]::run_test::{closure#1}, ()>::{closure#1} as core[df12db4294e9bfd3]::ops::function::FnOnce<()>>::call_once::{shim:vtable#0}
[INFO] [stdout]   18:     0x599ee098f129 - <std[70759c8f55707aa4]::sys::thread::unix::Thread>::new::thread_start
[INFO] [stdout]   19:     0x7a80d37e5dfa - <unknown>
[INFO] [stdout]   20:     0x7a80d38793d4 - clone
[INFO] [stdout]   21:                0x0 - <unknown>
[INFO] [stdout] 
[INFO] [stdout] ---- read::tests::test_reading_mbo stdout ----
[INFO] [stdout] 
[INFO] [stdout] thread 'read::tests::test_reading_mbo' (617) panicked at src/read.rs:493:5:
[INFO] [stdout] called `Result::unwrap()` on an `Err` value: Error opening dbz file at path '/opt/rustwide/workdir/../../tests/data/test_data.mbo.dbz'
[INFO] [stdout] 
[INFO] [stdout] Caused by:
[INFO] [stdout]     No such file or directory (os error 2)
[INFO] [stdout] 
[INFO] [stdout] Stack backtrace:
[INFO] [stdout]    0: <core::io::error::Error as anyhow::context::ext::StdError>::ext_context::<alloc::string::String>
[INFO] [stdout]    1: <dbz_lib::read::Dbz<alloc::io::buffered::bufreader::BufReader<std::fs::File>>>::from_file::<alloc::string::String>
[INFO] [stdout]    2: dbz_lib::read::tests::test_reading_mbo
[INFO] [stdout]    3: <dbz_lib::read::tests::test_reading_mbo::{closure#0} as core::ops::function::FnOnce<()>>::call_once
[INFO] [stdout]    4: test::__rust_begin_short_backtrace::<core::result::Result<(), alloc::string::String>, fn() -> core::result::Result<(), alloc::string::String>>
[INFO] [stdout]    5: test::run_test::{closure#0}
[INFO] [stdout]    6: std::sys::backtrace::__rust_begin_short_backtrace::<test::run_test::{closure#1}, ()>
[INFO] [stdout]    7: <std::thread::lifecycle::spawn_unchecked<test::run_test::{closure#1}, ()>::{closure#1} as core::ops::function::FnOnce<()>>::call_once::{shim:vtable#0}
[INFO] [stdout]    8: <std::sys::thread::unix::Thread>::new::thread_start
[INFO] [stdout]    9: <unknown>
[INFO] [stdout]   10: clone
[INFO] [stdout] stack backtrace:
[INFO] [stdout]    0:     0x599ee098f851 - <<std[70759c8f55707aa4]::sys::backtrace::BacktraceLock>::print::DisplayBacktrace as core[df12db4294e9bfd3]::fmt::Display>::fmt
[INFO] [stdout]    1:     0x599ee09a555a - core[df12db4294e9bfd3]::fmt::write
[INFO] [stdout]    2:     0x599ee099420c - <alloc[2182bb758b4b3781]::vec::Vec<u8> as core[df12db4294e9bfd3]::io::write::Write>::write_fmt
[INFO] [stdout]    3:     0x599ee096b8c6 - std[70759c8f55707aa4]::panicking::default_hook::{closure#0}
[INFO] [stdout]    4:     0x599ee0987f99 - std[70759c8f55707aa4]::panicking::default_hook
[INFO] [stdout]    5:     0x599ee084c360 - test[9d35eded1c95d3be]::test_main_inner::<test[9d35eded1c95d3be]::test_main_static::{closure#0}>::{closure#0}
[INFO] [stdout]    6:     0x599ee0988152 - std[70759c8f55707aa4]::panicking::panic_with_hook
[INFO] [stdout]    7:     0x599ee096b972 - std[70759c8f55707aa4]::panicking::panic_handler::{closure#0}
[INFO] [stdout]    8:     0x599ee0964169 - std[70759c8f55707aa4]::sys::backtrace::__rust_end_short_backtrace::<std[70759c8f55707aa4]::panicking::panic_handler::{closure#0}, !>
[INFO] [stdout]    9:     0x599ee096c67d - __rustc[8fa7c3cbc660c2b3]::rust_begin_unwind
[INFO] [stdout]   10:     0x599ee09a5c8c - core[df12db4294e9bfd3]::panicking::panic_fmt
[INFO] [stdout]   11:     0x599ee09a5a62 - core[df12db4294e9bfd3]::result::unwrap_failed
[INFO] [stdout]   12:     0x599ee08290d7 - dbz_lib[b1da13857405300e]::read::tests::test_reading_mbo
[INFO] [stdout]   13:     0x599ee0833179 - <dbz_lib[b1da13857405300e]::read::tests::test_reading_mbo::{closure#0} as core[df12db4294e9bfd3]::ops::function::FnOnce<()>>::call_once
[INFO] [stdout]   14:     0x599ee083f64b - test[9d35eded1c95d3be]::__rust_begin_short_backtrace::<core[df12db4294e9bfd3]::result::Result<(), alloc[2182bb758b4b3781]::string::String>, fn() -> core[df12db4294e9bfd3]::result::Result<(), alloc[2182bb758b4b3781]::string::String>>
[INFO] [stdout]   15:     0x599ee084ccb5 - test[9d35eded1c95d3be]::run_test::{closure#0}
[INFO] [stdout]   16:     0x599ee0846574 - std[70759c8f55707aa4]::sys::backtrace::__rust_begin_short_backtrace::<test[9d35eded1c95d3be]::run_test::{closure#1}, ()>
[INFO] [stdout]   17:     0x599ee084fe12 - <std[70759c8f55707aa4]::thread::lifecycle::spawn_unchecked<test[9d35eded1c95d3be]::run_test::{closure#1}, ()>::{closure#1} as core[df12db4294e9bfd3]::ops::function::FnOnce<()>>::call_once::{shim:vtable#0}
[INFO] [stdout]   18:     0x599ee098f129 - <std[70759c8f55707aa4]::sys::thread::unix::Thread>::new::thread_start
[INFO] [stdout]   19:     0x7a80d37e5dfa - <unknown>
[INFO] [stdout]   20:     0x7a80d38793d4 - clone
[INFO] [stdout]   21:                0x0 - <unknown>
[INFO] [stdout] 
[INFO] [stdout] ---- read::tests::test_reading_ohlcv1h stdout ----
[INFO] [stdout] 
[INFO] [stdout] thread 'read::tests::test_reading_ohlcv1h' (621) panicked at src/read.rs:497:5:
[INFO] [stdout] called `Result::unwrap()` on an `Err` value: Error opening dbz file at path '/opt/rustwide/workdir/../../tests/data/test_data.ohlcv-1h.dbz'
[INFO] [stdout] 
[INFO] [stdout] Caused by:
[INFO] [stdout]     No such file or directory (os error 2)
[INFO] [stdout] 
[INFO] [stdout] Stack backtrace:
[INFO] [stdout]    0: <core::io::error::Error as anyhow::context::ext::StdError>::ext_context::<alloc::string::String>
[INFO] [stdout]    1: <dbz_lib::read::Dbz<alloc::io::buffered::bufreader::BufReader<std::fs::File>>>::from_file::<alloc::string::String>
[INFO] [stdout]    2: dbz_lib::read::tests::test_reading_ohlcv1h
[INFO] [stdout]    3: <dbz_lib::read::tests::test_reading_ohlcv1h::{closure#0} as core::ops::function::FnOnce<()>>::call_once
[INFO] [stdout]    4: test::__rust_begin_short_backtrace::<core::result::Result<(), alloc::string::String>, fn() -> core::result::Result<(), alloc::string::String>>
[INFO] [stdout]    5: test::run_test::{closure#0}
[INFO] [stdout]    6: std::sys::backtrace::__rust_begin_short_backtrace::<test::run_test::{closure#1}, ()>
[INFO] [stdout]    7: <std::thread::lifecycle::spawn_unchecked<test::run_test::{closure#1}, ()>::{closure#1} as core::ops::function::FnOnce<()>>::call_once::{shim:vtable#0}
[INFO] [stdout]    8: <std::sys::thread::unix::Thread>::new::thread_start
[INFO] [stdout]    9: <unknown>
[INFO] [stdout]   10: clone
[INFO] [stdout] stack backtrace:
[INFO] [stdout]    0:     0x599ee098f851 - <<std[70759c8f55707aa4]::sys::backtrace::BacktraceLock>::print::DisplayBacktrace as core[df12db4294e9bfd3]::fmt::Display>::fmt
[INFO] [stdout]    1:     0x599ee09a555a - core[df12db4294e9bfd3]::fmt::write
[INFO] [stdout]    2:     0x599ee099420c - <alloc[2182bb758b4b3781]::vec::Vec<u8> as core[df12db4294e9bfd3]::io::write::Write>::write_fmt
[INFO] [stdout]    3:     0x599ee096b8c6 - std[70759c8f55707aa4]::panicking::default_hook::{closure#0}
[INFO] [stdout]    4:     0x599ee0987f99 - std[70759c8f55707aa4]::panicking::default_hook
[INFO] [stdout]    5:     0x599ee084c360 - test[9d35eded1c95d3be]::test_main_inner::<test[9d35eded1c95d3be]::test_main_static::{closure#0}>::{closure#0}
[INFO] [stdout]    6:     0x599ee0988152 - std[70759c8f55707aa4]::panicking::panic_with_hook
[INFO] [stdout]    7:     0x599ee096b972 - std[70759c8f55707aa4]::panicking::panic_handler::{closure#0}
[INFO] [stdout]    8:     0x599ee0964169 - std[70759c8f55707aa4]::sys::backtrace::__rust_end_short_backtrace::<std[70759c8f55707aa4]::panicking::panic_handler::{closure#0}, !>
[INFO] [stdout]    9:     0x599ee096c67d - __rustc[8fa7c3cbc660c2b3]::rust_begin_unwind
[INFO] [stdout]   10:     0x599ee09a5c8c - core[df12db4294e9bfd3]::panicking::panic_fmt
[INFO] [stdout]   11:     0x599ee09a5a62 - core[df12db4294e9bfd3]::result::unwrap_failed
[INFO] [stdout]   12:     0x599ee082a1e7 - dbz_lib[b1da13857405300e]::read::tests::test_reading_ohlcv1h
[INFO] [stdout]   13:     0x599ee0833259 - <dbz_lib[b1da13857405300e]::read::tests::test_reading_ohlcv1h::{closure#0} as core[df12db4294e9bfd3]::ops::function::FnOnce<()>>::call_once
[INFO] [stdout]   14:     0x599ee083f64b - test[9d35eded1c95d3be]::__rust_begin_short_backtrace::<core[df12db4294e9bfd3]::result::Result<(), alloc[2182bb758b4b3781]::string::String>, fn() -> core[df12db4294e9bfd3]::result::Result<(), alloc[2182bb758b4b3781]::string::String>>
[INFO] [stdout]   15:     0x599ee084ccb5 - test[9d35eded1c95d3be]::run_test::{closure#0}
[INFO] [stdout]   16:     0x599ee0846574 - std[70759c8f55707aa4]::sys::backtrace::__rust_begin_short_backtrace::<test[9d35eded1c95d3be]::run_test::{closure#1}, ()>
[INFO] [stdout]   17:     0x599ee084fe12 - <std[70759c8f55707aa4]::thread::lifecycle::spawn_unchecked<test[9d35eded1c95d3be]::run_test::{closure#1}, ()>::{closure#1} as core[df12db4294e9bfd3]::ops::function::FnOnce<()>>::call_once::{shim:vtable#0}
[INFO] [stdout]   18:     0x599ee098f129 - <std[70759c8f55707aa4]::sys::thread::unix::Thread>::new::thread_start
[INFO] [stdout]   19:     0x7a80d37e5dfa - <unknown>
[INFO] [stdout]   20:     0x7a80d38793d4 - clone
[INFO] [stdout]   21:                0x0 - <unknown>
[INFO] [stdout] 
[INFO] [stdout] ---- read::tests::test_reading_trades stdout ----
[INFO] [stdout] 
[INFO] [stdout] thread 'read::tests::test_reading_trades' (625) panicked at src/read.rs:501:5:
[INFO] [stdout] called `Result::unwrap()` on an `Err` value: Error opening dbz file at path '/opt/rustwide/workdir/../../tests/data/test_data.trades.dbz'
[INFO] [stdout] 
[INFO] [stdout] Caused by:
[INFO] [stdout]     No such file or directory (os error 2)
[INFO] [stdout] 
[INFO] [stdout] Stack backtrace:
[INFO] [stdout]    0: <core::io::error::Error as anyhow::context::ext::StdError>::ext_context::<alloc::string::String>
[INFO] [stdout]    1: <dbz_lib::read::Dbz<alloc::io::buffered::bufreader::BufReader<std::fs::File>>>::from_file::<alloc::string::String>
[INFO] [stdout]    2: dbz_lib::read::tests::test_reading_trades
[INFO] [stdout]    3: <dbz_lib::read::tests::test_reading_trades::{closure#0} as core::ops::function::FnOnce<()>>::call_once
[INFO] [stdout]    4: test::__rust_begin_short_backtrace::<core::result::Result<(), alloc::string::String>, fn() -> core::result::Result<(), alloc::string::String>>
[INFO] [stdout]    5: test::run_test::{closure#0}
[INFO] [stdout]    6: std::sys::backtrace::__rust_begin_short_backtrace::<test::run_test::{closure#1}, ()>
[INFO] [stdout]    7: <std::thread::lifecycle::spawn_unchecked<test::run_test::{closure#1}, ()>::{closure#1} as core::ops::function::FnOnce<()>>::call_once::{shim:vtable#0}
[INFO] [stdout]    8: <std::sys::thread::unix::Thread>::new::thread_start
[INFO] [stdout]    9: <unknown>
[INFO] [stdout]   10: clone
[INFO] [stdout] stack backtrace:
[INFO] [stdout]    0:     0x599ee098f851 - <<std[70759c8f55707aa4]::sys::backtrace::BacktraceLock>::print::DisplayBacktrace as core[df12db4294e9bfd3]::fmt::Display>::fmt
[INFO] [stdout]    1:     0x599ee09a555a - core[df12db4294e9bfd3]::fmt::write
[INFO] [stdout]    2:     0x599ee099420c - <alloc[2182bb758b4b3781]::vec::Vec<u8> as core[df12db4294e9bfd3]::io::write::Write>::write_fmt
[INFO] [stdout]    3:     0x599ee096b8c6 - std[70759c8f55707aa4]::panicking::default_hook::{closure#0}
[INFO] [stdout]    4:     0x599ee0987f99 - std[70759c8f55707aa4]::panicking::default_hook
[INFO] [stdout]    5:     0x599ee084c360 - test[9d35eded1c95d3be]::test_main_inner::<test[9d35eded1c95d3be]::test_main_static::{closure#0}>::{closure#0}
[INFO] [stdout]    6:     0x599ee0988152 - std[70759c8f55707aa4]::panicking::panic_with_hook
[INFO] [stdout]    7:     0x599ee096b972 - std[70759c8f55707aa4]::panicking::panic_handler::{closure#0}
[INFO] [stdout]    8:     0x599ee0964169 - std[70759c8f55707aa4]::sys::backtrace::__rust_end_short_backtrace::<std[70759c8f55707aa4]::panicking::panic_handler::{closure#0}, !>
[INFO] [stdout]    9:     0x599ee096c67d - __rustc[8fa7c3cbc660c2b3]::rust_begin_unwind
[INFO] [stdout]   10:     0x599ee09a5c8c - core[df12db4294e9bfd3]::panicking::panic_fmt
[INFO] [stdout]   11:     0x599ee09a5a62 - core[df12db4294e9bfd3]::result::unwrap_failed
[INFO] [stdout]   12:     0x599ee0829ca7 - dbz_lib[b1da13857405300e]::read::tests::test_reading_trades
[INFO] [stdout]   13:     0x599ee0833219 - <dbz_lib[b1da13857405300e]::read::tests::test_reading_trades::{closure#0} as core[df12db4294e9bfd3]::ops::function::FnOnce<()>>::call_once
[INFO] [stdout]   14:     0x599ee083f64b - test[9d35eded1c95d3be]::__rust_begin_short_backtrace::<core[df12db4294e9bfd3]::result::Result<(), alloc[2182bb758b4b3781]::string::String>, fn() -> core[df12db4294e9bfd3]::result::Result<(), alloc[2182bb758b4b3781]::string::String>>
[INFO] [stdout]   15:     0x599ee084ccb5 - test[9d35eded1c95d3be]::run_test::{closure#0}
[INFO] [stdout]   16:     0x599ee0846574 - std[70759c8f55707aa4]::sys::backtrace::__rust_begin_short_backtrace::<test[9d35eded1c95d3be]::run_test::{closure#1}, ()>
[INFO] [stdout]   17:     0x599ee084fe12 - <std[70759c8f55707aa4]::thread::lifecycle::spawn_unchecked<test[9d35eded1c95d3be]::run_test::{closure#1}, ()>::{closure#1} as core[df12db4294e9bfd3]::ops::function::FnOnce<()>>::call_once::{shim:vtable#0}
[INFO] [stdout]   18:     0x599ee098f129 - <std[70759c8f55707aa4]::sys::thread::unix::Thread>::new::thread_start
[INFO] [stdout]   19:     0x7a80d37e5dfa - <unknown>
[INFO] [stdout]   20:     0x7a80d38793d4 - clone
[INFO] [stdout]   21:                0x0 - <unknown>
[INFO] [stdout] 
[INFO] [stdout] ---- read::tests::test_reading_ohlcv1d stdout ----
[INFO] [stdout] 
[INFO] [stdout] thread 'read::tests::test_reading_ohlcv1d' (620) panicked at src/read.rs:496:5:
[INFO] [stdout] called `Result::unwrap()` on an `Err` value: Error opening dbz file at path '/opt/rustwide/workdir/../../tests/data/test_data.ohlcv-1d.dbz'
[INFO] [stdout] 
[INFO] [stdout] Caused by:
[INFO] [stdout]     No such file or directory (os error 2)
[INFO] [stdout] 
[INFO] [stdout] Stack backtrace:
[INFO] [stdout]    0: <core::io::error::Error as anyhow::context::ext::StdError>::ext_context::<alloc::string::String>
[INFO] [stdout]    1: <dbz_lib::read::Dbz<alloc::io::buffered::bufreader::BufReader<std::fs::File>>>::from_file::<alloc::string::String>
[INFO] [stdout]    2: dbz_lib::read::tests::test_reading_ohlcv1d
[INFO] [stdout]    3: <dbz_lib::read::tests::test_reading_ohlcv1d::{closure#0} as core::ops::function::FnOnce<()>>::call_once
[INFO] [stdout]    4: test::__rust_begin_short_backtrace::<core::result::Result<(), alloc::string::String>, fn() -> core::result::Result<(), alloc::string::String>>
[INFO] [stdout]    5: test::run_test::{closure#0}
[INFO] [stdout]    6: std::sys::backtrace::__rust_begin_short_backtrace::<test::run_test::{closure#1}, ()>
[INFO] [stdout]    7: <std::thread::lifecycle::spawn_unchecked<test::run_test::{closure#1}, ()>::{closure#1} as core::ops::function::FnOnce<()>>::call_once::{shim:vtable#0}
[INFO] [stdout]    8: <std::sys::thread::unix::Thread>::new::thread_start
[INFO] [stdout]    9: <unknown>
[INFO] [stdout]   10: clone
[INFO] [stdout] stack backtrace:
[INFO] [stdout]    0:     0x599ee098f851 - <<std[70759c8f55707aa4]::sys::backtrace::BacktraceLock>::print::DisplayBacktrace as core[df12db4294e9bfd3]::fmt::Display>::fmt
[INFO] [stdout]    1:     0x599ee09a555a - core[df12db4294e9bfd3]::fmt::write
[INFO] [stdout]    2:     0x599ee099420c - <alloc[2182bb758b4b3781]::vec::Vec<u8> as core[df12db4294e9bfd3]::io::write::Write>::write_fmt
[INFO] [stdout]    3:     0x599ee096b8c6 - std[70759c8f55707aa4]::panicking::default_hook::{closure#0}
[INFO] [stdout]    4:     0x599ee0987f99 - std[70759c8f55707aa4]::panicking::default_hook
[INFO] [stdout]    5:     0x599ee084c360 - test[9d35eded1c95d3be]::test_main_inner::<test[9d35eded1c95d3be]::test_main_static::{closure#0}>::{closure#0}
[INFO] [stdout]    6:     0x599ee0988152 - std[70759c8f55707aa4]::panicking::panic_with_hook
[INFO] [stdout]    7:     0x599ee096b972 - std[70759c8f55707aa4]::panicking::panic_handler::{closure#0}
[INFO] [stdout]    8:     0x599ee0964169 - std[70759c8f55707aa4]::sys::backtrace::__rust_end_short_backtrace::<std[70759c8f55707aa4]::panicking::panic_handler::{closure#0}, !>
[INFO] [stdout]    9:     0x599ee096c67d - __rustc[8fa7c3cbc660c2b3]::rust_begin_unwind
[INFO] [stdout]   10:     0x599ee09a5c8c - core[df12db4294e9bfd3]::panicking::panic_fmt
[INFO] [stdout]   11:     0x599ee09a5a62 - core[df12db4294e9bfd3]::result::unwrap_failed
[INFO] [stdout]   12:     0x599ee0829f47 - dbz_lib[b1da13857405300e]::read::tests::test_reading_ohlcv1d
[INFO] [stdout]   13:     0x599ee0833239 - <dbz_lib[b1da13857405300e]::read::tests::test_reading_ohlcv1d::{closure#0} as core[df12db4294e9bfd3]::ops::function::FnOnce<()>>::call_once
[INFO] [stdout]   14:     0x599ee083f64b - test[9d35eded1c95d3be]::__rust_begin_short_backtrace::<core[df12db4294e9bfd3]::result::Result<(), alloc[2182bb758b4b3781]::string::String>, fn() -> core[df12db4294e9bfd3]::result::Result<(), alloc[2182bb758b4b3781]::string::String>>
[INFO] [stdout]   15:     0x599ee084ccb5 - test[9d35eded1c95d3be]::run_test::{closure#0}
[INFO] [stdout]   16:     0x599ee0846574 - std[70759c8f55707aa4]::sys::backtrace::__rust_begin_short_backtrace::<test[9d35eded1c95d3be]::run_test::{closure#1}, ()>
[INFO] [stdout]   17:     0x599ee084fe12 - <std[70759c8f55707aa4]::thread::lifecycle::spawn_unchecked<test[9d35eded1c95d3be]::run_test::{closure#1}, ()>::{closure#1} as core[df12db4294e9bfd3]::ops::function::FnOnce<()>>::call_once::{shim:vtable#0}
[INFO] [stdout]   18:     0x599ee098f129 - <std[70759c8f55707aa4]::sys::thread::unix::Thread>::new::thread_start
[INFO] [stdout]   19:     0x7a80d37e5dfa - <unknown>
[INFO] [stdout]   20:     0x7a80d38793d4 - clone
[INFO] [stdout]   21:                0x0 - <unknown>
[INFO] [stdout] 
[INFO] [stdout] ---- read::tests::test_reading_ohlcv1s stdout ----
[INFO] [stdout] 
[INFO] [stdout] thread 'read::tests::test_reading_ohlcv1s' (623) panicked at src/read.rs:499:5:
[INFO] [stdout] called `Result::unwrap()` on an `Err` value: Error opening dbz file at path '/opt/rustwide/workdir/../../tests/data/test_data.ohlcv-1s.dbz'
[INFO] [stdout] 
[INFO] [stdout] Caused by:
[INFO] [stdout]     No such file or directory (os error 2)
[INFO] [stdout] 
[INFO] [stdout] Stack backtrace:
[INFO] [stdout]    0: <core::io::error::Error as anyhow::context::ext::StdError>::ext_context::<alloc::string::String>
[INFO] [stdout]    1: <dbz_lib::read::Dbz<alloc::io::buffered::bufreader::BufReader<std::fs::File>>>::from_file::<alloc::string::String>
[INFO] [stdout]    2: dbz_lib::read::tests::test_reading_ohlcv1s
[INFO] [stdout]    3: <dbz_lib::read::tests::test_reading_ohlcv1s::{closure#0} as core::ops::function::FnOnce<()>>::call_once
[INFO] [stdout]    4: test::__rust_begin_short_backtrace::<core::result::Result<(), alloc::string::String>, fn() -> core::result::Result<(), alloc::string::String>>
[INFO] [stdout]    5: test::run_test::{closure#0}
[INFO] [stdout]    6: std::sys::backtrace::__rust_begin_short_backtrace::<test::run_test::{closure#1}, ()>
[INFO] [stdout]    7: <std::thread::lifecycle::spawn_unchecked<test::run_test::{closure#1}, ()>::{closure#1} as core::ops::function::FnOnce<()>>::call_once::{shim:vtable#0}
[INFO] [stdout]    8: <std::sys::thread::unix::Thread>::new::thread_start
[INFO] [stdout]    9: <unknown>
[INFO] [stdout]   10: clone
[INFO] [stdout] stack backtrace:
[INFO] [stdout]    0:     0x599ee098f851 - <<std[70759c8f55707aa4]::sys::backtrace::BacktraceLock>::print::DisplayBacktrace as core[df12db4294e9bfd3]::fmt::Display>::fmt
[INFO] [stdout]    1:     0x599ee09a555a - core[df12db4294e9bfd3]::fmt::write
[INFO] [stdout]    2:     0x599ee099420c - <alloc[2182bb758b4b3781]::vec::Vec<u8> as core[df12db4294e9bfd3]::io::write::Write>::write_fmt
[INFO] [stdout]    3:     0x599ee096b8c6 - std[70759c8f55707aa4]::panicking::default_hook::{closure#0}
[INFO] [stdout]    4:     0x599ee0987f99 - std[70759c8f55707aa4]::panicking::default_hook
[INFO] [stdout]    5:     0x599ee084c360 - test[9d35eded1c95d3be]::test_main_inner::<test[9d35eded1c95d3be]::test_main_static::{closure#0}>::{closure#0}
[INFO] [stdout]    6:     0x599ee0988152 - std[70759c8f55707aa4]::panicking::panic_with_hook
[INFO] [stdout]    7:     0x599ee096b972 - std[70759c8f55707aa4]::panicking::panic_handler::{closure#0}
[INFO] [stdout]    8:     0x599ee0964169 - std[70759c8f55707aa4]::sys::backtrace::__rust_end_short_backtrace::<std[70759c8f55707aa4]::panicking::panic_handler::{closure#0}, !>
[INFO] [stdout]    9:     0x599ee096c67d - __rustc[8fa7c3cbc660c2b3]::rust_begin_unwind
[INFO] [stdout]   10:     0x599ee09a5c8c - core[df12db4294e9bfd3]::panicking::panic_fmt
[INFO] [stdout]   11:     0x599ee09a5a62 - core[df12db4294e9bfd3]::result::unwrap_failed
[INFO] [stdout]   12:     0x599ee082a727 - dbz_lib[b1da13857405300e]::read::tests::test_reading_ohlcv1s
[INFO] [stdout]   13:     0x599ee0833299 - <dbz_lib[b1da13857405300e]::read::tests::test_reading_ohlcv1s::{closure#0} as core[df12db4294e9bfd3]::ops::function::FnOnce<()>>::call_once
[INFO] [stdout]   14:     0x599ee083f64b - test[9d35eded1c95d3be]::__rust_begin_short_backtrace::<core[df12db4294e9bfd3]::result::Result<(), alloc[2182bb758b4b3781]::string::String>, fn() -> core[df12db4294e9bfd3]::result::Result<(), alloc[2182bb758b4b3781]::string::String>>
[INFO] [stdout]   15:     0x599ee084ccb5 - test[9d35eded1c95d3be]::run_test::{closure#0}
[INFO] [stdout]   16:     0x599ee0846574 - std[70759c8f55707aa4]::sys::backtrace::__rust_begin_short_backtrace::<test[9d35eded1c95d3be]::run_test::{closure#1}, ()>
[INFO] [stdout]   17:     0x599ee084fe12 - <std[70759c8f55707aa4]::thread::lifecycle::spawn_unchecked<test[9d35eded1c95d3be]::run_test::{closure#1}, ()>::{closure#1} as core[df12db4294e9bfd3]::ops::function::FnOnce<()>>::call_once::{shim:vtable#0}
[INFO] [stdout]   18:     0x599ee098f129 - <std[70759c8f55707aa4]::sys::thread::unix::Thread>::new::thread_start
[INFO] [stdout]   19:     0x7a80d37e5dfa - <unknown>
[INFO] [stdout]   20:     0x7a80d38793d4 - clone
[INFO] [stdout]   21:                0x0 - <unknown>
[INFO] [stdout] 
[INFO] [stdout] 
[INFO] [stdout] failures:
[INFO] [stdout]     read::tests::test_reading_mbo
[INFO] [stdout]     read::tests::test_reading_mbp1
[INFO] [stdout]     read::tests::test_reading_mbp10
[INFO] [stdout]     read::tests::test_reading_ohlcv1d
[INFO] [stdout]     read::tests::test_reading_ohlcv1h
[INFO] [stdout]     read::tests::test_reading_ohlcv1m
[INFO] [stdout]     read::tests::test_reading_ohlcv1s
[INFO] [stdout]     read::tests::test_reading_tbbo
[INFO] [stdout]     read::tests::test_reading_trades
[INFO] [stdout] 
[INFO] [stdout] test result: FAILED. 31 passed; 9 failed; 0 ignored; 0 measured; 0 filtered out; finished in 0.03s
[INFO] [stdout] 
[INFO] [stderr] error: test failed, to rerun pass `--lib`
[INFO] running `Command { std: "docker" "inspect" "d00cbcb7d818947b74113c1bb884ffda4d85168b0d639b2ec05a399b668a3d17", kill_on_drop: false }`
[INFO] running `Command { std: "docker" "rm" "-f" "d00cbcb7d818947b74113c1bb884ffda4d85168b0d639b2ec05a399b668a3d17", kill_on_drop: false }`
[INFO] [stdout] d00cbcb7d818947b74113c1bb884ffda4d85168b0d639b2ec05a399b668a3d17
