[INFO] fetching crate dbz-cli 0.2.2...
[INFO] testing dbz-cli-0.2.2 against 1.100.0-beta.1+cargoflags=--release for beta-release-1.100-2
[INFO] extracting crate dbz-cli 0.2.2 into /workspace/builds/worker-6-tc2/source
[INFO] started tweaking crates.io crate dbz-cli 0.2.2
[INFO] finished tweaking crates.io crate dbz-cli 0.2.2
[INFO] tweaked toml for crates.io crate dbz-cli 0.2.2 written to /workspace/builds/worker-6-tc2/source/Cargo.toml
[INFO] validating manifest of crates.io crate dbz-cli 0.2.2 on toolchain 1.100.0-beta.1
[INFO] running `Command { std: CARGO_HOME="/workspace/cargo-home" RUSTUP_HOME="/workspace/rustup-home" "/workspace/cargo-home/bin/cargo" "+1.100.0-beta.1" "metadata" "--manifest-path" "Cargo.toml" "--no-deps", kill_on_drop: false }`
[INFO] crate crates.io crate dbz-cli 0.2.2 already has a lockfile, it will not be regenerated
[INFO] running `Command { std: CARGO_HOME="/workspace/cargo-home" RUSTUP_HOME="/workspace/rustup-home" "/workspace/cargo-home/bin/cargo" "+1.100.0-beta.1" "fetch" "--manifest-path" "Cargo.toml", kill_on_drop: false }`
[INFO] running `Command { std: "docker" "create" "-v" "/var/lib/crater-agent-workspace/builds/worker-6-tc2/source:/opt/rustwide/workdir:ro,Z" "-v" "/var/lib/crater-agent-workspace/builds/worker-6-tc2/target:/opt/rustwide/target:rw,Z" "-v" "/var/lib/crater-agent-workspace/cargo-home:/opt/rustwide/cargo-home:ro,Z" "-v" "/var/lib/crater-agent-workspace/rustup-home:/opt/rustwide/rustup-home:ro,Z" "-m" "1610612736" "--network" "none" "ghcr.io/rust-lang/crates-build-env/linux@sha256:77db811e55d90add9212f6832c23229e3de5f1c1f9905e8cb07319ea15df73ac" "sleep" "infinity", kill_on_drop: false }`
[INFO] [stdout] c0275c54996e8c45539cae024716a64320cd05a2b596d5b2c929180816fbbbcb
[INFO] running `Command { std: "docker" "start" "c0275c54996e8c45539cae024716a64320cd05a2b596d5b2c929180816fbbbcb", kill_on_drop: false }`
[INFO] running `Command { std: "docker" "inspect" "c0275c54996e8c45539cae024716a64320cd05a2b596d5b2c929180816fbbbcb", kill_on_drop: false }`
[INFO] running `Command { std: "docker" "exec" "-e" "SOURCE_DIR=/opt/rustwide/workdir" "-e" "CARGO_HOME=/opt/rustwide/cargo-home" "-e" "RUSTUP_HOME=/opt/rustwide/rustup-home" "-e" "CARGO_TARGET_DIR=/opt/rustwide/target" "-w" "/opt/rustwide/workdir" "--user" "0:0" "c0275c54996e8c45539cae024716a64320cd05a2b596d5b2c929180816fbbbcb" "/opt/rustwide/cargo-home/bin/cargo" "+1.100.0-beta.1" "metadata" "--no-deps" "--format-version=1", kill_on_drop: false }`
[INFO] running `Command { std: "docker" "inspect" "c0275c54996e8c45539cae024716a64320cd05a2b596d5b2c929180816fbbbcb", kill_on_drop: false }`
[INFO] running `Command { std: "docker" "exec" "-e" "SOURCE_DIR=/opt/rustwide/workdir" "-e" "CARGO_HOME=/opt/rustwide/cargo-home" "-e" "RUSTUP_HOME=/opt/rustwide/rustup-home" "-e" "CARGO_TARGET_DIR=/opt/rustwide/target" "-e" "CARGO_INCREMENTAL=0" "-e" "RUST_BACKTRACE=full" "-e" "RUSTFLAGS=--cap-lints=warn" "-e" "RUSTDOCFLAGS=--cap-lints=warn" "-w" "/opt/rustwide/workdir" "--user" "0:0" "c0275c54996e8c45539cae024716a64320cd05a2b596d5b2c929180816fbbbcb" "/opt/rustwide/cargo-home/bin/cargo" "+1.100.0-beta.1" "build" "--frozen" "--message-format=json" "--release", kill_on_drop: false }`
[INFO] [stderr]    Compiling proc-macro2 v1.0.51
[INFO] [stderr]    Compiling quote v1.0.23
[INFO] [stderr]    Compiling unicode-ident v1.0.6
[INFO] [stderr]    Compiling libc v0.2.139
[INFO] [stderr]    Compiling syn v1.0.107
[INFO] [stderr]    Compiling memchr v2.5.0
[INFO] [stderr]    Compiling autocfg v1.1.0
[INFO] [stderr]    Compiling serde_derive v1.0.152
[INFO] [stderr]    Compiling version_check v0.9.4
[INFO] [stderr]    Compiling serde v1.0.152
[INFO] [stderr]    Compiling pkg-config v0.3.26
[INFO] [stderr]    Compiling hashbrown v0.12.3
[INFO] [stderr]    Compiling toml_datetime v0.5.1
[INFO] [stderr]    Compiling once_cell v1.17.1
[INFO] [stderr]    Compiling zstd-safe v5.0.2+zstd.1.5.2
[INFO] [stderr]    Compiling log v0.4.17
[INFO] [stderr]    Compiling serde_json v1.0.93
[INFO] [stderr]    Compiling itoa v1.0.5
[INFO] [stderr]    Compiling anyhow v1.0.69
[INFO] [stderr]    Compiling ryu v1.0.12
[INFO] [stderr]    Compiling heck v0.4.1
[INFO] [stderr]    Compiling os_str_bytes v6.4.1
[INFO] [stderr]    Compiling proc-macro-error-attr v1.0.4
[INFO] [stderr]    Compiling proc-macro-error v1.0.4
[INFO] [stderr]    Compiling time-core v0.1.0
[INFO] [stderr]    Compiling textwrap v0.16.0
[INFO] [stderr]    Compiling strsim v0.10.0
[INFO] [stderr]    Compiling streaming-iterator v0.1.9
[INFO] [stderr]    Compiling termcolor v1.2.0
[INFO] [stderr]    Compiling clap_lex v0.2.4
[INFO] [stderr]    Compiling indexmap v1.9.2
[INFO] [stderr]    Compiling nom8 v0.2.0
[INFO] [stderr]    Compiling atty v0.2.14
[INFO] [stderr]    Compiling jobserver v0.1.25
[INFO] [stderr]    Compiling csv-core v0.1.10
[INFO] [stderr]    Compiling cc v1.0.79
[INFO] [stderr]    Compiling zstd-sys v2.0.7+zstd.1.5.4
[INFO] [stderr]    Compiling toml_edit v0.18.1
[INFO] [stderr]    Compiling proc-macro-crate v1.3.0
[INFO] [stderr]    Compiling clap_derive v3.2.18
[INFO] [stderr]    Compiling num_enum_derive v0.5.10
[INFO] [stderr]    Compiling num_enum v0.5.10
[INFO] [stderr]    Compiling clap v3.2.23
[INFO] [stderr]    Compiling csv v1.2.0
[INFO] [stderr]    Compiling time v0.3.19
[INFO] [stderr]    Compiling databento-defs v0.3.1
[INFO] [stderr]    Compiling zstd v0.11.2+zstd.1.5.2
[INFO] [stderr]    Compiling dbz-lib v0.2.2
[INFO] [stderr]    Compiling dbz-cli v0.2.2 (/opt/rustwide/workdir)
[INFO] [stderr]     Finished `release` profile [optimized] target(s) in 1m 00s
[INFO] running `Command { std: "docker" "inspect" "c0275c54996e8c45539cae024716a64320cd05a2b596d5b2c929180816fbbbcb", kill_on_drop: false }`
[INFO] running `Command { std: "docker" "exec" "-e" "SOURCE_DIR=/opt/rustwide/workdir" "-e" "CARGO_HOME=/opt/rustwide/cargo-home" "-e" "RUSTUP_HOME=/opt/rustwide/rustup-home" "-e" "CARGO_TARGET_DIR=/opt/rustwide/target" "-e" "CARGO_INCREMENTAL=0" "-e" "RUST_BACKTRACE=full" "-e" "RUSTFLAGS=--cap-lints=warn" "-e" "RUSTDOCFLAGS=--cap-lints=warn" "-w" "/opt/rustwide/workdir" "--user" "0:0" "c0275c54996e8c45539cae024716a64320cd05a2b596d5b2c929180816fbbbcb" "/opt/rustwide/cargo-home/bin/cargo" "+1.100.0-beta.1" "test" "--frozen" "--no-run" "--message-format=json" "--release", kill_on_drop: false }`
[INFO] [stderr]    Compiling num-traits v0.2.15
[INFO] [stderr]    Compiling aho-corasick v0.7.20
[INFO] [stderr]    Compiling regex-syntax v0.6.28
[INFO] [stderr]    Compiling doc-comment v0.3.3
[INFO] [stderr]    Compiling either v1.8.1
[INFO] [stderr]    Compiling predicates-core v1.0.5
[INFO] [stderr]    Compiling difflib v0.4.0
[INFO] [stderr]    Compiling normalize-line-endings v0.3.0
[INFO] [stderr]    Compiling termtree v0.4.0
[INFO] [stderr]    Compiling bstr v1.3.0
[INFO] [stderr]    Compiling wait-timeout v0.2.0
[INFO] [stderr]    Compiling remove_dir_all v0.5.3
[INFO] [stderr]    Compiling fastrand v1.9.0
[INFO] [stderr]    Compiling predicates-tree v1.0.7
[INFO] [stderr]    Compiling itertools v0.10.5
[INFO] [stderr]    Compiling tempfile v3.3.0
[INFO] [stderr]    Compiling float-cmp v0.9.0
[INFO] [stderr]    Compiling regex v1.7.1
[INFO] [stderr]    Compiling predicates v2.1.5
[INFO] [stderr]    Compiling assert_cmd v2.0.8
[INFO] [stderr]    Compiling dbz-cli v0.2.2 (/opt/rustwide/workdir)
[INFO] [stderr]     Finished `release` profile [optimized] target(s) in 21.12s
[INFO] running `Command { std: "docker" "inspect" "c0275c54996e8c45539cae024716a64320cd05a2b596d5b2c929180816fbbbcb", kill_on_drop: false }`
[INFO] running `Command { std: "docker" "exec" "-e" "SOURCE_DIR=/opt/rustwide/workdir" "-e" "CARGO_HOME=/opt/rustwide/cargo-home" "-e" "RUSTUP_HOME=/opt/rustwide/rustup-home" "-e" "CARGO_TARGET_DIR=/opt/rustwide/target" "-e" "CARGO_INCREMENTAL=0" "-e" "RUST_BACKTRACE=full" "-e" "RUSTFLAGS=--cap-lints=warn" "-e" "RUSTDOCFLAGS=--cap-lints=warn" "-w" "/opt/rustwide/workdir" "--user" "0:0" "c0275c54996e8c45539cae024716a64320cd05a2b596d5b2c929180816fbbbcb" "/opt/rustwide/cargo-home/bin/cargo" "+1.100.0-beta.1" "test" "--frozen" "--release", kill_on_drop: false }`
[INFO] [stderr]     Finished `release` profile [optimized] target(s) in 0.12s
[INFO] [stderr]      Running unittests src/lib.rs (/opt/rustwide/target/release/build/dbz-cli/ebc27df1a17576f7/out/dbz_cli-ebc27df1a17576f7)
[INFO] [stdout] 
[INFO] [stdout] running 0 tests
[INFO] [stdout] 
[INFO] [stdout] test result: ok. 0 passed; 0 failed; 0 ignored; 0 measured; 0 filtered out; finished in 0.00s
[INFO] [stdout] 
[INFO] [stderr]      Running unittests src/main.rs (/opt/rustwide/target/release/build/dbz-cli/3ecb54a4a3246a8b/out/dbz-3ecb54a4a3246a8b)
[INFO] [stderr]      Running tests/integration_tests.rs (/opt/rustwide/target/release/build/dbz-cli/4fd5e4b7ef3e507b/out/integration_tests-4fd5e4b7ef3e507b)
[INFO] [stdout] 
[INFO] [stdout] running 0 tests
[INFO] [stdout] 
[INFO] [stdout] test result: ok. 0 passed; 0 failed; 0 ignored; 0 measured; 0 filtered out; finished in 0.00s
[INFO] [stdout] 
[INFO] [stdout] 
[INFO] [stdout] running 18 tests
[INFO] [stdout] test no_extension_infer ... FAILED
[INFO] [stdout] test metadata ... FAILED
[INFO] [stdout] test force_overwrite ... FAILED
[INFO] [stdout] test read_from_stdin ... FAILED
[INFO] [stdout] test bad_infer ... FAILED
[INFO] [stdout] test pretty_print_data ... FAILED
[INFO] [stdout] test write_to_stdout ... FAILED
[INFO] [stdout] test write_to_nonexistent_path ... FAILED
[INFO] [stdout] test cant_specify_json_and_csv ... ok
[INFO] [stdout] test read_from_nonexistent_path ... ok
[INFO] [stdout] test overwrite_fails ... FAILED
[INFO] [stdout] test write_json_to_path ... FAILED
[INFO] [stdout] test pretty_print_data_metadata ... FAILED
[INFO] [stdout] test encoding_overrides_extension ... FAILED
[INFO] [stdout] test no_csv_metadata ... FAILED
[INFO] [stdout] test version ... ok
[INFO] [stdout] test write_csv ... FAILED
[INFO] [stdout] test help ... ok
[INFO] [stdout] 
[INFO] [stdout] failures:
[INFO] [stdout] 
[INFO] [stdout] ---- no_extension_infer stdout ----
[INFO] [stdout] 
[INFO] [stdout] thread 'no_extension_infer' (1980) panicked at /rustc/e3feeb59cd1bdd011a2bfcc0747b55125d9b8527/library/core/src/ops/function.rs:250:5:
[INFO] [stdout] Unexpected stderr, failed var.contains(Unable to infer output encoding from output file without an extension)
[INFO] [stdout] ├── var: Error: Error opening dbz file at path '/opt/rustwide/workdir/../../tests/data/test_data.mbo.dbz'
[INFO] [stdout] │   
[INFO] [stdout] │   Caused by:
[INFO] [stdout] │       No such file or directory (os error 2)
[INFO] [stdout] └── var as str: Error: Error opening dbz file at path '/opt/rustwide/workdir/../../tests/data/test_data.mbo.dbz'
[INFO] [stdout]     
[INFO] [stdout]     Caused by:
[INFO] [stdout]         No such file or directory (os error 2)
[INFO] [stdout] 
[INFO] [stdout] command=`"/opt/rustwide/target/release/dbz" "/opt/rustwide/workdir/../../tests/data/test_data.mbo.dbz" "--output" "/tmp/.tmphE2Jan/a"`
[INFO] [stdout] code=1
[INFO] [stdout] stdout=""
[INFO] [stdout] stderr=```
[INFO] [stdout] Error: Error opening dbz file at path \'/opt/rustwide/workdir/../../tests/data/test_data.mbo.dbz\'
[INFO] [stdout] 
[INFO] [stdout] Caused by:
[INFO] [stdout]     No such file or directory (os error 2)
[INFO] [stdout] ```
[INFO] [stdout] 
[INFO] [stdout] 
[INFO] [stdout] stack backtrace:
[INFO] [stdout]    0:     0x5fcdecc18fd1 - <<std[617be2ca0a6fd877]::sys::backtrace::BacktraceLock>::print::DisplayBacktrace as core[a373ad73a504971]::fmt::Display>::fmt
[INFO] [stdout]    1:     0x5fcdecc2f6fa - core[a373ad73a504971]::fmt::write
[INFO] [stdout]    2:     0x5fcdecc1ea9c - <alloc[2e1b2a31b91974c5]::vec::Vec<u8> as core[a373ad73a504971]::io::write::Write>::write_fmt
[INFO] [stdout]    3:     0x5fcdecbf31f6 - std[617be2ca0a6fd877]::panicking::default_hook::{closure#0}
[INFO] [stdout]    4:     0x5fcdecc10779 - std[617be2ca0a6fd877]::panicking::default_hook
[INFO] [stdout]    5:     0x5fcdecb9b540 - test[aada8e7e76ba119b]::test_main_inner::{closure#0}
[INFO] [stdout]    6:     0x5fcdecc10932 - std[617be2ca0a6fd877]::panicking::panic_with_hook
[INFO] [stdout]    7:     0x5fcdecbf32a2 - std[617be2ca0a6fd877]::panicking::panic_handler::{closure#0}
[INFO] [stdout]    8:     0x5fcdecbebd09 - std[617be2ca0a6fd877]::sys::backtrace::__rust_end_short_backtrace::<std[617be2ca0a6fd877]::panicking::panic_handler::{closure#0}, !>
[INFO] [stdout]    9:     0x5fcdecbf3ead - __rustc[ea4f61d10b84890b]::rust_begin_unwind
[INFO] [stdout]   10:     0x5fcdecc2fe2c - core[a373ad73a504971]::panicking::panic_fmt
[INFO] [stdout]   11:     0x5fcdecb8c034 - <assert_cmd[66e0d5f999c3f838]::assert::AssertError>::panic::<assert_cmd[66e0d5f999c3f838]::assert::Assert>
[INFO] [stdout]   12:     0x5fcdecb88335 - <integration_tests[8a990942616d50df]::no_extension_infer::{closure#0} as core[a373ad73a504971]::ops::function::FnOnce<()>>::call_once
[INFO] [stdout]   13:     0x5fcdecb8e98b - test[aada8e7e76ba119b]::__rust_begin_short_backtrace::<core[a373ad73a504971]::result::Result<(), alloc[2e1b2a31b91974c5]::string::String>, fn() -> core[a373ad73a504971]::result::Result<(), alloc[2e1b2a31b91974c5]::string::String>>
[INFO] [stdout]   14:     0x5fcdecb9bb65 - test[aada8e7e76ba119b]::run_test::{closure#0}
[INFO] [stdout]   15:     0x5fcdecb95454 - std[617be2ca0a6fd877]::sys::backtrace::__rust_begin_short_backtrace::<test[aada8e7e76ba119b]::run_test::{closure#1}, ()>
[INFO] [stdout]   16:     0x5fcdecb9ebf2 - <std[617be2ca0a6fd877]::thread::lifecycle::spawn_unchecked<test[aada8e7e76ba119b]::run_test::{closure#1}, ()>::{closure#1} as core[a373ad73a504971]::ops::function::FnOnce<()>>::call_once::{shim:vtable#0}
[INFO] [stdout]   17:     0x5fcdecc1813f - <std[617be2ca0a6fd877]::sys::thread::unix::Thread>::new::thread_start
[INFO] [stdout]   18:     0x741a75d48dfa - <unknown>
[INFO] [stdout]   19:     0x741a75ddc3d4 - clone
[INFO] [stdout]   20:                0x0 - <unknown>
[INFO] [stdout] 
[INFO] [stdout] ---- metadata stdout ----
[INFO] [stdout] 
[INFO] [stdout] thread 'metadata' (1978) panicked at /rustc/e3feeb59cd1bdd011a2bfcc0747b55125d9b8527/library/core/src/ops/function.rs:250:5:
[INFO] [stdout] Unexpected failure.
[INFO] [stdout] code-1
[INFO] [stdout] stderr=``````
[INFO] [stdout] Error: Error opening dbz file at path \'/opt/rustwide/workdir/../../tests/data/test_data.ohlcv-1m.dbz\'
[INFO] [stdout] 
[INFO] [stdout] Caused by:
[INFO] [stdout]     No such file or directory (os error 2)
[INFO] [stdout] ```
[INFO] [stdout] ```
[INFO] [stdout] command=`"/opt/rustwide/target/release/dbz" "/opt/rustwide/workdir/../../tests/data/test_data.ohlcv-1m.dbz" "-J" "-m"`
[INFO] [stdout] code=1
[INFO] [stdout] stdout=""
[INFO] [stdout] stderr=```
[INFO] [stdout] Error: Error opening dbz file at path \'/opt/rustwide/workdir/../../tests/data/test_data.ohlcv-1m.dbz\'
[INFO] [stdout] 
[INFO] [stdout] Caused by:
[INFO] [stdout]     No such file or directory (os error 2)
[INFO] [stdout] ```
[INFO] [stdout] 
[INFO] [stdout] 
[INFO] [stdout] stack backtrace:
[INFO] [stdout]    0:     0x5fcdecc18fd1 - <<std[617be2ca0a6fd877]::sys::backtrace::BacktraceLock>::print::DisplayBacktrace as core[a373ad73a504971]::fmt::Display>::fmt
[INFO] [stdout]    1:     0x5fcdecc2f6fa - core[a373ad73a504971]::fmt::write
[INFO] [stdout]    2:     0x5fcdecc1ea9c - <alloc[2e1b2a31b91974c5]::vec::Vec<u8> as core[a373ad73a504971]::io::write::Write>::write_fmt
[INFO] [stdout]    3:     0x5fcdecbf31f6 - std[617be2ca0a6fd877]::panicking::default_hook::{closure#0}
[INFO] [stdout]    4:     0x5fcdecc10779 - std[617be2ca0a6fd877]::panicking::default_hook
[INFO] [stdout]    5:     0x5fcdecb9b540 - test[aada8e7e76ba119b]::test_main_inner::{closure#0}
[INFO] [stdout]    6:     0x5fcdecc10932 - std[617be2ca0a6fd877]::panicking::panic_with_hook
[INFO] [stdout]    7:     0x5fcdecbf32a2 - std[617be2ca0a6fd877]::panicking::panic_handler::{closure#0}
[INFO] [stdout]    8:     0x5fcdecbebd09 - std[617be2ca0a6fd877]::sys::backtrace::__rust_end_short_backtrace::<std[617be2ca0a6fd877]::panicking::panic_handler::{closure#0}, !>
[INFO] [stdout]    9:     0x5fcdecbf3ead - __rustc[ea4f61d10b84890b]::rust_begin_unwind
[INFO] [stdout]   10:     0x5fcdecc2fe2c - core[a373ad73a504971]::panicking::panic_fmt
[INFO] [stdout]   11:     0x5fcdecbd33b3 - <assert_cmd[66e0d5f999c3f838]::assert::AssertError>::panic::<assert_cmd[66e0d5f999c3f838]::assert::Assert>
[INFO] [stdout]   12:     0x5fcdecbd3f06 - <assert_cmd[66e0d5f999c3f838]::assert::Assert>::success
[INFO] [stdout]   13:     0x5fcdecb8ac22 - <integration_tests[8a990942616d50df]::metadata::{closure#0} as core[a373ad73a504971]::ops::function::FnOnce<()>>::call_once
[INFO] [stdout]   14:     0x5fcdecb8e98b - test[aada8e7e76ba119b]::__rust_begin_short_backtrace::<core[a373ad73a504971]::result::Result<(), alloc[2e1b2a31b91974c5]::string::String>, fn() -> core[a373ad73a504971]::result::Result<(), alloc[2e1b2a31b91974c5]::string::String>>
[INFO] [stdout]   15:     0x5fcdecb9bb65 - test[aada8e7e76ba119b]::run_test::{closure#0}
[INFO] [stdout]   16:     0x5fcdecb95454 - std[617be2ca0a6fd877]::sys::backtrace::__rust_begin_short_backtrace::<test[aada8e7e76ba119b]::run_test::{closure#1}, ()>
[INFO] [stdout]   17:     0x5fcdecb9ebf2 - <std[617be2ca0a6fd877]::thread::lifecycle::spawn_unchecked<test[aada8e7e76ba119b]::run_test::{closure#1}, ()>::{closure#1} as core[a373ad73a504971]::ops::function::FnOnce<()>>::call_once::{shim:vtable#0}
[INFO] [stdout]   18:     0x5fcdecc1813f - <std[617be2ca0a6fd877]::sys::thread::unix::Thread>::new::thread_start
[INFO] [stdout]   19:     0x741a75d48dfa - <unknown>
[INFO] [stdout]   20:     0x741a75ddc3d4 - clone
[INFO] [stdout]   21:                0x0 - <unknown>
[INFO] [stdout] 
[INFO] [stdout] ---- force_overwrite stdout ----
[INFO] [stdout] 
[INFO] [stdout] thread 'force_overwrite' (1976) panicked at /rustc/e3feeb59cd1bdd011a2bfcc0747b55125d9b8527/library/core/src/ops/function.rs:250:5:
[INFO] [stdout] Unexpected failure.
[INFO] [stdout] code-1
[INFO] [stdout] stderr=``````
[INFO] [stdout] Error: Error opening dbz file at path \'/opt/rustwide/workdir/../../tests/data/test_data.mbo.dbz\'
[INFO] [stdout] 
[INFO] [stdout] Caused by:
[INFO] [stdout]     No such file or directory (os error 2)
[INFO] [stdout] ```
[INFO] [stdout] ```
[INFO] [stdout] command=`"/opt/rustwide/target/release/dbz" "/opt/rustwide/workdir/../../tests/data/test_data.mbo.dbz" "--output" "/tmp/.tmp2ylMjb" "-C" "--force"`
[INFO] [stdout] code=1
[INFO] [stdout] stdout=""
[INFO] [stdout] stderr=```
[INFO] [stdout] Error: Error opening dbz file at path \'/opt/rustwide/workdir/../../tests/data/test_data.mbo.dbz\'
[INFO] [stdout] 
[INFO] [stdout] Caused by:
[INFO] [stdout]     No such file or directory (os error 2)
[INFO] [stdout] ```
[INFO] [stdout] 
[INFO] [stdout] 
[INFO] [stdout] stack backtrace:
[INFO] [stdout]    0:     0x5fcdecc18fd1 - <<std[617be2ca0a6fd877]::sys::backtrace::BacktraceLock>::print::DisplayBacktrace as core[a373ad73a504971]::fmt::Display>::fmt
[INFO] [stdout]    1:     0x5fcdecc2f6fa - core[a373ad73a504971]::fmt::write
[INFO] [stdout]    2:     0x5fcdecc1ea9c - <alloc[2e1b2a31b91974c5]::vec::Vec<u8> as core[a373ad73a504971]::io::write::Write>::write_fmt
[INFO] [stdout]    3:     0x5fcdecbf31f6 - std[617be2ca0a6fd877]::panicking::default_hook::{closure#0}
[INFO] [stdout]    4:     0x5fcdecc10779 - std[617be2ca0a6fd877]::panicking::default_hook
[INFO] [stdout]    5:     0x5fcdecb9b540 - test[aada8e7e76ba119b]::test_main_inner::{closure#0}
[INFO] [stdout]    6:     0x5fcdecc10932 - std[617be2ca0a6fd877]::panicking::panic_with_hook
[INFO] [stdout]    7:     0x5fcdecbf32a2 - std[617be2ca0a6fd877]::panicking::panic_handler::{closure#0}
[INFO] [stdout]    8:     0x5fcdecbebd09 - std[617be2ca0a6fd877]::sys::backtrace::__rust_end_short_backtrace::<std[617be2ca0a6fd877]::panicking::panic_handler::{closure#0}, !>
[INFO] [stdout]    9:     0x5fcdecbf3ead - __rustc[ea4f61d10b84890b]::rust_begin_unwind
[INFO] [stdout]   10:     0x5fcdecc2fe2c - core[a373ad73a504971]::panicking::panic_fmt
[INFO] [stdout]   11:     0x5fcdecbd33b3 - <assert_cmd[66e0d5f999c3f838]::assert::AssertError>::panic::<assert_cmd[66e0d5f999c3f838]::assert::Assert>
[INFO] [stdout]   12:     0x5fcdecbd3f06 - <assert_cmd[66e0d5f999c3f838]::assert::Assert>::success
[INFO] [stdout]   13:     0x5fcdecb860f2 - <integration_tests[8a990942616d50df]::force_overwrite::{closure#0} as core[a373ad73a504971]::ops::function::FnOnce<()>>::call_once
[INFO] [stdout]   14:     0x5fcdecb8e98b - test[aada8e7e76ba119b]::__rust_begin_short_backtrace::<core[a373ad73a504971]::result::Result<(), alloc[2e1b2a31b91974c5]::string::String>, fn() -> core[a373ad73a504971]::result::Result<(), alloc[2e1b2a31b91974c5]::string::String>>
[INFO] [stdout]   15:     0x5fcdecb9bb65 - test[aada8e7e76ba119b]::run_test::{closure#0}
[INFO] [stdout]   16:     0x5fcdecb95454 - std[617be2ca0a6fd877]::sys::backtrace::__rust_begin_short_backtrace::<test[aada8e7e76ba119b]::run_test::{closure#1}, ()>
[INFO] [stdout]   17:     0x5fcdecb9ebf2 - <std[617be2ca0a6fd877]::thread::lifecycle::spawn_unchecked<test[aada8e7e76ba119b]::run_test::{closure#1}, ()>::{closure#1} as core[a373ad73a504971]::ops::function::FnOnce<()>>::call_once::{shim:vtable#0}
[INFO] [stdout]   18:     0x5fcdecc1813f - <std[617be2ca0a6fd877]::sys::thread::unix::Thread>::new::thread_start
[INFO] [stdout]   19:     0x741a75d48dfa - <unknown>
[INFO] [stdout]   20:     0x741a75ddc3d4 - clone
[INFO] [stdout]   21:                0x0 - <unknown>
[INFO] [stdout] 
[INFO] [stdout] ---- read_from_stdin stdout ----
[INFO] [stdout] 
[INFO] [stdout] thread 'read_from_stdin' (1997) panicked at tests/integration_tests.rs:264:10:
[INFO] [stdout] called `Result::unwrap()` on an `Err` value: Os { code: 2, kind: NotFound, message: "No such file or directory" }
[INFO] [stdout] stack backtrace:
[INFO] [stdout]    0:     0x5fcdecc18fd1 - <<std[617be2ca0a6fd877]::sys::backtrace::BacktraceLock>::print::DisplayBacktrace as core[a373ad73a504971]::fmt::Display>::fmt
[INFO] [stdout]    1:     0x5fcdecc2f6fa - core[a373ad73a504971]::fmt::write
[INFO] [stdout]    2:     0x5fcdecc1ea9c - <alloc[2e1b2a31b91974c5]::vec::Vec<u8> as core[a373ad73a504971]::io::write::Write>::write_fmt
[INFO] [stdout]    3:     0x5fcdecbf31f6 - std[617be2ca0a6fd877]::panicking::default_hook::{closure#0}
[INFO] [stdout]    4:     0x5fcdecc10779 - std[617be2ca0a6fd877]::panicking::default_hook
[INFO] [stdout]    5:     0x5fcdecb9b540 - test[aada8e7e76ba119b]::test_main_inner::{closure#0}
[INFO] [stdout]    6:     0x5fcdecc10932 - std[617be2ca0a6fd877]::panicking::panic_with_hook
[INFO] [stdout]    7:     0x5fcdecbf32a2 - std[617be2ca0a6fd877]::panicking::panic_handler::{closure#0}
[INFO] [stdout]    8:     0x5fcdecbebd09 - std[617be2ca0a6fd877]::sys::backtrace::__rust_end_short_backtrace::<std[617be2ca0a6fd877]::panicking::panic_handler::{closure#0}, !>
[INFO] [stdout]    9:     0x5fcdecbf3ead - __rustc[ea4f61d10b84890b]::rust_begin_unwind
[INFO] [stdout]   10:     0x5fcdecc2fe2c - core[a373ad73a504971]::panicking::panic_fmt
[INFO] [stdout]   11:     0x5fcdecc2fc02 - core[a373ad73a504971]::result::unwrap_failed
[INFO] [stdout]   12:     0x5fcdecb87443 - <integration_tests[8a990942616d50df]::read_from_stdin::{closure#0} as core[a373ad73a504971]::ops::function::FnOnce<()>>::call_once
[INFO] [stdout]   13:     0x5fcdecb8e98b - test[aada8e7e76ba119b]::__rust_begin_short_backtrace::<core[a373ad73a504971]::result::Result<(), alloc[2e1b2a31b91974c5]::string::String>, fn() -> core[a373ad73a504971]::result::Result<(), alloc[2e1b2a31b91974c5]::string::String>>
[INFO] [stdout]   14:     0x5fcdecb9bb65 - test[aada8e7e76ba119b]::run_test::{closure#0}
[INFO] [stdout]   15:     0x5fcdecb95454 - std[617be2ca0a6fd877]::sys::backtrace::__rust_begin_short_backtrace::<test[aada8e7e76ba119b]::run_test::{closure#1}, ()>
[INFO] [stdout]   16:     0x5fcdecb9ebf2 - <std[617be2ca0a6fd877]::thread::lifecycle::spawn_unchecked<test[aada8e7e76ba119b]::run_test::{closure#1}, ()>::{closure#1} as core[a373ad73a504971]::ops::function::FnOnce<()>>::call_once::{shim:vtable#0}
[INFO] [stdout]   17:     0x5fcdecc1813f - <std[617be2ca0a6fd877]::sys::thread::unix::Thread>::new::thread_start
[INFO] [stdout]   18:     0x741a75d48dfa - <unknown>
[INFO] [stdout]   19:     0x741a75ddc3d4 - clone
[INFO] [stdout]   20:                0x0 - <unknown>
[INFO] [stdout] 
[INFO] [stdout] ---- bad_infer stdout ----
[INFO] [stdout] 
[INFO] [stdout] thread 'bad_infer' (1973) panicked at /rustc/e3feeb59cd1bdd011a2bfcc0747b55125d9b8527/library/core/src/ops/function.rs:250:5:
[INFO] [stdout] Unexpected stderr, failed var.contains(Unable to infer output encoding from output file with extension 'yaml')
[INFO] [stdout] ├── var: Error: Error opening dbz file at path '/opt/rustwide/workdir/../../tests/data/test_data.mbo.dbz'
[INFO] [stdout] │   
[INFO] [stdout] │   Caused by:
[INFO] [stdout] │       No such file or directory (os error 2)
[INFO] [stdout] └── var as str: Error: Error opening dbz file at path '/opt/rustwide/workdir/../../tests/data/test_data.mbo.dbz'
[INFO] [stdout]     
[INFO] [stdout]     Caused by:
[INFO] [stdout]         No such file or directory (os error 2)
[INFO] [stdout] 
[INFO] [stdout] command=`"/opt/rustwide/target/release/dbz" "/opt/rustwide/workdir/../../tests/data/test_data.mbo.dbz" "--output" "/tmp/.tmprnTK4f/a.yaml"`
[INFO] [stdout] code=1
[INFO] [stdout] stdout=""
[INFO] [stdout] stderr=```
[INFO] [stdout] Error: Error opening dbz file at path \'/opt/rustwide/workdir/../../tests/data/test_data.mbo.dbz\'
[INFO] [stdout] 
[INFO] [stdout] Caused by:
[INFO] [stdout]     No such file or directory (os error 2)
[INFO] [stdout] ```
[INFO] [stdout] 
[INFO] [stdout] 
[INFO] [stdout] stack backtrace:
[INFO] [stdout]    0:     0x5fcdecc18fd1 - <<std[617be2ca0a6fd877]::sys::backtrace::BacktraceLock>::print::DisplayBacktrace as core[a373ad73a504971]::fmt::Display>::fmt
[INFO] [stdout]    1:     0x5fcdecc2f6fa - core[a373ad73a504971]::fmt::write
[INFO] [stdout]    2:     0x5fcdecc1ea9c - <alloc[2e1b2a31b91974c5]::vec::Vec<u8> as core[a373ad73a504971]::io::write::Write>::write_fmt
[INFO] [stdout]    3:     0x5fcdecbf31f6 - std[617be2ca0a6fd877]::panicking::default_hook::{closure#0}
[INFO] [stdout]    4:     0x5fcdecc10779 - std[617be2ca0a6fd877]::panicking::default_hook
[INFO] [stdout]    5:     0x5fcdecb9b540 - test[aada8e7e76ba119b]::test_main_inner::{closure#0}
[INFO] [stdout]    6:     0x5fcdecc10932 - std[617be2ca0a6fd877]::panicking::panic_with_hook
[INFO] [stdout]    7:     0x5fcdecbf32a2 - std[617be2ca0a6fd877]::panicking::panic_handler::{closure#0}
[INFO] [stdout]    8:     0x5fcdecbebd09 - std[617be2ca0a6fd877]::sys::backtrace::__rust_end_short_backtrace::<std[617be2ca0a6fd877]::panicking::panic_handler::{closure#0}, !>
[INFO] [stdout]    9:     0x5fcdecbf3ead - __rustc[ea4f61d10b84890b]::rust_begin_unwind
[INFO] [stdout]   10:     0x5fcdecc2fe2c - core[a373ad73a504971]::panicking::panic_fmt
[INFO] [stdout]   11:     0x5fcdecb8c034 - <assert_cmd[66e0d5f999c3f838]::assert::AssertError>::panic::<assert_cmd[66e0d5f999c3f838]::assert::Assert>
[INFO] [stdout]   12:     0x5fcdecb8b565 - <integration_tests[8a990942616d50df]::bad_infer::{closure#0} as core[a373ad73a504971]::ops::function::FnOnce<()>>::call_once
[INFO] [stdout]   13:     0x5fcdecb8e98b - test[aada8e7e76ba119b]::__rust_begin_short_backtrace::<core[a373ad73a504971]::result::Result<(), alloc[2e1b2a31b91974c5]::string::String>, fn() -> core[a373ad73a504971]::result::Result<(), alloc[2e1b2a31b91974c5]::string::String>>
[INFO] [stdout]   14:     0x5fcdecb9bb65 - test[aada8e7e76ba119b]::run_test::{closure#0}
[INFO] [stdout]   15:     0x5fcdecb95454 - std[617be2ca0a6fd877]::sys::backtrace::__rust_begin_short_backtrace::<test[aada8e7e76ba119b]::run_test::{closure#1}, ()>
[INFO] [stdout]   16:     0x5fcdecb9ebf2 - <std[617be2ca0a6fd877]::thread::lifecycle::spawn_unchecked<test[aada8e7e76ba119b]::run_test::{closure#1}, ()>::{closure#1} as core[a373ad73a504971]::ops::function::FnOnce<()>>::call_once::{shim:vtable#0}
[INFO] [stdout]   17:     0x5fcdecc1813f - <std[617be2ca0a6fd877]::sys::thread::unix::Thread>::new::thread_start
[INFO] [stdout]   18:     0x741a75d48dfa - <unknown>
[INFO] [stdout]   19:     0x741a75ddc3d4 - clone
[INFO] [stdout]   20:                0x0 - <unknown>
[INFO] [stdout] 
[INFO] [stdout] ---- pretty_print_data stdout ----
[INFO] [stdout] 
[INFO] [stdout] thread 'pretty_print_data' (1994) panicked at /rustc/e3feeb59cd1bdd011a2bfcc0747b55125d9b8527/library/core/src/ops/function.rs:250:5:
[INFO] [stdout] Unexpected failure.
[INFO] [stdout] code-1
[INFO] [stdout] stderr=``````
[INFO] [stdout] Error: Error opening dbz file at path \'/opt/rustwide/workdir/../../tests/data/test_data.mbo.dbz\'
[INFO] [stdout] 
[INFO] [stdout] Caused by:
[INFO] [stdout]     No such file or directory (os error 2)
[INFO] [stdout] ```
[INFO] [stdout] ```
[INFO] [stdout] command=`"/opt/rustwide/target/release/dbz" "/opt/rustwide/workdir/../../tests/data/test_data.mbo.dbz" "--json" "--pretty-json"`
[INFO] [stdout] code=1
[INFO] [stdout] stdout=""
[INFO] [stdout] stderr=```
[INFO] [stdout] Error: Error opening dbz file at path \'/opt/rustwide/workdir/../../tests/data/test_data.mbo.dbz\'
[INFO] [stdout] 
[INFO] [stdout] Caused by:
[INFO] [stdout]     No such file or directory (os error 2)
[INFO] [stdout] ```
[INFO] [stdout] 
[INFO] [stdout] 
[INFO] [stdout] stack backtrace:
[INFO] [stdout]    0:     0x5fcdecc18fd1 - <<std[617be2ca0a6fd877]::sys::backtrace::BacktraceLock>::print::DisplayBacktrace as core[a373ad73a504971]::fmt::Display>::fmt
[INFO] [stdout]    1:     0x5fcdecc2f6fa - core[a373ad73a504971]::fmt::write
[INFO] [stdout]    2:     0x5fcdecc1ea9c - <alloc[2e1b2a31b91974c5]::vec::Vec<u8> as core[a373ad73a504971]::io::write::Write>::write_fmt
[INFO] [stdout]    3:     0x5fcdecbf31f6 - std[617be2ca0a6fd877]::panicking::default_hook::{closure#0}
[INFO] [stdout]    4:     0x5fcdecc10779 - std[617be2ca0a6fd877]::panicking::default_hook
[INFO] [stdout]    5:     0x5fcdecb9b540 - test[aada8e7e76ba119b]::test_main_inner::{closure#0}
[INFO] [stdout]    6:     0x5fcdecc10932 - std[617be2ca0a6fd877]::panicking::panic_with_hook
[INFO] [stdout]    7:     0x5fcdecbf32a2 - std[617be2ca0a6fd877]::panicking::panic_handler::{closure#0}
[INFO] [stdout]    8:     0x5fcdecbebd09 - std[617be2ca0a6fd877]::sys::backtrace::__rust_end_short_backtrace::<std[617be2ca0a6fd877]::panicking::panic_handler::{closure#0}, !>
[INFO] [stdout]    9:     0x5fcdecbf3ead - __rustc[ea4f61d10b84890b]::rust_begin_unwind
[INFO] [stdout]   10:     0x5fcdecc2fe2c - core[a373ad73a504971]::panicking::panic_fmt
[INFO] [stdout]   11:     0x5fcdecbd33b3 - <assert_cmd[66e0d5f999c3f838]::assert::AssertError>::panic::<assert_cmd[66e0d5f999c3f838]::assert::Assert>
[INFO] [stdout]   12:     0x5fcdecbd3f06 - <assert_cmd[66e0d5f999c3f838]::assert::Assert>::success
[INFO] [stdout]   13:     0x5fcdecb879f2 - <integration_tests[8a990942616d50df]::pretty_print_data::{closure#0} as core[a373ad73a504971]::ops::function::FnOnce<()>>::call_once
[INFO] [stdout]   14:     0x5fcdecb8e98b - test[aada8e7e76ba119b]::__rust_begin_short_backtrace::<core[a373ad73a504971]::result::Result<(), alloc[2e1b2a31b91974c5]::string::String>, fn() -> core[a373ad73a504971]::result::Result<(), alloc[2e1b2a31b91974c5]::string::String>>
[INFO] [stdout]   15:     0x5fcdecb9bb65 - test[aada8e7e76ba119b]::run_test::{closure#0}
[INFO] [stdout]   16:     0x5fcdecb95454 - std[617be2ca0a6fd877]::sys::backtrace::__rust_begin_short_backtrace::<test[aada8e7e76ba119b]::run_test::{closure#1}, ()>
[INFO] [stdout]   17:     0x5fcdecb9ebf2 - <std[617be2ca0a6fd877]::thread::lifecycle::spawn_unchecked<test[aada8e7e76ba119b]::run_test::{closure#1}, ()>::{closure#1} as core[a373ad73a504971]::ops::function::FnOnce<()>>::call_once::{shim:vtable#0}
[INFO] [stdout]   18:     0x5fcdecc1813f - <std[617be2ca0a6fd877]::sys::thread::unix::Thread>::new::thread_start
[INFO] [stdout]   19:     0x741a75d48dfa - <unknown>
[INFO] [stdout]   20:     0x741a75ddc3d4 - clone
[INFO] [stdout]   21:                0x0 - <unknown>
[INFO] [stdout] 
[INFO] [stdout] ---- write_to_stdout stdout ----
[INFO] [stdout] 
[INFO] [stdout] thread 'write_to_stdout' (2002) panicked at /rustc/e3feeb59cd1bdd011a2bfcc0747b55125d9b8527/library/core/src/ops/function.rs:250:5:
[INFO] [stdout] Unexpected failure.
[INFO] [stdout] code-1
[INFO] [stdout] stderr=``````
[INFO] [stdout] Error: Error opening dbz file at path \'/opt/rustwide/workdir/../../tests/data/test_data.mbo.dbz\'
[INFO] [stdout] 
[INFO] [stdout] Caused by:
[INFO] [stdout]     No such file or directory (os error 2)
[INFO] [stdout] ```
[INFO] [stdout] ```
[INFO] [stdout] command=`"/opt/rustwide/target/release/dbz" "/opt/rustwide/workdir/../../tests/data/test_data.mbo.dbz" "--csv"`
[INFO] [stdout] code=1
[INFO] [stdout] stdout=""
[INFO] [stdout] stderr=```
[INFO] [stdout] Error: Error opening dbz file at path \'/opt/rustwide/workdir/../../tests/data/test_data.mbo.dbz\'
[INFO] [stdout] 
[INFO] [stdout] Caused by:
[INFO] [stdout]     No such file or directory (os error 2)
[INFO] [stdout] ```
[INFO] [stdout] 
[INFO] [stdout] 
[INFO] [stdout] stack backtrace:
[INFO] [stdout]    0:     0x5fcdecc18fd1 - <<std[617be2ca0a6fd877]::sys::backtrace::BacktraceLock>::print::DisplayBacktrace as core[a373ad73a504971]::fmt::Display>::fmt
[INFO] [stdout]    1:     0x5fcdecc2f6fa - core[a373ad73a504971]::fmt::write
[INFO] [stdout]    2:     0x5fcdecc1ea9c - <alloc[2e1b2a31b91974c5]::vec::Vec<u8> as core[a373ad73a504971]::io::write::Write>::write_fmt
[INFO] [stdout]    3:     0x5fcdecbf31f6 - std[617be2ca0a6fd877]::panicking::default_hook::{closure#0}
[INFO] [stdout]    4:     0x5fcdecc10779 - std[617be2ca0a6fd877]::panicking::default_hook
[INFO] [stdout]    5:     0x5fcdecb9b540 - test[aada8e7e76ba119b]::test_main_inner::{closure#0}
[INFO] [stdout]    6:     0x5fcdecc10932 - std[617be2ca0a6fd877]::panicking::panic_with_hook
[INFO] [stdout]    7:     0x5fcdecbf32a2 - std[617be2ca0a6fd877]::panicking::panic_handler::{closure#0}
[INFO] [stdout]    8:     0x5fcdecbebd09 - std[617be2ca0a6fd877]::sys::backtrace::__rust_end_short_backtrace::<std[617be2ca0a6fd877]::panicking::panic_handler::{closure#0}, !>
[INFO] [stdout]    9:     0x5fcdecbf3ead - __rustc[ea4f61d10b84890b]::rust_begin_unwind
[INFO] [stdout]   10:     0x5fcdecc2fe2c - core[a373ad73a504971]::panicking::panic_fmt
[INFO] [stdout]   11:     0x5fcdecbd33b3 - <assert_cmd[66e0d5f999c3f838]::assert::AssertError>::panic::<assert_cmd[66e0d5f999c3f838]::assert::Assert>
[INFO] [stdout]   12:     0x5fcdecbd3f06 - <assert_cmd[66e0d5f999c3f838]::assert::Assert>::success
[INFO] [stdout]   13:     0x5fcdecb87628 - <integration_tests[8a990942616d50df]::write_to_stdout::{closure#0} as core[a373ad73a504971]::ops::function::FnOnce<()>>::call_once
[INFO] [stdout]   14:     0x5fcdecb8e98b - test[aada8e7e76ba119b]::__rust_begin_short_backtrace::<core[a373ad73a504971]::result::Result<(), alloc[2e1b2a31b91974c5]::string::String>, fn() -> core[a373ad73a504971]::result::Result<(), alloc[2e1b2a31b91974c5]::string::String>>
[INFO] [stdout]   15:     0x5fcdecb9bb65 - test[aada8e7e76ba119b]::run_test::{closure#0}
[INFO] [stdout]   16:     0x5fcdecb95454 - std[617be2ca0a6fd877]::sys::backtrace::__rust_begin_short_backtrace::<test[aada8e7e76ba119b]::run_test::{closure#1}, ()>
[INFO] [stdout]   17:     0x5fcdecb9ebf2 - <std[617be2ca0a6fd877]::thread::lifecycle::spawn_unchecked<test[aada8e7e76ba119b]::run_test::{closure#1}, ()>::{closure#1} as core[a373ad73a504971]::ops::function::FnOnce<()>>::call_once::{shim:vtable#0}
[INFO] [stdout]   18:     0x5fcdecc1813f - <std[617be2ca0a6fd877]::sys::thread::unix::Thread>::new::thread_start
[INFO] [stdout]   19:     0x741a75d48dfa - <unknown>
[INFO] [stdout]   20:     0x741a75ddc3d4 - clone
[INFO] [stdout]   21:                0x0 - <unknown>
[INFO] [stdout] 
[INFO] [stdout] ---- write_to_nonexistent_path stdout ----
[INFO] [stdout] 
[INFO] [stdout] thread 'write_to_nonexistent_path' (2001) panicked at /rustc/e3feeb59cd1bdd011a2bfcc0747b55125d9b8527/library/core/src/ops/function.rs:250:5:
[INFO] [stdout] Unexpected stderr, failed var.contains(Unable to open output file './a/b/c/d/e')
[INFO] [stdout] ├── var: Error: Error opening dbz file at path '/opt/rustwide/workdir/../../tests/data/test_data.mbo.dbz'
[INFO] [stdout] │   
[INFO] [stdout] │   Caused by:
[INFO] [stdout] │       No such file or directory (os error 2)
[INFO] [stdout] └── var as str: Error: Error opening dbz file at path '/opt/rustwide/workdir/../../tests/data/test_data.mbo.dbz'
[INFO] [stdout]     
[INFO] [stdout]     Caused by:
[INFO] [stdout]         No such file or directory (os error 2)
[INFO] [stdout] 
[INFO] [stdout] command=`"/opt/rustwide/target/release/dbz" "/opt/rustwide/workdir/../../tests/data/test_data.mbo.dbz" "--output" "./a/b/c/d/e" "-C"`
[INFO] [stdout] code=1
[INFO] [stdout] stdout=""
[INFO] [stdout] stderr=```
[INFO] [stdout] Error: Error opening dbz file at path \'/opt/rustwide/workdir/../../tests/data/test_data.mbo.dbz\'
[INFO] [stdout] 
[INFO] [stdout] Caused by:
[INFO] [stdout]     No such file or directory (os error 2)
[INFO] [stdout] ```
[INFO] [stdout] 
[INFO] [stdout] 
[INFO] [stdout] stack backtrace:
[INFO] [stdout]    0:     0x5fcdecc18fd1 - <<std[617be2ca0a6fd877]::sys::backtrace::BacktraceLock>::print::DisplayBacktrace as core[a373ad73a504971]::fmt::Display>::fmt
[INFO] [stdout]    1:     0x5fcdecc2f6fa - core[a373ad73a504971]::fmt::write
[INFO] [stdout]    2:     0x5fcdecc1ea9c - <alloc[2e1b2a31b91974c5]::vec::Vec<u8> as core[a373ad73a504971]::io::write::Write>::write_fmt
[INFO] [stdout]    3:     0x5fcdecbf31f6 - std[617be2ca0a6fd877]::panicking::default_hook::{closure#0}
[INFO] [stdout]    4:     0x5fcdecc10779 - std[617be2ca0a6fd877]::panicking::default_hook
[INFO] [stdout]    5:     0x5fcdecb9b540 - test[aada8e7e76ba119b]::test_main_inner::{closure#0}
[INFO] [stdout]    6:     0x5fcdecc10932 - std[617be2ca0a6fd877]::panicking::panic_with_hook
[INFO] [stdout]    7:     0x5fcdecbf32a2 - std[617be2ca0a6fd877]::panicking::panic_handler::{closure#0}
[INFO] [stdout]    8:     0x5fcdecbebd09 - std[617be2ca0a6fd877]::sys::backtrace::__rust_end_short_backtrace::<std[617be2ca0a6fd877]::panicking::panic_handler::{closure#0}, !>
[INFO] [stdout]    9:     0x5fcdecbf3ead - __rustc[ea4f61d10b84890b]::rust_begin_unwind
[INFO] [stdout]   10:     0x5fcdecc2fe2c - core[a373ad73a504971]::panicking::panic_fmt
[INFO] [stdout]   11:     0x5fcdecb8c034 - <assert_cmd[66e0d5f999c3f838]::assert::AssertError>::panic::<assert_cmd[66e0d5f999c3f838]::assert::Assert>
[INFO] [stdout]   12:     0x5fcdecb892f1 - <integration_tests[8a990942616d50df]::write_to_nonexistent_path::{closure#0} as core[a373ad73a504971]::ops::function::FnOnce<()>>::call_once
[INFO] [stdout]   13:     0x5fcdecb8e98b - test[aada8e7e76ba119b]::__rust_begin_short_backtrace::<core[a373ad73a504971]::result::Result<(), alloc[2e1b2a31b91974c5]::string::String>, fn() -> core[a373ad73a504971]::result::Result<(), alloc[2e1b2a31b91974c5]::string::String>>
[INFO] [stdout]   14:     0x5fcdecb9bb65 - test[aada8e7e76ba119b]::run_test::{closure#0}
[INFO] [stdout]   15:     0x5fcdecb95454 - std[617be2ca0a6fd877]::sys::backtrace::__rust_begin_short_backtrace::<test[aada8e7e76ba119b]::run_test::{closure#1}, ()>
[INFO] [stdout]   16:     0x5fcdecb9ebf2 - <std[617be2ca0a6fd877]::thread::lifecycle::spawn_unchecked<test[aada8e7e76ba119b]::run_test::{closure#1}, ()>::{closure#1} as core[a373ad73a504971]::ops::function::FnOnce<()>>::call_once::{shim:vtable#0}
[INFO] [stdout]   17:     0x5fcdecc1813f - <std[617be2ca0a6fd877]::sys::thread::unix::Thread>::new::thread_start
[INFO] [stdout]   18:     0x741a75d48dfa - <unknown>
[INFO] [stdout]   19:     0x741a75ddc3d4 - clone
[INFO] [stdout]   20:                0x0 - <unknown>
[INFO] [stdout] 
[INFO] [stdout] ---- overwrite_fails stdout ----
[INFO] [stdout] 
[INFO] [stdout] thread 'overwrite_fails' (1993) panicked at /rustc/e3feeb59cd1bdd011a2bfcc0747b55125d9b8527/library/core/src/ops/function.rs:250:5:
[INFO] [stdout] Unexpected stderr, failed var.contains(Output file exists)
[INFO] [stdout] ├── var: Error: Error opening dbz file at path '/opt/rustwide/workdir/../../tests/data/test_data.mbo.dbz'
[INFO] [stdout] │   
[INFO] [stdout] │   Caused by:
[INFO] [stdout] │       No such file or directory (os error 2)
[INFO] [stdout] └── var as str: Error: Error opening dbz file at path '/opt/rustwide/workdir/../../tests/data/test_data.mbo.dbz'
[INFO] [stdout]     
[INFO] [stdout]     Caused by:
[INFO] [stdout]         No such file or directory (os error 2)
[INFO] [stdout] 
[INFO] [stdout] command=`"/opt/rustwide/target/release/dbz" "/opt/rustwide/workdir/../../tests/data/test_data.mbo.dbz" "--output" "/tmp/.tmpHQU88o" "--csv"`
[INFO] [stdout] code=1
[INFO] [stdout] stdout=""
[INFO] [stdout] stderr=```
[INFO] [stdout] Error: Error opening dbz file at path \'/opt/rustwide/workdir/../../tests/data/test_data.mbo.dbz\'
[INFO] [stdout] 
[INFO] [stdout] Caused by:
[INFO] [stdout]     No such file or directory (os error 2)
[INFO] [stdout] ```
[INFO] [stdout] 
[INFO] [stdout] 
[INFO] [stdout] stack backtrace:
[INFO] [stdout]    0:     0x5fcdecc18fd1 - <<std[617be2ca0a6fd877]::sys::backtrace::BacktraceLock>::print::DisplayBacktrace as core[a373ad73a504971]::fmt::Display>::fmt
[INFO] [stdout]    1:     0x5fcdecc2f6fa - core[a373ad73a504971]::fmt::write
[INFO] [stdout]    2:     0x5fcdecc1ea9c - <alloc[2e1b2a31b91974c5]::vec::Vec<u8> as core[a373ad73a504971]::io::write::Write>::write_fmt
[INFO] [stdout]    3:     0x5fcdecbf31f6 - std[617be2ca0a6fd877]::panicking::default_hook::{closure#0}
[INFO] [stdout]    4:     0x5fcdecc10779 - std[617be2ca0a6fd877]::panicking::default_hook
[INFO] [stdout]    5:     0x5fcdecb9b540 - test[aada8e7e76ba119b]::test_main_inner::{closure#0}
[INFO] [stdout]    6:     0x5fcdecc10932 - std[617be2ca0a6fd877]::panicking::panic_with_hook
[INFO] [stdout]    7:     0x5fcdecbf32a2 - std[617be2ca0a6fd877]::panicking::panic_handler::{closure#0}
[INFO] [stdout]    8:     0x5fcdecbebd09 - std[617be2ca0a6fd877]::sys::backtrace::__rust_end_short_backtrace::<std[617be2ca0a6fd877]::panicking::panic_handler::{closure#0}, !>
[INFO] [stdout]    9:     0x5fcdecbf3ead - __rustc[ea4f61d10b84890b]::rust_begin_unwind
[INFO] [stdout]   10:     0x5fcdecc2fe2c - core[a373ad73a504971]::panicking::panic_fmt
[INFO] [stdout]   11:     0x5fcdecb8c034 - <assert_cmd[66e0d5f999c3f838]::assert::AssertError>::panic::<assert_cmd[66e0d5f999c3f838]::assert::Assert>
[INFO] [stdout]   12:     0x5fcdecb86dad - <integration_tests[8a990942616d50df]::overwrite_fails::{closure#0} as core[a373ad73a504971]::ops::function::FnOnce<()>>::call_once
[INFO] [stdout]   13:     0x5fcdecb8e98b - test[aada8e7e76ba119b]::__rust_begin_short_backtrace::<core[a373ad73a504971]::result::Result<(), alloc[2e1b2a31b91974c5]::string::String>, fn() -> core[a373ad73a504971]::result::Result<(), alloc[2e1b2a31b91974c5]::string::String>>
[INFO] [stdout]   14:     0x5fcdecb9bb65 - test[aada8e7e76ba119b]::run_test::{closure#0}
[INFO] [stdout]   15:     0x5fcdecb95454 - std[617be2ca0a6fd877]::sys::backtrace::__rust_begin_short_backtrace::<test[aada8e7e76ba119b]::run_test::{closure#1}, ()>
[INFO] [stdout]   16:     0x5fcdecb9ebf2 - <std[617be2ca0a6fd877]::thread::lifecycle::spawn_unchecked<test[aada8e7e76ba119b]::run_test::{closure#1}, ()>::{closure#1} as core[a373ad73a504971]::ops::function::FnOnce<()>>::call_once::{shim:vtable#0}
[INFO] [stdout]   17:     0x5fcdecc1813f - <std[617be2ca0a6fd877]::sys::thread::unix::Thread>::new::thread_start
[INFO] [stdout]   18:     0x741a75d48dfa - <unknown>
[INFO] [stdout]   19:     0x741a75ddc3d4 - clone
[INFO] [stdout]   20:                0x0 - <unknown>
[INFO] [stdout] 
[INFO] [stdout] ---- write_json_to_path stdout ----
[INFO] [stdout] 
[INFO] [stdout] thread 'write_json_to_path' (2000) panicked at /rustc/e3feeb59cd1bdd011a2bfcc0747b55125d9b8527/library/core/src/ops/function.rs:250:5:
[INFO] [stdout] Unexpected failure.
[INFO] [stdout] code-1
[INFO] [stdout] stderr=``````
[INFO] [stdout] Error: Error opening dbz file at path \'/opt/rustwide/workdir/../../tests/data/test_data.mbp-1.dbz\'
[INFO] [stdout] 
[INFO] [stdout] Caused by:
[INFO] [stdout]     No such file or directory (os error 2)
[INFO] [stdout] ```
[INFO] [stdout] ```
[INFO] [stdout] command=`"/opt/rustwide/target/release/dbz" "/opt/rustwide/workdir/../../tests/data/test_data.mbp-1.dbz" "--output" "/tmp/.tmpKlDzdg/a.json" "--json"`
[INFO] [stdout] code=1
[INFO] [stdout] stdout=""
[INFO] [stdout] stderr=```
[INFO] [stdout] Error: Error opening dbz file at path \'/opt/rustwide/workdir/../../tests/data/test_data.mbp-1.dbz\'
[INFO] [stdout] 
[INFO] [stdout] Caused by:
[INFO] [stdout]     No such file or directory (os error 2)
[INFO] [stdout] ```
[INFO] [stdout] 
[INFO] [stdout] 
[INFO] [stdout] stack backtrace:
[INFO] [stdout]    0:     0x5fcdecc18fd1 - <<std[617be2ca0a6fd877]::sys::backtrace::BacktraceLock>::print::DisplayBacktrace as core[a373ad73a504971]::fmt::Display>::fmt
[INFO] [stdout]    1:     0x5fcdecc2f6fa - core[a373ad73a504971]::fmt::write
[INFO] [stdout]    2:     0x5fcdecc1ea9c - <alloc[2e1b2a31b91974c5]::vec::Vec<u8> as core[a373ad73a504971]::io::write::Write>::write_fmt
[INFO] [stdout]    3:     0x5fcdecbf31f6 - std[617be2ca0a6fd877]::panicking::default_hook::{closure#0}
[INFO] [stdout]    4:     0x5fcdecc10779 - std[617be2ca0a6fd877]::panicking::default_hook
[INFO] [stdout]    5:     0x5fcdecb9b540 - test[aada8e7e76ba119b]::test_main_inner::{closure#0}
[INFO] [stdout]    6:     0x5fcdecc10932 - std[617be2ca0a6fd877]::panicking::panic_with_hook
[INFO] [stdout]    7:     0x5fcdecbf32a2 - std[617be2ca0a6fd877]::panicking::panic_handler::{closure#0}
[INFO] [stdout]    8:     0x5fcdecbebd09 - std[617be2ca0a6fd877]::sys::backtrace::__rust_end_short_backtrace::<std[617be2ca0a6fd877]::panicking::panic_handler::{closure#0}, !>
[INFO] [stdout]    9:     0x5fcdecbf3ead - __rustc[ea4f61d10b84890b]::rust_begin_unwind
[INFO] [stdout]   10:     0x5fcdecc2fe2c - core[a373ad73a504971]::panicking::panic_fmt
[INFO] [stdout]   11:     0x5fcdecbd33b3 - <assert_cmd[66e0d5f999c3f838]::assert::AssertError>::panic::<assert_cmd[66e0d5f999c3f838]::assert::Assert>
[INFO] [stdout]   12:     0x5fcdecbd3f06 - <assert_cmd[66e0d5f999c3f838]::assert::Assert>::success
[INFO] [stdout]   13:     0x5fcdecb8862d - <integration_tests[8a990942616d50df]::write_json_to_path::{closure#0} as core[a373ad73a504971]::ops::function::FnOnce<()>>::call_once
[INFO] [stdout]   14:     0x5fcdecb8e98b - test[aada8e7e76ba119b]::__rust_begin_short_backtrace::<core[a373ad73a504971]::result::Result<(), alloc[2e1b2a31b91974c5]::string::String>, fn() -> core[a373ad73a504971]::result::Result<(), alloc[2e1b2a31b91974c5]::string::String>>
[INFO] [stdout]   15:     0x5fcdecb9bb65 - test[aada8e7e76ba119b]::run_test::{closure#0}
[INFO] [stdout]   16:     0x5fcdecb95454 - std[617be2ca0a6fd877]::sys::backtrace::__rust_begin_short_backtrace::<test[aada8e7e76ba119b]::run_test::{closure#1}, ()>
[INFO] [stdout]   17:     0x5fcdecb9ebf2 - <std[617be2ca0a6fd877]::thread::lifecycle::spawn_unchecked<test[aada8e7e76ba119b]::run_test::{closure#1}, ()>::{closure#1} as core[a373ad73a504971]::ops::function::FnOnce<()>>::call_once::{shim:vtable#0}
[INFO] [stdout]   18:     0x5fcdecc1813f - <std[617be2ca0a6fd877]::sys::thread::unix::Thread>::new::thread_start
[INFO] [stdout]   19:     0x741a75d48dfa - <unknown>
[INFO] [stdout]   20:     0x741a75ddc3d4 - clone
[INFO] [stdout]   21:                0x0 - <unknown>
[INFO] [stdout] 
[INFO] [stdout] ---- pretty_print_data_metadata stdout ----
[INFO] [stdout] 
[INFO] [stdout] thread 'pretty_print_data_metadata' (1995) panicked at /rustc/e3feeb59cd1bdd011a2bfcc0747b55125d9b8527/library/core/src/ops/function.rs:250:5:
[INFO] [stdout] Unexpected stderr, failed var.is_empty()
[INFO] [stdout] ├── var: Error: Error opening dbz file at path '/opt/rustwide/workdir/../../tests/data/test_data.mbo.dbz'
[INFO] [stdout] │   
[INFO] [stdout] │   Caused by:
[INFO] [stdout] │       No such file or directory (os error 2)
[INFO] [stdout] └── var as str: Error: Error opening dbz file at path '/opt/rustwide/workdir/../../tests/data/test_data.mbo.dbz'
[INFO] [stdout]     
[INFO] [stdout]     Caused by:
[INFO] [stdout]         No such file or directory (os error 2)
[INFO] [stdout] 
[INFO] [stdout] command=`"/opt/rustwide/target/release/dbz" "/opt/rustwide/workdir/../../tests/data/test_data.mbo.dbz" "-J" "--metadata" "-p"`
[INFO] [stdout] code=1
[INFO] [stdout] stdout=""
[INFO] [stdout] stderr=```
[INFO] [stdout] Error: Error opening dbz file at path \'/opt/rustwide/workdir/../../tests/data/test_data.mbo.dbz\'
[INFO] [stdout] 
[INFO] [stdout] Caused by:
[INFO] [stdout]     No such file or directory (os error 2)
[INFO] [stdout] ```
[INFO] [stdout] 
[INFO] [stdout] 
[INFO] [stdout] stack backtrace:
[INFO] [stdout]    0:     0x5fcdecc18fd1 - <<std[617be2ca0a6fd877]::sys::backtrace::BacktraceLock>::print::DisplayBacktrace as core[a373ad73a504971]::fmt::Display>::fmt
[INFO] [stdout]    1:     0x5fcdecc2f6fa - core[a373ad73a504971]::fmt::write
[INFO] [stdout]    2:     0x5fcdecc1ea9c - <alloc[2e1b2a31b91974c5]::vec::Vec<u8> as core[a373ad73a504971]::io::write::Write>::write_fmt
[INFO] [stdout]    3:     0x5fcdecbf31f6 - std[617be2ca0a6fd877]::panicking::default_hook::{closure#0}
[INFO] [stdout]    4:     0x5fcdecc10779 - std[617be2ca0a6fd877]::panicking::default_hook
[INFO] [stdout]    5:     0x5fcdecb9b540 - test[aada8e7e76ba119b]::test_main_inner::{closure#0}
[INFO] [stdout]    6:     0x5fcdecc10932 - std[617be2ca0a6fd877]::panicking::panic_with_hook
[INFO] [stdout]    7:     0x5fcdecbf32a2 - std[617be2ca0a6fd877]::panicking::panic_handler::{closure#0}
[INFO] [stdout]    8:     0x5fcdecbebd09 - std[617be2ca0a6fd877]::sys::backtrace::__rust_end_short_backtrace::<std[617be2ca0a6fd877]::panicking::panic_handler::{closure#0}, !>
[INFO] [stdout]    9:     0x5fcdecbf3ead - __rustc[ea4f61d10b84890b]::rust_begin_unwind
[INFO] [stdout]   10:     0x5fcdecc2fe2c - core[a373ad73a504971]::panicking::panic_fmt
[INFO] [stdout]   11:     0x5fcdecb8c034 - <assert_cmd[66e0d5f999c3f838]::assert::AssertError>::panic::<assert_cmd[66e0d5f999c3f838]::assert::Assert>
[INFO] [stdout]   12:     0x5fcdecb89645 - <integration_tests[8a990942616d50df]::pretty_print_data_metadata::{closure#0} as core[a373ad73a504971]::ops::function::FnOnce<()>>::call_once
[INFO] [stdout]   13:     0x5fcdecb8e98b - test[aada8e7e76ba119b]::__rust_begin_short_backtrace::<core[a373ad73a504971]::result::Result<(), alloc[2e1b2a31b91974c5]::string::String>, fn() -> core[a373ad73a504971]::result::Result<(), alloc[2e1b2a31b91974c5]::string::String>>
[INFO] [stdout]   14:     0x5fcdecb9bb65 - test[aada8e7e76ba119b]::run_test::{closure#0}
[INFO] [stdout]   15:     0x5fcdecb95454 - std[617be2ca0a6fd877]::sys::backtrace::__rust_begin_short_backtrace::<test[aada8e7e76ba119b]::run_test::{closure#1}, ()>
[INFO] [stdout]   16:     0x5fcdecb9ebf2 - <std[617be2ca0a6fd877]::thread::lifecycle::spawn_unchecked<test[aada8e7e76ba119b]::run_test::{closure#1}, ()>::{closure#1} as core[a373ad73a504971]::ops::function::FnOnce<()>>::call_once::{shim:vtable#0}
[INFO] [stdout]   17:     0x5fcdecc1813f - <std[617be2ca0a6fd877]::sys::thread::unix::Thread>::new::thread_start
[INFO] [stdout]   18:     0x741a75d48dfa - <unknown>
[INFO] [stdout]   19:     0x741a75ddc3d4 - clone
[INFO] [stdout]   20:                0x0 - <unknown>
[INFO] [stdout] 
[INFO] [stdout] ---- encoding_overrides_extension stdout ----
[INFO] [stdout] 
[INFO] [stdout] thread 'encoding_overrides_extension' (1975) panicked at /rustc/e3feeb59cd1bdd011a2bfcc0747b55125d9b8527/library/core/src/ops/function.rs:250:5:
[INFO] [stdout] Unexpected failure.
[INFO] [stdout] code-1
[INFO] [stdout] stderr=``````
[INFO] [stdout] Error: Error opening dbz file at path \'/opt/rustwide/workdir/../../tests/data/test_data.mbp-1.dbz\'
[INFO] [stdout] 
[INFO] [stdout] Caused by:
[INFO] [stdout]     No such file or directory (os error 2)
[INFO] [stdout] ```
[INFO] [stdout] ```
[INFO] [stdout] command=`"/opt/rustwide/target/release/dbz" "/opt/rustwide/workdir/../../tests/data/test_data.mbp-1.dbz" "--output" "/tmp/.tmpVRqgoM/a.csv" "-J"`
[INFO] [stdout] code=1
[INFO] [stdout] stdout=""
[INFO] [stdout] stderr=```
[INFO] [stdout] Error: Error opening dbz file at path \'/opt/rustwide/workdir/../../tests/data/test_data.mbp-1.dbz\'
[INFO] [stdout] 
[INFO] [stdout] Caused by:
[INFO] [stdout]     No such file or directory (os error 2)
[INFO] [stdout] ```
[INFO] [stdout] 
[INFO] [stdout] 
[INFO] [stdout] stack backtrace:
[INFO] [stdout]    0:     0x5fcdecc18fd1 - <<std[617be2ca0a6fd877]::sys::backtrace::BacktraceLock>::print::DisplayBacktrace as core[a373ad73a504971]::fmt::Display>::fmt
[INFO] [stdout]    1:     0x5fcdecc2f6fa - core[a373ad73a504971]::fmt::write
[INFO] [stdout]    2:     0x5fcdecc1ea9c - <alloc[2e1b2a31b91974c5]::vec::Vec<u8> as core[a373ad73a504971]::io::write::Write>::write_fmt
[INFO] [stdout]    3:     0x5fcdecbf31f6 - std[617be2ca0a6fd877]::panicking::default_hook::{closure#0}
[INFO] [stdout]    4:     0x5fcdecc10779 - std[617be2ca0a6fd877]::panicking::default_hook
[INFO] [stdout]    5:     0x5fcdecb9b540 - test[aada8e7e76ba119b]::test_main_inner::{closure#0}
[INFO] [stdout]    6:     0x5fcdecc10932 - std[617be2ca0a6fd877]::panicking::panic_with_hook
[INFO] [stdout]    7:     0x5fcdecbf32a2 - std[617be2ca0a6fd877]::panicking::panic_handler::{closure#0}
[INFO] [stdout]    8:     0x5fcdecbebd09 - std[617be2ca0a6fd877]::sys::backtrace::__rust_end_short_backtrace::<std[617be2ca0a6fd877]::panicking::panic_handler::{closure#0}, !>
[INFO] [stdout]    9:     0x5fcdecbf3ead - __rustc[ea4f61d10b84890b]::rust_begin_unwind
[INFO] [stdout]   10:     0x5fcdecc2fe2c - core[a373ad73a504971]::panicking::panic_fmt
[INFO] [stdout]   11:     0x5fcdecbd33b3 - <assert_cmd[66e0d5f999c3f838]::assert::AssertError>::panic::<assert_cmd[66e0d5f999c3f838]::assert::Assert>
[INFO] [stdout]   12:     0x5fcdecbd3f06 - <assert_cmd[66e0d5f999c3f838]::assert::Assert>::success
[INFO] [stdout]   13:     0x5fcdecb89f3d - <integration_tests[8a990942616d50df]::encoding_overrides_extension::{closure#0} as core[a373ad73a504971]::ops::function::FnOnce<()>>::call_once
[INFO] [stdout]   14:     0x5fcdecb8e98b - test[aada8e7e76ba119b]::__rust_begin_short_backtrace::<core[a373ad73a504971]::result::Result<(), alloc[2e1b2a31b91974c5]::string::String>, fn() -> core[a373ad73a504971]::result::Result<(), alloc[2e1b2a31b91974c5]::string::String>>
[INFO] [stdout]   15:     0x5fcdecb9bb65 - test[aada8e7e76ba119b]::run_test::{closure#0}
[INFO] [stdout]   16:     0x5fcdecb95454 - std[617be2ca0a6fd877]::sys::backtrace::__rust_begin_short_backtrace::<test[aada8e7e76ba119b]::run_test::{closure#1}, ()>
[INFO] [stderr] error: test failed, to rerun pass `--test integration_tests`
[INFO] [stdout]   17:     0x5fcdecb9ebf2 - <std[617be2ca0a6fd877]::thread::lifecycle::spawn_unchecked<test[aada8e7e76ba119b]::run_test::{closure#1}, ()>::{closure#1} as core[a373ad73a504971]::ops::function::FnOnce<()>>::call_once::{shim:vtable#0}
[INFO] [stdout]   18:     0x5fcdecc1813f - <std[617be2ca0a6fd877]::sys::thread::unix::Thread>::new::thread_start
[INFO] [stdout]   19:     0x741a75d48dfa - <unknown>
[INFO] [stdout]   20:     0x741a75ddc3d4 - clone
[INFO] [stdout]   21:                0x0 - <unknown>
[INFO] [stdout] 
[INFO] [stdout] ---- no_csv_metadata stdout ----
[INFO] [stdout] 
[INFO] [stdout] thread 'no_csv_metadata' (1979) panicked at /rustc/e3feeb59cd1bdd011a2bfcc0747b55125d9b8527/library/core/src/ops/function.rs:250:5:
[INFO] [stdout] Unexpected stderr, failed var.contains(unsupported)
[INFO] [stdout] ├── var: Error: Error opening dbz file at path '/opt/rustwide/workdir/../../tests/data/test_data.ohlcv-1m.dbz'
[INFO] [stdout] │   
[INFO] [stdout] │   Caused by:
[INFO] [stdout] │       No such file or directory (os error 2)
[INFO] [stdout] └── var as str: Error: Error opening dbz file at path '/opt/rustwide/workdir/../../tests/data/test_data.ohlcv-1m.dbz'
[INFO] [stdout]     
[INFO] [stdout]     Caused by:
[INFO] [stdout]         No such file or directory (os error 2)
[INFO] [stdout] 
[INFO] [stdout] command=`"/opt/rustwide/target/release/dbz" "/opt/rustwide/workdir/../../tests/data/test_data.ohlcv-1m.dbz" "--csv" "-m"`
[INFO] [stdout] code=1
[INFO] [stdout] stdout=""
[INFO] [stdout] stderr=```
[INFO] [stdout] Error: Error opening dbz file at path \'/opt/rustwide/workdir/../../tests/data/test_data.ohlcv-1m.dbz\'
[INFO] [stdout] 
[INFO] [stdout] Caused by:
[INFO] [stdout]     No such file or directory (os error 2)
[INFO] [stdout] ```
[INFO] [stdout] 
[INFO] [stdout] 
[INFO] [stdout] stack backtrace:
[INFO] [stdout]    0:     0x5fcdecc18fd1 - <<std[617be2ca0a6fd877]::sys::backtrace::BacktraceLock>::print::DisplayBacktrace as core[a373ad73a504971]::fmt::Display>::fmt
[INFO] [stdout]    1:     0x5fcdecc2f6fa - core[a373ad73a504971]::fmt::write
[INFO] [stdout]    2:     0x5fcdecc1ea9c - <alloc[2e1b2a31b91974c5]::vec::Vec<u8> as core[a373ad73a504971]::io::write::Write>::write_fmt
[INFO] [stdout]    3:     0x5fcdecbf31f6 - std[617be2ca0a6fd877]::panicking::default_hook::{closure#0}
[INFO] [stdout]    4:     0x5fcdecc10779 - std[617be2ca0a6fd877]::panicking::default_hook
[INFO] [stdout]    5:     0x5fcdecb9b540 - test[aada8e7e76ba119b]::test_main_inner::{closure#0}
[INFO] [stdout]    6:     0x5fcdecc10932 - std[617be2ca0a6fd877]::panicking::panic_with_hook
[INFO] [stdout]    7:     0x5fcdecbf32a2 - std[617be2ca0a6fd877]::panicking::panic_handler::{closure#0}
[INFO] [stdout]    8:     0x5fcdecbebd09 - std[617be2ca0a6fd877]::sys::backtrace::__rust_end_short_backtrace::<std[617be2ca0a6fd877]::panicking::panic_handler::{closure#0}, !>
[INFO] [stdout]    9:     0x5fcdecbf3ead - __rustc[ea4f61d10b84890b]::rust_begin_unwind
[INFO] [stdout]   10:     0x5fcdecc2fe2c - core[a373ad73a504971]::panicking::panic_fmt
[INFO] [stdout]   11:     0x5fcdecb8c034 - <assert_cmd[66e0d5f999c3f838]::assert::AssertError>::panic::<assert_cmd[66e0d5f999c3f838]::assert::Assert>
[INFO] [stdout]   12:     0x5fcdecb868f1 - <integration_tests[8a990942616d50df]::no_csv_metadata::{closure#0} as core[a373ad73a504971]::ops::function::FnOnce<()>>::call_once
[INFO] [stdout]   13:     0x5fcdecb8e98b - test[aada8e7e76ba119b]::__rust_begin_short_backtrace::<core[a373ad73a504971]::result::Result<(), alloc[2e1b2a31b91974c5]::string::String>, fn() -> core[a373ad73a504971]::result::Result<(), alloc[2e1b2a31b91974c5]::string::String>>
[INFO] [stdout]   14:     0x5fcdecb9bb65 - test[aada8e7e76ba119b]::run_test::{closure#0}
[INFO] [stdout]   15:     0x5fcdecb95454 - std[617be2ca0a6fd877]::sys::backtrace::__rust_begin_short_backtrace::<test[aada8e7e76ba119b]::run_test::{closure#1}, ()>
[INFO] [stdout]   16:     0x5fcdecb9ebf2 - <std[617be2ca0a6fd877]::thread::lifecycle::spawn_unchecked<test[aada8e7e76ba119b]::run_test::{closure#1}, ()>::{closure#1} as core[a373ad73a504971]::ops::function::FnOnce<()>>::call_once::{shim:vtable#0}
[INFO] [stdout]   17:     0x5fcdecc1813f - <std[617be2ca0a6fd877]::sys::thread::unix::Thread>::new::thread_start
[INFO] [stdout]   18:     0x741a75d48dfa - <unknown>
[INFO] [stdout]   19:     0x741a75ddc3d4 - clone
[INFO] [stdout]   20:                0x0 - <unknown>
[INFO] [stdout] 
[INFO] [stdout] ---- write_csv stdout ----
[INFO] [stdout] 
[INFO] [stdout] thread 'write_csv' (1999) panicked at /rustc/e3feeb59cd1bdd011a2bfcc0747b55125d9b8527/library/core/src/ops/function.rs:250:5:
[INFO] [stdout] Unexpected failure.
[INFO] [stdout] code-1
[INFO] [stdout] stderr=``````
[INFO] [stdout] Error: Error opening dbz file at path \'/opt/rustwide/workdir/../../tests/data/test_data.mbp-1.dbz\'
[INFO] [stdout] 
[INFO] [stdout] Caused by:
[INFO] [stdout]     No such file or directory (os error 2)
[INFO] [stdout] ```
[INFO] [stdout] ```
[INFO] [stdout] command=`"/opt/rustwide/target/release/dbz" "/opt/rustwide/workdir/../../tests/data/test_data.mbp-1.dbz" "--output" "/tmp/.tmpYTNiU6/a.json" "--csv"`
[INFO] [stdout] code=1
[INFO] [stdout] stdout=""
[INFO] [stdout] stderr=```
[INFO] [stdout] Error: Error opening dbz file at path \'/opt/rustwide/workdir/../../tests/data/test_data.mbp-1.dbz\'
[INFO] [stdout] 
[INFO] [stdout] Caused by:
[INFO] [stdout]     No such file or directory (os error 2)
[INFO] [stdout] ```
[INFO] [stdout] 
[INFO] [stdout] 
[INFO] [stdout] stack backtrace:
[INFO] [stdout]    0:     0x5fcdecc18fd1 - <<std[617be2ca0a6fd877]::sys::backtrace::BacktraceLock>::print::DisplayBacktrace as core[a373ad73a504971]::fmt::Display>::fmt
[INFO] [stdout]    1:     0x5fcdecc2f6fa - core[a373ad73a504971]::fmt::write
[INFO] [stdout]    2:     0x5fcdecc1ea9c - <alloc[2e1b2a31b91974c5]::vec::Vec<u8> as core[a373ad73a504971]::io::write::Write>::write_fmt
[INFO] [stdout]    3:     0x5fcdecbf31f6 - std[617be2ca0a6fd877]::panicking::default_hook::{closure#0}
[INFO] [stdout]    4:     0x5fcdecc10779 - std[617be2ca0a6fd877]::panicking::default_hook
[INFO] [stdout]    5:     0x5fcdecb9b540 - test[aada8e7e76ba119b]::test_main_inner::{closure#0}
[INFO] [stdout]    6:     0x5fcdecc10932 - std[617be2ca0a6fd877]::panicking::panic_with_hook
[INFO] [stdout]    7:     0x5fcdecbf32a2 - std[617be2ca0a6fd877]::panicking::panic_handler::{closure#0}
[INFO] [stdout]    8:     0x5fcdecbebd09 - std[617be2ca0a6fd877]::sys::backtrace::__rust_end_short_backtrace::<std[617be2ca0a6fd877]::panicking::panic_handler::{closure#0}, !>
[INFO] [stdout]    9:     0x5fcdecbf3ead - __rustc[ea4f61d10b84890b]::rust_begin_unwind
[INFO] [stdout]   10:     0x5fcdecc2fe2c - core[a373ad73a504971]::panicking::panic_fmt
[INFO] [stdout]   11:     0x5fcdecbd33b3 - <assert_cmd[66e0d5f999c3f838]::assert::AssertError>::panic::<assert_cmd[66e0d5f999c3f838]::assert::Assert>
[INFO] [stdout]   12:     0x5fcdecbd3f06 - <assert_cmd[66e0d5f999c3f838]::assert::Assert>::success
[INFO] [stdout]   13:     0x5fcdecb8b85d - <integration_tests[8a990942616d50df]::write_csv::{closure#0} as core[a373ad73a504971]::ops::function::FnOnce<()>>::call_once
[INFO] [stdout]   14:     0x5fcdecb8e98b - test[aada8e7e76ba119b]::__rust_begin_short_backtrace::<core[a373ad73a504971]::result::Result<(), alloc[2e1b2a31b91974c5]::string::String>, fn() -> core[a373ad73a504971]::result::Result<(), alloc[2e1b2a31b91974c5]::string::String>>
[INFO] [stdout]   15:     0x5fcdecb9bb65 - test[aada8e7e76ba119b]::run_test::{closure#0}
[INFO] [stdout]   16:     0x5fcdecb95454 - std[617be2ca0a6fd877]::sys::backtrace::__rust_begin_short_backtrace::<test[aada8e7e76ba119b]::run_test::{closure#1}, ()>
[INFO] [stdout]   17:     0x5fcdecb9ebf2 - <std[617be2ca0a6fd877]::thread::lifecycle::spawn_unchecked<test[aada8e7e76ba119b]::run_test::{closure#1}, ()>::{closure#1} as core[a373ad73a504971]::ops::function::FnOnce<()>>::call_once::{shim:vtable#0}
[INFO] [stdout]   18:     0x5fcdecc1813f - <std[617be2ca0a6fd877]::sys::thread::unix::Thread>::new::thread_start
[INFO] [stdout]   19:     0x741a75d48dfa - <unknown>
[INFO] [stdout]   20:     0x741a75ddc3d4 - clone
[INFO] [stdout]   21:                0x0 - <unknown>
[INFO] [stdout] 
[INFO] [stdout] 
[INFO] [stdout] failures:
[INFO] [stdout]     bad_infer
[INFO] [stdout]     encoding_overrides_extension
[INFO] [stdout]     force_overwrite
[INFO] [stdout]     metadata
[INFO] [stdout]     no_csv_metadata
[INFO] [stdout]     no_extension_infer
[INFO] [stdout]     overwrite_fails
[INFO] [stdout]     pretty_print_data
[INFO] [stdout]     pretty_print_data_metadata
[INFO] [stdout]     read_from_stdin
[INFO] [stdout]     write_csv
[INFO] [stdout]     write_json_to_path
[INFO] [stdout]     write_to_nonexistent_path
[INFO] [stdout]     write_to_stdout
[INFO] [stdout] 
[INFO] [stdout] test result: FAILED. 4 passed; 14 failed; 0 ignored; 0 measured; 0 filtered out; finished in 0.03s
[INFO] [stdout] 
[INFO] running `Command { std: "docker" "inspect" "c0275c54996e8c45539cae024716a64320cd05a2b596d5b2c929180816fbbbcb", kill_on_drop: false }`
[INFO] running `Command { std: "docker" "rm" "-f" "c0275c54996e8c45539cae024716a64320cd05a2b596d5b2c929180816fbbbcb", kill_on_drop: false }`
[INFO] [stdout] c0275c54996e8c45539cae024716a64320cd05a2b596d5b2c929180816fbbbcb
