[INFO] fetching crate dbus-secret-service 4.1.0...
[INFO] testing dbus-secret-service-4.1.0 against 1.100.0-beta.1+cargoflags=--release for beta-release-1.100-2
[INFO] extracting crate dbus-secret-service 4.1.0 into /workspace/builds/worker-4-tc2/source
[INFO] started tweaking crates.io crate dbus-secret-service 4.1.0
[INFO] removed 0 missing examples
[INFO] finished tweaking crates.io crate dbus-secret-service 4.1.0
[INFO] tweaked toml for crates.io crate dbus-secret-service 4.1.0 written to /workspace/builds/worker-4-tc2/source/Cargo.toml
[INFO] validating manifest of crates.io crate dbus-secret-service 4.1.0 on toolchain 1.100.0-beta.1
[INFO] running `Command { std: CARGO_HOME="/workspace/cargo-home" RUSTUP_HOME="/workspace/rustup-home" "/workspace/cargo-home/bin/cargo" "+1.100.0-beta.1" "metadata" "--manifest-path" "Cargo.toml" "--no-deps", kill_on_drop: false }`
[INFO] crate crates.io crate dbus-secret-service 4.1.0 already has a lockfile, it will not be regenerated
[INFO] running `Command { std: CARGO_HOME="/workspace/cargo-home" RUSTUP_HOME="/workspace/rustup-home" "/workspace/cargo-home/bin/cargo" "+1.100.0-beta.1" "fetch" "--manifest-path" "Cargo.toml", kill_on_drop: false }`
[INFO] running `Command { std: "docker" "create" "-v" "/var/lib/crater-agent-workspace/builds/worker-4-tc2/source:/opt/rustwide/workdir:ro,Z" "-v" "/var/lib/crater-agent-workspace/builds/worker-4-tc2/target:/opt/rustwide/target:rw,Z" "-v" "/var/lib/crater-agent-workspace/cargo-home:/opt/rustwide/cargo-home:ro,Z" "-v" "/var/lib/crater-agent-workspace/rustup-home:/opt/rustwide/rustup-home:ro,Z" "-m" "1610612736" "--network" "none" "ghcr.io/rust-lang/crates-build-env/linux@sha256:77db811e55d90add9212f6832c23229e3de5f1c1f9905e8cb07319ea15df73ac" "sleep" "infinity", kill_on_drop: false }`
[INFO] [stdout] b4a6c2001ecc33ef0c22cee34610099588cf67c7040d5e46c70115d314e21d6e
[INFO] running `Command { std: "docker" "start" "b4a6c2001ecc33ef0c22cee34610099588cf67c7040d5e46c70115d314e21d6e", kill_on_drop: false }`
[INFO] running `Command { std: "docker" "inspect" "b4a6c2001ecc33ef0c22cee34610099588cf67c7040d5e46c70115d314e21d6e", kill_on_drop: false }`
[INFO] running `Command { std: "docker" "exec" "-e" "SOURCE_DIR=/opt/rustwide/workdir" "-e" "CARGO_HOME=/opt/rustwide/cargo-home" "-e" "RUSTUP_HOME=/opt/rustwide/rustup-home" "-e" "CARGO_TARGET_DIR=/opt/rustwide/target" "-w" "/opt/rustwide/workdir" "--user" "0:0" "b4a6c2001ecc33ef0c22cee34610099588cf67c7040d5e46c70115d314e21d6e" "/opt/rustwide/cargo-home/bin/cargo" "+1.100.0-beta.1" "metadata" "--no-deps" "--format-version=1", kill_on_drop: false }`
[INFO] running `Command { std: "docker" "inspect" "b4a6c2001ecc33ef0c22cee34610099588cf67c7040d5e46c70115d314e21d6e", kill_on_drop: false }`
[INFO] running `Command { std: "docker" "exec" "-e" "SOURCE_DIR=/opt/rustwide/workdir" "-e" "CARGO_HOME=/opt/rustwide/cargo-home" "-e" "RUSTUP_HOME=/opt/rustwide/rustup-home" "-e" "CARGO_TARGET_DIR=/opt/rustwide/target" "-e" "CARGO_INCREMENTAL=0" "-e" "RUST_BACKTRACE=full" "-e" "RUSTFLAGS=--cap-lints=warn" "-e" "RUSTDOCFLAGS=--cap-lints=warn" "-w" "/opt/rustwide/workdir" "--user" "0:0" "b4a6c2001ecc33ef0c22cee34610099588cf67c7040d5e46c70115d314e21d6e" "/opt/rustwide/cargo-home/bin/cargo" "+1.100.0-beta.1" "build" "--frozen" "--message-format=json" "--release", kill_on_drop: false }`
[INFO] [stderr]    Compiling proc-macro2 v1.0.101
[INFO] [stderr]    Compiling unicode-ident v1.0.18
[INFO] [stderr]    Compiling libc v0.2.175
[INFO] [stderr]    Compiling libdbus-sys v0.2.6
[INFO] [stderr]    Compiling quote v1.0.40
[INFO] [stderr]    Compiling syn v2.0.106
[INFO] [stderr]    Compiling dbus v0.9.8
[INFO] [stderr]    Compiling zeroize_derive v1.4.2
[INFO] [stderr]    Compiling zeroize v1.8.1
[INFO] [stderr]    Compiling dbus-secret-service v4.1.0 (/opt/rustwide/workdir)
[INFO] [stdout] warning: unnecessary parentheses around type
[INFO] [stdout]   --> src/error.rs:16:20
[INFO] [stdout]    |
[INFO] [stdout] 16 |     Crypto(Box<dyn (error::Error) + Send + Sync>),
[INFO] [stdout]    |                    ^            ^
[INFO] [stdout]    |
[INFO] [stdout]    = note: `#[warn(unused_parens)]` (part of `#[warn(unused)]`) on by default
[INFO] [stdout] help: remove these parentheses
[INFO] [stdout]    |
[INFO] [stdout] 16 -     Crypto(Box<dyn (error::Error) + Send + Sync>),
[INFO] [stdout] 16 +     Crypto(Box<dyn error::Error + Send + Sync>),
[INFO] [stdout]    |
[INFO] [stdout] 
[INFO] [stdout] 
[INFO] [stderr]     Finished `release` profile [optimized] target(s) in 13.77s
[INFO] running `Command { std: "docker" "inspect" "b4a6c2001ecc33ef0c22cee34610099588cf67c7040d5e46c70115d314e21d6e", kill_on_drop: false }`
[INFO] running `Command { std: "docker" "exec" "-e" "SOURCE_DIR=/opt/rustwide/workdir" "-e" "CARGO_HOME=/opt/rustwide/cargo-home" "-e" "RUSTUP_HOME=/opt/rustwide/rustup-home" "-e" "CARGO_TARGET_DIR=/opt/rustwide/target" "-e" "CARGO_INCREMENTAL=0" "-e" "RUST_BACKTRACE=full" "-e" "RUSTFLAGS=--cap-lints=warn" "-e" "RUSTDOCFLAGS=--cap-lints=warn" "-w" "/opt/rustwide/workdir" "--user" "0:0" "b4a6c2001ecc33ef0c22cee34610099588cf67c7040d5e46c70115d314e21d6e" "/opt/rustwide/cargo-home/bin/cargo" "+1.100.0-beta.1" "test" "--frozen" "--no-run" "--message-format=json" "--release", kill_on_drop: false }`
[INFO] [stderr]    Compiling dbus-secret-service v4.1.0 (/opt/rustwide/workdir)
[INFO] [stdout] warning: unnecessary parentheses around type
[INFO] [stdout]   --> src/error.rs:16:20
[INFO] [stdout]    |
[INFO] [stdout] 16 |     Crypto(Box<dyn (error::Error) + Send + Sync>),
[INFO] [stdout]    |                    ^            ^
[INFO] [stdout]    |
[INFO] [stdout]    = note: `#[warn(unused_parens)]` (part of `#[warn(unused)]`) on by default
[INFO] [stdout] help: remove these parentheses
[INFO] [stdout]    |
[INFO] [stdout] 16 -     Crypto(Box<dyn (error::Error) + Send + Sync>),
[INFO] [stdout] 16 +     Crypto(Box<dyn error::Error + Send + Sync>),
[INFO] [stdout]    |
[INFO] [stdout] 
[INFO] [stdout] 
[INFO] [stdout] warning: unnecessary parentheses around type
[INFO] [stdout]   --> src/error.rs:16:20
[INFO] [stdout]    |
[INFO] [stdout] 16 |     Crypto(Box<dyn (error::Error) + Send + Sync>),
[INFO] [stdout]    |                    ^            ^
[INFO] [stdout]    |
[INFO] [stdout]    = note: `#[warn(unused_parens)]` (part of `#[warn(unused)]`) on by default
[INFO] [stdout] help: remove these parentheses
[INFO] [stdout]    |
[INFO] [stdout] 16 -     Crypto(Box<dyn (error::Error) + Send + Sync>),
[INFO] [stdout] 16 +     Crypto(Box<dyn error::Error + Send + Sync>),
[INFO] [stdout]    |
[INFO] [stdout] 
[INFO] [stdout] 
[INFO] [stderr]     Finished `release` profile [optimized] target(s) in 2.79s
[INFO] running `Command { std: "docker" "inspect" "b4a6c2001ecc33ef0c22cee34610099588cf67c7040d5e46c70115d314e21d6e", kill_on_drop: false }`
[INFO] running `Command { std: "docker" "exec" "-e" "SOURCE_DIR=/opt/rustwide/workdir" "-e" "CARGO_HOME=/opt/rustwide/cargo-home" "-e" "RUSTUP_HOME=/opt/rustwide/rustup-home" "-e" "CARGO_TARGET_DIR=/opt/rustwide/target" "-e" "CARGO_INCREMENTAL=0" "-e" "RUST_BACKTRACE=full" "-e" "RUSTFLAGS=--cap-lints=warn" "-e" "RUSTDOCFLAGS=--cap-lints=warn" "-w" "/opt/rustwide/workdir" "--user" "0:0" "b4a6c2001ecc33ef0c22cee34610099588cf67c7040d5e46c70115d314e21d6e" "/opt/rustwide/cargo-home/bin/cargo" "+1.100.0-beta.1" "test" "--frozen" "--release", kill_on_drop: false }`
[INFO] [stderr] warning: unnecessary parentheses around type
[INFO] [stderr]   --> src/error.rs:16:20
[INFO] [stderr]    |
[INFO] [stderr] 16 |     Crypto(Box<dyn (error::Error) + Send + Sync>),
[INFO] [stderr]    |                    ^            ^
[INFO] [stderr]    |
[INFO] [stderr]    = note: `#[warn(unused_parens)]` (part of `#[warn(unused)]`) on by default
[INFO] [stderr] help: remove these parentheses
[INFO] [stderr]    |
[INFO] [stderr] 16 -     Crypto(Box<dyn (error::Error) + Send + Sync>),
[INFO] [stderr] 16 +     Crypto(Box<dyn error::Error + Send + Sync>),
[INFO] [stderr]    |
[INFO] [stderr] 
[INFO] [stderr] warning: `dbus-secret-service` (lib) generated 1 warning (run `cargo fix --lib -p dbus-secret-service` to apply 1 suggestion)
[INFO] [stderr] warning: `dbus-secret-service` (lib test) generated 1 warning (1 duplicate)
[INFO] [stderr]     Finished `release` profile [optimized] target(s) in 0.03s
[INFO] [stderr]      Running unittests src/lib.rs (/opt/rustwide/target/release/build/dbus-secret-service/57408cb3534d3514/out/dbus_secret_service-57408cb3534d3514)
[INFO] [stdout] 
[INFO] [stdout] running 27 tests
[INFO] [stdout] test collection::test::should_delete_collection ... ignored
[INFO] [stdout] test collection::test::should_get_and_set_collection_label ... ignored
[INFO] [stdout] test collection::test::should_lock_and_unlock ... ignored
[INFO] [stdout] test item::test::should_lock_and_unlock ... ignored
[INFO] [stdout] test test::should_create_and_delete_collection ... ignored
[INFO] [stdout] test item::test::should_get_and_set_item_attributes ... FAILED
[INFO] [stdout] test item::test::should_create_and_delete_item ... FAILED
[INFO] [stdout] test test::should_create_secret_service ... FAILED
[INFO] [stdout] test test::should_get_default_collection ... FAILED
[INFO] [stdout] test test::should_lock_and_unlock ... ignored
[INFO] [stdout] test test::should_get_any_collection ... FAILED
[INFO] [stdout] test test::should_search_items ... FAILED
[INFO] [stdout] test test::should_get_all_collections ... FAILED
[INFO] [stdout] test collection::test::should_check_if_collection_locked ... FAILED
[INFO] [stdout] test item::test::should_get_modified_created_props ... FAILED
[INFO] [stdout] test collection::test::should_create_collection_struct ... FAILED
[INFO] [stdout] test collection::test::should_search_items ... FAILED
[INFO] [stdout] test item::test::should_check_if_item_locked ... FAILED
[INFO] [stdout] test item::test::should_set_secret ... FAILED
[INFO] [stdout] test item::test::should_create_and_get_secret ... FAILED
[INFO] [stdout] test item::test::should_create_with_item_attributes ... FAILED
[INFO] [stdout] test item::test::should_get_and_set_item_label ... FAILED
[INFO] [stdout] test collection::test::should_get_all_items ... FAILED
[INFO] [stdout] test item::test::should_get_secret_content_type ... FAILED
[INFO] [stdout] test test::should_get_collection_by_alias ... FAILED
[INFO] [stdout] test test::should_return_error_if_collection_doesnt_exist ... FAILED
[INFO] [stdout] test session::test::should_create_plain_session ... FAILED
[INFO] [stderr] error: test failed, to rerun pass `--lib`
[INFO] [stdout] 
[INFO] [stdout] failures:
[INFO] [stdout] 
[INFO] [stdout] ---- item::test::should_get_and_set_item_attributes stdout ----
[INFO] [stdout] 
[INFO] [stdout] thread 'item::test::should_get_and_set_item_attributes' (474) panicked at src/item.rs:216:64:
[INFO] [stdout] called `Result::unwrap()` on an `Err` value: Dbus(D-Bus error: Unable to autolaunch a dbus-daemon without a $DISPLAY for X11 (org.freedesktop.DBus.Error.NotSupported))
[INFO] [stdout] stack backtrace:
[INFO] [stdout]    0:     0x56a27b7430b1 - <<std[617be2ca0a6fd877]::sys::backtrace::BacktraceLock>::print::DisplayBacktrace as core[a373ad73a504971]::fmt::Display>::fmt
[INFO] [stdout]    1:     0x56a27b757b6a - core[a373ad73a504971]::fmt::write
[INFO] [stdout]    2:     0x56a27b7473cc - <alloc[2e1b2a31b91974c5]::vec::Vec<u8> as core[a373ad73a504971]::io::write::Write>::write_fmt
[INFO] [stdout]    3:     0x56a27b71ef16 - std[617be2ca0a6fd877]::panicking::default_hook::{closure#0}
[INFO] [stdout]    4:     0x56a27b73b1c9 - std[617be2ca0a6fd877]::panicking::default_hook
[INFO] [stdout]    5:     0x56a27b692710 - test[aada8e7e76ba119b]::test_main_inner::{closure#0}
[INFO] [stdout]    6:     0x56a27b73b382 - std[617be2ca0a6fd877]::panicking::panic_with_hook
[INFO] [stdout]    7:     0x56a27b71efc2 - std[617be2ca0a6fd877]::panicking::panic_handler::{closure#0}
[INFO] [stdout]    8:     0x56a27b717ca9 - std[617be2ca0a6fd877]::sys::backtrace::__rust_end_short_backtrace::<std[617be2ca0a6fd877]::panicking::panic_handler::{closure#0}, !>
[INFO] [stdout]    9:     0x56a27b71fbcd - __rustc[ea4f61d10b84890b]::rust_begin_unwind
[INFO] [stdout]   10:     0x56a27b75829c - core[a373ad73a504971]::panicking::panic_fmt
[INFO] [stdout]   11:     0x56a27b758072 - core[a373ad73a504971]::result::unwrap_failed
[INFO] [stdout]   12:     0x56a27b681a34 - <dbus_secret_service[d236912f6a637a6]::item::test::should_get_and_set_item_attributes::{closure#0} as core[a373ad73a504971]::ops::function::FnOnce<()>>::call_once
[INFO] [stdout]   13:     0x56a27b685b5b - test[aada8e7e76ba119b]::__rust_begin_short_backtrace::<core[a373ad73a504971]::result::Result<(), alloc[2e1b2a31b91974c5]::string::String>, fn() -> core[a373ad73a504971]::result::Result<(), alloc[2e1b2a31b91974c5]::string::String>>
[INFO] [stdout]   14:     0x56a27b692d35 - test[aada8e7e76ba119b]::run_test::{closure#0}
[INFO] [stdout]   15:     0x56a27b68c624 - std[617be2ca0a6fd877]::sys::backtrace::__rust_begin_short_backtrace::<test[aada8e7e76ba119b]::run_test::{closure#1}, ()>
[INFO] [stdout]   16:     0x56a27b695dc2 - <std[617be2ca0a6fd877]::thread::lifecycle::spawn_unchecked<test[aada8e7e76ba119b]::run_test::{closure#1}, ()>::{closure#1} as core[a373ad73a504971]::ops::function::FnOnce<()>>::call_once::{shim:vtable#0}
[INFO] [stdout]   17:     0x56a27b74290f - <std[617be2ca0a6fd877]::sys::thread::unix::Thread>::new::thread_start
[INFO] [stdout]   18:     0x7fd266916dfa - <unknown>
[INFO] [stdout]   19:     0x7fd2669aa3d4 - clone
[INFO] [stdout]   20:                0x0 - <unknown>
[INFO] [stdout] 
[INFO] [stdout] ---- item::test::should_create_and_delete_item stdout ----
[INFO] [stdout] 
[INFO] [stdout] thread 'item::test::should_create_and_delete_item' (471) panicked at src/item.rs:139:64:
[INFO] [stdout] called `Result::unwrap()` on an `Err` value: Dbus(D-Bus error: Unable to autolaunch a dbus-daemon without a $DISPLAY for X11 (org.freedesktop.DBus.Error.NotSupported))
[INFO] [stdout] stack backtrace:
[INFO] [stdout]    0:     0x56a27b7430b1 - <<std[617be2ca0a6fd877]::sys::backtrace::BacktraceLock>::print::DisplayBacktrace as core[a373ad73a504971]::fmt::Display>::fmt
[INFO] [stdout]    1:     0x56a27b757b6a - core[a373ad73a504971]::fmt::write
[INFO] [stdout]    2:     0x56a27b7473cc - <alloc[2e1b2a31b91974c5]::vec::Vec<u8> as core[a373ad73a504971]::io::write::Write>::write_fmt
[INFO] [stdout]    3:     0x56a27b71ef16 - std[617be2ca0a6fd877]::panicking::default_hook::{closure#0}
[INFO] [stdout]    4:     0x56a27b73b1c9 - std[617be2ca0a6fd877]::panicking::default_hook
[INFO] [stdout]    5:     0x56a27b692710 - test[aada8e7e76ba119b]::test_main_inner::{closure#0}
[INFO] [stdout]    6:     0x56a27b73b382 - std[617be2ca0a6fd877]::panicking::panic_with_hook
[INFO] [stdout]    7:     0x56a27b71efc2 - std[617be2ca0a6fd877]::panicking::panic_handler::{closure#0}
[INFO] [stdout]    8:     0x56a27b717ca9 - std[617be2ca0a6fd877]::sys::backtrace::__rust_end_short_backtrace::<std[617be2ca0a6fd877]::panicking::panic_handler::{closure#0}, !>
[INFO] [stdout]    9:     0x56a27b71fbcd - __rustc[ea4f61d10b84890b]::rust_begin_unwind
[INFO] [stdout]   10:     0x56a27b75829c - core[a373ad73a504971]::panicking::panic_fmt
[INFO] [stdout]   11:     0x56a27b758072 - core[a373ad73a504971]::result::unwrap_failed
[INFO] [stdout]   12:     0x56a27b67fe4e - <dbus_secret_service[d236912f6a637a6]::item::test::should_create_and_delete_item::{closure#0} as core[a373ad73a504971]::ops::function::FnOnce<()>>::call_once
[INFO] [stdout]   13:     0x56a27b685b5b - test[aada8e7e76ba119b]::__rust_begin_short_backtrace::<core[a373ad73a504971]::result::Result<(), alloc[2e1b2a31b91974c5]::string::String>, fn() -> core[a373ad73a504971]::result::Result<(), alloc[2e1b2a31b91974c5]::string::String>>
[INFO] [stdout]   14:     0x56a27b692d35 - test[aada8e7e76ba119b]::run_test::{closure#0}
[INFO] [stdout]   15:     0x56a27b68c624 - std[617be2ca0a6fd877]::sys::backtrace::__rust_begin_short_backtrace::<test[aada8e7e76ba119b]::run_test::{closure#1}, ()>
[INFO] [stdout]   16:     0x56a27b695dc2 - <std[617be2ca0a6fd877]::thread::lifecycle::spawn_unchecked<test[aada8e7e76ba119b]::run_test::{closure#1}, ()>::{closure#1} as core[a373ad73a504971]::ops::function::FnOnce<()>>::call_once::{shim:vtable#0}
[INFO] [stdout]   17:     0x56a27b74290f - <std[617be2ca0a6fd877]::sys::thread::unix::Thread>::new::thread_start
[INFO] [stdout]   18:     0x7fd266916dfa - <unknown>
[INFO] [stdout]   19:     0x7fd2669aa3d4 - clone
[INFO] [stdout]   20:                0x0 - <unknown>
[INFO] [stdout] 
[INFO] [stdout] ---- test::should_create_secret_service stdout ----
[INFO] [stdout] 
[INFO] [stdout] thread 'test::should_create_secret_service' (480) panicked at src/lib.rs:344:55:
[INFO] [stdout] called `Result::unwrap()` on an `Err` value: Dbus(D-Bus error: Unable to autolaunch a dbus-daemon without a $DISPLAY for X11 (org.freedesktop.DBus.Error.NotSupported))
[INFO] [stdout] stack backtrace:
[INFO] [stdout]    0:     0x56a27b7430b1 - <<std[617be2ca0a6fd877]::sys::backtrace::BacktraceLock>::print::DisplayBacktrace as core[a373ad73a504971]::fmt::Display>::fmt
[INFO] [stdout]    1:     0x56a27b757b6a - core[a373ad73a504971]::fmt::write
[INFO] [stdout]    2:     0x56a27b7473cc - <alloc[2e1b2a31b91974c5]::vec::Vec<u8> as core[a373ad73a504971]::io::write::Write>::write_fmt
[INFO] [stdout]    3:     0x56a27b71ef16 - std[617be2ca0a6fd877]::panicking::default_hook::{closure#0}
[INFO] [stdout]    4:     0x56a27b73b1c9 - std[617be2ca0a6fd877]::panicking::default_hook
[INFO] [stdout]    5:     0x56a27b692710 - test[aada8e7e76ba119b]::test_main_inner::{closure#0}
[INFO] [stdout]    6:     0x56a27b73b382 - std[617be2ca0a6fd877]::panicking::panic_with_hook
[INFO] [stdout]    7:     0x56a27b71efc2 - std[617be2ca0a6fd877]::panicking::panic_handler::{closure#0}
[INFO] [stdout]    8:     0x56a27b717ca9 - std[617be2ca0a6fd877]::sys::backtrace::__rust_end_short_backtrace::<std[617be2ca0a6fd877]::panicking::panic_handler::{closure#0}, !>
[INFO] [stdout]    9:     0x56a27b71fbcd - __rustc[ea4f61d10b84890b]::rust_begin_unwind
[INFO] [stdout]   10:     0x56a27b75829c - core[a373ad73a504971]::panicking::panic_fmt
[INFO] [stdout]   11:     0x56a27b758072 - core[a373ad73a504971]::result::unwrap_failed
[INFO] [stdout]   12:     0x56a27b6839b4 - <dbus_secret_service[d236912f6a637a6]::test::should_create_secret_service::{closure#0} as core[a373ad73a504971]::ops::function::FnOnce<()>>::call_once
[INFO] [stdout]   13:     0x56a27b685b5b - test[aada8e7e76ba119b]::__rust_begin_short_backtrace::<core[a373ad73a504971]::result::Result<(), alloc[2e1b2a31b91974c5]::string::String>, fn() -> core[a373ad73a504971]::result::Result<(), alloc[2e1b2a31b91974c5]::string::String>>
[INFO] [stdout]   14:     0x56a27b692d35 - test[aada8e7e76ba119b]::run_test::{closure#0}
[INFO] [stdout]   15:     0x56a27b68c624 - std[617be2ca0a6fd877]::sys::backtrace::__rust_begin_short_backtrace::<test[aada8e7e76ba119b]::run_test::{closure#1}, ()>
[INFO] [stdout]   16:     0x56a27b695dc2 - <std[617be2ca0a6fd877]::thread::lifecycle::spawn_unchecked<test[aada8e7e76ba119b]::run_test::{closure#1}, ()>::{closure#1} as core[a373ad73a504971]::ops::function::FnOnce<()>>::call_once::{shim:vtable#0}
[INFO] [stdout]   17:     0x56a27b74290f - <std[617be2ca0a6fd877]::sys::thread::unix::Thread>::new::thread_start
[INFO] [stdout]   18:     0x7fd266916dfa - <unknown>
[INFO] [stdout]   19:     0x7fd2669aa3d4 - clone
[INFO] [stdout]   20:                0x0 - <unknown>
[INFO] [stdout] 
[INFO] [stdout] ---- test::should_get_default_collection stdout ----
[INFO] [stdout] 
[INFO] [stdout] thread 'test::should_get_default_collection' (484) panicked at src/lib.rs:373:64:
[INFO] [stdout] called `Result::unwrap()` on an `Err` value: Dbus(D-Bus error: Unable to autolaunch a dbus-daemon without a $DISPLAY for X11 (org.freedesktop.DBus.Error.NotSupported))
[INFO] [stdout] stack backtrace:
[INFO] [stdout]    0:     0x56a27b7430b1 - <<std[617be2ca0a6fd877]::sys::backtrace::BacktraceLock>::print::DisplayBacktrace as core[a373ad73a504971]::fmt::Display>::fmt
[INFO] [stdout]    1:     0x56a27b757b6a - core[a373ad73a504971]::fmt::write
[INFO] [stdout]    2:     0x56a27b7473cc - <alloc[2e1b2a31b91974c5]::vec::Vec<u8> as core[a373ad73a504971]::io::write::Write>::write_fmt
[INFO] [stdout]    3:     0x56a27b71ef16 - std[617be2ca0a6fd877]::panicking::default_hook::{closure#0}
[INFO] [stdout]    4:     0x56a27b73b1c9 - std[617be2ca0a6fd877]::panicking::default_hook
[INFO] [stdout]    5:     0x56a27b692710 - test[aada8e7e76ba119b]::test_main_inner::{closure#0}
[INFO] [stdout]    6:     0x56a27b73b382 - std[617be2ca0a6fd877]::panicking::panic_with_hook
[INFO] [stdout]    7:     0x56a27b71efc2 - std[617be2ca0a6fd877]::panicking::panic_handler::{closure#0}
[INFO] [stdout]    8:     0x56a27b717ca9 - std[617be2ca0a6fd877]::sys::backtrace::__rust_end_short_backtrace::<std[617be2ca0a6fd877]::panicking::panic_handler::{closure#0}, !>
[INFO] [stdout]    9:     0x56a27b71fbcd - __rustc[ea4f61d10b84890b]::rust_begin_unwind
[INFO] [stdout]   10:     0x56a27b75829c - core[a373ad73a504971]::panicking::panic_fmt
[INFO] [stdout]   11:     0x56a27b758072 - core[a373ad73a504971]::result::unwrap_failed
[INFO] [stdout]   12:     0x56a27b683b08 - <dbus_secret_service[d236912f6a637a6]::test::should_get_default_collection::{closure#0} as core[a373ad73a504971]::ops::function::FnOnce<()>>::call_once
[INFO] [stdout]   13:     0x56a27b685b5b - test[aada8e7e76ba119b]::__rust_begin_short_backtrace::<core[a373ad73a504971]::result::Result<(), alloc[2e1b2a31b91974c5]::string::String>, fn() -> core[a373ad73a504971]::result::Result<(), alloc[2e1b2a31b91974c5]::string::String>>
[INFO] [stdout]   14:     0x56a27b692d35 - test[aada8e7e76ba119b]::run_test::{closure#0}
[INFO] [stdout]   15:     0x56a27b68c624 - std[617be2ca0a6fd877]::sys::backtrace::__rust_begin_short_backtrace::<test[aada8e7e76ba119b]::run_test::{closure#1}, ()>
[INFO] [stdout]   16:     0x56a27b695dc2 - <std[617be2ca0a6fd877]::thread::lifecycle::spawn_unchecked<test[aada8e7e76ba119b]::run_test::{closure#1}, ()>::{closure#1} as core[a373ad73a504971]::ops::function::FnOnce<()>>::call_once::{shim:vtable#0}
[INFO] [stdout]   17:     0x56a27b74290f - <std[617be2ca0a6fd877]::sys::thread::unix::Thread>::new::thread_start
[INFO] [stdout]   18:     0x7fd266916dfa - <unknown>
[INFO] [stdout]   19:     0x7fd2669aa3d4 - clone
[INFO] [stdout]   20:                0x0 - <unknown>
[INFO] [stdout] 
[INFO] [stdout] ---- test::should_get_any_collection stdout ----
[INFO] [stdout] 
[INFO] [stdout] thread 'test::should_get_any_collection' (482) panicked at src/lib.rs:379:64:
[INFO] [stdout] called `Result::unwrap()` on an `Err` value: Dbus(D-Bus error: Unable to autolaunch a dbus-daemon without a $DISPLAY for X11 (org.freedesktop.DBus.Error.NotSupported))
[INFO] [stdout] stack backtrace:
[INFO] [stdout]    0:     0x56a27b7430b1 - <<std[617be2ca0a6fd877]::sys::backtrace::BacktraceLock>::print::DisplayBacktrace as core[a373ad73a504971]::fmt::Display>::fmt
[INFO] [stdout]    1:     0x56a27b757b6a - core[a373ad73a504971]::fmt::write
[INFO] [stdout]    2:     0x56a27b7473cc - <alloc[2e1b2a31b91974c5]::vec::Vec<u8> as core[a373ad73a504971]::io::write::Write>::write_fmt
[INFO] [stdout]    3:     0x56a27b71ef16 - std[617be2ca0a6fd877]::panicking::default_hook::{closure#0}
[INFO] [stdout]    4:     0x56a27b73b1c9 - std[617be2ca0a6fd877]::panicking::default_hook
[INFO] [stdout]    5:     0x56a27b692710 - test[aada8e7e76ba119b]::test_main_inner::{closure#0}
[INFO] [stdout]    6:     0x56a27b73b382 - std[617be2ca0a6fd877]::panicking::panic_with_hook
[INFO] [stdout]    7:     0x56a27b71efc2 - std[617be2ca0a6fd877]::panicking::panic_handler::{closure#0}
[INFO] [stdout]    8:     0x56a27b717ca9 - std[617be2ca0a6fd877]::sys::backtrace::__rust_end_short_backtrace::<std[617be2ca0a6fd877]::panicking::panic_handler::{closure#0}, !>
[INFO] [stdout]    9:     0x56a27b71fbcd - __rustc[ea4f61d10b84890b]::rust_begin_unwind
[INFO] [stdout]   10:     0x56a27b75829c - core[a373ad73a504971]::panicking::panic_fmt
[INFO] [stdout]   11:     0x56a27b758072 - core[a373ad73a504971]::result::unwrap_failed
[INFO] [stdout]   12:     0x56a27b6835ec - <dbus_secret_service[d236912f6a637a6]::test::should_get_any_collection::{closure#0} as core[a373ad73a504971]::ops::function::FnOnce<()>>::call_once
[INFO] [stdout]   13:     0x56a27b685b5b - test[aada8e7e76ba119b]::__rust_begin_short_backtrace::<core[a373ad73a504971]::result::Result<(), alloc[2e1b2a31b91974c5]::string::String>, fn() -> core[a373ad73a504971]::result::Result<(), alloc[2e1b2a31b91974c5]::string::String>>
[INFO] [stdout]   14:     0x56a27b692d35 - test[aada8e7e76ba119b]::run_test::{closure#0}
[INFO] [stdout]   15:     0x56a27b68c624 - std[617be2ca0a6fd877]::sys::backtrace::__rust_begin_short_backtrace::<test[aada8e7e76ba119b]::run_test::{closure#1}, ()>
[INFO] [stdout]   16:     0x56a27b695dc2 - <std[617be2ca0a6fd877]::thread::lifecycle::spawn_unchecked<test[aada8e7e76ba119b]::run_test::{closure#1}, ()>::{closure#1} as core[a373ad73a504971]::ops::function::FnOnce<()>>::call_once::{shim:vtable#0}
[INFO] [stdout]   17:     0x56a27b74290f - <std[617be2ca0a6fd877]::sys::thread::unix::Thread>::new::thread_start
[INFO] [stdout]   18:     0x7fd266916dfa - <unknown>
[INFO] [stdout]   19:     0x7fd2669aa3d4 - clone
[INFO] [stdout]   20:                0x0 - <unknown>
[INFO] [stdout] 
[INFO] [stdout] ---- test::should_search_items stdout ----
[INFO] [stdout] 
[INFO] [stdout] thread 'test::should_search_items' (486) panicked at src/lib.rs:396:64:
[INFO] [stdout] called `Result::unwrap()` on an `Err` value: Dbus(D-Bus error: Unable to autolaunch a dbus-daemon without a $DISPLAY for X11 (org.freedesktop.DBus.Error.NotSupported))
[INFO] [stdout] stack backtrace:
[INFO] [stdout]    0:     0x56a27b7430b1 - <<std[617be2ca0a6fd877]::sys::backtrace::BacktraceLock>::print::DisplayBacktrace as core[a373ad73a504971]::fmt::Display>::fmt
[INFO] [stdout]    1:     0x56a27b757b6a - core[a373ad73a504971]::fmt::write
[INFO] [stdout]    2:     0x56a27b7473cc - <alloc[2e1b2a31b91974c5]::vec::Vec<u8> as core[a373ad73a504971]::io::write::Write>::write_fmt
[INFO] [stdout]    3:     0x56a27b71ef16 - std[617be2ca0a6fd877]::panicking::default_hook::{closure#0}
[INFO] [stdout]    4:     0x56a27b73b1c9 - std[617be2ca0a6fd877]::panicking::default_hook
[INFO] [stdout]    5:     0x56a27b692710 - test[aada8e7e76ba119b]::test_main_inner::{closure#0}
[INFO] [stdout]    6:     0x56a27b73b382 - std[617be2ca0a6fd877]::panicking::panic_with_hook
[INFO] [stdout]    7:     0x56a27b71efc2 - std[617be2ca0a6fd877]::panicking::panic_handler::{closure#0}
[INFO] [stdout]    8:     0x56a27b717ca9 - std[617be2ca0a6fd877]::sys::backtrace::__rust_end_short_backtrace::<std[617be2ca0a6fd877]::panicking::panic_handler::{closure#0}, !>
[INFO] [stdout]    9:     0x56a27b71fbcd - __rustc[ea4f61d10b84890b]::rust_begin_unwind
[INFO] [stdout]   10:     0x56a27b75829c - core[a373ad73a504971]::panicking::panic_fmt
[INFO] [stdout]   11:     0x56a27b758072 - core[a373ad73a504971]::result::unwrap_failed
[INFO] [stdout]   12:     0x56a27b682d14 - <dbus_secret_service[d236912f6a637a6]::test::should_search_items::{closure#0} as core[a373ad73a504971]::ops::function::FnOnce<()>>::call_once
[INFO] [stdout]   13:     0x56a27b685b5b - test[aada8e7e76ba119b]::__rust_begin_short_backtrace::<core[a373ad73a504971]::result::Result<(), alloc[2e1b2a31b91974c5]::string::String>, fn() -> core[a373ad73a504971]::result::Result<(), alloc[2e1b2a31b91974c5]::string::String>>
[INFO] [stdout]   14:     0x56a27b692d35 - test[aada8e7e76ba119b]::run_test::{closure#0}
[INFO] [stdout]   15:     0x56a27b68c624 - std[617be2ca0a6fd877]::sys::backtrace::__rust_begin_short_backtrace::<test[aada8e7e76ba119b]::run_test::{closure#1}, ()>
[INFO] [stdout]   16:     0x56a27b695dc2 - <std[617be2ca0a6fd877]::thread::lifecycle::spawn_unchecked<test[aada8e7e76ba119b]::run_test::{closure#1}, ()>::{closure#1} as core[a373ad73a504971]::ops::function::FnOnce<()>>::call_once::{shim:vtable#0}
[INFO] [stdout]   17:     0x56a27b74290f - <std[617be2ca0a6fd877]::sys::thread::unix::Thread>::new::thread_start
[INFO] [stdout]   18:     0x7fd266916dfa - <unknown>
[INFO] [stdout]   19:     0x7fd2669aa3d4 - clone
[INFO] [stdout]   20:                0x0 - <unknown>
[INFO] [stdout] 
[INFO] [stdout] ---- test::should_get_all_collections stdout ----
[INFO] [stdout] 
[INFO] [stdout] thread 'test::should_get_all_collections' (481) panicked at src/lib.rs:350:64:
[INFO] [stdout] called `Result::unwrap()` on an `Err` value: Dbus(D-Bus error: Unable to autolaunch a dbus-daemon without a $DISPLAY for X11 (org.freedesktop.DBus.Error.NotSupported))
[INFO] [stdout] stack backtrace:
[INFO] [stdout]    0:     0x56a27b7430b1 - <<std[617be2ca0a6fd877]::sys::backtrace::BacktraceLock>::print::DisplayBacktrace as core[a373ad73a504971]::fmt::Display>::fmt
[INFO] [stdout]    1:     0x56a27b757b6a - core[a373ad73a504971]::fmt::write
[INFO] [stdout]    2:     0x56a27b7473cc - <alloc[2e1b2a31b91974c5]::vec::Vec<u8> as core[a373ad73a504971]::io::write::Write>::write_fmt
[INFO] [stdout]    3:     0x56a27b71ef16 - std[617be2ca0a6fd877]::panicking::default_hook::{closure#0}
[INFO] [stdout]    4:     0x56a27b73b1c9 - std[617be2ca0a6fd877]::panicking::default_hook
[INFO] [stdout]    5:     0x56a27b692710 - test[aada8e7e76ba119b]::test_main_inner::{closure#0}
[INFO] [stdout]    6:     0x56a27b73b382 - std[617be2ca0a6fd877]::panicking::panic_with_hook
[INFO] [stdout]    7:     0x56a27b71efc2 - std[617be2ca0a6fd877]::panicking::panic_handler::{closure#0}
[INFO] [stdout]    8:     0x56a27b717ca9 - std[617be2ca0a6fd877]::sys::backtrace::__rust_end_short_backtrace::<std[617be2ca0a6fd877]::panicking::panic_handler::{closure#0}, !>
[INFO] [stdout]    9:     0x56a27b71fbcd - __rustc[ea4f61d10b84890b]::rust_begin_unwind
[INFO] [stdout]   10:     0x56a27b75829c - core[a373ad73a504971]::panicking::panic_fmt
[INFO] [stdout]   11:     0x56a27b758072 - core[a373ad73a504971]::result::unwrap_failed
[INFO] [stdout]   12:     0x56a27b683819 - <dbus_secret_service[d236912f6a637a6]::test::should_get_all_collections::{closure#0} as core[a373ad73a504971]::ops::function::FnOnce<()>>::call_once
[INFO] [stdout]   13:     0x56a27b685b5b - test[aada8e7e76ba119b]::__rust_begin_short_backtrace::<core[a373ad73a504971]::result::Result<(), alloc[2e1b2a31b91974c5]::string::String>, fn() -> core[a373ad73a504971]::result::Result<(), alloc[2e1b2a31b91974c5]::string::String>>
[INFO] [stdout]   14:     0x56a27b692d35 - test[aada8e7e76ba119b]::run_test::{closure#0}
[INFO] [stdout]   15:     0x56a27b68c624 - std[617be2ca0a6fd877]::sys::backtrace::__rust_begin_short_backtrace::<test[aada8e7e76ba119b]::run_test::{closure#1}, ()>
[INFO] [stdout]   16:     0x56a27b695dc2 - <std[617be2ca0a6fd877]::thread::lifecycle::spawn_unchecked<test[aada8e7e76ba119b]::run_test::{closure#1}, ()>::{closure#1} as core[a373ad73a504971]::ops::function::FnOnce<()>>::call_once::{shim:vtable#0}
[INFO] [stdout]   17:     0x56a27b74290f - <std[617be2ca0a6fd877]::sys::thread::unix::Thread>::new::thread_start
[INFO] [stdout]   18:     0x7fd266916dfa - <unknown>
[INFO] [stdout]   19:     0x7fd2669aa3d4 - clone
[INFO] [stdout]   20:                0x0 - <unknown>
[INFO] [stdout] 
[INFO] [stdout] ---- collection::test::should_check_if_collection_locked stdout ----
[INFO] [stdout] 
[INFO] [stdout] thread 'collection::test::should_check_if_collection_locked' (466) panicked at src/collection.rs:145:64:
[INFO] [stdout] called `Result::unwrap()` on an `Err` value: Dbus(D-Bus error: Unable to autolaunch a dbus-daemon without a $DISPLAY for X11 (org.freedesktop.DBus.Error.NotSupported))
[INFO] [stdout] stack backtrace:
[INFO] [stdout]    0:     0x56a27b7430b1 - <<std[617be2ca0a6fd877]::sys::backtrace::BacktraceLock>::print::DisplayBacktrace as core[a373ad73a504971]::fmt::Display>::fmt
[INFO] [stdout]    1:     0x56a27b757b6a - core[a373ad73a504971]::fmt::write
[INFO] [stdout]    2:     0x56a27b7473cc - <alloc[2e1b2a31b91974c5]::vec::Vec<u8> as core[a373ad73a504971]::io::write::Write>::write_fmt
[INFO] [stdout]    3:     0x56a27b71ef16 - std[617be2ca0a6fd877]::panicking::default_hook::{closure#0}
[INFO] [stdout]    4:     0x56a27b73b1c9 - std[617be2ca0a6fd877]::panicking::default_hook
[INFO] [stdout]    5:     0x56a27b692710 - test[aada8e7e76ba119b]::test_main_inner::{closure#0}
[INFO] [stdout]    6:     0x56a27b73b382 - std[617be2ca0a6fd877]::panicking::panic_with_hook
[INFO] [stdout]    7:     0x56a27b71efc2 - std[617be2ca0a6fd877]::panicking::panic_handler::{closure#0}
[INFO] [stdout]    8:     0x56a27b717ca9 - std[617be2ca0a6fd877]::sys::backtrace::__rust_end_short_backtrace::<std[617be2ca0a6fd877]::panicking::panic_handler::{closure#0}, !>
[INFO] [stdout]    9:     0x56a27b71fbcd - __rustc[ea4f61d10b84890b]::rust_begin_unwind
[INFO] [stdout]   10:     0x56a27b75829c - core[a373ad73a504971]::panicking::panic_fmt
[INFO] [stdout]   11:     0x56a27b758072 - core[a373ad73a504971]::result::unwrap_failed
[INFO] [stdout]   12:     0x56a27b66710d - <dbus_secret_service[d236912f6a637a6]::collection::test::should_check_if_collection_locked::{closure#0} as core[a373ad73a504971]::ops::function::FnOnce<()>>::call_once
[INFO] [stdout]   13:     0x56a27b685b5b - test[aada8e7e76ba119b]::__rust_begin_short_backtrace::<core[a373ad73a504971]::result::Result<(), alloc[2e1b2a31b91974c5]::string::String>, fn() -> core[a373ad73a504971]::result::Result<(), alloc[2e1b2a31b91974c5]::string::String>>
[INFO] [stdout]   14:     0x56a27b692d35 - test[aada8e7e76ba119b]::run_test::{closure#0}
[INFO] [stdout]   15:     0x56a27b68c624 - std[617be2ca0a6fd877]::sys::backtrace::__rust_begin_short_backtrace::<test[aada8e7e76ba119b]::run_test::{closure#1}, ()>
[INFO] [stdout]   16:     0x56a27b695dc2 - <std[617be2ca0a6fd877]::thread::lifecycle::spawn_unchecked<test[aada8e7e76ba119b]::run_test::{closure#1}, ()>::{closure#1} as core[a373ad73a504971]::ops::function::FnOnce<()>>::call_once::{shim:vtable#0}
[INFO] [stdout]   17:     0x56a27b74290f - <std[617be2ca0a6fd877]::sys::thread::unix::Thread>::new::thread_start
[INFO] [stdout]   18:     0x7fd266916dfa - <unknown>
[INFO] [stdout]   19:     0x7fd2669aa3d4 - clone
[INFO] [stdout]   20:                0x0 - <unknown>
[INFO] [stdout] 
[INFO] [stdout] ---- item::test::should_get_modified_created_props stdout ----
[INFO] [stdout] 
[INFO] [stdout] thread 'item::test::should_get_modified_created_props' (476) panicked at src/item.rs:241:64:
[INFO] [stdout] called `Result::unwrap()` on an `Err` value: Dbus(D-Bus error: Unable to autolaunch a dbus-daemon without a $DISPLAY for X11 (org.freedesktop.DBus.Error.NotSupported))
[INFO] [stdout] stack backtrace:
[INFO] [stdout]    0:     0x56a27b7430b1 - <<std[617be2ca0a6fd877]::sys::backtrace::BacktraceLock>::print::DisplayBacktrace as core[a373ad73a504971]::fmt::Display>::fmt
[INFO] [stdout]    1:     0x56a27b757b6a - core[a373ad73a504971]::fmt::write
[INFO] [stdout]    2:     0x56a27b7473cc - <alloc[2e1b2a31b91974c5]::vec::Vec<u8> as core[a373ad73a504971]::io::write::Write>::write_fmt
[INFO] [stdout]    3:     0x56a27b71ef16 - std[617be2ca0a6fd877]::panicking::default_hook::{closure#0}
[INFO] [stdout]    4:     0x56a27b73b1c9 - std[617be2ca0a6fd877]::panicking::default_hook
[INFO] [stdout]    5:     0x56a27b692710 - test[aada8e7e76ba119b]::test_main_inner::{closure#0}
[INFO] [stdout]    6:     0x56a27b73b382 - std[617be2ca0a6fd877]::panicking::panic_with_hook
[INFO] [stdout]    7:     0x56a27b71efc2 - std[617be2ca0a6fd877]::panicking::panic_handler::{closure#0}
[INFO] [stdout]    8:     0x56a27b717ca9 - std[617be2ca0a6fd877]::sys::backtrace::__rust_end_short_backtrace::<std[617be2ca0a6fd877]::panicking::panic_handler::{closure#0}, !>
[INFO] [stdout]    9:     0x56a27b71fbcd - __rustc[ea4f61d10b84890b]::rust_begin_unwind
[INFO] [stdout]   10:     0x56a27b75829c - core[a373ad73a504971]::panicking::panic_fmt
[INFO] [stdout]   11:     0x56a27b758072 - core[a373ad73a504971]::result::unwrap_failed
[INFO] [stdout]   12:     0x56a27b680c0a - <dbus_secret_service[d236912f6a637a6]::item::test::should_get_modified_created_props::{closure#0} as core[a373ad73a504971]::ops::function::FnOnce<()>>::call_once
[INFO] [stdout]   13:     0x56a27b685b5b - test[aada8e7e76ba119b]::__rust_begin_short_backtrace::<core[a373ad73a504971]::result::Result<(), alloc[2e1b2a31b91974c5]::string::String>, fn() -> core[a373ad73a504971]::result::Result<(), alloc[2e1b2a31b91974c5]::string::String>>
[INFO] [stdout]   14:     0x56a27b692d35 - test[aada8e7e76ba119b]::run_test::{closure#0}
[INFO] [stdout]   15:     0x56a27b68c624 - std[617be2ca0a6fd877]::sys::backtrace::__rust_begin_short_backtrace::<test[aada8e7e76ba119b]::run_test::{closure#1}, ()>
[INFO] [stdout]   16:     0x56a27b695dc2 - <std[617be2ca0a6fd877]::thread::lifecycle::spawn_unchecked<test[aada8e7e76ba119b]::run_test::{closure#1}, ()>::{closure#1} as core[a373ad73a504971]::ops::function::FnOnce<()>>::call_once::{shim:vtable#0}
[INFO] [stdout]   17:     0x56a27b74290f - <std[617be2ca0a6fd877]::sys::thread::unix::Thread>::new::thread_start
[INFO] [stdout]   18:     0x7fd266916dfa - <unknown>
[INFO] [stdout]   19:     0x7fd2669aa3d4 - clone
[INFO] [stdout]   20:                0x0 - <unknown>
[INFO] [stdout] 
[INFO] [stdout] ---- collection::test::should_create_collection_struct stdout ----
[INFO] [stdout] 
[INFO] [stdout] thread 'collection::test::should_create_collection_struct' (467) panicked at src/collection.rs:138:64:
[INFO] [stdout] called `Result::unwrap()` on an `Err` value: Dbus(D-Bus error: Unable to autolaunch a dbus-daemon without a $DISPLAY for X11 (org.freedesktop.DBus.Error.NotSupported))
[INFO] [stdout] stack backtrace:
[INFO] [stdout]    0:     0x56a27b7430b1 - <<std[617be2ca0a6fd877]::sys::backtrace::BacktraceLock>::print::DisplayBacktrace as core[a373ad73a504971]::fmt::Display>::fmt
[INFO] [stdout]    1:     0x56a27b757b6a - core[a373ad73a504971]::fmt::write
[INFO] [stdout]    2:     0x56a27b7473cc - <alloc[2e1b2a31b91974c5]::vec::Vec<u8> as core[a373ad73a504971]::io::write::Write>::write_fmt
[INFO] [stdout]    3:     0x56a27b71ef16 - std[617be2ca0a6fd877]::panicking::default_hook::{closure#0}
[INFO] [stdout]    4:     0x56a27b73b1c9 - std[617be2ca0a6fd877]::panicking::default_hook
[INFO] [stdout]    5:     0x56a27b692710 - test[aada8e7e76ba119b]::test_main_inner::{closure#0}
[INFO] [stdout]    6:     0x56a27b73b382 - std[617be2ca0a6fd877]::panicking::panic_with_hook
[INFO] [stdout]    7:     0x56a27b71efc2 - std[617be2ca0a6fd877]::panicking::panic_handler::{closure#0}
[INFO] [stdout]    8:     0x56a27b717ca9 - std[617be2ca0a6fd877]::sys::backtrace::__rust_end_short_backtrace::<std[617be2ca0a6fd877]::panicking::panic_handler::{closure#0}, !>
[INFO] [stdout]    9:     0x56a27b71fbcd - __rustc[ea4f61d10b84890b]::rust_begin_unwind
[INFO] [stdout]   10:     0x56a27b75829c - core[a373ad73a504971]::panicking::panic_fmt
[INFO] [stdout]   11:     0x56a27b758072 - core[a373ad73a504971]::result::unwrap_failed
[INFO] [stdout]   12:     0x56a27b666f08 - <dbus_secret_service[d236912f6a637a6]::collection::test::should_create_collection_struct::{closure#0} as core[a373ad73a504971]::ops::function::FnOnce<()>>::call_once
[INFO] [stdout]   13:     0x56a27b685b5b - test[aada8e7e76ba119b]::__rust_begin_short_backtrace::<core[a373ad73a504971]::result::Result<(), alloc[2e1b2a31b91974c5]::string::String>, fn() -> core[a373ad73a504971]::result::Result<(), alloc[2e1b2a31b91974c5]::string::String>>
[INFO] [stdout]   14:     0x56a27b692d35 - test[aada8e7e76ba119b]::run_test::{closure#0}
[INFO] [stdout]   15:     0x56a27b68c624 - std[617be2ca0a6fd877]::sys::backtrace::__rust_begin_short_backtrace::<test[aada8e7e76ba119b]::run_test::{closure#1}, ()>
[INFO] [stdout]   16:     0x56a27b695dc2 - <std[617be2ca0a6fd877]::thread::lifecycle::spawn_unchecked<test[aada8e7e76ba119b]::run_test::{closure#1}, ()>::{closure#1} as core[a373ad73a504971]::ops::function::FnOnce<()>>::call_once::{shim:vtable#0}
[INFO] [stdout]   17:     0x56a27b74290f - <std[617be2ca0a6fd877]::sys::thread::unix::Thread>::new::thread_start
[INFO] [stdout]   18:     0x7fd266916dfa - <unknown>
[INFO] [stdout]   19:     0x7fd2669aa3d4 - clone
[INFO] [stdout]   20:                0x0 - <unknown>
[INFO] [stdout] 
[INFO] [stdout] ---- collection::test::should_search_items stdout ----
[INFO] [stdout] 
[INFO] [stdout] thread 'collection::test::should_search_items' (469) panicked at src/collection.rs:194:64:
[INFO] [stdout] called `Result::unwrap()` on an `Err` value: Dbus(D-Bus error: Unable to autolaunch a dbus-daemon without a $DISPLAY for X11 (org.freedesktop.DBus.Error.NotSupported))
[INFO] [stdout] stack backtrace:
[INFO] [stdout]    0:     0x56a27b7430b1 - <<std[617be2ca0a6fd877]::sys::backtrace::BacktraceLock>::print::DisplayBacktrace as core[a373ad73a504971]::fmt::Display>::fmt
[INFO] [stdout]    1:     0x56a27b757b6a - core[a373ad73a504971]::fmt::write
[INFO] [stdout]    2:     0x56a27b7473cc - <alloc[2e1b2a31b91974c5]::vec::Vec<u8> as core[a373ad73a504971]::io::write::Write>::write_fmt
[INFO] [stdout]    3:     0x56a27b71ef16 - std[617be2ca0a6fd877]::panicking::default_hook::{closure#0}
[INFO] [stdout]    4:     0x56a27b73b1c9 - std[617be2ca0a6fd877]::panicking::default_hook
[INFO] [stdout]    5:     0x56a27b692710 - test[aada8e7e76ba119b]::test_main_inner::{closure#0}
[INFO] [stdout]    6:     0x56a27b73b382 - std[617be2ca0a6fd877]::panicking::panic_with_hook
[INFO] [stdout]    7:     0x56a27b71efc2 - std[617be2ca0a6fd877]::panicking::panic_handler::{closure#0}
[INFO] [stdout]    8:     0x56a27b717ca9 - std[617be2ca0a6fd877]::sys::backtrace::__rust_end_short_backtrace::<std[617be2ca0a6fd877]::panicking::panic_handler::{closure#0}, !>
[INFO] [stdout]    9:     0x56a27b71fbcd - __rustc[ea4f61d10b84890b]::rust_begin_unwind
[INFO] [stdout]   10:     0x56a27b75829c - core[a373ad73a504971]::panicking::panic_fmt
[INFO] [stdout]   11:     0x56a27b758072 - core[a373ad73a504971]::result::unwrap_failed
[INFO] [stdout]   12:     0x56a27b665865 - <dbus_secret_service[d236912f6a637a6]::collection::test::should_search_items::{closure#0} as core[a373ad73a504971]::ops::function::FnOnce<()>>::call_once
[INFO] [stdout]   13:     0x56a27b685b5b - test[aada8e7e76ba119b]::__rust_begin_short_backtrace::<core[a373ad73a504971]::result::Result<(), alloc[2e1b2a31b91974c5]::string::String>, fn() -> core[a373ad73a504971]::result::Result<(), alloc[2e1b2a31b91974c5]::string::String>>
[INFO] [stdout]   14:     0x56a27b692d35 - test[aada8e7e76ba119b]::run_test::{closure#0}
[INFO] [stdout]   15:     0x56a27b68c624 - std[617be2ca0a6fd877]::sys::backtrace::__rust_begin_short_backtrace::<test[aada8e7e76ba119b]::run_test::{closure#1}, ()>
[INFO] [stdout]   16:     0x56a27b695dc2 - <std[617be2ca0a6fd877]::thread::lifecycle::spawn_unchecked<test[aada8e7e76ba119b]::run_test::{closure#1}, ()>::{closure#1} as core[a373ad73a504971]::ops::function::FnOnce<()>>::call_once::{shim:vtable#0}
[INFO] [stdout]   17:     0x56a27b74290f - <std[617be2ca0a6fd877]::sys::thread::unix::Thread>::new::thread_start
[INFO] [stdout]   18:     0x7fd266916dfa - <unknown>
[INFO] [stdout]   19:     0x7fd2669aa3d4 - clone
[INFO] [stdout]   20:                0x0 - <unknown>
[INFO] [stdout] 
[INFO] [stdout] ---- item::test::should_check_if_item_locked stdout ----
[INFO] [stdout] 
[INFO] [stdout] thread 'item::test::should_check_if_item_locked' (470) panicked at src/item.rs:152:64:
[INFO] [stdout] called `Result::unwrap()` on an `Err` value: Dbus(D-Bus error: Unable to autolaunch a dbus-daemon without a $DISPLAY for X11 (org.freedesktop.DBus.Error.NotSupported))
[INFO] [stdout] stack backtrace:
[INFO] [stdout]    0:     0x56a27b7430b1 - <<std[617be2ca0a6fd877]::sys::backtrace::BacktraceLock>::print::DisplayBacktrace as core[a373ad73a504971]::fmt::Display>::fmt
[INFO] [stdout]    1:     0x56a27b757b6a - core[a373ad73a504971]::fmt::write
[INFO] [stdout]    2:     0x56a27b7473cc - <alloc[2e1b2a31b91974c5]::vec::Vec<u8> as core[a373ad73a504971]::io::write::Write>::write_fmt
[INFO] [stdout]    3:     0x56a27b71ef16 - std[617be2ca0a6fd877]::panicking::default_hook::{closure#0}
[INFO] [stdout]    4:     0x56a27b73b1c9 - std[617be2ca0a6fd877]::panicking::default_hook
[INFO] [stdout]    5:     0x56a27b692710 - test[aada8e7e76ba119b]::test_main_inner::{closure#0}
[INFO] [stdout]    6:     0x56a27b73b382 - std[617be2ca0a6fd877]::panicking::panic_with_hook
[INFO] [stdout]    7:     0x56a27b71efc2 - std[617be2ca0a6fd877]::panicking::panic_handler::{closure#0}
[INFO] [stdout]    8:     0x56a27b717ca9 - std[617be2ca0a6fd877]::sys::backtrace::__rust_end_short_backtrace::<std[617be2ca0a6fd877]::panicking::panic_handler::{closure#0}, !>
[INFO] [stdout]    9:     0x56a27b71fbcd - __rustc[ea4f61d10b84890b]::rust_begin_unwind
[INFO] [stdout]   10:     0x56a27b75829c - core[a373ad73a504971]::panicking::panic_fmt
[INFO] [stdout]   11:     0x56a27b758072 - core[a373ad73a504971]::result::unwrap_failed
[INFO] [stdout]   12:     0x56a27b67f634 - <dbus_secret_service[d236912f6a637a6]::item::test::should_check_if_item_locked::{closure#0} as core[a373ad73a504971]::ops::function::FnOnce<()>>::call_once
[INFO] [stdout]   13:     0x56a27b685b5b - test[aada8e7e76ba119b]::__rust_begin_short_backtrace::<core[a373ad73a504971]::result::Result<(), alloc[2e1b2a31b91974c5]::string::String>, fn() -> core[a373ad73a504971]::result::Result<(), alloc[2e1b2a31b91974c5]::string::String>>
[INFO] [stdout]   14:     0x56a27b692d35 - test[aada8e7e76ba119b]::run_test::{closure#0}
[INFO] [stdout]   15:     0x56a27b68c624 - std[617be2ca0a6fd877]::sys::backtrace::__rust_begin_short_backtrace::<test[aada8e7e76ba119b]::run_test::{closure#1}, ()>
[INFO] [stdout]   16:     0x56a27b695dc2 - <std[617be2ca0a6fd877]::thread::lifecycle::spawn_unchecked<test[aada8e7e76ba119b]::run_test::{closure#1}, ()>::{closure#1} as core[a373ad73a504971]::ops::function::FnOnce<()>>::call_once::{shim:vtable#0}
[INFO] [stdout]   17:     0x56a27b74290f - <std[617be2ca0a6fd877]::sys::thread::unix::Thread>::new::thread_start
[INFO] [stdout]   18:     0x7fd266916dfa - <unknown>
[INFO] [stdout]   19:     0x7fd2669aa3d4 - clone
[INFO] [stdout]   20:                0x0 - <unknown>
[INFO] [stdout] 
[INFO] [stdout] ---- item::test::should_set_secret stdout ----
[INFO] [stdout] 
[INFO] [stdout] thread 'item::test::should_set_secret' (478) panicked at src/item.rs:287:64:
[INFO] [stdout] called `Result::unwrap()` on an `Err` value: Dbus(D-Bus error: Unable to autolaunch a dbus-daemon without a $DISPLAY for X11 (org.freedesktop.DBus.Error.NotSupported))
[INFO] [stdout] stack backtrace:
[INFO] [stdout]    0:     0x56a27b7430b1 - <<std[617be2ca0a6fd877]::sys::backtrace::BacktraceLock>::print::DisplayBacktrace as core[a373ad73a504971]::fmt::Display>::fmt
[INFO] [stdout]    1:     0x56a27b757b6a - core[a373ad73a504971]::fmt::write
[INFO] [stdout]    2:     0x56a27b7473cc - <alloc[2e1b2a31b91974c5]::vec::Vec<u8> as core[a373ad73a504971]::io::write::Write>::write_fmt
[INFO] [stdout]    3:     0x56a27b71ef16 - std[617be2ca0a6fd877]::panicking::default_hook::{closure#0}
[INFO] [stdout]    4:     0x56a27b73b1c9 - std[617be2ca0a6fd877]::panicking::default_hook
[INFO] [stdout]    5:     0x56a27b692710 - test[aada8e7e76ba119b]::test_main_inner::{closure#0}
[INFO] [stdout]    6:     0x56a27b73b382 - std[617be2ca0a6fd877]::panicking::panic_with_hook
[INFO] [stdout]    7:     0x56a27b71efc2 - std[617be2ca0a6fd877]::panicking::panic_handler::{closure#0}
[INFO] [stdout]    8:     0x56a27b717ca9 - std[617be2ca0a6fd877]::sys::backtrace::__rust_end_short_backtrace::<std[617be2ca0a6fd877]::panicking::panic_handler::{closure#0}, !>
[INFO] [stdout]    9:     0x56a27b71fbcd - __rustc[ea4f61d10b84890b]::rust_begin_unwind
[INFO] [stdout]   10:     0x56a27b75829c - core[a373ad73a504971]::panicking::panic_fmt
[INFO] [stdout]   11:     0x56a27b758072 - core[a373ad73a504971]::result::unwrap_failed
[INFO] [stdout]   12:     0x56a27b67ec7e - <dbus_secret_service[d236912f6a637a6]::item::test::should_set_secret::{closure#0} as core[a373ad73a504971]::ops::function::FnOnce<()>>::call_once
[INFO] [stdout]   13:     0x56a27b685b5b - test[aada8e7e76ba119b]::__rust_begin_short_backtrace::<core[a373ad73a504971]::result::Result<(), alloc[2e1b2a31b91974c5]::string::String>, fn() -> core[a373ad73a504971]::result::Result<(), alloc[2e1b2a31b91974c5]::string::String>>
[INFO] [stdout]   14:     0x56a27b692d35 - test[aada8e7e76ba119b]::run_test::{closure#0}
[INFO] [stdout]   15:     0x56a27b68c624 - std[617be2ca0a6fd877]::sys::backtrace::__rust_begin_short_backtrace::<test[aada8e7e76ba119b]::run_test::{closure#1}, ()>
[INFO] [stdout]   16:     0x56a27b695dc2 - <std[617be2ca0a6fd877]::thread::lifecycle::spawn_unchecked<test[aada8e7e76ba119b]::run_test::{closure#1}, ()>::{closure#1} as core[a373ad73a504971]::ops::function::FnOnce<()>>::call_once::{shim:vtable#0}
[INFO] [stdout]   17:     0x56a27b74290f - <std[617be2ca0a6fd877]::sys::thread::unix::Thread>::new::thread_start
[INFO] [stdout]   18:     0x7fd266916dfa - <unknown>
[INFO] [stdout]   19:     0x7fd2669aa3d4 - clone
[INFO] [stdout]   20:                0x0 - <unknown>
[INFO] [stdout] 
[INFO] [stdout] ---- item::test::should_create_and_get_secret stdout ----
[INFO] [stdout] 
[INFO] [stdout] thread 'item::test::should_create_and_get_secret' (472) panicked at src/item.rs:253:64:
[INFO] [stdout] called `Result::unwrap()` on an `Err` value: Dbus(D-Bus error: Unable to autolaunch a dbus-daemon without a $DISPLAY for X11 (org.freedesktop.DBus.Error.NotSupported))
[INFO] [stdout] stack backtrace:
[INFO] [stdout]    0:     0x56a27b7430b1 - <<std[617be2ca0a6fd877]::sys::backtrace::BacktraceLock>::print::DisplayBacktrace as core[a373ad73a504971]::fmt::Display>::fmt
[INFO] [stdout]    1:     0x56a27b757b6a - core[a373ad73a504971]::fmt::write
[INFO] [stdout]    2:     0x56a27b7473cc - <alloc[2e1b2a31b91974c5]::vec::Vec<u8> as core[a373ad73a504971]::io::write::Write>::write_fmt
[INFO] [stdout]    3:     0x56a27b71ef16 - std[617be2ca0a6fd877]::panicking::default_hook::{closure#0}
[INFO] [stdout]    4:     0x56a27b73b1c9 - std[617be2ca0a6fd877]::panicking::default_hook
[INFO] [stdout]    5:     0x56a27b692710 - test[aada8e7e76ba119b]::test_main_inner::{closure#0}
[INFO] [stdout]    6:     0x56a27b73b382 - std[617be2ca0a6fd877]::panicking::panic_with_hook
[INFO] [stdout]    7:     0x56a27b71efc2 - std[617be2ca0a6fd877]::panicking::panic_handler::{closure#0}
[INFO] [stdout]    8:     0x56a27b717ca9 - std[617be2ca0a6fd877]::sys::backtrace::__rust_end_short_backtrace::<std[617be2ca0a6fd877]::panicking::panic_handler::{closure#0}, !>
[INFO] [stdout]    9:     0x56a27b71fbcd - __rustc[ea4f61d10b84890b]::rust_begin_unwind
[INFO] [stdout]   10:     0x56a27b75829c - core[a373ad73a504971]::panicking::panic_fmt
[INFO] [stdout]   11:     0x56a27b758072 - core[a373ad73a504971]::result::unwrap_failed
[INFO] [stdout]   12:     0x56a27b67fa61 - <dbus_secret_service[d236912f6a637a6]::item::test::should_create_and_get_secret::{closure#0} as core[a373ad73a504971]::ops::function::FnOnce<()>>::call_once
[INFO] [stdout]   13:     0x56a27b685b5b - test[aada8e7e76ba119b]::__rust_begin_short_backtrace::<core[a373ad73a504971]::result::Result<(), alloc[2e1b2a31b91974c5]::string::String>, fn() -> core[a373ad73a504971]::result::Result<(), alloc[2e1b2a31b91974c5]::string::String>>
[INFO] [stdout]   14:     0x56a27b692d35 - test[aada8e7e76ba119b]::run_test::{closure#0}
[INFO] [stdout]   15:     0x56a27b68c624 - std[617be2ca0a6fd877]::sys::backtrace::__rust_begin_short_backtrace::<test[aada8e7e76ba119b]::run_test::{closure#1}, ()>
[INFO] [stdout]   16:     0x56a27b695dc2 - <std[617be2ca0a6fd877]::thread::lifecycle::spawn_unchecked<test[aada8e7e76ba119b]::run_test::{closure#1}, ()>::{closure#1} as core[a373ad73a504971]::ops::function::FnOnce<()>>::call_once::{shim:vtable#0}
[INFO] [stdout]   17:     0x56a27b74290f - <std[617be2ca0a6fd877]::sys::thread::unix::Thread>::new::thread_start
[INFO] [stdout]   18:     0x7fd266916dfa - <unknown>
[INFO] [stdout]   19:     0x7fd2669aa3d4 - clone
[INFO] [stdout]   20:                0x0 - <unknown>
[INFO] [stdout] 
[INFO] [stdout] ---- item::test::should_create_with_item_attributes stdout ----
[INFO] [stdout] 
[INFO] [stdout] thread 'item::test::should_create_with_item_attributes' (473) panicked at src/item.rs:188:64:
[INFO] [stdout] called `Result::unwrap()` on an `Err` value: Dbus(D-Bus error: Unable to autolaunch a dbus-daemon without a $DISPLAY for X11 (org.freedesktop.DBus.Error.NotSupported))
[INFO] [stdout] stack backtrace:
[INFO] [stdout]    0:     0x56a27b7430b1 - <<std[617be2ca0a6fd877]::sys::backtrace::BacktraceLock>::print::DisplayBacktrace as core[a373ad73a504971]::fmt::Display>::fmt
[INFO] [stdout]    1:     0x56a27b757b6a - core[a373ad73a504971]::fmt::write
[INFO] [stdout]    2:     0x56a27b7473cc - <alloc[2e1b2a31b91974c5]::vec::Vec<u8> as core[a373ad73a504971]::io::write::Write>::write_fmt
[INFO] [stdout]    3:     0x56a27b71ef16 - std[617be2ca0a6fd877]::panicking::default_hook::{closure#0}
[INFO] [stdout]    4:     0x56a27b73b1c9 - std[617be2ca0a6fd877]::panicking::default_hook
[INFO] [stdout]    5:     0x56a27b692710 - test[aada8e7e76ba119b]::test_main_inner::{closure#0}
[INFO] [stdout]    6:     0x56a27b73b382 - std[617be2ca0a6fd877]::panicking::panic_with_hook
[INFO] [stdout]    7:     0x56a27b71efc2 - std[617be2ca0a6fd877]::panicking::panic_handler::{closure#0}
[INFO] [stdout]    8:     0x56a27b717ca9 - std[617be2ca0a6fd877]::sys::backtrace::__rust_end_short_backtrace::<std[617be2ca0a6fd877]::panicking::panic_handler::{closure#0}, !>
[INFO] [stdout]    9:     0x56a27b71fbcd - __rustc[ea4f61d10b84890b]::rust_begin_unwind
[INFO] [stdout]   10:     0x56a27b75829c - core[a373ad73a504971]::panicking::panic_fmt
[INFO] [stdout]   11:     0x56a27b758072 - core[a373ad73a504971]::result::unwrap_failed
[INFO] [stdout]   12:     0x56a27b6812f2 - <dbus_secret_service[d236912f6a637a6]::item::test::should_create_with_item_attributes::{closure#0} as core[a373ad73a504971]::ops::function::FnOnce<()>>::call_once
[INFO] [stdout]   13:     0x56a27b685b5b - test[aada8e7e76ba119b]::__rust_begin_short_backtrace::<core[a373ad73a504971]::result::Result<(), alloc[2e1b2a31b91974c5]::string::String>, fn() -> core[a373ad73a504971]::result::Result<(), alloc[2e1b2a31b91974c5]::string::String>>
[INFO] [stdout]   14:     0x56a27b692d35 - test[aada8e7e76ba119b]::run_test::{closure#0}
[INFO] [stdout]   15:     0x56a27b68c624 - std[617be2ca0a6fd877]::sys::backtrace::__rust_begin_short_backtrace::<test[aada8e7e76ba119b]::run_test::{closure#1}, ()>
[INFO] [stdout]   16:     0x56a27b695dc2 - <std[617be2ca0a6fd877]::thread::lifecycle::spawn_unchecked<test[aada8e7e76ba119b]::run_test::{closure#1}, ()>::{closure#1} as core[a373ad73a504971]::ops::function::FnOnce<()>>::call_once::{shim:vtable#0}
[INFO] [stdout]   17:     0x56a27b74290f - <std[617be2ca0a6fd877]::sys::thread::unix::Thread>::new::thread_start
[INFO] [stdout]   18:     0x7fd266916dfa - <unknown>
[INFO] [stdout]   19:     0x7fd2669aa3d4 - clone
[INFO] [stdout]   20:                0x0 - <unknown>
[INFO] [stdout] 
[INFO] [stdout] ---- item::test::should_get_and_set_item_label stdout ----
[INFO] [stdout] 
[INFO] [stdout] thread 'item::test::should_get_and_set_item_label' (475) panicked at src/item.rs:175:64:
[INFO] [stdout] called `Result::unwrap()` on an `Err` value: Dbus(D-Bus error: Unable to autolaunch a dbus-daemon without a $DISPLAY for X11 (org.freedesktop.DBus.Error.NotSupported))
[INFO] [stdout] stack backtrace:
[INFO] [stdout]    0:     0x56a27b7430b1 - <<std[617be2ca0a6fd877]::sys::backtrace::BacktraceLock>::print::DisplayBacktrace as core[a373ad73a504971]::fmt::Display>::fmt
[INFO] [stdout]    1:     0x56a27b757b6a - core[a373ad73a504971]::fmt::write
[INFO] [stdout]    2:     0x56a27b7473cc - <alloc[2e1b2a31b91974c5]::vec::Vec<u8> as core[a373ad73a504971]::io::write::Write>::write_fmt
[INFO] [stdout]    3:     0x56a27b71ef16 - std[617be2ca0a6fd877]::panicking::default_hook::{closure#0}
[INFO] [stdout]    4:     0x56a27b73b1c9 - std[617be2ca0a6fd877]::panicking::default_hook
[INFO] [stdout]    5:     0x56a27b692710 - test[aada8e7e76ba119b]::test_main_inner::{closure#0}
[INFO] [stdout]    6:     0x56a27b73b382 - std[617be2ca0a6fd877]::panicking::panic_with_hook
[INFO] [stdout]    7:     0x56a27b71efc2 - std[617be2ca0a6fd877]::panicking::panic_handler::{closure#0}
[INFO] [stdout]    8:     0x56a27b717ca9 - std[617be2ca0a6fd877]::sys::backtrace::__rust_end_short_backtrace::<std[617be2ca0a6fd877]::panicking::panic_handler::{closure#0}, !>
[INFO] [stdout]    9:     0x56a27b71fbcd - __rustc[ea4f61d10b84890b]::rust_begin_unwind
[INFO] [stdout]   10:     0x56a27b75829c - core[a373ad73a504971]::panicking::panic_fmt
[INFO] [stdout]   11:     0x56a27b758072 - core[a373ad73a504971]::result::unwrap_failed
[INFO] [stdout]   12:     0x56a27b68027e - <dbus_secret_service[d236912f6a637a6]::item::test::should_get_and_set_item_label::{closure#0} as core[a373ad73a504971]::ops::function::FnOnce<()>>::call_once
[INFO] [stdout]   13:     0x56a27b685b5b - test[aada8e7e76ba119b]::__rust_begin_short_backtrace::<core[a373ad73a504971]::result::Result<(), alloc[2e1b2a31b91974c5]::string::String>, fn() -> core[a373ad73a504971]::result::Result<(), alloc[2e1b2a31b91974c5]::string::String>>
[INFO] [stdout]   14:     0x56a27b692d35 - test[aada8e7e76ba119b]::run_test::{closure#0}
[INFO] [stdout]   15:     0x56a27b68c624 - std[617be2ca0a6fd877]::sys::backtrace::__rust_begin_short_backtrace::<test[aada8e7e76ba119b]::run_test::{closure#1}, ()>
[INFO] [stdout]   16:     0x56a27b695dc2 - <std[617be2ca0a6fd877]::thread::lifecycle::spawn_unchecked<test[aada8e7e76ba119b]::run_test::{closure#1}, ()>::{closure#1} as core[a373ad73a504971]::ops::function::FnOnce<()>>::call_once::{shim:vtable#0}
[INFO] [stdout]   17:     0x56a27b74290f - <std[617be2ca0a6fd877]::sys::thread::unix::Thread>::new::thread_start
[INFO] [stdout]   18:     0x7fd266916dfa - <unknown>
[INFO] [stdout]   19:     0x7fd2669aa3d4 - clone
[INFO] [stdout]   20:                0x0 - <unknown>
[INFO] [stdout] 
[INFO] [stdout] ---- collection::test::should_get_all_items stdout ----
[INFO] [stdout] 
[INFO] [stdout] thread 'collection::test::should_get_all_items' (468) panicked at src/collection.rs:187:64:
[INFO] [stdout] called `Result::unwrap()` on an `Err` value: Dbus(D-Bus error: Unable to autolaunch a dbus-daemon without a $DISPLAY for X11 (org.freedesktop.DBus.Error.NotSupported))
[INFO] [stdout] stack backtrace:
[INFO] [stdout]    0:     0x56a27b7430b1 - <<std[617be2ca0a6fd877]::sys::backtrace::BacktraceLock>::print::DisplayBacktrace as core[a373ad73a504971]::fmt::Display>::fmt
[INFO] [stdout]    1:     0x56a27b757b6a - core[a373ad73a504971]::fmt::write
[INFO] [stdout]    2:     0x56a27b7473cc - <alloc[2e1b2a31b91974c5]::vec::Vec<u8> as core[a373ad73a504971]::io::write::Write>::write_fmt
[INFO] [stdout]    3:     0x56a27b71ef16 - std[617be2ca0a6fd877]::panicking::default_hook::{closure#0}
[INFO] [stdout]    4:     0x56a27b73b1c9 - std[617be2ca0a6fd877]::panicking::default_hook
[INFO] [stdout]    5:     0x56a27b692710 - test[aada8e7e76ba119b]::test_main_inner::{closure#0}
[INFO] [stdout]    6:     0x56a27b73b382 - std[617be2ca0a6fd877]::panicking::panic_with_hook
[INFO] [stdout]    7:     0x56a27b71efc2 - std[617be2ca0a6fd877]::panicking::panic_handler::{closure#0}
[INFO] [stdout]    8:     0x56a27b717ca9 - std[617be2ca0a6fd877]::sys::backtrace::__rust_end_short_backtrace::<std[617be2ca0a6fd877]::panicking::panic_handler::{closure#0}, !>
[INFO] [stdout]    9:     0x56a27b71fbcd - __rustc[ea4f61d10b84890b]::rust_begin_unwind
[INFO] [stdout]   10:     0x56a27b75829c - core[a373ad73a504971]::panicking::panic_fmt
[INFO] [stdout]   11:     0x56a27b758072 - core[a373ad73a504971]::result::unwrap_failed
[INFO] [stdout]   12:     0x56a27b665e27 - <dbus_secret_service[d236912f6a637a6]::collection::test::should_get_all_items::{closure#0} as core[a373ad73a504971]::ops::function::FnOnce<()>>::call_once
[INFO] [stdout]   13:     0x56a27b685b5b - test[aada8e7e76ba119b]::__rust_begin_short_backtrace::<core[a373ad73a504971]::result::Result<(), alloc[2e1b2a31b91974c5]::string::String>, fn() -> core[a373ad73a504971]::result::Result<(), alloc[2e1b2a31b91974c5]::string::String>>
[INFO] [stdout]   14:     0x56a27b692d35 - test[aada8e7e76ba119b]::run_test::{closure#0}
[INFO] [stdout]   15:     0x56a27b68c624 - std[617be2ca0a6fd877]::sys::backtrace::__rust_begin_short_backtrace::<test[aada8e7e76ba119b]::run_test::{closure#1}, ()>
[INFO] [stdout]   16:     0x56a27b695dc2 - <std[617be2ca0a6fd877]::thread::lifecycle::spawn_unchecked<test[aada8e7e76ba119b]::run_test::{closure#1}, ()>::{closure#1} as core[a373ad73a504971]::ops::function::FnOnce<()>>::call_once::{shim:vtable#0}
[INFO] [stdout]   17:     0x56a27b74290f - <std[617be2ca0a6fd877]::sys::thread::unix::Thread>::new::thread_start
[INFO] [stdout]   18:     0x7fd266916dfa - <unknown>
[INFO] [stdout]   19:     0x7fd2669aa3d4 - clone
[INFO] [stdout]   20:                0x0 - <unknown>
[INFO] [stdout] 
[INFO] [stdout] ---- item::test::should_get_secret_content_type stdout ----
[INFO] [stdout] 
[INFO] [stdout] thread 'item::test::should_get_secret_content_type' (477) panicked at src/item.rs:276:64:
[INFO] [stdout] called `Result::unwrap()` on an `Err` value: Dbus(D-Bus error: Unable to autolaunch a dbus-daemon without a $DISPLAY for X11 (org.freedesktop.DBus.Error.NotSupported))
[INFO] [stdout] stack backtrace:
[INFO] [stdout]    0:     0x56a27b7430b1 - <<std[617be2ca0a6fd877]::sys::backtrace::BacktraceLock>::print::DisplayBacktrace as core[a373ad73a504971]::fmt::Display>::fmt
[INFO] [stdout]    1:     0x56a27b757b6a - core[a373ad73a504971]::fmt::write
[INFO] [stdout]    2:     0x56a27b7473cc - <alloc[2e1b2a31b91974c5]::vec::Vec<u8> as core[a373ad73a504971]::io::write::Write>::write_fmt
[INFO] [stdout]    3:     0x56a27b71ef16 - std[617be2ca0a6fd877]::panicking::default_hook::{closure#0}
[INFO] [stdout]    4:     0x56a27b73b1c9 - std[617be2ca0a6fd877]::panicking::default_hook
[INFO] [stdout]    5:     0x56a27b692710 - test[aada8e7e76ba119b]::test_main_inner::{closure#0}
[INFO] [stdout]    6:     0x56a27b73b382 - std[617be2ca0a6fd877]::panicking::panic_with_hook
[INFO] [stdout]    7:     0x56a27b71efc2 - std[617be2ca0a6fd877]::panicking::panic_handler::{closure#0}
[INFO] [stdout]    8:     0x56a27b717ca9 - std[617be2ca0a6fd877]::sys::backtrace::__rust_end_short_backtrace::<std[617be2ca0a6fd877]::panicking::panic_handler::{closure#0}, !>
[INFO] [stdout]    9:     0x56a27b71fbcd - __rustc[ea4f61d10b84890b]::rust_begin_unwind
[INFO] [stdout]   10:     0x56a27b75829c - core[a373ad73a504971]::panicking::panic_fmt
[INFO] [stdout]   11:     0x56a27b758072 - core[a373ad73a504971]::result::unwrap_failed
[INFO] [stdout]   12:     0x56a27b6807aa - <dbus_secret_service[d236912f6a637a6]::item::test::should_get_secret_content_type::{closure#0} as core[a373ad73a504971]::ops::function::FnOnce<()>>::call_once
[INFO] [stdout]   13:     0x56a27b685b5b - test[aada8e7e76ba119b]::__rust_begin_short_backtrace::<core[a373ad73a504971]::result::Result<(), alloc[2e1b2a31b91974c5]::string::String>, fn() -> core[a373ad73a504971]::result::Result<(), alloc[2e1b2a31b91974c5]::string::String>>
[INFO] [stdout]   14:     0x56a27b692d35 - test[aada8e7e76ba119b]::run_test::{closure#0}
[INFO] [stdout]   15:     0x56a27b68c624 - std[617be2ca0a6fd877]::sys::backtrace::__rust_begin_short_backtrace::<test[aada8e7e76ba119b]::run_test::{closure#1}, ()>
[INFO] [stdout]   16:     0x56a27b695dc2 - <std[617be2ca0a6fd877]::thread::lifecycle::spawn_unchecked<test[aada8e7e76ba119b]::run_test::{closure#1}, ()>::{closure#1} as core[a373ad73a504971]::ops::function::FnOnce<()>>::call_once::{shim:vtable#0}
[INFO] [stdout]   17:     0x56a27b74290f - <std[617be2ca0a6fd877]::sys::thread::unix::Thread>::new::thread_start
[INFO] [stdout]   18:     0x7fd266916dfa - <unknown>
[INFO] [stdout]   19:     0x7fd2669aa3d4 - clone
[INFO] [stdout]   20:                0x0 - <unknown>
[INFO] [stdout] 
[INFO] [stdout] ---- test::should_get_collection_by_alias stdout ----
[INFO] [stdout] 
[INFO] [stdout] thread 'test::should_get_collection_by_alias' (483) panicked at src/lib.rs:357:64:
[INFO] [stdout] called `Result::unwrap()` on an `Err` value: Dbus(D-Bus error: Unable to autolaunch a dbus-daemon without a $DISPLAY for X11 (org.freedesktop.DBus.Error.NotSupported))
[INFO] [stdout] stack backtrace:
[INFO] [stdout]    0:     0x56a27b7430b1 - <<std[617be2ca0a6fd877]::sys::backtrace::BacktraceLock>::print::DisplayBacktrace as core[a373ad73a504971]::fmt::Display>::fmt
[INFO] [stdout]    1:     0x56a27b757b6a - core[a373ad73a504971]::fmt::write
[INFO] [stdout]    2:     0x56a27b7473cc - <alloc[2e1b2a31b91974c5]::vec::Vec<u8> as core[a373ad73a504971]::io::write::Write>::write_fmt
[INFO] [stdout]    3:     0x56a27b71ef16 - std[617be2ca0a6fd877]::panicking::default_hook::{closure#0}
[INFO] [stdout]    4:     0x56a27b73b1c9 - std[617be2ca0a6fd877]::panicking::default_hook
[INFO] [stdout]    5:     0x56a27b692710 - test[aada8e7e76ba119b]::test_main_inner::{closure#0}
[INFO] [stdout]    6:     0x56a27b73b382 - std[617be2ca0a6fd877]::panicking::panic_with_hook
[INFO] [stdout]    7:     0x56a27b71efc2 - std[617be2ca0a6fd877]::panicking::panic_handler::{closure#0}
[INFO] [stdout]    8:     0x56a27b717ca9 - std[617be2ca0a6fd877]::sys::backtrace::__rust_end_short_backtrace::<std[617be2ca0a6fd877]::panicking::panic_handler::{closure#0}, !>
[INFO] [stdout]    9:     0x56a27b71fbcd - __rustc[ea4f61d10b84890b]::rust_begin_unwind
[INFO] [stdout]   10:     0x56a27b75829c - core[a373ad73a504971]::panicking::panic_fmt
[INFO] [stdout]   11:     0x56a27b758072 - core[a373ad73a504971]::result::unwrap_failed
[INFO] [stdout]   12:     0x56a27b683cd8 - <dbus_secret_service[d236912f6a637a6]::test::should_get_collection_by_alias::{closure#0} as core[a373ad73a504971]::ops::function::FnOnce<()>>::call_once
[INFO] [stdout]   13:     0x56a27b685b5b - test[aada8e7e76ba119b]::__rust_begin_short_backtrace::<core[a373ad73a504971]::result::Result<(), alloc[2e1b2a31b91974c5]::string::String>, fn() -> core[a373ad73a504971]::result::Result<(), alloc[2e1b2a31b91974c5]::string::String>>
[INFO] [stdout]   14:     0x56a27b692d35 - test[aada8e7e76ba119b]::run_test::{closure#0}
[INFO] [stdout]   15:     0x56a27b68c624 - std[617be2ca0a6fd877]::sys::backtrace::__rust_begin_short_backtrace::<test[aada8e7e76ba119b]::run_test::{closure#1}, ()>
[INFO] [stdout]   16:     0x56a27b695dc2 - <std[617be2ca0a6fd877]::thread::lifecycle::spawn_unchecked<test[aada8e7e76ba119b]::run_test::{closure#1}, ()>::{closure#1} as core[a373ad73a504971]::ops::function::FnOnce<()>>::call_once::{shim:vtable#0}
[INFO] [stdout]   17:     0x56a27b74290f - <std[617be2ca0a6fd877]::sys::thread::unix::Thread>::new::thread_start
[INFO] [stdout]   18:     0x7fd266916dfa - <unknown>
[INFO] [stdout]   19:     0x7fd2669aa3d4 - clone
[INFO] [stdout]   20:                0x0 - <unknown>
[INFO] [stdout] 
[INFO] [stdout] ---- test::should_return_error_if_collection_doesnt_exist stdout ----
[INFO] [stdout] 
[INFO] [stdout] thread 'test::should_return_error_if_collection_doesnt_exist' (485) panicked at src/lib.rs:363:64:
[INFO] [stdout] called `Result::unwrap()` on an `Err` value: Dbus(D-Bus error: Unable to autolaunch a dbus-daemon without a $DISPLAY for X11 (org.freedesktop.DBus.Error.NotSupported))
[INFO] [stdout] stack backtrace:
[INFO] [stdout]    0:     0x56a27b7430b1 - <<std[617be2ca0a6fd877]::sys::backtrace::BacktraceLock>::print::DisplayBacktrace as core[a373ad73a504971]::fmt::Display>::fmt
[INFO] [stdout]    1:     0x56a27b757b6a - core[a373ad73a504971]::fmt::write
[INFO] [stdout]    2:     0x56a27b7473cc - <alloc[2e1b2a31b91974c5]::vec::Vec<u8> as core[a373ad73a504971]::io::write::Write>::write_fmt
[INFO] [stdout]    3:     0x56a27b71ef16 - std[617be2ca0a6fd877]::panicking::default_hook::{closure#0}
[INFO] [stdout]    4:     0x56a27b73b1c9 - std[617be2ca0a6fd877]::panicking::default_hook
[INFO] [stdout]    5:     0x56a27b692710 - test[aada8e7e76ba119b]::test_main_inner::{closure#0}
[INFO] [stdout]    6:     0x56a27b73b382 - std[617be2ca0a6fd877]::panicking::panic_with_hook
[INFO] [stdout]    7:     0x56a27b71efc2 - std[617be2ca0a6fd877]::panicking::panic_handler::{closure#0}
[INFO] [stdout]    8:     0x56a27b717ca9 - std[617be2ca0a6fd877]::sys::backtrace::__rust_end_short_backtrace::<std[617be2ca0a6fd877]::panicking::panic_handler::{closure#0}, !>
[INFO] [stdout]    9:     0x56a27b71fbcd - __rustc[ea4f61d10b84890b]::rust_begin_unwind
[INFO] [stdout]   10:     0x56a27b75829c - core[a373ad73a504971]::panicking::panic_fmt
[INFO] [stdout]   11:     0x56a27b758072 - core[a373ad73a504971]::result::unwrap_failed
[INFO] [stdout]   12:     0x56a27b68416c - <dbus_secret_service[d236912f6a637a6]::test::should_return_error_if_collection_doesnt_exist::{closure#0} as core[a373ad73a504971]::ops::function::FnOnce<()>>::call_once
[INFO] [stdout]   13:     0x56a27b685b5b - test[aada8e7e76ba119b]::__rust_begin_short_backtrace::<core[a373ad73a504971]::result::Result<(), alloc[2e1b2a31b91974c5]::string::String>, fn() -> core[a373ad73a504971]::result::Result<(), alloc[2e1b2a31b91974c5]::string::String>>
[INFO] [stdout]   14:     0x56a27b692d35 - test[aada8e7e76ba119b]::run_test::{closure#0}
[INFO] [stdout]   15:     0x56a27b68c624 - std[617be2ca0a6fd877]::sys::backtrace::__rust_begin_short_backtrace::<test[aada8e7e76ba119b]::run_test::{closure#1}, ()>
[INFO] [stdout]   16:     0x56a27b695dc2 - <std[617be2ca0a6fd877]::thread::lifecycle::spawn_unchecked<test[aada8e7e76ba119b]::run_test::{closure#1}, ()>::{closure#1} as core[a373ad73a504971]::ops::function::FnOnce<()>>::call_once::{shim:vtable#0}
[INFO] [stdout]   17:     0x56a27b74290f - <std[617be2ca0a6fd877]::sys::thread::unix::Thread>::new::thread_start
[INFO] [stdout]   18:     0x7fd266916dfa - <unknown>
[INFO] [stdout]   19:     0x7fd2669aa3d4 - clone
[INFO] [stdout]   20:                0x0 - <unknown>
[INFO] [stdout] 
[INFO] [stdout] ---- session::test::should_create_plain_session stdout ----
[INFO] [stdout] 
[INFO] [stdout] thread 'session::test::should_create_plain_session' (479) panicked at src/session.rs:412:52:
[INFO] [stdout] called `Result::unwrap()` on an `Err` value: D-Bus error: Unable to autolaunch a dbus-daemon without a $DISPLAY for X11 (org.freedesktop.DBus.Error.NotSupported)
[INFO] [stdout] stack backtrace:
[INFO] [stdout]    0:     0x56a27b7430b1 - <<std[617be2ca0a6fd877]::sys::backtrace::BacktraceLock>::print::DisplayBacktrace as core[a373ad73a504971]::fmt::Display>::fmt
[INFO] [stdout]    1:     0x56a27b757b6a - core[a373ad73a504971]::fmt::write
[INFO] [stdout]    2:     0x56a27b7473cc - <alloc[2e1b2a31b91974c5]::vec::Vec<u8> as core[a373ad73a504971]::io::write::Write>::write_fmt
[INFO] [stdout]    3:     0x56a27b71ef16 - std[617be2ca0a6fd877]::panicking::default_hook::{closure#0}
[INFO] [stdout]    4:     0x56a27b73b1c9 - std[617be2ca0a6fd877]::panicking::default_hook
[INFO] [stdout]    5:     0x56a27b692710 - test[aada8e7e76ba119b]::test_main_inner::{closure#0}
[INFO] [stdout]    6:     0x56a27b73b382 - std[617be2ca0a6fd877]::panicking::panic_with_hook
[INFO] [stdout]    7:     0x56a27b71efc2 - std[617be2ca0a6fd877]::panicking::panic_handler::{closure#0}
[INFO] [stdout]    8:     0x56a27b717ca9 - std[617be2ca0a6fd877]::sys::backtrace::__rust_end_short_backtrace::<std[617be2ca0a6fd877]::panicking::panic_handler::{closure#0}, !>
[INFO] [stdout]    9:     0x56a27b71fbcd - __rustc[ea4f61d10b84890b]::rust_begin_unwind
[INFO] [stdout]   10:     0x56a27b75829c - core[a373ad73a504971]::panicking::panic_fmt
[INFO] [stdout]   11:     0x56a27b758072 - core[a373ad73a504971]::result::unwrap_failed
[INFO] [stdout]   12:     0x56a27b681eda - <dbus_secret_service[d236912f6a637a6]::session::test::should_create_plain_session::{closure#0} as core[a373ad73a504971]::ops::function::FnOnce<()>>::call_once
[INFO] [stdout]   13:     0x56a27b685b5b - test[aada8e7e76ba119b]::__rust_begin_short_backtrace::<core[a373ad73a504971]::result::Result<(), alloc[2e1b2a31b91974c5]::string::String>, fn() -> core[a373ad73a504971]::result::Result<(), alloc[2e1b2a31b91974c5]::string::String>>
[INFO] [stdout]   14:     0x56a27b692d35 - test[aada8e7e76ba119b]::run_test::{closure#0}
[INFO] [stdout]   15:     0x56a27b68c624 - std[617be2ca0a6fd877]::sys::backtrace::__rust_begin_short_backtrace::<test[aada8e7e76ba119b]::run_test::{closure#1}, ()>
[INFO] [stdout]   16:     0x56a27b695dc2 - <std[617be2ca0a6fd877]::thread::lifecycle::spawn_unchecked<test[aada8e7e76ba119b]::run_test::{closure#1}, ()>::{closure#1} as core[a373ad73a504971]::ops::function::FnOnce<()>>::call_once::{shim:vtable#0}
[INFO] [stdout]   17:     0x56a27b74290f - <std[617be2ca0a6fd877]::sys::thread::unix::Thread>::new::thread_start
[INFO] [stdout]   18:     0x7fd266916dfa - <unknown>
[INFO] [stdout]   19:     0x7fd2669aa3d4 - clone
[INFO] [stdout]   20:                0x0 - <unknown>
[INFO] [stdout] 
[INFO] [stdout] 
[INFO] [stdout] failures:
[INFO] [stdout]     collection::test::should_check_if_collection_locked
[INFO] [stdout]     collection::test::should_create_collection_struct
[INFO] [stdout]     collection::test::should_get_all_items
[INFO] [stdout]     collection::test::should_search_items
[INFO] [stdout]     item::test::should_check_if_item_locked
[INFO] [stdout]     item::test::should_create_and_delete_item
[INFO] [stdout]     item::test::should_create_and_get_secret
[INFO] [stdout]     item::test::should_create_with_item_attributes
[INFO] [stdout]     item::test::should_get_and_set_item_attributes
[INFO] [stdout]     item::test::should_get_and_set_item_label
[INFO] [stdout]     item::test::should_get_modified_created_props
[INFO] [stdout]     item::test::should_get_secret_content_type
[INFO] [stdout]     item::test::should_set_secret
[INFO] [stdout]     session::test::should_create_plain_session
[INFO] [stdout]     test::should_create_secret_service
[INFO] [stdout]     test::should_get_all_collections
[INFO] [stdout]     test::should_get_any_collection
[INFO] [stdout]     test::should_get_collection_by_alias
[INFO] [stdout]     test::should_get_default_collection
[INFO] [stdout]     test::should_return_error_if_collection_doesnt_exist
[INFO] [stdout]     test::should_search_items
[INFO] [stdout] 
[INFO] [stdout] test result: FAILED. 0 passed; 21 failed; 6 ignored; 0 measured; 0 filtered out; finished in 0.03s
[INFO] [stdout] 
[INFO] running `Command { std: "docker" "inspect" "b4a6c2001ecc33ef0c22cee34610099588cf67c7040d5e46c70115d314e21d6e", kill_on_drop: false }`
[INFO] running `Command { std: "docker" "rm" "-f" "b4a6c2001ecc33ef0c22cee34610099588cf67c7040d5e46c70115d314e21d6e", kill_on_drop: false }`
[INFO] [stdout] b4a6c2001ecc33ef0c22cee34610099588cf67c7040d5e46c70115d314e21d6e
