[INFO] fetching crate dbus-async 2.3.1...
[INFO] testing dbus-async-2.3.1 against 1.99.0-beta.8+cargoflags=--release for beta-release-1.100-2
[INFO] extracting crate dbus-async 2.3.1 into /workspace/builds/worker-0-tc1/source
[INFO] started tweaking crates.io crate dbus-async 2.3.1
[INFO] finished tweaking crates.io crate dbus-async 2.3.1
[INFO] tweaked toml for crates.io crate dbus-async 2.3.1 written to /workspace/builds/worker-0-tc1/source/Cargo.toml
[INFO] validating manifest of crates.io crate dbus-async 2.3.1 on toolchain 1.99.0-beta.8
[INFO] running `Command { std: CARGO_HOME="/workspace/cargo-home" RUSTUP_HOME="/workspace/rustup-home" "/workspace/cargo-home/bin/cargo" "+1.99.0-beta.8" "metadata" "--manifest-path" "Cargo.toml" "--no-deps", kill_on_drop: false }`
[INFO] crate crates.io crate dbus-async 2.3.1 already has a lockfile, it will not be regenerated
[INFO] running `Command { std: CARGO_HOME="/workspace/cargo-home" RUSTUP_HOME="/workspace/rustup-home" "/workspace/cargo-home/bin/cargo" "+1.99.0-beta.8" "fetch" "--manifest-path" "Cargo.toml", kill_on_drop: false }`
[INFO] [stderr]     Updating crates.io index
[INFO] [stderr]  Downloading crates ...
[INFO] [stderr]   Downloaded proc-macro2 v1.0.34
[INFO] [stderr]   Downloaded retain_mut v0.1.5
[INFO] [stderr]   Downloaded lru v0.7.0
[INFO] [stderr]   Downloaded dbus-server-address-parser v1.0.1
[INFO] [stderr]   Downloaded async-recursion v0.3.2
[INFO] [stderr]   Downloaded dbus-message-parser v4.3.1
[INFO] [stderr]   Downloaded syn v1.0.82
[INFO] [stderr]   Downloaded tokio v1.15.0
[INFO] running `Command { std: "docker" "create" "-v" "/var/lib/crater-agent-workspace/builds/worker-0-tc1/source:/opt/rustwide/workdir:ro,Z" "-v" "/var/lib/crater-agent-workspace/builds/worker-0-tc1/target:/opt/rustwide/target:rw,Z" "-v" "/var/lib/crater-agent-workspace/cargo-home:/opt/rustwide/cargo-home:ro,Z" "-v" "/var/lib/crater-agent-workspace/rustup-home:/opt/rustwide/rustup-home:ro,Z" "-m" "1610612736" "--network" "none" "ghcr.io/rust-lang/crates-build-env/linux@sha256:77db811e55d90add9212f6832c23229e3de5f1c1f9905e8cb07319ea15df73ac" "sleep" "infinity", kill_on_drop: false }`
[INFO] [stdout] 9c87a2fd57a1d3e6e8c8d61b840d2e6379c8b0fd2015d12db968b0053c1601bc
[INFO] running `Command { std: "docker" "start" "9c87a2fd57a1d3e6e8c8d61b840d2e6379c8b0fd2015d12db968b0053c1601bc", kill_on_drop: false }`
[INFO] running `Command { std: "docker" "inspect" "9c87a2fd57a1d3e6e8c8d61b840d2e6379c8b0fd2015d12db968b0053c1601bc", kill_on_drop: false }`
[INFO] running `Command { std: "docker" "exec" "-e" "SOURCE_DIR=/opt/rustwide/workdir" "-e" "CARGO_HOME=/opt/rustwide/cargo-home" "-e" "RUSTUP_HOME=/opt/rustwide/rustup-home" "-e" "CARGO_TARGET_DIR=/opt/rustwide/target" "-w" "/opt/rustwide/workdir" "--user" "0:0" "9c87a2fd57a1d3e6e8c8d61b840d2e6379c8b0fd2015d12db968b0053c1601bc" "/opt/rustwide/cargo-home/bin/cargo" "+1.99.0-beta.8" "metadata" "--no-deps" "--format-version=1", kill_on_drop: false }`
[INFO] running `Command { std: "docker" "inspect" "9c87a2fd57a1d3e6e8c8d61b840d2e6379c8b0fd2015d12db968b0053c1601bc", kill_on_drop: false }`
[INFO] running `Command { std: "docker" "exec" "-e" "SOURCE_DIR=/opt/rustwide/workdir" "-e" "CARGO_HOME=/opt/rustwide/cargo-home" "-e" "RUSTUP_HOME=/opt/rustwide/rustup-home" "-e" "CARGO_TARGET_DIR=/opt/rustwide/target" "-e" "CARGO_INCREMENTAL=0" "-e" "RUST_BACKTRACE=full" "-e" "RUSTFLAGS=--cap-lints=warn" "-e" "RUSTDOCFLAGS=--cap-lints=warn" "-w" "/opt/rustwide/workdir" "--user" "0:0" "9c87a2fd57a1d3e6e8c8d61b840d2e6379c8b0fd2015d12db968b0053c1601bc" "/opt/rustwide/cargo-home/bin/cargo" "+1.99.0-beta.8" "build" "--frozen" "--message-format=json" "--release", kill_on_drop: false }`
[INFO] [stderr]    Compiling proc-macro2 v1.0.34
[INFO] [stderr]    Compiling syn v1.0.82
[INFO] [stderr]    Compiling futures-core v0.3.17
[INFO] [stderr]    Compiling proc-macro-hack v0.5.19
[INFO] [stderr]    Compiling libc v0.2.112
[INFO] [stderr]    Compiling futures-macro v0.3.17
[INFO] [stderr]    Compiling memchr v2.4.1
[INFO] [stderr]    Compiling futures-task v0.3.17
[INFO] [stderr]    Compiling futures-channel v0.3.17
[INFO] [stderr]    Compiling proc-macro-nested v0.1.7
[INFO] [stderr]    Compiling ahash v0.7.6
[INFO] [stderr]    Compiling futures-util v0.3.17
[INFO] [stderr]    Compiling once_cell v1.9.0
[INFO] [stderr]    Compiling pin-project-lite v0.2.7
[INFO] [stderr]    Compiling futures-sink v0.3.17
[INFO] [stderr]    Compiling log v0.4.14
[INFO] [stderr]    Compiling slab v0.4.5
[INFO] [stderr]    Compiling futures-io v0.3.17
[INFO] [stderr]    Compiling bytes v1.1.0
[INFO] [stderr]    Compiling async-trait v0.1.52
[INFO] [stderr]    Compiling quote v1.0.10
[INFO] [stderr]    Compiling getrandom v0.2.3
[INFO] [stderr]    Compiling mio v0.7.14
[INFO] [stderr]    Compiling signal-hook-registry v1.4.0
[INFO] [stderr]    Compiling num_cpus v1.13.0
[INFO] [stderr]    Compiling hashbrown v0.11.2
[INFO] [stderr]    Compiling retain_mut v0.1.5
[INFO] [stderr]    Compiling lru v0.7.0
[INFO] [stderr]    Compiling thiserror-impl v1.0.30
[INFO] [stderr]    Compiling tokio-macros v1.7.0
[INFO] [stderr]    Compiling async-recursion v0.3.2
[INFO] [stderr]    Compiling tokio v1.15.0
[INFO] [stderr]    Compiling thiserror v1.0.30
[INFO] [stderr]    Compiling dbus-server-address-parser v1.0.1
[INFO] [stderr]    Compiling dbus-message-parser v4.3.1
[INFO] [stderr]    Compiling futures-executor v0.3.17
[INFO] [stderr]    Compiling futures v0.3.17
[INFO] [stderr]    Compiling dbus-async v2.3.1 (/opt/rustwide/workdir)
[INFO] [stdout] warning: unused import: `retain_mut::RetainMut`
[INFO] [stdout]  --> src/connection/message/signal.rs:3:5
[INFO] [stdout]   |
[INFO] [stdout] 3 | use retain_mut::RetainMut;
[INFO] [stdout]   |     ^^^^^^^^^^^^^^^^^^^^^
[INFO] [stdout]   |
[INFO] [stdout]   = note: `#[warn(unused_imports)]` (part of `#[warn(unused)]`) on by default
[INFO] [stdout] 
[INFO] [stdout] 
[INFO] [stderr]     Finished `release` profile [optimized] target(s) in 38.66s
[INFO] running `Command { std: "docker" "inspect" "9c87a2fd57a1d3e6e8c8d61b840d2e6379c8b0fd2015d12db968b0053c1601bc", kill_on_drop: false }`
[INFO] running `Command { std: "docker" "exec" "-e" "SOURCE_DIR=/opt/rustwide/workdir" "-e" "CARGO_HOME=/opt/rustwide/cargo-home" "-e" "RUSTUP_HOME=/opt/rustwide/rustup-home" "-e" "CARGO_TARGET_DIR=/opt/rustwide/target" "-e" "CARGO_INCREMENTAL=0" "-e" "RUST_BACKTRACE=full" "-e" "RUSTFLAGS=--cap-lints=warn" "-e" "RUSTDOCFLAGS=--cap-lints=warn" "-w" "/opt/rustwide/workdir" "--user" "0:0" "9c87a2fd57a1d3e6e8c8d61b840d2e6379c8b0fd2015d12db968b0053c1601bc" "/opt/rustwide/cargo-home/bin/cargo" "+1.99.0-beta.8" "test" "--frozen" "--no-run" "--message-format=json" "--release", kill_on_drop: false }`
[INFO] [stdout] warning: unused import: `retain_mut::RetainMut`
[INFO] [stdout]  --> src/connection/message/signal.rs:3:5
[INFO] [stdout]   |
[INFO] [stdout] 3 | use retain_mut::RetainMut;
[INFO] [stdout]   |     ^^^^^^^^^^^^^^^^^^^^^
[INFO] [stdout]   |
[INFO] [stdout]   = note: `#[warn(unused_imports)]` (part of `#[warn(unused)]`) on by default
[INFO] [stdout] 
[INFO] [stdout] 
[INFO] [stderr]    Compiling dbus-async v2.3.1 (/opt/rustwide/workdir)
[INFO] [stdout] warning: unused import: `retain_mut::RetainMut`
[INFO] [stdout]  --> src/connection/message/signal.rs:3:5
[INFO] [stdout]   |
[INFO] [stdout] 3 | use retain_mut::RetainMut;
[INFO] [stdout]   |     ^^^^^^^^^^^^^^^^^^^^^
[INFO] [stdout]   |
[INFO] [stdout]   = note: `#[warn(unused_imports)]` (part of `#[warn(unused)]`) on by default
[INFO] [stdout] 
[INFO] [stdout] 
[INFO] [stderr]     Finished `release` profile [optimized] target(s) in 1m 21s
[INFO] running `Command { std: "docker" "inspect" "9c87a2fd57a1d3e6e8c8d61b840d2e6379c8b0fd2015d12db968b0053c1601bc", kill_on_drop: false }`
[INFO] running `Command { std: "docker" "exec" "-e" "SOURCE_DIR=/opt/rustwide/workdir" "-e" "CARGO_HOME=/opt/rustwide/cargo-home" "-e" "RUSTUP_HOME=/opt/rustwide/rustup-home" "-e" "CARGO_TARGET_DIR=/opt/rustwide/target" "-e" "CARGO_INCREMENTAL=0" "-e" "RUST_BACKTRACE=full" "-e" "RUSTFLAGS=--cap-lints=warn" "-e" "RUSTDOCFLAGS=--cap-lints=warn" "-w" "/opt/rustwide/workdir" "--user" "0:0" "9c87a2fd57a1d3e6e8c8d61b840d2e6379c8b0fd2015d12db968b0053c1601bc" "/opt/rustwide/cargo-home/bin/cargo" "+1.99.0-beta.8" "test" "--frozen" "--release", kill_on_drop: false }`
[INFO] [stderr] warning: unused import: `retain_mut::RetainMut`
[INFO] [stderr]  --> src/connection/message/signal.rs:3:5
[INFO] [stderr]   |
[INFO] [stderr] 3 | use retain_mut::RetainMut;
[INFO] [stderr]   |     ^^^^^^^^^^^^^^^^^^^^^
[INFO] [stderr]   |
[INFO] [stderr]   = note: `#[warn(unused_imports)]` (part of `#[warn(unused)]`) on by default
[INFO] [stderr] 
[INFO] [stderr] warning: `dbus-async` (lib) generated 1 warning
[INFO] [stderr] warning: `dbus-async` (lib test) generated 1 warning (1 duplicate)
[INFO] [stderr]     Finished `release` profile [optimized] target(s) in 0.09s
[INFO] [stderr]      Running unittests src/lib.rs (/opt/rustwide/target/release/deps/dbus_async-4c350f1b98805e73)
[INFO] [stdout] 
[INFO] [stdout] running 0 tests
[INFO] [stdout] 
[INFO] [stdout] test result: ok. 0 passed; 0 failed; 0 ignored; 0 measured; 0 filtered out; finished in 0.00s
[INFO] [stdout] 
[INFO] [stderr]      Running tests/dbus.rs (/opt/rustwide/target/release/deps/dbus-81eb2a568e508bb1)
[INFO] [stdout] 
[INFO] [stdout] running 4 tests
[INFO] [stdout] test method_call_with_args ... FAILED
[INFO] [stdout] test method_call ... FAILED
[INFO] [stdout] test request_name ... FAILED
[INFO] [stdout] test message_send ... FAILED
[INFO] [stdout] 
[INFO] [stdout] failures:
[INFO] [stdout] 
[INFO] [stdout] ---- method_call_with_args stdout ----
[INFO] [stdout] 
[INFO] [stdout] thread 'method_call_with_args' (1521) panicked at tests/dbus.rs:49:10:
[INFO] [stdout] failed to get the DBus object: StreamError(CouldNotConnectToAnyAddress)
[INFO] [stdout] stack backtrace:
[INFO] [stdout]    0:     0x61a51e86b8b1 - <<std[70759c8f55707aa4]::sys::backtrace::BacktraceLock>::print::DisplayBacktrace as core[df12db4294e9bfd3]::fmt::Display>::fmt
[INFO] [stdout]    1:     0x61a51e8819ea - core[df12db4294e9bfd3]::fmt::write
[INFO] [stdout]    2:     0x61a51e87036c - <alloc[2182bb758b4b3781]::vec::Vec<u8> as core[df12db4294e9bfd3]::io::write::Write>::write_fmt
[INFO] [stdout]    3:     0x61a51e846b96 - std[70759c8f55707aa4]::panicking::default_hook::{closure#0}
[INFO] [stdout]    4:     0x61a51e8638f9 - std[70759c8f55707aa4]::panicking::default_hook
[INFO] [stdout]    5:     0x61a51e780f90 - test[9d35eded1c95d3be]::test_main_inner::<test[9d35eded1c95d3be]::test_main_static::{closure#0}>::{closure#0}
[INFO] [stdout]    6:     0x61a51e863c22 - std[70759c8f55707aa4]::panicking::panic_with_hook
[INFO] [stdout]    7:     0x61a51e846c42 - std[70759c8f55707aa4]::panicking::panic_handler::{closure#0}
[INFO] [stdout]    8:     0x61a51e83f8e9 - std[70759c8f55707aa4]::sys::backtrace::__rust_end_short_backtrace::<std[70759c8f55707aa4]::panicking::panic_handler::{closure#0}, !>
[INFO] [stdout]    9:     0x61a51e847a2d - __rustc[8fa7c3cbc660c2b3]::rust_begin_unwind
[INFO] [stdout]   10:     0x61a51e88214c - core[df12db4294e9bfd3]::panicking::panic_fmt
[INFO] [stdout]   11:     0x61a51e881f22 - core[df12db4294e9bfd3]::result::unwrap_failed
[INFO] [stdout]   12:     0x61a51e75aa43 - <core[df12db4294e9bfd3]::pin::Pin<&mut dbus[ac9281faa02105fb]::method_call_with_args::{closure#0}> as core[df12db4294e9bfd3]::future::future::Future>::poll
[INFO] [stdout]   13:     0x61a51e767384 - <tokio[bc57477731d3c95c]::macros::scoped_tls::ScopedKey<tokio[bc57477731d3c95c]::runtime::basic_scheduler::Context>>::set::<tokio[bc57477731d3c95c]::runtime::basic_scheduler::enter<<tokio[bc57477731d3c95c]::runtime::basic_scheduler::Inner<tokio[bc57477731d3c95c]::runtime::driver::Driver>>::block_on<core[df12db4294e9bfd3]::pin::Pin<&mut dbus[ac9281faa02105fb]::method_call_with_args::{closure#0}>>::{closure#0}, (), tokio[bc57477731d3c95c]::runtime::driver::Driver>::{closure#0}, ()>
[INFO] [stdout]   14:     0x61a51e75bb59 - <tokio[bc57477731d3c95c]::runtime::basic_scheduler::BasicScheduler<tokio[bc57477731d3c95c]::runtime::driver::Driver>>::block_on::<dbus[ac9281faa02105fb]::method_call_with_args::{closure#0}>
[INFO] [stdout]   15:     0x61a51e7630bc - <tokio[bc57477731d3c95c]::runtime::Runtime>::block_on::<dbus[ac9281faa02105fb]::method_call_with_args::{closure#0}>
[INFO] [stdout]   16:     0x61a51e762d20 - <dbus[ac9281faa02105fb]::method_call_with_args::{closure#0} as core[df12db4294e9bfd3]::ops::function::FnOnce<()>>::call_once
[INFO] [stdout]   17:     0x61a51e77427b - test[9d35eded1c95d3be]::__rust_begin_short_backtrace::<core[df12db4294e9bfd3]::result::Result<(), alloc[2182bb758b4b3781]::string::String>, fn() -> core[df12db4294e9bfd3]::result::Result<(), alloc[2182bb758b4b3781]::string::String>>
[INFO] [stdout]   18:     0x61a51e7818e5 - test[9d35eded1c95d3be]::run_test::{closure#0}
[INFO] [stdout]   19:     0x61a51e77b1a4 - std[70759c8f55707aa4]::sys::backtrace::__rust_begin_short_backtrace::<test[9d35eded1c95d3be]::run_test::{closure#1}, ()>
[INFO] [stdout]   20:     0x61a51e784a42 - <std[70759c8f55707aa4]::thread::lifecycle::spawn_unchecked<test[9d35eded1c95d3be]::run_test::{closure#1}, ()>::{closure#1} as core[df12db4294e9bfd3]::ops::function::FnOnce<()>>::call_once::{shim:vtable#0}
[INFO] [stdout]   21:     0x61a51e86add9 - <std[70759c8f55707aa4]::sys::thread::unix::Thread>::new::thread_start
[INFO] [stdout]   22:     0x76113ec68dfa - <unknown>
[INFO] [stdout]   23:     0x76113ecfc3d4 - clone
[INFO] [stdout]   24:                0x0 - <unknown>
[INFO] [stdout] 
[INFO] [stdout] ---- method_call stdout ----
[INFO] [stdout] 
[INFO] [stdout] thread 'method_call' (1520) panicked at tests/dbus.rs:31:10:
[INFO] [stdout] failed to get the DBus object: StreamError(CouldNotConnectToAnyAddress)
[INFO] [stdout] stack backtrace:
[INFO] [stdout]    0:     0x61a51e86b8b1 - <<std[70759c8f55707aa4]::sys::backtrace::BacktraceLock>::print::DisplayBacktrace as core[df12db4294e9bfd3]::fmt::Display>::fmt
[INFO] [stdout]    1:     0x61a51e8819ea - core[df12db4294e9bfd3]::fmt::write
[INFO] [stdout]    2:     0x61a51e87036c - <alloc[2182bb758b4b3781]::vec::Vec<u8> as core[df12db4294e9bfd3]::io::write::Write>::write_fmt
[INFO] [stdout]    3:     0x61a51e846b96 - std[70759c8f55707aa4]::panicking::default_hook::{closure#0}
[INFO] [stdout]    4:     0x61a51e8638f9 - std[70759c8f55707aa4]::panicking::default_hook
[INFO] [stdout]    5:     0x61a51e780f90 - test[9d35eded1c95d3be]::test_main_inner::<test[9d35eded1c95d3be]::test_main_static::{closure#0}>::{closure#0}
[INFO] [stdout]    6:     0x61a51e863c22 - std[70759c8f55707aa4]::panicking::panic_with_hook
[INFO] [stdout]    7:     0x61a51e846c42 - std[70759c8f55707aa4]::panicking::panic_handler::{closure#0}
[INFO] [stdout]    8:     0x61a51e83f8e9 - std[70759c8f55707aa4]::sys::backtrace::__rust_end_short_backtrace::<std[70759c8f55707aa4]::panicking::panic_handler::{closure#0}, !>
[INFO] [stdout]    9:     0x61a51e847a2d - __rustc[8fa7c3cbc660c2b3]::rust_begin_unwind
[INFO] [stdout]   10:     0x61a51e88214c - core[df12db4294e9bfd3]::panicking::panic_fmt
[INFO] [stdout]   11:     0x61a51e881f22 - core[df12db4294e9bfd3]::result::unwrap_failed
[INFO] [stdout]   12:     0x61a51e75949e - <core[df12db4294e9bfd3]::pin::Pin<&mut dbus[ac9281faa02105fb]::method_call::{closure#0}> as core[df12db4294e9bfd3]::future::future::Future>::poll
[INFO] [stdout]   13:     0x61a51e766604 - <tokio[bc57477731d3c95c]::macros::scoped_tls::ScopedKey<tokio[bc57477731d3c95c]::runtime::basic_scheduler::Context>>::set::<tokio[bc57477731d3c95c]::runtime::basic_scheduler::enter<<tokio[bc57477731d3c95c]::runtime::basic_scheduler::Inner<tokio[bc57477731d3c95c]::runtime::driver::Driver>>::block_on<core[df12db4294e9bfd3]::pin::Pin<&mut dbus[ac9281faa02105fb]::method_call::{closure#0}>>::{closure#0}, (), tokio[bc57477731d3c95c]::runtime::driver::Driver>::{closure#0}, ()>
[INFO] [stdout]   14:     0x61a51e75b1a9 - <tokio[bc57477731d3c95c]::runtime::basic_scheduler::BasicScheduler<tokio[bc57477731d3c95c]::runtime::driver::Driver>>::block_on::<dbus[ac9281faa02105fb]::method_call::{closure#0}>
[INFO] [stdout]   15:     0x61a51e762e7c - <tokio[bc57477731d3c95c]::runtime::Runtime>::block_on::<dbus[ac9281faa02105fb]::method_call::{closure#0}>
[INFO] [stdout]   16:     0x61a51e7628d0 - <dbus[ac9281faa02105fb]::method_call::{closure#0} as core[df12db4294e9bfd3]::ops::function::FnOnce<()>>::call_once
[INFO] [stdout]   17:     0x61a51e77427b - test[9d35eded1c95d3be]::__rust_begin_short_backtrace::<core[df12db4294e9bfd3]::result::Result<(), alloc[2182bb758b4b3781]::string::String>, fn() -> core[df12db4294e9bfd3]::result::Result<(), alloc[2182bb758b4b3781]::string::String>>
[INFO] [stdout]   18:     0x61a51e7818e5 - test[9d35eded1c95d3be]::run_test::{closure#0}
[INFO] [stdout]   19:     0x61a51e77b1a4 - std[70759c8f55707aa4]::sys::backtrace::__rust_begin_short_backtrace::<test[9d35eded1c95d3be]::run_test::{closure#1}, ()>
[INFO] [stdout]   20:     0x61a51e784a42 - <std[70759c8f55707aa4]::thread::lifecycle::spawn_unchecked<test[9d35eded1c95d3be]::run_test::{closure#1}, ()>::{closure#1} as core[df12db4294e9bfd3]::ops::function::FnOnce<()>>::call_once::{shim:vtable#0}
[INFO] [stdout]   21:     0x61a51e86add9 - <std[70759c8f55707aa4]::sys::thread::unix::Thread>::new::thread_start
[INFO] [stdout]   22:     0x76113ec68dfa - <unknown>
[INFO] [stdout]   23:     0x76113ecfc3d4 - clone
[INFO] [stdout]   24:                0x0 - <unknown>
[INFO] [stdout] 
[INFO] [stdout] ---- request_name stdout ----
[INFO] [stdout] 
[INFO] [stdout] thread 'request_name' (1522) panicked at tests/dbus.rs:72:10:
[INFO] [stdout] failed to get the DBus object: StreamError(CouldNotConnectToAnyAddress)
[INFO] [stdout] stack backtrace:
[INFO] [stdout]    0:     0x61a51e86b8b1 - <<std[70759c8f55707aa4]::sys::backtrace::BacktraceLock>::print::DisplayBacktrace as core[df12db4294e9bfd3]::fmt::Display>::fmt
[INFO] [stdout]    1:     0x61a51e8819ea - core[df12db4294e9bfd3]::fmt::write
[INFO] [stdout]    2:     0x61a51e87036c - <alloc[2182bb758b4b3781]::vec::Vec<u8> as core[df12db4294e9bfd3]::io::write::Write>::write_fmt
[INFO] [stdout]    3:     0x61a51e846b96 - std[70759c8f55707aa4]::panicking::default_hook::{closure#0}
[INFO] [stdout]    4:     0x61a51e8638f9 - std[70759c8f55707aa4]::panicking::default_hook
[INFO] [stdout]    5:     0x61a51e780f90 - test[9d35eded1c95d3be]::test_main_inner::<test[9d35eded1c95d3be]::test_main_static::{closure#0}>::{closure#0}
[INFO] [stdout]    6:     0x61a51e863c22 - std[70759c8f55707aa4]::panicking::panic_with_hook
[INFO] [stdout]    7:     0x61a51e846c42 - std[70759c8f55707aa4]::panicking::panic_handler::{closure#0}
[INFO] [stdout]    8:     0x61a51e83f8e9 - std[70759c8f55707aa4]::sys::backtrace::__rust_end_short_backtrace::<std[70759c8f55707aa4]::panicking::panic_handler::{closure#0}, !>
[INFO] [stdout]    9:     0x61a51e847a2d - __rustc[8fa7c3cbc660c2b3]::rust_begin_unwind
[INFO] [stdout]   10:     0x61a51e88214c - core[df12db4294e9bfd3]::panicking::panic_fmt
[INFO] [stdout]   11:     0x61a51e881f22 - core[df12db4294e9bfd3]::result::unwrap_failed
[INFO] [stdout]   12:     0x61a51e75a361 - <core[df12db4294e9bfd3]::pin::Pin<&mut dbus[ac9281faa02105fb]::request_name::{closure#0}> as core[df12db4294e9bfd3]::future::future::Future>::poll
[INFO] [stdout]   13:     0x61a51e766f04 - <tokio[bc57477731d3c95c]::macros::scoped_tls::ScopedKey<tokio[bc57477731d3c95c]::runtime::basic_scheduler::Context>>::set::<tokio[bc57477731d3c95c]::runtime::basic_scheduler::enter<<tokio[bc57477731d3c95c]::runtime::basic_scheduler::Inner<tokio[bc57477731d3c95c]::runtime::driver::Driver>>::block_on<core[df12db4294e9bfd3]::pin::Pin<&mut dbus[ac9281faa02105fb]::request_name::{closure#0}>>::{closure#0}, (), tokio[bc57477731d3c95c]::runtime::driver::Driver>::{closure#0}, ()>
[INFO] [stdout]   14:     0x61a51e75b849 - <tokio[bc57477731d3c95c]::runtime::basic_scheduler::BasicScheduler<tokio[bc57477731d3c95c]::runtime::driver::Driver>>::block_on::<dbus[ac9281faa02105fb]::request_name::{closure#0}>
[INFO] [stdout]   15:     0x61a51e762ffc - <tokio[bc57477731d3c95c]::runtime::Runtime>::block_on::<dbus[ac9281faa02105fb]::request_name::{closure#0}>
[INFO] [stdout]   16:     0x61a51e762bb0 - <dbus[ac9281faa02105fb]::request_name::{closure#0} as core[df12db4294e9bfd3]::ops::function::FnOnce<()>>::call_once
[INFO] [stdout]   17:     0x61a51e77427b - test[9d35eded1c95d3be]::__rust_begin_short_backtrace::<core[df12db4294e9bfd3]::result::Result<(), alloc[2182bb758b4b3781]::string::String>, fn() -> core[df12db4294e9bfd3]::result::Result<(), alloc[2182bb758b4b3781]::string::String>>
[INFO] [stdout]   18:     0x61a51e7818e5 - test[9d35eded1c95d3be]::run_test::{closure#0}
[INFO] [stdout]   19:     0x61a51e77b1a4 - std[70759c8f55707aa4]::sys::backtrace::__rust_begin_short_backtrace::<test[9d35eded1c95d3be]::run_test::{closure#1}, ()>
[INFO] [stdout]   20:     0x61a51e784a42 - <std[70759c8f55707aa4]::thread::lifecycle::spawn_unchecked<test[9d35eded1c95d3be]::run_test::{closure#1}, ()>::{closure#1} as core[df12db4294e9bfd3]::ops::function::FnOnce<()>>::call_once::{shim:vtable#0}
[INFO] [stdout]   21:     0x61a51e86add9 - <std[70759c8f55707aa4]::sys::thread::unix::Thread>::new::thread_start
[INFO] [stdout]   22:     0x76113ec68dfa - <unknown>
[INFO] [stdout]   23:     0x76113ecfc3d4 - clone
[INFO] [stdout]   24:                0x0 - <unknown>
[INFO] [stdout] 
[INFO] [stdout] ---- message_send stdout ----
[INFO] [stdout] 
[INFO] [stdout] thread 'message_send' (1519) panicked at tests/dbus.rs:9:10:
[INFO] [stdout] failed to get the DBus object: StreamError(CouldNotConnectToAnyAddress)
[INFO] [stdout] stack backtrace:
[INFO] [stdout]    0:     0x61a51e86b8b1 - <<std[70759c8f55707aa4]::sys::backtrace::BacktraceLock>::print::DisplayBacktrace as core[df12db4294e9bfd3]::fmt::Display>::fmt
[INFO] [stdout]    1:     0x61a51e8819ea - core[df12db4294e9bfd3]::fmt::write
[INFO] [stdout]    2:     0x61a51e87036c - <alloc[2182bb758b4b3781]::vec::Vec<u8> as core[df12db4294e9bfd3]::io::write::Write>::write_fmt
[INFO] [stdout]    3:     0x61a51e846b96 - std[70759c8f55707aa4]::panicking::default_hook::{closure#0}
[INFO] [stdout]    4:     0x61a51e8638f9 - std[70759c8f55707aa4]::panicking::default_hook
[INFO] [stdout]    5:     0x61a51e780f90 - test[9d35eded1c95d3be]::test_main_inner::<test[9d35eded1c95d3be]::test_main_static::{closure#0}>::{closure#0}
[INFO] [stdout]    6:     0x61a51e863c22 - std[70759c8f55707aa4]::panicking::panic_with_hook
[INFO] [stdout]    7:     0x61a51e846c42 - std[70759c8f55707aa4]::panicking::panic_handler::{closure#0}
[INFO] [stdout]    8:     0x61a51e83f8e9 - std[70759c8f55707aa4]::sys::backtrace::__rust_end_short_backtrace::<std[70759c8f55707aa4]::panicking::panic_handler::{closure#0}, !>
[INFO] [stdout]    9:     0x61a51e847a2d - __rustc[8fa7c3cbc660c2b3]::rust_begin_unwind
[INFO] [stdout]   10:     0x61a51e88214c - core[df12db4294e9bfd3]::panicking::panic_fmt
[INFO] [stdout]   11:     0x61a51e881f22 - core[df12db4294e9bfd3]::result::unwrap_failed
[INFO] [stdout]   12:     0x61a51e759a70 - <core[df12db4294e9bfd3]::pin::Pin<&mut dbus[ac9281faa02105fb]::message_send::{closure#0}> as core[df12db4294e9bfd3]::future::future::Future>::poll
[INFO] [stdout]   13:     0x61a51e766a84 - <tokio[bc57477731d3c95c]::macros::scoped_tls::ScopedKey<tokio[bc57477731d3c95c]::runtime::basic_scheduler::Context>>::set::<tokio[bc57477731d3c95c]::runtime::basic_scheduler::enter<<tokio[bc57477731d3c95c]::runtime::basic_scheduler::Inner<tokio[bc57477731d3c95c]::runtime::driver::Driver>>::block_on<core[df12db4294e9bfd3]::pin::Pin<&mut dbus[ac9281faa02105fb]::message_send::{closure#0}>>::{closure#0}, (), tokio[bc57477731d3c95c]::runtime::driver::Driver>::{closure#0}, ()>
[INFO] [stdout]   14:     0x61a51e75b511 - <tokio[bc57477731d3c95c]::runtime::basic_scheduler::BasicScheduler<tokio[bc57477731d3c95c]::runtime::driver::Driver>>::block_on::<dbus[ac9281faa02105fb]::message_send::{closure#0}>
[INFO] [stdout]   15:     0x61a51e762f3c - <tokio[bc57477731d3c95c]::runtime::Runtime>::block_on::<dbus[ac9281faa02105fb]::message_send::{closure#0}>
[INFO] [stdout]   16:     0x61a51e762a40 - <dbus[ac9281faa02105fb]::message_send::{closure#0} as core[df12db4294e9bfd3]::ops::function::FnOnce<()>>::call_once
[INFO] [stdout]   17:     0x61a51e77427b - test[9d35eded1c95d3be]::__rust_begin_short_backtrace::<core[df12db4294e9bfd3]::result::Result<(), alloc[2182bb758b4b3781]::string::String>, fn() -> core[df12db4294e9bfd3]::result::Result<(), alloc[2182bb758b4b3781]::string::String>>
[INFO] [stdout]   18:     0x61a51e7818e5 - test[9d35eded1c95d3be]::run_test::{closure#0}
[INFO] [stdout]   19:     0x61a51e77b1a4 - std[70759c8f55707aa4]::sys::backtrace::__rust_begin_short_backtrace::<test[9d35eded1c95d3be]::run_test::{closure#1}, ()>
[INFO] [stdout]   20:     0x61a51e784a42 - <std[70759c8f55707aa4]::thread::lifecycle::spawn_unchecked<test[9d35eded1c95d3be]::run_test::{closure#1}, ()>::{closure#1} as core[df12db4294e9bfd3]::ops::function::FnOnce<()>>::call_once::{shim:vtable#0}
[INFO] [stdout]   21:     0x61a51e86add9 - <std[70759c8f55707aa4]::sys::thread::unix::Thread>::new::thread_start
[INFO] [stdout]   22:     0x76113ec68dfa - <unknown>
[INFO] [stdout]   23:     0x76113ecfc3d4 - clone
[INFO] [stdout]   24:                0x0 - <unknown>
[INFO] [stdout] 
[INFO] [stdout] 
[INFO] [stdout] failures:
[INFO] [stdout]     message_send
[INFO] [stdout]     method_call
[INFO] [stdout]     method_call_with_args
[INFO] [stdout]     request_name
[INFO] [stdout] 
[INFO] [stdout] test result: FAILED. 0 passed; 4 failed; 0 ignored; 0 measured; 0 filtered out; finished in 0.01s
[INFO] [stdout] 
[INFO] [stderr] error: test failed, to rerun pass `--test dbus`
[INFO] running `Command { std: "docker" "inspect" "9c87a2fd57a1d3e6e8c8d61b840d2e6379c8b0fd2015d12db968b0053c1601bc", kill_on_drop: false }`
[INFO] running `Command { std: "docker" "rm" "-f" "9c87a2fd57a1d3e6e8c8d61b840d2e6379c8b0fd2015d12db968b0053c1601bc", kill_on_drop: false }`
[INFO] [stdout] 9c87a2fd57a1d3e6e8c8d61b840d2e6379c8b0fd2015d12db968b0053c1601bc
