[INFO] fetching crate dbs-boot 0.4.0...
[INFO] testing dbs-boot-0.4.0 against 1.99.0-beta.8+cargoflags=--release for beta-release-1.100-2
[INFO] extracting crate dbs-boot 0.4.0 into /workspace/builds/worker-1-tc1/source
[INFO] started tweaking crates.io crate dbs-boot 0.4.0
[INFO] finished tweaking crates.io crate dbs-boot 0.4.0
[INFO] tweaked toml for crates.io crate dbs-boot 0.4.0 written to /workspace/builds/worker-1-tc1/source/Cargo.toml
[INFO] validating manifest of crates.io crate dbs-boot 0.4.0 on toolchain 1.99.0-beta.8
[INFO] running `Command { std: CARGO_HOME="/workspace/cargo-home" RUSTUP_HOME="/workspace/rustup-home" "/workspace/cargo-home/bin/cargo" "+1.99.0-beta.8" "metadata" "--manifest-path" "Cargo.toml" "--no-deps", kill_on_drop: false }`
[INFO] running `Command { std: CARGO_HOME="/workspace/cargo-home" RUSTUP_HOME="/workspace/rustup-home" "/workspace/cargo-home/bin/cargo" "+1.99.0-beta.8" "generate-lockfile" "--manifest-path" "Cargo.toml", kill_on_drop: false }`
[INFO] [stderr]     Updating crates.io index
[INFO] [stderr]      Locking 22 packages to highest compatible versions
[INFO] [stderr]       Adding kvm-bindings v0.6.0 (available: v0.14.2)
[INFO] [stderr]       Adding kvm-ioctls v0.12.1 (available: v0.25.1)
[INFO] [stderr]       Adding thiserror v1.0.69 (available: v2.0.21)
[INFO] [stderr]       Adding vm-fdt v0.2.0 (available: v0.3.0)
[INFO] [stderr]       Adding vm-memory v0.9.0 (available: v0.18.0)
[INFO] running `Command { std: CARGO_HOME="/workspace/cargo-home" RUSTUP_HOME="/workspace/rustup-home" "/workspace/cargo-home/bin/cargo" "+1.99.0-beta.8" "fetch" "--manifest-path" "Cargo.toml", kill_on_drop: false }`
[INFO] [stderr]  Downloading crates ...
[INFO] [stderr]   Downloaded vmm-sys-util v0.11.2
[INFO] [stderr]   Downloaded kvm-bindings v0.6.0
[INFO] [stderr]   Downloaded kvm-ioctls v0.12.1
[INFO] [stderr]   Downloaded dbs-device v0.2.0
[INFO] [stderr]   Downloaded device_tree v1.1.0
[INFO] [stderr]   Downloaded vm-fdt v0.2.0
[INFO] [stderr]   Downloaded dbs-arch v0.2.3
[INFO] [stderr]   Downloaded vm-memory v0.9.0
[INFO] running `Command { std: "docker" "create" "-v" "/var/lib/crater-agent-workspace/builds/worker-1-tc1/source:/opt/rustwide/workdir:ro,Z" "-v" "/var/lib/crater-agent-workspace/builds/worker-1-tc1/target:/opt/rustwide/target:rw,Z" "-v" "/var/lib/crater-agent-workspace/cargo-home:/opt/rustwide/cargo-home:ro,Z" "-v" "/var/lib/crater-agent-workspace/rustup-home:/opt/rustwide/rustup-home:ro,Z" "-m" "1610612736" "--network" "none" "ghcr.io/rust-lang/crates-build-env/linux@sha256:77db811e55d90add9212f6832c23229e3de5f1c1f9905e8cb07319ea15df73ac" "sleep" "infinity", kill_on_drop: false }`
[INFO] [stdout] c8b9640ca88997efea02607a97f9da9b0c72aab206edbebc12996e5a00d059df
[INFO] running `Command { std: "docker" "start" "c8b9640ca88997efea02607a97f9da9b0c72aab206edbebc12996e5a00d059df", kill_on_drop: false }`
[INFO] running `Command { std: "docker" "inspect" "c8b9640ca88997efea02607a97f9da9b0c72aab206edbebc12996e5a00d059df", kill_on_drop: false }`
[INFO] running `Command { std: "docker" "exec" "-e" "SOURCE_DIR=/opt/rustwide/workdir" "-e" "CARGO_HOME=/opt/rustwide/cargo-home" "-e" "RUSTUP_HOME=/opt/rustwide/rustup-home" "-e" "CARGO_TARGET_DIR=/opt/rustwide/target" "-w" "/opt/rustwide/workdir" "--user" "0:0" "c8b9640ca88997efea02607a97f9da9b0c72aab206edbebc12996e5a00d059df" "/opt/rustwide/cargo-home/bin/cargo" "+1.99.0-beta.8" "metadata" "--no-deps" "--format-version=1", kill_on_drop: false }`
[INFO] running `Command { std: "docker" "inspect" "c8b9640ca88997efea02607a97f9da9b0c72aab206edbebc12996e5a00d059df", kill_on_drop: false }`
[INFO] running `Command { std: "docker" "exec" "-e" "SOURCE_DIR=/opt/rustwide/workdir" "-e" "CARGO_HOME=/opt/rustwide/cargo-home" "-e" "RUSTUP_HOME=/opt/rustwide/rustup-home" "-e" "CARGO_TARGET_DIR=/opt/rustwide/target" "-e" "CARGO_INCREMENTAL=0" "-e" "RUST_BACKTRACE=full" "-e" "RUSTFLAGS=--cap-lints=warn" "-e" "RUSTDOCFLAGS=--cap-lints=warn" "-w" "/opt/rustwide/workdir" "--user" "0:0" "c8b9640ca88997efea02607a97f9da9b0c72aab206edbebc12996e5a00d059df" "/opt/rustwide/cargo-home/bin/cargo" "+1.99.0-beta.8" "build" "--frozen" "--message-format=json" "--release", kill_on_drop: false }`
[INFO] [stderr]    Compiling libc v0.2.191
[INFO] [stderr]    Compiling kvm-ioctls v0.12.1
[INFO] [stderr]    Compiling lazy_static v1.5.1
[INFO] [stderr]    Compiling vm-fdt v0.2.0
[INFO] [stderr]    Compiling syn v2.0.119
[INFO] [stderr]    Compiling memoffset v0.6.5
[INFO] [stderr]    Compiling thiserror-impl v1.0.69
[INFO] [stderr]    Compiling vmm-sys-util v0.11.2
[INFO] [stderr]    Compiling vm-memory v0.9.0
[INFO] [stderr]    Compiling kvm-bindings v0.6.0
[INFO] [stderr]    Compiling thiserror v1.0.69
[INFO] [stderr]    Compiling dbs-arch v0.2.3
[INFO] [stderr]    Compiling dbs-boot v0.4.0 (/opt/rustwide/workdir)
[INFO] [stderr]     Finished `release` profile [optimized] target(s) in 9.06s
[INFO] running `Command { std: "docker" "inspect" "c8b9640ca88997efea02607a97f9da9b0c72aab206edbebc12996e5a00d059df", kill_on_drop: false }`
[INFO] running `Command { std: "docker" "exec" "-e" "SOURCE_DIR=/opt/rustwide/workdir" "-e" "CARGO_HOME=/opt/rustwide/cargo-home" "-e" "RUSTUP_HOME=/opt/rustwide/rustup-home" "-e" "CARGO_TARGET_DIR=/opt/rustwide/target" "-e" "CARGO_INCREMENTAL=0" "-e" "RUST_BACKTRACE=full" "-e" "RUSTFLAGS=--cap-lints=warn" "-e" "RUSTDOCFLAGS=--cap-lints=warn" "-w" "/opt/rustwide/workdir" "--user" "0:0" "c8b9640ca88997efea02607a97f9da9b0c72aab206edbebc12996e5a00d059df" "/opt/rustwide/cargo-home/bin/cargo" "+1.99.0-beta.8" "test" "--frozen" "--no-run" "--message-format=json" "--release", kill_on_drop: false }`
[INFO] [stderr]    Compiling device_tree v1.1.0
[INFO] [stderr]    Compiling dbs-device v0.2.0
[INFO] [stderr]    Compiling dbs-boot v0.4.0 (/opt/rustwide/workdir)
[INFO] [stderr]     Finished `release` profile [optimized] target(s) in 2.96s
[INFO] running `Command { std: "docker" "inspect" "c8b9640ca88997efea02607a97f9da9b0c72aab206edbebc12996e5a00d059df", kill_on_drop: false }`
[INFO] running `Command { std: "docker" "exec" "-e" "SOURCE_DIR=/opt/rustwide/workdir" "-e" "CARGO_HOME=/opt/rustwide/cargo-home" "-e" "RUSTUP_HOME=/opt/rustwide/rustup-home" "-e" "CARGO_TARGET_DIR=/opt/rustwide/target" "-e" "CARGO_INCREMENTAL=0" "-e" "RUST_BACKTRACE=full" "-e" "RUSTFLAGS=--cap-lints=warn" "-e" "RUSTDOCFLAGS=--cap-lints=warn" "-w" "/opt/rustwide/workdir" "--user" "0:0" "c8b9640ca88997efea02607a97f9da9b0c72aab206edbebc12996e5a00d059df" "/opt/rustwide/cargo-home/bin/cargo" "+1.99.0-beta.8" "test" "--frozen" "--release", kill_on_drop: false }`
[INFO] [stderr]     Finished `release` profile [optimized] target(s) in 0.04s
[INFO] [stderr]      Running unittests src/lib.rs (/opt/rustwide/target/release/deps/dbs_boot-47baad2e55f46f51)
[INFO] [stdout] 
[INFO] [stdout] running 67 tests
[INFO] [stdout] test x86_64::bootparam::bindgen_test_layout___kernel_fd_set ... ok
[INFO] [stdout] test x86_64::bootparam::bindgen_test_layout___kernel_fsid_t ... ok
[INFO] [stdout] test x86_64::bootparam::bindgen_test_layout_edd_device_params__bindgen_ty_1__bindgen_ty_2 ... ok
[INFO] [stdout] test x86_64::bootparam::bindgen_test_layout_edd_device_params__bindgen_ty_1__bindgen_ty_3 ... ok
[INFO] [stdout] test x86_64::bootparam::bindgen_test_layout_edd_device_params__bindgen_ty_1__bindgen_ty_4 ... ok
[INFO] [stdout] test x86_64::bootparam::bindgen_test_layout_edd_device_params__bindgen_ty_1__bindgen_ty_5 ... ok
[INFO] [stdout] test x86_64::bootparam::bindgen_test_layout_edd_device_params__bindgen_ty_1__bindgen_ty_6 ... ok
[INFO] [stdout] test x86_64::bootparam::bindgen_test_layout_boot_e820_entry ... ok
[INFO] [stdout] test x86_64::bootparam::bindgen_test_layout_edd_device_params__bindgen_ty_1 ... ok
[INFO] [stdout] test x86_64::bootparam::bindgen_test_layout_edd_device_params__bindgen_ty_2 ... ok
[INFO] [stdout] test x86_64::bootparam::bindgen_test_layout_edd_device_params__bindgen_ty_1__bindgen_ty_1 ... ok
[INFO] [stdout] test x86_64::bootparam::bindgen_test_layout_edd_device_params__bindgen_ty_2__bindgen_ty_1 ... ok
[INFO] [stdout] test x86_64::bootparam::bindgen_test_layout_boot_params ... ok
[INFO] [stdout] test x86_64::bootparam::bindgen_test_layout_apm_bios_info ... ok
[INFO] [stdout] test x86_64::bootparam::bindgen_test_layout_edd ... ok
[INFO] [stdout] test x86_64::bootparam::bindgen_test_layout_edd_device_params ... ok
[INFO] [stdout] test x86_64::bootparam::bindgen_test_layout_edd_device_params__bindgen_ty_2__bindgen_ty_10 ... ok
[INFO] [stdout] test x86_64::bootparam::bindgen_test_layout_edd_device_params__bindgen_ty_2__bindgen_ty_4 ... ok
[INFO] [stdout] test x86_64::bootparam::bindgen_test_layout_edd_device_params__bindgen_ty_2__bindgen_ty_2 ... ok
[INFO] [stdout] test x86_64::bootparam::bindgen_test_layout_edd_device_params__bindgen_ty_2__bindgen_ty_3 ... ok
[INFO] [stdout] test x86_64::bootparam::bindgen_test_layout_edd_device_params__bindgen_ty_2__bindgen_ty_9 ... ok
[INFO] [stdout] test x86_64::bootparam::bindgen_test_layout_edd_device_params__bindgen_ty_2__bindgen_ty_5 ... ok
[INFO] [stdout] test x86_64::bootparam::bindgen_test_layout_edid_info ... ok
[INFO] [stdout] test x86_64::bootparam::bindgen_test_layout_edd_info ... ok
[INFO] [stdout] test x86_64::bootparam::bindgen_test_layout_jailhouse_setup_data ... ok
[INFO] [stdout] test x86_64::bootparam::bindgen_test_layout_jailhouse_setup_data__bindgen_ty_1 ... ok
[INFO] [stdout] test x86_64::bootparam::bindgen_test_layout_jailhouse_setup_data__bindgen_ty_2 ... ok
[INFO] [stdout] test x86_64::bootparam::bindgen_test_layout_jailhouse_setup_data__bindgen_ty_3 ... ok
[INFO] [stdout] test x86_64::bootparam::bindgen_test_layout_olpc_ofw_header ... ok
[INFO] [stdout] test x86_64::bootparam::bindgen_test_layout_setup_data ... ok
[INFO] [stdout] test x86_64::bootparam::bindgen_test_layout_screen_info ... ok
[INFO] [stdout] test x86_64::bootparam::bindgen_test_layout_setup_header ... ok
[INFO] [stdout] test x86_64::bootparam::bindgen_test_layout_setup_indirect ... ok
[INFO] [stdout] test x86_64::mpspec::bindgen_test_layout_mpc_bus ... ok
[INFO] [stdout] test x86_64::mpspec::bindgen_test_layout_mpc_cpu ... ok
[INFO] [stdout] test x86_64::mpspec::bindgen_test_layout_mpc_intsrc ... ok
[INFO] [stdout] test x86_64::mpspec::bindgen_test_layout_mpc_lintsrc ... ok
[INFO] [stdout] test x86_64::mpspec::bindgen_test_layout_mpc_oemtable ... ok
[INFO] [stdout] test x86_64::bootparam::bindgen_test_layout_sys_desc_table ... ok
[INFO] [stdout] test x86_64::mpspec::bindgen_test_layout_mpc_table ... ok
[INFO] [stdout] test x86_64::mpspec::bindgen_test_layout_mpc_ioapic ... ok
[INFO] [stdout] test x86_64::mpspec::bindgen_test_layout_mpf_intel ... ok
[INFO] [stdout] test x86_64::bootparam::bindgen_test_layout_edd_device_params__bindgen_ty_2__bindgen_ty_6 ... ok
[INFO] [stdout] test x86_64::mpspec::default_mpc_bus ... ok
[INFO] [stdout] test x86_64::mpspec::default_mpc_cpu ... ok
[INFO] [stdout] test x86_64::mpspec::default_mpc_intsrc ... ok
[INFO] [stdout] test x86_64::bootparam::bindgen_test_layout_edd_device_params__bindgen_ty_2__bindgen_ty_7 ... ok
[INFO] [stdout] test x86_64::bootparam::bindgen_test_layout_efi_info ... ok
[INFO] [stdout] test x86_64::bootparam::bindgen_test_layout_ist_info ... ok
[INFO] [stdout] test x86_64::mpspec::default_mpc_ioapic ... ok
[INFO] [stdout] test x86_64::mpspec::default_mpf_intel ... ok
[INFO] [stdout] test x86_64::mptable::tests::bounds_check ... ok
[INFO] [stdout] test x86_64::mptable::tests::cpu_entry_count_max ... ok
[INFO] [stdout] test x86_64::mptable::tests::bounds_check_fails ... ok
[INFO] [stdout] test x86_64::mptable::tests::max_cpu_entry_count ... ok
[INFO] [stdout] test x86_64::mpspec::default_mpc_lintsrc ... ok
[INFO] [stdout] test x86_64::mpspec::default_mpc_table ... ok
[INFO] [stdout] test x86_64::mpspec::default_mpc_oemtable ... ok
[INFO] [stdout] test x86_64::mptable::tests::boot_cpu_entry_count ... ok
[INFO] [stdout] test x86_64::tests::test_write_boot_param ... ok
[INFO] [stdout] test x86_64::mptable::tests::mpc_table_checksum ... ok
[INFO] [stdout] test x86_64::tests::test_setup_identity_mapping ... ok
[INFO] [stdout] test x86_64::mptable::tests::mpf_intel_checksum ... ok
[INFO] [stdout] test x86_64::tests::test_setup_page_tables ... FAILED
[INFO] [stdout] test x86_64::tests::test_add_e820_entry ... ok
[INFO] [stdout] test x86_64::tests::test_get_descriptor_config_info ... ok
[INFO] [stdout] test x86_64::bootparam::bindgen_test_layout_edd_device_params__bindgen_ty_2__bindgen_ty_8 ... ok
[INFO] [stdout] 
[INFO] [stdout] failures:
[INFO] [stdout] 
[INFO] [stdout] ---- x86_64::tests::test_setup_page_tables stdout ----
[INFO] [stdout] 
[INFO] [stdout] thread 'x86_64::tests::test_setup_page_tables' (421) panicked at src/x86_64/mod.rs:261:30:
[INFO] [stdout] called `Result::unwrap()` on an `Err` value: Error(2)
[INFO] [stdout] stack backtrace:
[INFO] [stdout]    0:     0x573212524451 - <<std[70759c8f55707aa4]::sys::backtrace::BacktraceLock>::print::DisplayBacktrace as core[df12db4294e9bfd3]::fmt::Display>::fmt
[INFO] [stdout]    1:     0x57321253888a - core[df12db4294e9bfd3]::fmt::write
[INFO] [stdout]    2:     0x57321252899c - <alloc[2182bb758b4b3781]::vec::Vec<u8> as core[df12db4294e9bfd3]::io::write::Write>::write_fmt
[INFO] [stdout]    3:     0x573212500996 - std[70759c8f55707aa4]::panicking::default_hook::{closure#0}
[INFO] [stdout]    4:     0x57321251cb09 - std[70759c8f55707aa4]::panicking::default_hook
[INFO] [stdout]    5:     0x5732124b8a10 - test[9d35eded1c95d3be]::test_main_inner::<test[9d35eded1c95d3be]::test_main_static::{closure#0}>::{closure#0}
[INFO] [stdout]    6:     0x57321251ccc2 - std[70759c8f55707aa4]::panicking::panic_with_hook
[INFO] [stdout]    7:     0x573212500a42 - std[70759c8f55707aa4]::panicking::panic_handler::{closure#0}
[INFO] [stdout]    8:     0x5732124f9799 - std[70759c8f55707aa4]::sys::backtrace::__rust_end_short_backtrace::<std[70759c8f55707aa4]::panicking::panic_handler::{closure#0}, !>
[INFO] [stdout]    9:     0x57321250163d - __rustc[8fa7c3cbc660c2b3]::rust_begin_unwind
[INFO] [stdout]   10:     0x573212538fbc - core[df12db4294e9bfd3]::panicking::panic_fmt
[INFO] [stdout]   11:     0x573212538d92 - core[df12db4294e9bfd3]::result::unwrap_failed
[INFO] [stdout]   12:     0x5732124a71c9 - <dbs_boot[391565b9bb103881]::x86_64::tests::test_setup_page_tables::{closure#0} as core[df12db4294e9bfd3]::ops::function::FnOnce<()>>::call_once
[INFO] [stdout]   13:     0x5732124abcfb - test[9d35eded1c95d3be]::__rust_begin_short_backtrace::<core[df12db4294e9bfd3]::result::Result<(), alloc[2182bb758b4b3781]::string::String>, fn() -> core[df12db4294e9bfd3]::result::Result<(), alloc[2182bb758b4b3781]::string::String>>
[INFO] [stdout]   14:     0x5732124b9365 - test[9d35eded1c95d3be]::run_test::{closure#0}
[INFO] [stdout]   15:     0x5732124b2c24 - std[70759c8f55707aa4]::sys::backtrace::__rust_begin_short_backtrace::<test[9d35eded1c95d3be]::run_test::{closure#1}, ()>
[INFO] [stdout]   16:     0x5732124bc4c2 - <std[70759c8f55707aa4]::thread::lifecycle::spawn_unchecked<test[9d35eded1c95d3be]::run_test::{closure#1}, ()>::{closure#1} as core[df12db4294e9bfd3]::ops::function::FnOnce<()>>::call_once::{shim:vtable#0}
[INFO] [stdout]   17:     0x573212523d29 - <std[70759c8f55707aa4]::sys::thread::unix::Thread>::new::thread_start
[INFO] [stdout]   18:     0x7bcf0ecffdfa - <unknown>
[INFO] [stdout]   19:     0x7bcf0ed933d4 - clone
[INFO] [stdout]   20:                0x0 - <unknown>
[INFO] [stdout] 
[INFO] [stdout] 
[INFO] [stdout] failures:
[INFO] [stdout]     x86_64::tests::test_setup_page_tables
[INFO] [stdout] 
[INFO] [stdout] test result: FAILED. 66 passed; 1 failed; 0 ignored; 0 measured; 0 filtered out; finished in 0.03s
[INFO] [stdout] 
[INFO] [stderr] error: test failed, to rerun pass `--lib`
[INFO] running `Command { std: "docker" "inspect" "c8b9640ca88997efea02607a97f9da9b0c72aab206edbebc12996e5a00d059df", kill_on_drop: false }`
[INFO] running `Command { std: "docker" "rm" "-f" "c8b9640ca88997efea02607a97f9da9b0c72aab206edbebc12996e5a00d059df", kill_on_drop: false }`
[INFO] [stdout] c8b9640ca88997efea02607a97f9da9b0c72aab206edbebc12996e5a00d059df
