[INFO] fetching crate dbs-arch 0.2.3...
[INFO] testing dbs-arch-0.2.3 against 1.100.0-beta.1+cargoflags=--release for beta-release-1.100-2
[INFO] extracting crate dbs-arch 0.2.3 into /workspace/builds/worker-2-tc2/source
[INFO] started tweaking crates.io crate dbs-arch 0.2.3
[INFO] finished tweaking crates.io crate dbs-arch 0.2.3
[INFO] tweaked toml for crates.io crate dbs-arch 0.2.3 written to /workspace/builds/worker-2-tc2/source/Cargo.toml
[INFO] validating manifest of crates.io crate dbs-arch 0.2.3 on toolchain 1.100.0-beta.1
[INFO] running `Command { std: CARGO_HOME="/workspace/cargo-home" RUSTUP_HOME="/workspace/rustup-home" "/workspace/cargo-home/bin/cargo" "+1.100.0-beta.1" "metadata" "--manifest-path" "Cargo.toml" "--no-deps", kill_on_drop: false }`
[INFO] running `Command { std: CARGO_HOME="/workspace/cargo-home" RUSTUP_HOME="/workspace/rustup-home" "/workspace/cargo-home/bin/cargo" "+1.100.0-beta.1" "generate-lockfile" "--manifest-path" "Cargo.toml", kill_on_drop: false }`
[INFO] [stderr]     Updating crates.io index
[INFO] [stderr]      Locking 17 packages to highest compatible versions
[INFO] [stderr]       Adding kvm-bindings v0.6.0 (available: v0.14.2)
[INFO] [stderr]       Adding kvm-ioctls v0.12.1 (available: v0.25.1)
[INFO] [stderr]       Adding memoffset v0.6.5 (available: v0.9.1)
[INFO] [stderr]       Adding thiserror v1.0.69 (available: v2.0.21)
[INFO] [stderr]       Adding vm-memory v0.9.0 (available: v0.18.0)
[INFO] [stderr]       Adding vmm-sys-util v0.11.2 (available: v0.15.0)
[INFO] running `Command { std: CARGO_HOME="/workspace/cargo-home" RUSTUP_HOME="/workspace/rustup-home" "/workspace/cargo-home/bin/cargo" "+1.100.0-beta.1" "fetch" "--manifest-path" "Cargo.toml", kill_on_drop: false }`
[INFO] [stderr] warning: `package.homepage` is redundant with `package.repository`
[INFO] [stderr]   --> Cargo.toml:31:12
[INFO] [stderr]    |
[INFO] [stderr] 31 | homepage = "https://github.com/openanolis/dragonball-sandbox"
[INFO] [stderr]    |            ^^^^^^^^^^^^^^^^^^^^^^^^^^^^^^^^^^^^^^^^^^^^^^^^^^
[INFO] [stderr] ...
[INFO] [stderr] 36 | repository = "https://github.com/openanolis/dragonball-sandbox"
[INFO] [stderr]    |              --------------------------------------------------
[INFO] [stderr]    |
[INFO] [stderr]    = note: `cargo::redundant_homepage` is set to `warn` by default
[INFO] [stderr] help: consider removing `package.homepage`
[INFO] [stderr] warning: `dbs-arch` (manifest) generated 1 warning
[INFO] running `Command { std: "docker" "create" "-v" "/var/lib/crater-agent-workspace/builds/worker-2-tc2/source:/opt/rustwide/workdir:ro,Z" "-v" "/var/lib/crater-agent-workspace/builds/worker-2-tc2/target:/opt/rustwide/target:rw,Z" "-v" "/var/lib/crater-agent-workspace/cargo-home:/opt/rustwide/cargo-home:ro,Z" "-v" "/var/lib/crater-agent-workspace/rustup-home:/opt/rustwide/rustup-home:ro,Z" "-m" "1610612736" "--network" "none" "ghcr.io/rust-lang/crates-build-env/linux@sha256:77db811e55d90add9212f6832c23229e3de5f1c1f9905e8cb07319ea15df73ac" "sleep" "infinity", kill_on_drop: false }`
[INFO] [stdout] 9d4bd2461ece277f10a4692249624c3587c7468b287c02bc0d541dfd4251285d
[INFO] running `Command { std: "docker" "start" "9d4bd2461ece277f10a4692249624c3587c7468b287c02bc0d541dfd4251285d", kill_on_drop: false }`
[INFO] running `Command { std: "docker" "inspect" "9d4bd2461ece277f10a4692249624c3587c7468b287c02bc0d541dfd4251285d", kill_on_drop: false }`
[INFO] running `Command { std: "docker" "exec" "-e" "SOURCE_DIR=/opt/rustwide/workdir" "-e" "CARGO_HOME=/opt/rustwide/cargo-home" "-e" "RUSTUP_HOME=/opt/rustwide/rustup-home" "-e" "CARGO_TARGET_DIR=/opt/rustwide/target" "-w" "/opt/rustwide/workdir" "--user" "0:0" "9d4bd2461ece277f10a4692249624c3587c7468b287c02bc0d541dfd4251285d" "/opt/rustwide/cargo-home/bin/cargo" "+1.100.0-beta.1" "metadata" "--no-deps" "--format-version=1", kill_on_drop: false }`
[INFO] running `Command { std: "docker" "inspect" "9d4bd2461ece277f10a4692249624c3587c7468b287c02bc0d541dfd4251285d", kill_on_drop: false }`
[INFO] running `Command { std: "docker" "exec" "-e" "SOURCE_DIR=/opt/rustwide/workdir" "-e" "CARGO_HOME=/opt/rustwide/cargo-home" "-e" "RUSTUP_HOME=/opt/rustwide/rustup-home" "-e" "CARGO_TARGET_DIR=/opt/rustwide/target" "-e" "CARGO_INCREMENTAL=0" "-e" "RUST_BACKTRACE=full" "-e" "RUSTFLAGS=--cap-lints=warn" "-e" "RUSTDOCFLAGS=--cap-lints=warn" "-w" "/opt/rustwide/workdir" "--user" "0:0" "9d4bd2461ece277f10a4692249624c3587c7468b287c02bc0d541dfd4251285d" "/opt/rustwide/cargo-home/bin/cargo" "+1.100.0-beta.1" "build" "--frozen" "--message-format=json" "--release", kill_on_drop: false }`
[INFO] [stderr] warning: `package.homepage` is redundant with `package.repository`
[INFO] [stderr]   --> Cargo.toml:31:12
[INFO] [stderr]    |
[INFO] [stderr] 31 | homepage = "https://github.com/openanolis/dragonball-sandbox"
[INFO] [stderr]    |            ^^^^^^^^^^^^^^^^^^^^^^^^^^^^^^^^^^^^^^^^^^^^^^^^^^
[INFO] [stderr] ...
[INFO] [stderr] 36 | repository = "https://github.com/openanolis/dragonball-sandbox"
[INFO] [stderr]    |              --------------------------------------------------
[INFO] [stderr]    |
[INFO] [stderr]    = note: `cargo::redundant_homepage` is set to `warn` by default
[INFO] [stderr] help: consider removing `package.homepage`
[INFO] [stderr] warning: `dbs-arch` (manifest) generated 1 warning
[INFO] [stderr]    Compiling kvm-ioctls v0.12.1
[INFO] [stderr]    Compiling memoffset v0.6.5
[INFO] [stderr]    Compiling vmm-sys-util v0.11.2
[INFO] [stderr]    Compiling vm-memory v0.9.0
[INFO] [stderr]    Compiling kvm-bindings v0.6.0
[INFO] [stderr]    Compiling dbs-arch v0.2.3 (/opt/rustwide/workdir)
[INFO] [stdout] warning: unnecessary `unsafe` block
[INFO] [stdout]    --> src/x86_64/cpuid/brand_string.rs:106:30
[INFO] [stdout]     |
[INFO] [stdout] 106 |         let mut cpuid_regs = unsafe { host_cpuid(0x8000_0000) };
[INFO] [stdout]     |                              ^^^^^^ unnecessary `unsafe` block
[INFO] [stdout]     |
[INFO] [stdout]     = note: `#[warn(unused_unsafe)]` (part of `#[warn(unused)]`) on by default
[INFO] [stdout] 
[INFO] [stdout] 
[INFO] [stdout] warning: unnecessary `unsafe` block
[INFO] [stdout]    --> src/x86_64/cpuid/brand_string.rs:114:26
[INFO] [stdout]     |
[INFO] [stdout] 114 |             cpuid_regs = unsafe { host_cpuid(leaf) };
[INFO] [stdout]     |                          ^^^^^^ unnecessary `unsafe` block
[INFO] [stdout] 
[INFO] [stdout] 
[INFO] [stdout] warning: unnecessary `unsafe` block
[INFO] [stdout]   --> src/x86_64/cpuid/common.rs:28:24
[INFO] [stdout]    |
[INFO] [stdout] 28 |     let max_function = unsafe { __get_cpuid_max(function & leaf_0x80000000::LEAF_NUM).0 };
[INFO] [stdout]    |                        ^^^^^^ unnecessary `unsafe` block
[INFO] [stdout] 
[INFO] [stdout] 
[INFO] [stdout] warning: unnecessary `unsafe` block
[INFO] [stdout]   --> src/x86_64/cpuid/common.rs:36:17
[INFO] [stdout]    |
[INFO] [stdout] 36 |     let entry = unsafe { __cpuid_count(function, count) };
[INFO] [stdout]    |                 ^^^^^^ unnecessary `unsafe` block
[INFO] [stdout] 
[INFO] [stdout] 
[INFO] [stderr] warning: unused dependency `memoffset`
[INFO] [stderr]   --> Cargo.toml:11:15
[INFO] [stderr]    |
[INFO] [stderr] 11 | [dependencies.memoffset]
[INFO] [stderr]    |               ^^^^^^^^^^
[INFO] [stderr]    |
[INFO] [stderr]    = note: `cargo::unused_dependencies` is set to `warn` by default
[INFO] [stderr] help: consider removing the dependency on `memoffset`
[INFO] [stderr] warning: unused dependency `thiserror`
[INFO] [stderr]   --> Cargo.toml:14:15
[INFO] [stderr]    |
[INFO] [stderr] 14 | [dependencies.thiserror]
[INFO] [stderr]    |               ^^^^^^^^^^
[INFO] [stderr]    |
[INFO] [stderr] help: consider removing the dependency on `thiserror`
[INFO] [stderr] warning: `dbs-arch` (manifest) generated 2 warnings
[INFO] [stderr]     Finished `release` profile [optimized] target(s) in 2.30s
[INFO] running `Command { std: "docker" "inspect" "9d4bd2461ece277f10a4692249624c3587c7468b287c02bc0d541dfd4251285d", kill_on_drop: false }`
[INFO] running `Command { std: "docker" "exec" "-e" "SOURCE_DIR=/opt/rustwide/workdir" "-e" "CARGO_HOME=/opt/rustwide/cargo-home" "-e" "RUSTUP_HOME=/opt/rustwide/rustup-home" "-e" "CARGO_TARGET_DIR=/opt/rustwide/target" "-e" "CARGO_INCREMENTAL=0" "-e" "RUST_BACKTRACE=full" "-e" "RUSTFLAGS=--cap-lints=warn" "-e" "RUSTDOCFLAGS=--cap-lints=warn" "-w" "/opt/rustwide/workdir" "--user" "0:0" "9d4bd2461ece277f10a4692249624c3587c7468b287c02bc0d541dfd4251285d" "/opt/rustwide/cargo-home/bin/cargo" "+1.100.0-beta.1" "test" "--frozen" "--no-run" "--message-format=json" "--release", kill_on_drop: false }`
[INFO] [stderr] warning: `package.homepage` is redundant with `package.repository`
[INFO] [stderr]   --> Cargo.toml:31:12
[INFO] [stderr]    |
[INFO] [stderr] 31 | homepage = "https://github.com/openanolis/dragonball-sandbox"
[INFO] [stderr]    |            ^^^^^^^^^^^^^^^^^^^^^^^^^^^^^^^^^^^^^^^^^^^^^^^^^^
[INFO] [stderr] ...
[INFO] [stderr] 36 | repository = "https://github.com/openanolis/dragonball-sandbox"
[INFO] [stderr]    |              --------------------------------------------------
[INFO] [stderr]    |
[INFO] [stderr]    = note: `cargo::redundant_homepage` is set to `warn` by default
[INFO] [stderr] help: consider removing `package.homepage`
[INFO] [stderr] warning: `dbs-arch` (manifest) generated 1 warning
[INFO] [stderr]    Compiling dbs-arch v0.2.3 (/opt/rustwide/workdir)
[INFO] [stdout] warning: unnecessary `unsafe` block
[INFO] [stdout]    --> src/x86_64/cpuid/brand_string.rs:106:30
[INFO] [stdout]     |
[INFO] [stdout] 106 |         let mut cpuid_regs = unsafe { host_cpuid(0x8000_0000) };
[INFO] [stdout]     |                              ^^^^^^ unnecessary `unsafe` block
[INFO] [stdout]     |
[INFO] [stdout]     = note: `#[warn(unused_unsafe)]` (part of `#[warn(unused)]`) on by default
[INFO] [stdout] 
[INFO] [stdout] 
[INFO] [stdout] warning: unnecessary `unsafe` block
[INFO] [stdout]    --> src/x86_64/cpuid/brand_string.rs:114:26
[INFO] [stdout]     |
[INFO] [stdout] 114 |             cpuid_regs = unsafe { host_cpuid(leaf) };
[INFO] [stdout]     |                          ^^^^^^ unnecessary `unsafe` block
[INFO] [stdout] 
[INFO] [stdout] 
[INFO] [stdout] warning: unnecessary `unsafe` block
[INFO] [stdout]   --> src/x86_64/cpuid/common.rs:28:24
[INFO] [stdout]    |
[INFO] [stdout] 28 |     let max_function = unsafe { __get_cpuid_max(function & leaf_0x80000000::LEAF_NUM).0 };
[INFO] [stdout]    |                        ^^^^^^ unnecessary `unsafe` block
[INFO] [stdout] 
[INFO] [stdout] 
[INFO] [stdout] warning: unnecessary `unsafe` block
[INFO] [stdout]   --> src/x86_64/cpuid/common.rs:36:17
[INFO] [stdout]    |
[INFO] [stdout] 36 |     let entry = unsafe { __cpuid_count(function, count) };
[INFO] [stdout]    |                 ^^^^^^ unnecessary `unsafe` block
[INFO] [stdout] 
[INFO] [stdout] 
[INFO] [stdout] warning: unnecessary `unsafe` block
[INFO] [stdout]    --> src/x86_64/cpuid/brand_string.rs:106:30
[INFO] [stdout]     |
[INFO] [stdout] 106 |         let mut cpuid_regs = unsafe { host_cpuid(0x8000_0000) };
[INFO] [stdout]     |                              ^^^^^^ unnecessary `unsafe` block
[INFO] [stdout]     |
[INFO] [stdout]     = note: `#[warn(unused_unsafe)]` (part of `#[warn(unused)]`) on by default
[INFO] [stdout] 
[INFO] [stdout] 
[INFO] [stdout] warning: unnecessary `unsafe` block
[INFO] [stdout]    --> src/x86_64/cpuid/brand_string.rs:114:26
[INFO] [stdout]     |
[INFO] [stdout] 114 |             cpuid_regs = unsafe { host_cpuid(leaf) };
[INFO] [stdout]     |                          ^^^^^^ unnecessary `unsafe` block
[INFO] [stdout] 
[INFO] [stdout] 
[INFO] [stdout] warning: unnecessary `unsafe` block
[INFO] [stdout]    --> src/x86_64/cpuid/brand_string.rs:396:37
[INFO] [stdout]     |
[INFO] [stdout] 396 |                     let host_regs = unsafe { host_cpuid(leaf) };
[INFO] [stdout]     |                                     ^^^^^^ unnecessary `unsafe` block
[INFO] [stdout] 
[INFO] [stdout] 
[INFO] [stdout] warning: unnecessary `unsafe` block
[INFO] [stdout]    --> src/x86_64/cpuid/brand_string.rs:406:33
[INFO] [stdout]     |
[INFO] [stdout] 406 |                 let host_regs = unsafe { host_cpuid(0x8000_0000) };
[INFO] [stdout]     |                                 ^^^^^^ unnecessary `unsafe` block
[INFO] [stdout] 
[INFO] [stdout] 
[INFO] [stdout] warning: unnecessary `unsafe` block
[INFO] [stdout]   --> src/x86_64/cpuid/common.rs:28:24
[INFO] [stdout]    |
[INFO] [stdout] 28 |     let max_function = unsafe { __get_cpuid_max(function & leaf_0x80000000::LEAF_NUM).0 };
[INFO] [stdout]    |                        ^^^^^^ unnecessary `unsafe` block
[INFO] [stdout] 
[INFO] [stdout] 
[INFO] [stdout] warning: unnecessary `unsafe` block
[INFO] [stdout]   --> src/x86_64/cpuid/common.rs:36:17
[INFO] [stdout]    |
[INFO] [stdout] 36 |     let entry = unsafe { __cpuid_count(function, count) };
[INFO] [stdout]    |                 ^^^^^^ unnecessary `unsafe` block
[INFO] [stdout] 
[INFO] [stdout] 
[INFO] [stdout] warning: variable does not need to be mutable
[INFO] [stdout]    --> src/x86_64/cpuid/transformer/amd.rs:194:13
[INFO] [stdout]     |
[INFO] [stdout] 194 |         let mut entry = &mut CpuIdEntry {
[INFO] [stdout]     |             ----^^^^^
[INFO] [stdout]     |             |
[INFO] [stdout]     |             help: remove this `mut`
[INFO] [stdout]     |
[INFO] [stdout]     = note: `#[warn(unused_mut)]` (part of `#[warn(unused)]`) on by default
[INFO] [stdout] 
[INFO] [stdout] 
[INFO] [stderr] warning: unused dependency `memoffset`
[INFO] [stderr]   --> Cargo.toml:11:15
[INFO] [stderr]    |
[INFO] [stderr] 11 | [dependencies.memoffset]
[INFO] [stderr]    |               ^^^^^^^^^^
[INFO] [stderr]    |
[INFO] [stderr]    = note: `cargo::unused_dependencies` is set to `warn` by default
[INFO] [stderr] help: consider removing the dependency on `memoffset`
[INFO] [stderr] warning: unused dependency `thiserror`
[INFO] [stderr]   --> Cargo.toml:14:15
[INFO] [stderr]    |
[INFO] [stderr] 14 | [dependencies.thiserror]
[INFO] [stderr]    |               ^^^^^^^^^^
[INFO] [stderr]    |
[INFO] [stderr] help: consider removing the dependency on `thiserror`
[INFO] [stderr] warning: `dbs-arch` (manifest) generated 2 warnings
[INFO] [stderr]     Finished `release` profile [optimized] target(s) in 1.44s
[INFO] running `Command { std: "docker" "inspect" "9d4bd2461ece277f10a4692249624c3587c7468b287c02bc0d541dfd4251285d", kill_on_drop: false }`
[INFO] running `Command { std: "docker" "exec" "-e" "SOURCE_DIR=/opt/rustwide/workdir" "-e" "CARGO_HOME=/opt/rustwide/cargo-home" "-e" "RUSTUP_HOME=/opt/rustwide/rustup-home" "-e" "CARGO_TARGET_DIR=/opt/rustwide/target" "-e" "CARGO_INCREMENTAL=0" "-e" "RUST_BACKTRACE=full" "-e" "RUSTFLAGS=--cap-lints=warn" "-e" "RUSTDOCFLAGS=--cap-lints=warn" "-w" "/opt/rustwide/workdir" "--user" "0:0" "9d4bd2461ece277f10a4692249624c3587c7468b287c02bc0d541dfd4251285d" "/opt/rustwide/cargo-home/bin/cargo" "+1.100.0-beta.1" "test" "--frozen" "--release", kill_on_drop: false }`
[INFO] [stderr] warning: `package.homepage` is redundant with `package.repository`
[INFO] [stderr]   --> Cargo.toml:31:12
[INFO] [stderr]    |
[INFO] [stderr] 31 | homepage = "https://github.com/openanolis/dragonball-sandbox"
[INFO] [stderr]    |            ^^^^^^^^^^^^^^^^^^^^^^^^^^^^^^^^^^^^^^^^^^^^^^^^^^
[INFO] [stderr] ...
[INFO] [stderr] 36 | repository = "https://github.com/openanolis/dragonball-sandbox"
[INFO] [stderr]    |              --------------------------------------------------
[INFO] [stderr]    |
[INFO] [stderr]    = note: `cargo::redundant_homepage` is set to `warn` by default
[INFO] [stderr] help: consider removing `package.homepage`
[INFO] [stderr] warning: `dbs-arch` (manifest) generated 1 warning
[INFO] [stdout] 
[INFO] [stderr] warning: unnecessary `unsafe` block
[INFO] [stdout] running 58 tests
[INFO] [stderr]    --> src/x86_64/cpuid/brand_string.rs:106:30
[INFO] [stdout] test tests::test_debug_trait ... ok
[INFO] [stderr]     |
[INFO] [stdout] test x86_64::cpuid::bit_helper::tests::test_read_bits ... ok
[INFO] [stderr] 106 |         let mut cpuid_regs = unsafe { host_cpuid(0x8000_0000) };
[INFO] [stdout] test x86_64::cpuid::bit_helper::tests::test_simple_read_bit ... ok
[INFO] [stderr]     |                              ^^^^^^ unnecessary `unsafe` block
[INFO] [stderr]     |
[INFO] [stderr]     = note: `#[warn(unused_unsafe)]` (part of `#[warn(unused)]`) on by default
[INFO] [stderr] 
[INFO] [stderr] warning: unnecessary `unsafe` block
[INFO] [stderr]    --> src/x86_64/cpuid/brand_string.rs:114:26
[INFO] [stderr]     |
[INFO] [stderr] 114 |             cpuid_regs = unsafe { host_cpuid(leaf) };
[INFO] [stderr]     |                          ^^^^^^ unnecessary `unsafe` block
[INFO] [stderr] 
[INFO] [stderr] warning: unnecessary `unsafe` block
[INFO] [stderr]   --> src/x86_64/cpuid/common.rs:28:24
[INFO] [stderr]    |
[INFO] [stderr] 28 |     let max_function = unsafe { __get_cpuid_max(function & leaf_0x80000000::LEAF_NUM).0 };
[INFO] [stderr]    |                        ^^^^^^ unnecessary `unsafe` block
[INFO] [stderr] 
[INFO] [stderr] warning: unnecessary `unsafe` block
[INFO] [stderr]   --> src/x86_64/cpuid/common.rs:36:17
[INFO] [stderr]    |
[INFO] [stderr] 36 |     let entry = unsafe { __cpuid_count(function, count) };
[INFO] [stderr]    |                 ^^^^^^ unnecessary `unsafe` block
[INFO] [stderr] 
[INFO] [stderr] warning: unnecessary `unsafe` block
[INFO] [stderr]    --> src/x86_64/cpuid/brand_string.rs:396:37
[INFO] [stderr]     |
[INFO] [stderr] 396 |                     let host_regs = unsafe { host_cpuid(leaf) };
[INFO] [stderr]     |                                     ^^^^^^ unnecessary `unsafe` block
[INFO] [stderr] 
[INFO] [stderr] warning: unnecessary `unsafe` block
[INFO] [stderr]    --> src/x86_64/cpuid/brand_string.rs:406:33
[INFO] [stderr]     |
[INFO] [stderr] 406 |                 let host_regs = unsafe { host_cpuid(0x8000_0000) };
[INFO] [stderr]     |                                 ^^^^^^ unnecessary `unsafe` block
[INFO] [stderr] 
[INFO] [stderr] warning: variable does not need to be mutable
[INFO] [stderr]    --> src/x86_64/cpuid/transformer/amd.rs:194:13
[INFO] [stderr]     |
[INFO] [stderr] 194 |         let mut entry = &mut CpuIdEntry {
[INFO] [stderr]     |             ----^^^^^
[INFO] [stderr]     |             |
[INFO] [stderr]     |             help: remove this `mut`
[INFO] [stderr]     |
[INFO] [stderr]     = note: `#[warn(unused_mut)]` (part of `#[warn(unused)]`) on by default
[INFO] [stderr] 
[INFO] [stderr] warning: `dbs-arch` (lib) generated 4 warnings
[INFO] [stderr] warning: `dbs-arch` (lib test) generated 7 warnings (4 duplicates) (run `cargo fix --lib -p dbs-arch --tests` to apply 1 suggestion)
[INFO] [stderr] warning: unused dependency `memoffset`
[INFO] [stderr]   --> Cargo.toml:11:15
[INFO] [stderr]    |
[INFO] [stderr] 11 | [dependencies.memoffset]
[INFO] [stderr]    |               ^^^^^^^^^^
[INFO] [stderr]    |
[INFO] [stderr]    = note: `cargo::unused_dependencies` is set to `warn` by default
[INFO] [stderr] help: consider removing the dependency on `memoffset`
[INFO] [stderr] warning: unused dependency `thiserror`
[INFO] [stderr]   --> Cargo.toml:14:15
[INFO] [stderr]    |
[INFO] [stderr] 14 | [dependencies.thiserror]
[INFO] [stderr]    |               ^^^^^^^^^^
[INFO] [stderr]    |
[INFO] [stderr] help: consider removing the dependency on `thiserror`
[INFO] [stderr] warning: `dbs-arch` (manifest) generated 2 warnings
[INFO] [stderr]     Finished `release` profile [optimized] target(s) in 0.03s
[INFO] [stderr]      Running unittests src/lib.rs (/opt/rustwide/target/release/build/dbs-arch/364b37429dcd6279/out/dbs_arch-364b37429dcd6279)
[INFO] [stdout] test x86_64::cpuid::bit_helper::tests::test_invalid_read_bits - should panic ... ok
[INFO] [stdout] test x86_64::cpuid::bit_helper::tests::test_invalid_write_bits - should panic ... ok
[INFO] [stdout] test x86_64::cpuid::bit_helper::tests::test_overflow_write_bits - should panic ... ok
[INFO] [stdout] test tests::test_copy_trait ... ok
[INFO] [stdout] test x86_64::cpuid::bit_helper::tests::test_invalid_msb_index - should panic ... ok
[INFO] [stdout] test x86_64::cpuid::common::tests::test_get_vendor_id ... ok
[INFO] [stdout] test x86_64::cpuid::tests::test_invalid_cpuid ... ok
[INFO] [stdout] test x86_64::cpuid::transformer::amd::test::test_1vcpu_ht_on ... ok
[INFO] [stdout] test x86_64::cpuid::transformer::amd::test::test_2vcpu_ht_off ... ok
[INFO] [stdout] test x86_64::cpuid::transformer::amd::test::test_2vcpu_ht_on ... ok
[INFO] [stdout] test tests::test_eq_trait ... ok
[INFO] [stdout] test x86_64::cpuid::transformer::amd::test::test_1vcpu_ht_off ... ok
[INFO] [stdout] test x86_64::cpuid::transformer::amd::test::test_transformer_construct ... ok
[INFO] [stdout] test x86_64::cpuid::bit_helper::tests::test_simple_write_bit ... ok
[INFO] [stdout] test x86_64::cpuid::bit_helper::tests::test_invalid_read_bit - should panic ... ok
[INFO] [stdout] test x86_64::cpuid::bit_helper::tests::test_simple_write_bits ... ok
[INFO] [stdout] test x86_64::cpuid::brand_string::tests::test_find_freq_fails ... ok
[INFO] [stdout] test x86_64::cpuid::transformer::common::test::test_1vcpu_ht_on ... ok
[INFO] [stdout] test x86_64::cpuid::transformer::amd::test::test_update_extended_cache_topology_entry ... ok
[INFO] [stdout] test x86_64::cpuid::transformer::common::test::test_2dies_2vcpu_ht_off ... ok
[INFO] [stdout] test x86_64::cpuid::bit_helper::tests::test_invalid_range - should panic ... ok
[INFO] [stdout] test x86_64::cpuid::bit_helper::tests::test_chained_write_bits ... ok
[INFO] [stdout] test x86_64::cpuid::bit_helper::tests::test_invalid_write_bit - should panic ... ok
[INFO] [stdout] test x86_64::cpuid::bit_helper::tests::test_get_u32_mask_for_range ... ok
[INFO] [stdout] test x86_64::cpuid::transformer::amd::test::test_update_extended_feature_info_entry ... ok
[INFO] [stdout] test x86_64::cpuid::transformer::common::test::test_2dies_4vcpu_ht_on ... ok
[INFO] [stdout] test x86_64::cpuid::common::tests::test_get_cpu_id ... ok
[INFO] [stdout] test x86_64::cpuid::transformer::common::test::test_2vcpu_ht_off ... ok
[INFO] [stdout] test x86_64::cpuid::transformer::common::test::test_use_host_cpuid_function_err ... ok
[INFO] [stdout] test x86_64::cpuid::transformer::common::test::test_2vcpu_ht_on ... ok
[INFO] [stdout] test x86_64::cpuid::transformer::common::test::test_use_host_cpuid_function_without_count ... ok
[INFO] [stdout] test x86_64::cpuid::transformer::common::test::test_use_host_cpuid_function_with_count ... ok
[INFO] [stdout] test x86_64::cpuid::transformer::intel::test::test_2vcpu_ht_off ... ok
[INFO] [stdout] test x86_64::cpuid::transformer::amd::test::test_update_largest_extended_fn_entry ... ok
[INFO] [stdout] test x86_64::cpuid::transformer::amd::test::test_update_structured_extended_entry ... ok
[INFO] [stdout] test x86_64::cpuid::transformer::intel::test::test_2vcpu_ht_on ... ok
[INFO] [stdout] test x86_64::cpuid::transformer::common::test::test_1vcpu_ht_off ... ok
[INFO] [stdout] test x86_64::cpuid::bit_helper::tests::test_chained_write_bit ... ok
[INFO] [stdout] test x86_64::cpuid::transformer::test::test_process_cpuid ... ok
[INFO] [stdout] test x86_64::gdt::tests::field_parse ... ok
[INFO] [stdout] test x86_64::cpuid::transformer::intel::test::test_1vcpu_ht_off ... ok
[INFO] [stdout] test x86_64::cpuid::transformer::test::test_invalid_cpu_architecture_cpuid ... ok
[INFO] [stdout] test x86_64::cpuid::transformer::intel::test::test_1vcpu_ht_on ... ok
[INFO] [stdout] test x86_64::interrupts::tests::test_set_and_get_klapic_out_of_bounds - should panic ... ok
[INFO] [stdout] test x86_64::cpuid::transformer::intel::test::test_update_perf_mon_entry ... ok
[INFO] [stdout] test x86_64::cpuid::brand_string::tests::test_brand_string ... ok
[INFO] [stdout] test x86_64::interrupts::tests::test_set_and_get_klapic_reg ... ok
[INFO] [stdout] test x86_64::interrupts::tests::test_setlint ... FAILED
[INFO] [stdout] test x86_64::interrupts::tests::test_setlint_fails ... FAILED
[INFO] [stdout] test x86_64::msr::tests::test_msr_contains ... ok
[INFO] [stdout] test x86_64::msr::tests::test_msr_whitelist ... ok
[INFO] [stdout] test x86_64::regs::tests::test_configure_segments_and_sregs ... ok
[INFO] [stdout] test x86_64::regs::tests::test_setup_fpu ... FAILED
[INFO] [stdout] test x86_64::regs::tests::test_setup_msrs ... FAILED
[INFO] [stdout] test x86_64::regs::tests::test_setup_regs ... FAILED
[INFO] [stdout] 
[INFO] [stdout] failures:
[INFO] [stdout] 
[INFO] [stdout] ---- x86_64::interrupts::tests::test_setlint stdout ----
[INFO] [stdout] 
[INFO] [stdout] thread 'x86_64::interrupts::tests::test_setlint' (318) panicked at src/x86_64/interrupts.rs:103:30:
[INFO] [stdout] called `Result::unwrap()` on an `Err` value: Error(2)
[INFO] [stdout] stack backtrace:
[INFO] [stdout]    0:     0x5688a2356a01 - <<std[617be2ca0a6fd877]::sys::backtrace::BacktraceLock>::print::DisplayBacktrace as core[a373ad73a504971]::fmt::Display>::fmt
[INFO] [stdout]    1:     0x5688a236ad0a - core[a373ad73a504971]::fmt::write
[INFO] [stdout]    2:     0x5688a235ad4c - <alloc[2e1b2a31b91974c5]::vec::Vec<u8> as core[a373ad73a504971]::io::write::Write>::write_fmt
[INFO] [stdout]    3:     0x5688a2332e66 - std[617be2ca0a6fd877]::panicking::default_hook::{closure#0}
[INFO] [stdout]    4:     0x5688a234f099 - std[617be2ca0a6fd877]::panicking::default_hook
[INFO] [stdout]    5:     0x5688a22eae30 - test[aada8e7e76ba119b]::test_main_inner::{closure#0}
[INFO] [stdout]    6:     0x5688a234f252 - std[617be2ca0a6fd877]::panicking::panic_with_hook
[INFO] [stdout]    7:     0x5688a2332f12 - std[617be2ca0a6fd877]::panicking::panic_handler::{closure#0}
[INFO] [stdout]    8:     0x5688a232bbf9 - std[617be2ca0a6fd877]::sys::backtrace::__rust_end_short_backtrace::<std[617be2ca0a6fd877]::panicking::panic_handler::{closure#0}, !>
[INFO] [stdout]    9:     0x5688a2333b1d - __rustc[ea4f61d10b84890b]::rust_begin_unwind
[INFO] [stdout]   10:     0x5688a236b43c - core[a373ad73a504971]::panicking::panic_fmt
[INFO] [stdout]   11:     0x5688a236b212 - core[a373ad73a504971]::result::unwrap_failed
[INFO] [stdout]   12:     0x5688a22dde2c - <dbs_arch[ab01e64ade17288f]::x86_64::interrupts::tests::test_setlint::{closure#0} as core[a373ad73a504971]::ops::function::FnOnce<()>>::call_once
[INFO] [stdout]   13:     0x5688a22de27b - test[aada8e7e76ba119b]::__rust_begin_short_backtrace::<core[a373ad73a504971]::result::Result<(), alloc[2e1b2a31b91974c5]::string::String>, fn() -> core[a373ad73a504971]::result::Result<(), alloc[2e1b2a31b91974c5]::string::String>>
[INFO] [stdout]   14:     0x5688a22eb455 - test[aada8e7e76ba119b]::run_test::{closure#0}
[INFO] [stdout]   15:     0x5688a22e4d44 - std[617be2ca0a6fd877]::sys::backtrace::__rust_begin_short_backtrace::<test[aada8e7e76ba119b]::run_test::{closure#1}, ()>
[INFO] [stdout]   16:     0x5688a22ee4e2 - <std[617be2ca0a6fd877]::thread::lifecycle::spawn_unchecked<test[aada8e7e76ba119b]::run_test::{closure#1}, ()>::{closure#1} as core[a373ad73a504971]::ops::function::FnOnce<()>>::call_once::{shim:vtable#0}
[INFO] [stdout]   17:     0x5688a235625f - <std[617be2ca0a6fd877]::sys::thread::unix::Thread>::new::thread_start
[INFO] [stdout]   18:     0x70f30c8bcdfa - <unknown>
[INFO] [stdout]   19:     0x70f30c9503d4 - clone
[INFO] [stdout]   20:                0x0 - <unknown>
[INFO] [stdout] 
[INFO] [stdout] ---- x86_64::interrupts::tests::test_setlint_fails stdout ----
[INFO] [stdout] 
[INFO] [stdout] thread 'x86_64::interrupts::tests::test_setlint_fails' (319) panicked at src/x86_64/interrupts.rs:129:30:
[INFO] [stdout] called `Result::unwrap()` on an `Err` value: Error(2)
[INFO] [stdout] stack backtrace:
[INFO] [stdout]    0:     0x5688a2356a01 - <<std[617be2ca0a6fd877]::sys::backtrace::BacktraceLock>::print::DisplayBacktrace as core[a373ad73a504971]::fmt::Display>::fmt
[INFO] [stdout]    1:     0x5688a236ad0a - core[a373ad73a504971]::fmt::write
[INFO] [stdout]    2:     0x5688a235ad4c - <alloc[2e1b2a31b91974c5]::vec::Vec<u8> as core[a373ad73a504971]::io::write::Write>::write_fmt
[INFO] [stdout]    3:     0x5688a2332e66 - std[617be2ca0a6fd877]::panicking::default_hook::{closure#0}
[INFO] [stdout]    4:     0x5688a234f099 - std[617be2ca0a6fd877]::panicking::default_hook
[INFO] [stdout]    5:     0x5688a22eae30 - test[aada8e7e76ba119b]::test_main_inner::{closure#0}
[INFO] [stdout]    6:     0x5688a234f252 - std[617be2ca0a6fd877]::panicking::panic_with_hook
[INFO] [stdout]    7:     0x5688a2332f12 - std[617be2ca0a6fd877]::panicking::panic_handler::{closure#0}
[INFO] [stdout]    8:     0x5688a232bbf9 - std[617be2ca0a6fd877]::sys::backtrace::__rust_end_short_backtrace::<std[617be2ca0a6fd877]::panicking::panic_handler::{closure#0}, !>
[INFO] [stdout]    9:     0x5688a2333b1d - __rustc[ea4f61d10b84890b]::rust_begin_unwind
[INFO] [stdout]   10:     0x5688a236b43c - core[a373ad73a504971]::panicking::panic_fmt
[INFO] [stdout]   11:     0x5688a236b212 - core[a373ad73a504971]::result::unwrap_failed
[INFO] [stdout]   12:     0x5688a22de0a5 - <dbs_arch[ab01e64ade17288f]::x86_64::interrupts::tests::test_setlint_fails::{closure#0} as core[a373ad73a504971]::ops::function::FnOnce<()>>::call_once
[INFO] [stdout]   13:     0x5688a22de27b - test[aada8e7e76ba119b]::__rust_begin_short_backtrace::<core[a373ad73a504971]::result::Result<(), alloc[2e1b2a31b91974c5]::string::String>, fn() -> core[a373ad73a504971]::result::Result<(), alloc[2e1b2a31b91974c5]::string::String>>
[INFO] [stdout]   14:     0x5688a22eb455 - test[aada8e7e76ba119b]::run_test::{closure#0}
[INFO] [stdout]   15:     0x5688a22e4d44 - std[617be2ca0a6fd877]::sys::backtrace::__rust_begin_short_backtrace::<test[aada8e7e76ba119b]::run_test::{closure#1}, ()>
[INFO] [stdout]   16:     0x5688a22ee4e2 - <std[617be2ca0a6fd877]::thread::lifecycle::spawn_unchecked<test[aada8e7e76ba119b]::run_test::{closure#1}, ()>::{closure#1} as core[a373ad73a504971]::ops::function::FnOnce<()>>::call_once::{shim:vtable#0}
[INFO] [stdout]   17:     0x5688a235625f - <std[617be2ca0a6fd877]::sys::thread::unix::Thread>::new::thread_start
[INFO] [stdout]   18:     0x70f30c8bcdfa - <unknown>
[INFO] [stdout]   19:     0x70f30c9503d4 - clone
[INFO] [stdout]   20:                0x0 - <unknown>
[INFO] [stdout] 
[INFO] [stdout] ---- x86_64::regs::tests::test_setup_fpu stdout ----
[INFO] [stdout] 
[INFO] [stdout] thread 'x86_64::regs::tests::test_setup_fpu' (323) panicked at src/x86_64/regs.rs:327:30:
[INFO] [stdout] called `Result::unwrap()` on an `Err` value: Error(2)
[INFO] [stdout] stack backtrace:
[INFO] [stdout]    0:     0x5688a2356a01 - <<std[617be2ca0a6fd877]::sys::backtrace::BacktraceLock>::print::DisplayBacktrace as core[a373ad73a504971]::fmt::Display>::fmt
[INFO] [stdout]    1:     0x5688a236ad0a - core[a373ad73a504971]::fmt::write
[INFO] [stdout]    2:     0x5688a235ad4c - <alloc[2e1b2a31b91974c5]::vec::Vec<u8> as core[a373ad73a504971]::io::write::Write>::write_fmt
[INFO] [stdout]    3:     0x5688a2332e66 - std[617be2ca0a6fd877]::panicking::default_hook::{closure#0}
[INFO] [stdout]    4:     0x5688a234f099 - std[617be2ca0a6fd877]::panicking::default_hook
[INFO] [stdout]    5:     0x5688a22eae30 - test[aada8e7e76ba119b]::test_main_inner::{closure#0}
[INFO] [stdout]    6:     0x5688a234f252 - std[617be2ca0a6fd877]::panicking::panic_with_hook
[INFO] [stdout]    7:     0x5688a2332f12 - std[617be2ca0a6fd877]::panicking::panic_handler::{closure#0}
[INFO] [stdout]    8:     0x5688a232bbf9 - std[617be2ca0a6fd877]::sys::backtrace::__rust_end_short_backtrace::<std[617be2ca0a6fd877]::panicking::panic_handler::{closure#0}, !>
[INFO] [stdout]    9:     0x5688a2333b1d - __rustc[ea4f61d10b84890b]::rust_begin_unwind
[INFO] [stdout]   10:     0x5688a236b43c - core[a373ad73a504971]::panicking::panic_fmt
[INFO] [stdout]   11:     0x5688a236b212 - core[a373ad73a504971]::result::unwrap_failed
[INFO] [stdout]   12:     0x5688a22d41f4 - <dbs_arch[ab01e64ade17288f]::x86_64::regs::tests::test_setup_fpu::{closure#0} as core[a373ad73a504971]::ops::function::FnOnce<()>>::call_once
[INFO] [stdout]   13:     0x5688a22de27b - test[aada8e7e76ba119b]::__rust_begin_short_backtrace::<core[a373ad73a504971]::result::Result<(), alloc[2e1b2a31b91974c5]::string::String>, fn() -> core[a373ad73a504971]::result::Result<(), alloc[2e1b2a31b91974c5]::string::String>>
[INFO] [stdout]   14:     0x5688a22eb455 - test[aada8e7e76ba119b]::run_test::{closure#0}
[INFO] [stdout]   15:     0x5688a22e4d44 - std[617be2ca0a6fd877]::sys::backtrace::__rust_begin_short_backtrace::<test[aada8e7e76ba119b]::run_test::{closure#1}, ()>
[INFO] [stdout]   16:     0x5688a22ee4e2 - <std[617be2ca0a6fd877]::thread::lifecycle::spawn_unchecked<test[aada8e7e76ba119b]::run_test::{closure#1}, ()>::{closure#1} as core[a373ad73a504971]::ops::function::FnOnce<()>>::call_once::{shim:vtable#0}
[INFO] [stdout]   17:     0x5688a235625f - <std[617be2ca0a6fd877]::sys::thread::unix::Thread>::new::thread_start
[INFO] [stdout]   18:     0x70f30c8bcdfa - <unknown>
[INFO] [stdout]   19:     0x70f30c9503d4 - clone
[INFO] [stdout]   20:                0x0 - <unknown>
[INFO] [stdout] 
[INFO] [stdout] ---- x86_64::regs::tests::test_setup_msrs stdout ----
[INFO] [stdout] 
[INFO] [stdout] thread 'x86_64::regs::tests::test_setup_msrs' (324) panicked at src/x86_64/regs.rs:349:30:
[INFO] [stdout] called `Result::unwrap()` on an `Err` value: Error(2)
[INFO] [stdout] stack backtrace:
[INFO] [stdout]    0:     0x5688a2356a01 - <<std[617be2ca0a6fd877]::sys::backtrace::BacktraceLock>::print::DisplayBacktrace as core[a373ad73a504971]::fmt::Display>::fmt
[INFO] [stdout]    1:     0x5688a236ad0a - core[a373ad73a504971]::fmt::write
[INFO] [stdout]    2:     0x5688a235ad4c - <alloc[2e1b2a31b91974c5]::vec::Vec<u8> as core[a373ad73a504971]::io::write::Write>::write_fmt
[INFO] [stdout]    3:     0x5688a2332e66 - std[617be2ca0a6fd877]::panicking::default_hook::{closure#0}
[INFO] [stdout]    4:     0x5688a234f099 - std[617be2ca0a6fd877]::panicking::default_hook
[INFO] [stdout]    5:     0x5688a22eae30 - test[aada8e7e76ba119b]::test_main_inner::{closure#0}
[INFO] [stdout]    6:     0x5688a234f252 - std[617be2ca0a6fd877]::panicking::panic_with_hook
[INFO] [stdout]    7:     0x5688a2332f12 - std[617be2ca0a6fd877]::panicking::panic_handler::{closure#0}
[INFO] [stdout]    8:     0x5688a232bbf9 - std[617be2ca0a6fd877]::sys::backtrace::__rust_end_short_backtrace::<std[617be2ca0a6fd877]::panicking::panic_handler::{closure#0}, !>
[INFO] [stdout]    9:     0x5688a2333b1d - __rustc[ea4f61d10b84890b]::rust_begin_unwind
[INFO] [stdout]   10:     0x5688a236b43c - core[a373ad73a504971]::panicking::panic_fmt
[INFO] [stdout]   11:     0x5688a236b212 - core[a373ad73a504971]::result::unwrap_failed
[INFO] [stdout]   12:     0x5688a22d4553 - <dbs_arch[ab01e64ade17288f]::x86_64::regs::tests::test_setup_msrs::{closure#0} as core[a373ad73a504971]::ops::function::FnOnce<()>>::call_once
[INFO] [stdout]   13:     0x5688a22de27b - test[aada8e7e76ba119b]::__rust_begin_short_backtrace::<core[a373ad73a504971]::result::Result<(), alloc[2e1b2a31b91974c5]::string::String>, fn() -> core[a373ad73a504971]::result::Result<(), alloc[2e1b2a31b91974c5]::string::String>>
[INFO] [stdout]   14:     0x5688a22eb455 - test[aada8e7e76ba119b]::run_test::{closure#0}
[INFO] [stdout]   15:     0x5688a22e4d44 - std[617be2ca0a6fd877]::sys::backtrace::__rust_begin_short_backtrace::<test[aada8e7e76ba119b]::run_test::{closure#1}, ()>
[INFO] [stdout]   16:     0x5688a22ee4e2 - <std[617be2ca0a6fd877]::thread::lifecycle::spawn_unchecked<test[aada8e7e76ba119b]::run_test::{closure#1}, ()>::{closure#1} as core[a373ad73a504971]::ops::function::FnOnce<()>>::call_once::{shim:vtable#0}
[INFO] [stdout]   17:     0x5688a235625f - <std[617be2ca0a6fd877]::sys::thread::unix::Thread>::new::thread_start
[INFO] [stdout]   18:     0x70f30c8bcdfa - <unknown>
[INFO] [stdout]   19:     0x70f30c9503d4 - clone
[INFO] [stdout]   20:                0x0 - <unknown>
[INFO] [stdout] 
[INFO] [stdout] ---- x86_64::regs::tests::test_setup_regs stdout ----
[INFO] [stdout] 
[INFO] [stdout] thread 'x86_64::regs::tests::test_setup_regs' (325) panicked at src/x86_64/regs.rs:377:30:
[INFO] [stdout] called `Result::unwrap()` on an `Err` value: Error(2)
[INFO] [stdout] stack backtrace:
[INFO] [stdout]    0:     0x5688a2356a01 - <<std[617be2ca0a6fd877]::sys::backtrace::BacktraceLock>::print::DisplayBacktrace as core[a373ad73a504971]::fmt::Display>::fmt
[INFO] [stdout]    1:     0x5688a236ad0a - core[a373ad73a504971]::fmt::write
[INFO] [stdout]    2:     0x5688a235ad4c - <alloc[2e1b2a31b91974c5]::vec::Vec<u8> as core[a373ad73a504971]::io::write::Write>::write_fmt
[INFO] [stdout]    3:     0x5688a2332e66 - std[617be2ca0a6fd877]::panicking::default_hook::{closure#0}
[INFO] [stdout]    4:     0x5688a234f099 - std[617be2ca0a6fd877]::panicking::default_hook
[INFO] [stdout]    5:     0x5688a22eae30 - test[aada8e7e76ba119b]::test_main_inner::{closure#0}
[INFO] [stdout]    6:     0x5688a234f252 - std[617be2ca0a6fd877]::panicking::panic_with_hook
[INFO] [stdout]    7:     0x5688a2332f12 - std[617be2ca0a6fd877]::panicking::panic_handler::{closure#0}
[INFO] [stdout]    8:     0x5688a232bbf9 - std[617be2ca0a6fd877]::sys::backtrace::__rust_end_short_backtrace::<std[617be2ca0a6fd877]::panicking::panic_handler::{closure#0}, !>
[INFO] [stdout]    9:     0x5688a2333b1d - __rustc[ea4f61d10b84890b]::rust_begin_unwind
[INFO] [stdout]   10:     0x5688a236b43c - core[a373ad73a504971]::panicking::panic_fmt
[INFO] [stdout]   11:     0x5688a236b212 - core[a373ad73a504971]::result::unwrap_failed
[INFO] [stdout]   12:     0x5688a22d4c31 - <dbs_arch[ab01e64ade17288f]::x86_64::regs::tests::test_setup_regs::{closure#0} as core[a373ad73a504971]::ops::function::FnOnce<()>>::call_once
[INFO] [stdout]   13:     0x5688a22de27b - test[aada8e7e76ba119b]::__rust_begin_short_backtrace::<core[a373ad73a504971]::result::Result<(), alloc[2e1b2a31b91974c5]::string::String>, fn() -> core[a373ad73a504971]::result::Result<(), alloc[2e1b2a31b91974c5]::string::String>>
[INFO] [stdout]   14:     0x5688a22eb455 - test[aada8e7e76ba119b]::run_test::{closure#0}
[INFO] [stdout]   15:     0x5688a22e4d44 - std[617be2ca0a6fd877]::sys::backtrace::__rust_begin_short_backtrace::<test[aada8e7e76ba119b]::run_test::{closure#1}, ()>
[INFO] [stdout]   16:     0x5688a22ee4e2 - <std[617be2ca0a6fd877]::thread::lifecycle::spawn_unchecked<test[aada8e7e76ba119b]::run_test::{closure#1}, ()>::{closure#1} as core[a373ad73a504971]::ops::function::FnOnce<()>>::call_once::{shim:vtable#0}
[INFO] [stdout]   17:     0x5688a235625f - <std[617be2ca0a6fd877]::sys::thread::unix::Thread>::new::thread_start
[INFO] [stdout]   18:     0x70f30c8bcdfa - <unknown>
[INFO] [stdout]   19:     0x70f30c9503d4 - clone
[INFO] [stdout]   20:                0x0 - <unknown>
[INFO] [stdout] 
[INFO] [stdout] 
[INFO] [stdout] failures:
[INFO] [stdout]     x86_64::interrupts::tests::test_setlint
[INFO] [stdout]     x86_64::interrupts::tests::test_setlint_fails
[INFO] [stdout]     x86_64::regs::tests::test_setup_fpu
[INFO] [stdout]     x86_64::regs::tests::test_setup_msrs
[INFO] [stdout]     x86_64::regs::tests::test_setup_regs
[INFO] [stdout] 
[INFO] [stdout] test result: FAILED. 53 passed; 5 failed; 0 ignored; 0 measured; 0 filtered out; finished in 0.02s
[INFO] [stdout] 
[INFO] [stderr] error: test failed, to rerun pass `--lib`
[INFO] running `Command { std: "docker" "inspect" "9d4bd2461ece277f10a4692249624c3587c7468b287c02bc0d541dfd4251285d", kill_on_drop: false }`
[INFO] running `Command { std: "docker" "rm" "-f" "9d4bd2461ece277f10a4692249624c3587c7468b287c02bc0d541dfd4251285d", kill_on_drop: false }`
[INFO] [stdout] 9d4bd2461ece277f10a4692249624c3587c7468b287c02bc0d541dfd4251285d
