[INFO] fetching crate dbnexus-macros 0.6.0-rc.9...
[INFO] testing dbnexus-macros-0.6.0-rc.9 against 1.99.0-beta.8+cargoflags=--release for beta-release-1.100-2
[INFO] extracting crate dbnexus-macros 0.6.0-rc.9 into /workspace/builds/worker-6-tc1/source
[INFO] started tweaking crates.io crate dbnexus-macros 0.6.0-rc.9
[INFO] removed 0 missing tests
[INFO] finished tweaking crates.io crate dbnexus-macros 0.6.0-rc.9
[INFO] tweaked toml for crates.io crate dbnexus-macros 0.6.0-rc.9 written to /workspace/builds/worker-6-tc1/source/Cargo.toml
[INFO] validating manifest of crates.io crate dbnexus-macros 0.6.0-rc.9 on toolchain 1.99.0-beta.8
[INFO] running `Command { std: CARGO_HOME="/workspace/cargo-home" RUSTUP_HOME="/workspace/rustup-home" "/workspace/cargo-home/bin/cargo" "+1.99.0-beta.8" "metadata" "--manifest-path" "Cargo.toml" "--no-deps", kill_on_drop: false }`
[INFO] crate crates.io crate dbnexus-macros 0.6.0-rc.9 already has a lockfile, it will not be regenerated
[INFO] running `Command { std: CARGO_HOME="/workspace/cargo-home" RUSTUP_HOME="/workspace/rustup-home" "/workspace/cargo-home/bin/cargo" "+1.99.0-beta.8" "fetch" "--manifest-path" "Cargo.toml", kill_on_drop: false }`
[INFO] [stderr]     Updating crates.io index
[INFO] [stderr]  Downloading crates ...
[INFO] [stderr]   Downloaded trybuild v1.0.121
[INFO] [stderr]   Downloaded target-tuple v1.0.2
[INFO] [stderr]   Downloaded sea-query-derive v1.0.0
[INFO] [stderr]   Downloaded sea-bae v0.2.2
[INFO] [stderr]   Downloaded pluralizer v0.5.0
[INFO] [stderr]   Downloaded derive-where v1.7.0
[INFO] [stderr]   Downloaded sea-orm-macros v2.0.4
[INFO] [stderr]   Downloaded sea-query v1.0.2
[INFO] [stderr]   Downloaded sea-orm v2.0.4
[INFO] running `Command { std: "docker" "create" "-v" "/var/lib/crater-agent-workspace/builds/worker-6-tc1/source:/opt/rustwide/workdir:ro,Z" "-v" "/var/lib/crater-agent-workspace/builds/worker-6-tc1/target:/opt/rustwide/target:rw,Z" "-v" "/var/lib/crater-agent-workspace/cargo-home:/opt/rustwide/cargo-home:ro,Z" "-v" "/var/lib/crater-agent-workspace/rustup-home:/opt/rustwide/rustup-home:ro,Z" "-m" "1610612736" "--network" "none" "ghcr.io/rust-lang/crates-build-env/linux@sha256:77db811e55d90add9212f6832c23229e3de5f1c1f9905e8cb07319ea15df73ac" "sleep" "infinity", kill_on_drop: false }`
[INFO] [stdout] 44ccaca68119ec1f46d1c597128a31ede119d9fa759a8805a691565c2cb0cbf3
[INFO] running `Command { std: "docker" "start" "44ccaca68119ec1f46d1c597128a31ede119d9fa759a8805a691565c2cb0cbf3", kill_on_drop: false }`
[INFO] running `Command { std: "docker" "inspect" "44ccaca68119ec1f46d1c597128a31ede119d9fa759a8805a691565c2cb0cbf3", kill_on_drop: false }`
[INFO] running `Command { std: "docker" "exec" "-e" "SOURCE_DIR=/opt/rustwide/workdir" "-e" "CARGO_HOME=/opt/rustwide/cargo-home" "-e" "RUSTUP_HOME=/opt/rustwide/rustup-home" "-e" "CARGO_TARGET_DIR=/opt/rustwide/target" "-w" "/opt/rustwide/workdir" "--user" "0:0" "44ccaca68119ec1f46d1c597128a31ede119d9fa759a8805a691565c2cb0cbf3" "/opt/rustwide/cargo-home/bin/cargo" "+1.99.0-beta.8" "metadata" "--no-deps" "--format-version=1", kill_on_drop: false }`
[INFO] running `Command { std: "docker" "inspect" "44ccaca68119ec1f46d1c597128a31ede119d9fa759a8805a691565c2cb0cbf3", kill_on_drop: false }`
[INFO] running `Command { std: "docker" "exec" "-e" "SOURCE_DIR=/opt/rustwide/workdir" "-e" "CARGO_HOME=/opt/rustwide/cargo-home" "-e" "RUSTUP_HOME=/opt/rustwide/rustup-home" "-e" "CARGO_TARGET_DIR=/opt/rustwide/target" "-e" "CARGO_INCREMENTAL=0" "-e" "RUST_BACKTRACE=full" "-e" "RUSTFLAGS=--cap-lints=warn" "-e" "RUSTDOCFLAGS=--cap-lints=warn" "-w" "/opt/rustwide/workdir" "--user" "0:0" "44ccaca68119ec1f46d1c597128a31ede119d9fa759a8805a691565c2cb0cbf3" "/opt/rustwide/cargo-home/bin/cargo" "+1.99.0-beta.8" "build" "--frozen" "--message-format=json" "--release", kill_on_drop: false }`
[INFO] [stderr]    Compiling memchr v2.8.3
[INFO] [stderr]    Compiling unicode-ident v1.0.26
[INFO] [stderr]    Compiling regex-syntax v0.8.11
[INFO] [stderr]    Compiling proc-macro2 v1.0.107
[INFO] [stderr]    Compiling quote v1.0.47
[INFO] [stderr]    Compiling aho-corasick v1.1.5
[INFO] [stderr]    Compiling syn v3.0.6
[INFO] [stderr]    Compiling regex-automata v0.4.18
[INFO] [stderr]    Compiling regex v1.13.1
[INFO] [stderr]    Compiling dbnexus-macros v0.6.0-rc.9 (/opt/rustwide/workdir)
[INFO] [stderr]     Finished `release` profile [optimized] target(s) in 22.60s
[INFO] running `Command { std: "docker" "inspect" "44ccaca68119ec1f46d1c597128a31ede119d9fa759a8805a691565c2cb0cbf3", kill_on_drop: false }`
[INFO] running `Command { std: "docker" "exec" "-e" "SOURCE_DIR=/opt/rustwide/workdir" "-e" "CARGO_HOME=/opt/rustwide/cargo-home" "-e" "RUSTUP_HOME=/opt/rustwide/rustup-home" "-e" "CARGO_TARGET_DIR=/opt/rustwide/target" "-e" "CARGO_INCREMENTAL=0" "-e" "RUST_BACKTRACE=full" "-e" "RUSTFLAGS=--cap-lints=warn" "-e" "RUSTDOCFLAGS=--cap-lints=warn" "-w" "/opt/rustwide/workdir" "--user" "0:0" "44ccaca68119ec1f46d1c597128a31ede119d9fa759a8805a691565c2cb0cbf3" "/opt/rustwide/cargo-home/bin/cargo" "+1.99.0-beta.8" "test" "--frozen" "--no-run" "--message-format=json" "--release", kill_on_drop: false }`
[INFO] [stderr]    Compiling serde_core v1.0.229
[INFO] [stderr]    Compiling icu_properties_data v2.3.0
[INFO] [stderr]    Compiling icu_normalizer_data v2.3.0
[INFO] [stderr]    Compiling stable_deref_trait v1.2.1
[INFO] [stderr]    Compiling autocfg v1.5.1
[INFO] [stderr]    Compiling thiserror v2.0.21
[INFO] [stderr]    Compiling zmij v1.0.23
[INFO] [stderr]    Compiling syn v3.0.6
[INFO] [stderr]    Compiling syn v2.0.119
[INFO] [stderr]    Compiling ident_case v1.0.1
[INFO] [stderr]    Compiling fnv v1.0.7
[INFO] [stderr]    Compiling heck v0.4.1
[INFO] [stderr]    Compiling writeable v0.6.4
[INFO] [stderr]    Compiling serde v1.0.229
[INFO] [stderr]    Compiling target-tuple v1.0.2
[INFO] [stderr]    Compiling litemap v0.8.3
[INFO] [stderr]    Compiling serde_json v1.0.151
[INFO] [stderr]    Compiling num-traits v0.2.19
[INFO] [stderr]    Compiling once_cell v1.21.4
[INFO] [stderr]    Compiling either v1.18.0
[INFO] [stderr]    Compiling pluralizer v0.5.0
[INFO] [stderr]    Compiling itertools v0.14.0
[INFO] [stderr]    Compiling smallvec v1.16.2
[INFO] [stderr]    Compiling memchr v2.8.3
[INFO] [stderr]    Compiling pin-project-lite v0.2.17
[INFO] [stderr]    Compiling proc-macro2 v1.0.107
[INFO] [stderr]    Compiling futures-core v0.3.34
[INFO] [stderr]    Compiling percent-encoding v2.3.2
[INFO] [stderr]    Compiling unicode-ident v1.0.26
[INFO] [stderr]    Compiling winnow v1.0.4
[INFO] [stderr]    Compiling form_urlencoded v1.2.2
[INFO] [stderr]    Compiling toml_parser v1.1.3+spec-1.1.0
[INFO] [stderr]    Compiling ordered-float v4.6.0
[INFO] [stderr]    Compiling toml_datetime v1.1.1+spec-1.1.0
[INFO] [stderr]    Compiling serde_spanned v1.1.1
[INFO] [stderr]    Compiling aho-corasick v1.1.5
[INFO] [stderr]    Compiling quote v1.0.47
[INFO] [stderr]    Compiling log v0.4.34
[INFO] [stderr]    Compiling itoa v1.0.18
[INFO] [stderr]    Compiling futures-task v0.3.34
[INFO] [stderr]    Compiling toml_writer v1.1.2+spec-1.1.0
[INFO] [stderr]    Compiling tracing-core v0.1.36
[INFO] [stderr]    Compiling slab v0.4.12
[INFO] [stderr]    Compiling darling_core v0.20.11
[INFO] [stderr]    Compiling regex-syntax v0.8.11
[INFO] [stderr]    Compiling futures-util v0.3.34
[INFO] [stderr]    Compiling synstructure v0.14.0
[INFO] [stderr]    Compiling toml v1.1.6+spec-1.1.0
[INFO] [stderr]    Compiling tracing-attributes v0.1.31
[INFO] [stderr]    Compiling zerofrom-derive v0.1.8
[INFO] [stderr]    Compiling yoke-derive v0.8.4
[INFO] [stderr]    Compiling zerovec-derive v0.11.6
[INFO] [stderr]    Compiling displaydoc v0.2.7
[INFO] [stderr]    Compiling thiserror-impl v2.0.21
[INFO] [stderr]    Compiling darling_macro v0.20.11
[INFO] [stderr]    Compiling zerofrom v0.1.8
[INFO] [stderr]    Compiling yoke v0.8.3
[INFO] [stderr]    Compiling darling v0.20.11
[INFO] [stderr]    Compiling derive_more-impl v2.1.1
[INFO] [stderr]    Compiling zerotrie v0.2.5
[INFO] [stderr]    Compiling zerovec v0.11.8
[INFO] [stderr]    Compiling async-stream-impl v0.3.6
[INFO] [stderr]    Compiling sea-query-derive v1.0.0
[INFO] [stderr]    Compiling sea-bae v0.2.2
[INFO] [stderr]    Compiling tinystr v0.8.4
[INFO] [stderr]    Compiling icu_locale_core v2.3.0
[INFO] [stderr]    Compiling potential_utf v0.1.6
[INFO] [stderr]    Compiling icu_collections v2.3.0
[INFO] [stderr]    Compiling sea-orm-macros v2.0.4
[INFO] [stderr]    Compiling derive-where v1.7.0
[INFO] [stderr]    Compiling async-trait v0.1.92
[INFO] [stderr]    Compiling serde_derive v1.0.229
[INFO] [stderr]    Compiling icu_provider v2.3.1
[INFO] [stderr]    Compiling icu_normalizer v2.3.0
[INFO] [stderr]    Compiling icu_properties v2.3.0
[INFO] [stderr]    Compiling sea-query v1.0.2
[INFO] [stderr]    Compiling idna_adapter v1.2.2
[INFO] [stderr]    Compiling idna v1.1.0
[INFO] [stderr]    Compiling url v2.5.8
[INFO] [stderr]    Compiling derive_more v2.1.1
[INFO] [stderr]    Compiling async-stream v0.3.6
[INFO] [stderr]    Compiling tracing v0.1.44
[INFO] [stderr]    Compiling dbnexus-macros v0.6.0-rc.9 (/opt/rustwide/workdir)
[INFO] [stderr]    Compiling regex-automata v0.4.18
[INFO] [stderr]    Compiling glob v0.3.4
[INFO] [stderr]    Compiling strum v0.28.0
[INFO] [stderr]    Compiling termcolor v1.4.1
[INFO] [stderr]    Compiling trybuild v1.0.121
[INFO] [stderr]    Compiling sea-orm v2.0.4
[INFO] [stderr]    Compiling regex v1.13.1
[INFO] [stderr]     Finished `release` profile [optimized] target(s) in 3m 41s
[INFO] running `Command { std: "docker" "inspect" "44ccaca68119ec1f46d1c597128a31ede119d9fa759a8805a691565c2cb0cbf3", kill_on_drop: false }`
[INFO] running `Command { std: "docker" "exec" "-e" "SOURCE_DIR=/opt/rustwide/workdir" "-e" "CARGO_HOME=/opt/rustwide/cargo-home" "-e" "RUSTUP_HOME=/opt/rustwide/rustup-home" "-e" "CARGO_TARGET_DIR=/opt/rustwide/target" "-e" "CARGO_INCREMENTAL=0" "-e" "RUST_BACKTRACE=full" "-e" "RUSTFLAGS=--cap-lints=warn" "-e" "RUSTDOCFLAGS=--cap-lints=warn" "-w" "/opt/rustwide/workdir" "--user" "0:0" "44ccaca68119ec1f46d1c597128a31ede119d9fa759a8805a691565c2cb0cbf3" "/opt/rustwide/cargo-home/bin/cargo" "+1.99.0-beta.8" "test" "--frozen" "--release", kill_on_drop: false }`
[INFO] [stderr]     Finished `release` profile [optimized] target(s) in 0.26s
[INFO] [stderr]      Running unittests src/lib.rs (/opt/rustwide/target/release/deps/dbnexus_macros-f61134952d79bcd6)
[INFO] [stderr]      Running tests/db_entity_tests.rs (/opt/rustwide/target/release/deps/db_entity_tests-47f6e125bac94c62)
[INFO] [stdout] 
[INFO] [stdout] running 0 tests
[INFO] [stdout] 
[INFO] [stdout] test result: ok. 0 passed; 0 failed; 0 ignored; 0 measured; 0 filtered out; finished in 0.00s
[INFO] [stdout] 
[INFO] [stdout] 
[INFO] [stdout] running 2 tests
[INFO] [stderr]    Compiling proc-macro2 v1.0.107
[INFO] [stderr]    Compiling quote v1.0.47
[INFO] [stderr]    Compiling unicode-ident v1.0.26
[INFO] [stderr]    Compiling stable_deref_trait v1.2.1
[INFO] [stderr]    Compiling litemap v0.8.3
[INFO] [stderr]    Compiling writeable v0.6.4
[INFO] [stderr]    Compiling icu_normalizer_data v2.3.0
[INFO] [stderr]    Compiling memchr v2.8.3
[INFO] [stderr]    Compiling thiserror v2.0.21
[INFO] [stderr]    Compiling utf8_iter v1.0.4
[INFO] [stderr]    Compiling icu_properties_data v2.3.0
[INFO] [stderr]    Compiling regex-syntax v0.8.11
[INFO] [stderr]    Compiling ident_case v1.0.1
[INFO] [stderr]    Compiling fnv v1.0.7
[INFO] [stderr]    Compiling autocfg v1.5.1
[INFO] [stderr]    Compiling heck v0.4.1
[INFO] [stderr]    Compiling smallvec v1.16.2
[INFO] [stderr]    Compiling pin-project-lite v0.2.17
[INFO] [stderr]    Compiling either v1.18.0
[INFO] [stderr]    Compiling futures-core v0.3.34
[INFO] [stderr]    Compiling once_cell v1.21.4
[INFO] [stderr]    Compiling percent-encoding v2.3.2
[INFO] [stderr]    Compiling aho-corasick v1.1.5
[INFO] [stderr]    Compiling unicode-xid v0.2.6
[INFO] [stderr]    Compiling form_urlencoded v1.2.2
[INFO] [stderr]    Compiling itertools v0.14.0
[INFO] [stderr]    Compiling num-traits v0.2.19
[INFO] [stderr]    Compiling syn v3.0.6
[INFO] [stderr]    Compiling syn v2.0.119
[INFO] [stderr]    Compiling ordered-float v4.6.0
[INFO] [stderr]    Compiling slab v0.4.12
[INFO] [stderr]    Compiling heck v0.5.0
[INFO] [stderr]    Compiling tracing-core v0.1.36
[INFO] [stderr]    Compiling log v0.4.34
[INFO] [stderr]    Compiling regex-automata v0.4.18
[INFO] [stderr]    Compiling futures-task v0.3.34
[INFO] [stderr]    Compiling futures-util v0.3.34
[INFO] [stderr]    Compiling strum v0.28.0
[INFO] [stderr]    Compiling darling_core v0.20.11
[INFO] [stderr]    Compiling synstructure v0.14.0
[INFO] [stderr]    Compiling regex v1.13.1
[INFO] [stderr]    Compiling pluralizer v0.5.0
[INFO] [stderr]    Compiling tracing-attributes v0.1.31
[INFO] [stderr]    Compiling zerofrom-derive v0.1.8
[INFO] [stderr]    Compiling yoke-derive v0.8.4
[INFO] [stderr]    Compiling zerovec-derive v0.11.6
[INFO] [stdout] test db_entity_compile_fail_tests has been running for over 60 seconds
[INFO] [stdout] test db_entity_pass_tests has been running for over 60 seconds
[INFO] [stderr]    Compiling displaydoc v0.2.7
[INFO] [stderr]    Compiling thiserror-impl v2.0.21
[INFO] [stderr]    Compiling darling_macro v0.20.11
[INFO] [stderr]    Compiling derive_more-impl v2.1.1
[INFO] [stderr]    Compiling async-stream-impl v0.3.6
[INFO] [stderr]    Compiling darling v0.20.11
[INFO] [stderr]    Compiling sea-bae v0.2.2
[INFO] [stderr]    Compiling async-trait v0.1.92
[INFO] [stderr]    Compiling tracing v0.1.44
[INFO] [stderr]    Compiling sea-orm-macros v2.0.4
[INFO] [stderr]    Compiling async-stream v0.3.6
[INFO] [stderr]    Compiling derive-where v1.7.0
[INFO] [stderr]    Compiling zerofrom v0.1.8
[INFO] [stderr]    Compiling dbnexus-macros v0.6.0-rc.9 (/opt/rustwide/workdir)
[INFO] [stderr]    Compiling yoke v0.8.3
[INFO] [stderr]    Compiling zerovec v0.11.8
[INFO] [stderr]    Compiling zerotrie v0.2.5
[INFO] [stderr]    Compiling tinystr v0.8.4
[INFO] [stderr]    Compiling potential_utf v0.1.6
[INFO] [stderr]    Compiling icu_collections v2.3.0
[INFO] [stderr]    Compiling sea-query-derive v1.0.0
[INFO] [stderr]    Compiling icu_locale_core v2.3.0
[INFO] [stderr]    Compiling derive_more v2.1.1
[INFO] [stderr]    Compiling sea-query v1.0.2
[INFO] [stderr]    Compiling icu_provider v2.3.1
[INFO] [stderr]    Compiling icu_properties v2.3.0
[INFO] [stderr]    Compiling icu_normalizer v2.3.0
[INFO] [stderr]    Compiling idna_adapter v1.2.2
[INFO] [stderr]    Compiling idna v1.1.0
[INFO] [stderr]    Compiling url v2.5.8
[INFO] [stderr]    Compiling sea-orm v2.0.4
[INFO] [stderr]    Compiling dbnexus-macros-tests v0.0.0 (/opt/rustwide/target/tests/trybuild/dbnexus-macros)
[INFO] [stderr]     Finished `dev` profile [unoptimized + debuginfo] target(s) in 1m 51s
[INFO] [stderr] 
[INFO] [stderr] 
[INFO] [stderr] test tests/ui/db_entity_basic.rs ... error
[INFO] [stderr] ┈┈┈┈┈┈┈┈┈┈┈┈┈┈┈┈┈┈┈┈┈┈┈┈┈┈┈┈┈┈┈┈┈┈┈┈┈┈┈┈┈┈┈┈┈┈┈┈┈┈┈┈┈┈┈┈┈┈┈┈
[INFO] [stderr] error[E0432]: unresolved import `dbnexus`
[INFO] [stderr]  --> tests/ui/db_entity_basic.rs:6:5
[INFO] [stderr]   |
[INFO] [stderr] 6 | use dbnexus::db_entity;
[INFO] [stderr]   |     ^^^^^^^ use of unresolved module or unlinked crate `dbnexus`
[INFO] [stderr]   |
[INFO] [stderr]   = help: if you wanted to use a crate named `dbnexus`, use `cargo add dbnexus` to add it to your `Cargo.toml`
[INFO] [stderr] 
[INFO] [stderr] error[E0277]: the trait bound `ActiveModel: ActiveModelBehavior` is not satisfied
[INFO] [stderr]   --> tests/ui/db_entity_basic.rs:10:35
[INFO] [stderr]    |
[INFO] [stderr] 10 | #[derive(Clone, Debug, PartialEq, DeriveEntityModel)]
[INFO] [stderr]    |                                   ^^^^^^^^^^^^^^^^^ unsatisfied trait bound
[INFO] [stderr]    |
[INFO] [stderr] help: the trait `ActiveModelBehavior` is not implemented for `ActiveModel`
[INFO] [stderr]   --> tests/ui/db_entity_basic.rs:10:35
[INFO] [stderr]    |
[INFO] [stderr] 10 | #[derive(Clone, Debug, PartialEq, DeriveEntityModel)]
[INFO] [stderr]    |                                   ^^^^^^^^^^^^^^^^^
[INFO] [stderr] note: required by a bound in `sea_orm::EntityTrait::ActiveModel`
[INFO] [stderr]   --> $CARGO/sea-orm-$VERSION/src/entity/base_entity.rs
[INFO] [stderr]    |
[INFO] [stderr]    |     type ActiveModel: ActiveModelBehavior<Entity = Self>;
[INFO] [stderr]    |                       ^^^^^^^^^^^^^^^^^^^^^^^^^^^^^^^^^^ required by this bound in `EntityTrait::ActiveModel`
[INFO] [stderr]    = note: this error originates in the derive macro `sea_orm::prelude::DeriveEntity` which comes from the expansion of the derive macro `DeriveEntityModel` (in Nightly builds, run with -Z macro-backtrace for more info)
[INFO] [stderr] 
[INFO] [stderr] error[E0277]: the trait bound `ActiveModel: ActiveModelBehavior` is not satisfied
[INFO] [stderr]   --> tests/ui/db_entity_basic.rs:10:35
[INFO] [stderr]    |
[INFO] [stderr] 10 | #[derive(Clone, Debug, PartialEq, DeriveEntityModel)]
[INFO] [stderr]    |                                   ^^^^^^^^^^^^^^^^^ unsatisfied trait bound
[INFO] [stderr]    |
[INFO] [stderr] help: the trait `ActiveModelBehavior` is not implemented for `ActiveModel`
[INFO] [stderr]   --> tests/ui/db_entity_basic.rs:10:35
[INFO] [stderr]    |
[INFO] [stderr] 10 | #[derive(Clone, Debug, PartialEq, DeriveEntityModel)]
[INFO] [stderr]    |                                   ^^^^^^^^^^^^^^^^^
[INFO] [stderr]    = note: this error originates in the derive macro `DeriveEntityModel` (in Nightly builds, run with -Z macro-backtrace for more info)
[INFO] [stderr] 
[INFO] [stderr] error[E0599]: no associated function or constant named `table_name` found for struct `Model` in the current scope
[INFO] [stderr]   --> tests/ui/db_entity_basic.rs:22:23
[INFO] [stderr]    |
[INFO] [stderr] 12 | pub struct Model {
[INFO] [stderr]    | ---------------- associated function or constant `table_name` not found for this struct
[INFO] [stderr] ...
[INFO] [stderr] 22 |     assert_eq!(Model::table_name(), "users");
[INFO] [stderr]    |                       ^^^^^^^^^^ associated function or constant not found in `Model`
[INFO] [stderr]    |
[INFO] [stderr]    = help: items from traits can only be used if the trait is implemented and in scope
[INFO] [stderr]    = note: the following trait defines an item `table_name`, perhaps you need to implement it:
[INFO] [stderr]            candidate #1: `sea_orm::EntityName`
[INFO] [stderr] 
[INFO] [stderr] error[E0599]: no associated function or constant named `primary_key_column` found for struct `Model` in the current scope
[INFO] [stderr]   --> tests/ui/db_entity_basic.rs:23:23
[INFO] [stderr]    |
[INFO] [stderr] 12 | pub struct Model {
[INFO] [stderr]    | ---------------- associated function or constant `primary_key_column` not found for this struct
[INFO] [stderr] ...
[INFO] [stderr] 23 |     assert_eq!(Model::primary_key_column(), "id");
[INFO] [stderr]    |                       ^^^^^^^^^^^^^^^^^^ associated function or constant not found in `Model`
[INFO] [stderr] ┈┈┈┈┈┈┈┈┈┈┈┈┈┈┈┈┈┈┈┈┈┈┈┈┈┈┈┈┈┈┈┈┈┈┈┈┈┈┈┈┈┈┈┈┈┈┈┈┈┈┈┈┈┈┈┈┈┈┈┈
[INFO] [stderr] 
[INFO] [stderr] test tests/ui/db_entity_with_permissions.rs ... error
[INFO] [stderr] ┈┈┈┈┈┈┈┈┈┈┈┈┈┈┈┈┈┈┈┈┈┈┈┈┈┈┈┈┈┈┈┈┈┈┈┈┈┈┈┈┈┈┈┈┈┈┈┈┈┈┈┈┈┈┈┈┈┈┈┈
[INFO] [stderr] error[E0432]: unresolved import `dbnexus`
[INFO] [stderr]  --> tests/ui/db_entity_with_permissions.rs:6:5
[INFO] [stderr]   |
[INFO] [stderr] 6 | use dbnexus::db_entity;
[INFO] [stderr]   |     ^^^^^^^ use of unresolved module or unlinked crate `dbnexus`
[INFO] [stderr]   |
[INFO] [stderr]   = help: if you wanted to use a crate named `dbnexus`, use `cargo add dbnexus` to add it to your `Cargo.toml`
[INFO] [stderr] 
[INFO] [stderr] error[E0277]: the trait bound `ActiveModel: ActiveModelBehavior` is not satisfied
[INFO] [stderr]   --> tests/ui/db_entity_with_permissions.rs:14:35
[INFO] [stderr]    |
[INFO] [stderr] 14 | #[derive(Clone, Debug, PartialEq, DeriveEntityModel)]
[INFO] [stderr]    |                                   ^^^^^^^^^^^^^^^^^ unsatisfied trait bound
[INFO] [stderr]    |
[INFO] [stderr] help: the trait `ActiveModelBehavior` is not implemented for `ActiveModel`
[INFO] [stderr]   --> tests/ui/db_entity_with_permissions.rs:14:35
[INFO] [stderr]    |
[INFO] [stderr] 14 | #[derive(Clone, Debug, PartialEq, DeriveEntityModel)]
[INFO] [stderr]    |                                   ^^^^^^^^^^^^^^^^^
[INFO] [stderr] note: required by a bound in `sea_orm::EntityTrait::ActiveModel`
[INFO] [stderr]   --> $CARGO/sea-orm-$VERSION/src/entity/base_entity.rs
[INFO] [stderr]    |
[INFO] [stderr]    |     type ActiveModel: ActiveModelBehavior<Entity = Self>;
[INFO] [stderr]    |                       ^^^^^^^^^^^^^^^^^^^^^^^^^^^^^^^^^^ required by this bound in `EntityTrait::ActiveModel`
[INFO] [stderr]    = note: this error originates in the derive macro `sea_orm::prelude::DeriveEntity` which comes from the expansion of the derive macro `DeriveEntityModel` (in Nightly builds, run with -Z macro-backtrace for more info)
[INFO] [stderr] 
[INFO] [stderr] error[E0277]: the trait bound `ActiveModel: ActiveModelBehavior` is not satisfied
[INFO] [stderr]   --> tests/ui/db_entity_with_permissions.rs:14:35
[INFO] [stderr]    |
[INFO] [stderr] 14 | #[derive(Clone, Debug, PartialEq, DeriveEntityModel)]
[INFO] [stderr]    |                                   ^^^^^^^^^^^^^^^^^ unsatisfied trait bound
[INFO] [stderr]    |
[INFO] [stderr] help: the trait `ActiveModelBehavior` is not implemented for `ActiveModel`
[INFO] [stderr]   --> tests/ui/db_entity_with_permissions.rs:14:35
[INFO] [stderr]    |
[INFO] [stderr] 14 | #[derive(Clone, Debug, PartialEq, DeriveEntityModel)]
[INFO] [stderr]    |                                   ^^^^^^^^^^^^^^^^^
[INFO] [stderr]    = note: this error originates in the derive macro `DeriveEntityModel` (in Nightly builds, run with -Z macro-backtrace for more info)
[INFO] [stderr] 
[INFO] [stderr] error[E0599]: no associated function or constant named `table_name` found for struct `Model` in the current scope
[INFO] [stderr]   --> tests/ui/db_entity_with_permissions.rs:26:23
[INFO] [stderr]    |
[INFO] [stderr] 16 | pub struct Model {
[INFO] [stderr]    | ---------------- associated function or constant `table_name` not found for this struct
[INFO] [stderr] ...
[INFO] [stderr] 26 |     assert_eq!(Model::table_name(), "users");
[INFO] [stderr]    |                       ^^^^^^^^^^ associated function or constant not found in `Model`
[INFO] [stderr]    |
[INFO] [stderr]    = help: items from traits can only be used if the trait is implemented and in scope
[INFO] [stderr]    = note: the following trait defines an item `table_name`, perhaps you need to implement it:
[INFO] [stderr]            candidate #1: `sea_orm::EntityName`
[INFO] [stderr] 
[INFO] [stderr] error[E0599]: no associated function or constant named `ALLOWED_ROLES` found for struct `Model` in the current scope
[INFO] [stderr]   --> tests/ui/db_entity_with_permissions.rs:27:23
[INFO] [stderr]    |
[INFO] [stderr] 16 | pub struct Model {
[INFO] [stderr]    | ---------------- associated function or constant `ALLOWED_ROLES` not found for this struct
[INFO] [stderr] ...
[INFO] [stderr] 27 |     assert_eq!(Model::ALLOWED_ROLES, &["admin", "manager"]);
[INFO] [stderr]    |                       ^^^^^^^^^^^^^ associated function or constant not found in `Model`
[INFO] [stderr] 
[INFO] [stderr] error[E0599]: no associated function or constant named `ALLOWED_OPERATIONS` found for struct `Model` in the current scope
[INFO] [stderr]   --> tests/ui/db_entity_with_permissions.rs:28:23
[INFO] [stderr]    |
[INFO] [stderr] 16 | pub struct Model {
[INFO] [stderr]    | ---------------- associated function or constant `ALLOWED_OPERATIONS` not found for this struct
[INFO] [stderr] ...
[INFO] [stderr] 28 |     assert_eq!(Model::ALLOWED_OPERATIONS, &["SELECT", "INSERT", "UPDATE"]);
[INFO] [stderr]    |                       ^^^^^^^^^^^^^^^^^^ associated function or constant not found in `Model`
[INFO] [stderr] ┈┈┈┈┈┈┈┈┈┈┈┈┈┈┈┈┈┈┈┈┈┈┈┈┈┈┈┈┈┈┈┈┈┈┈┈┈┈┈┈┈┈┈┈┈┈┈┈┈┈┈┈┈┈┈┈┈┈┈┈
[INFO] [stderr] 
[INFO] [stderr] test tests/ui/db_entity_with_cache.rs ... error
[INFO] [stderr] ┈┈┈┈┈┈┈┈┈┈┈┈┈┈┈┈┈┈┈┈┈┈┈┈┈┈┈┈┈┈┈┈┈┈┈┈┈┈┈┈┈┈┈┈┈┈┈┈┈┈┈┈┈┈┈┈┈┈┈┈
[INFO] [stderr] error[E0432]: unresolved import `dbnexus`
[INFO] [stderr]  --> tests/ui/db_entity_with_cache.rs:6:5
[INFO] [stderr]   |
[INFO] [stderr] 6 | use dbnexus::db_entity;
[INFO] [stderr]   |     ^^^^^^^ use of unresolved module or unlinked crate `dbnexus`
[INFO] [stderr]   |
[INFO] [stderr]   = help: if you wanted to use a crate named `dbnexus`, use `cargo add dbnexus` to add it to your `Cargo.toml`
[INFO] [stderr] 
[INFO] [stderr] error[E0277]: the trait bound `ActiveModel: ActiveModelBehavior` is not satisfied
[INFO] [stderr]   --> tests/ui/db_entity_with_cache.rs:14:35
[INFO] [stderr]    |
[INFO] [stderr] 14 | #[derive(Clone, Debug, PartialEq, DeriveEntityModel)]
[INFO] [stderr]    |                                   ^^^^^^^^^^^^^^^^^ unsatisfied trait bound
[INFO] [stderr]    |
[INFO] [stderr] help: the trait `ActiveModelBehavior` is not implemented for `ActiveModel`
[INFO] [stderr]   --> tests/ui/db_entity_with_cache.rs:14:35
[INFO] [stderr]    |
[INFO] [stderr] 14 | #[derive(Clone, Debug, PartialEq, DeriveEntityModel)]
[INFO] [stderr]    |                                   ^^^^^^^^^^^^^^^^^
[INFO] [stderr] note: required by a bound in `sea_orm::EntityTrait::ActiveModel`
[INFO] [stderr]   --> $CARGO/sea-orm-$VERSION/src/entity/base_entity.rs
[INFO] [stderr]    |
[INFO] [stderr]    |     type ActiveModel: ActiveModelBehavior<Entity = Self>;
[INFO] [stderr]    |                       ^^^^^^^^^^^^^^^^^^^^^^^^^^^^^^^^^^ required by this bound in `EntityTrait::ActiveModel`
[INFO] [stderr]    = note: this error originates in the derive macro `sea_orm::prelude::DeriveEntity` which comes from the expansion of the derive macro `DeriveEntityModel` (in Nightly builds, run with -Z macro-backtrace for more info)
[INFO] [stderr] 
[INFO] [stderr] error[E0277]: the trait bound `ActiveModel: ActiveModelBehavior` is not satisfied
[INFO] [stderr]   --> tests/ui/db_entity_with_cache.rs:14:35
[INFO] [stderr]    |
[INFO] [stderr] 14 | #[derive(Clone, Debug, PartialEq, DeriveEntityModel)]
[INFO] [stderr]    |                                   ^^^^^^^^^^^^^^^^^ unsatisfied trait bound
[INFO] [stderr]    |
[INFO] [stderr] help: the trait `ActiveModelBehavior` is not implemented for `ActiveModel`
[INFO] [stderr]   --> tests/ui/db_entity_with_cache.rs:14:35
[INFO] [stderr]    |
[INFO] [stderr] 14 | #[derive(Clone, Debug, PartialEq, DeriveEntityModel)]
[INFO] [stderr]    |                                   ^^^^^^^^^^^^^^^^^
[INFO] [stderr]    = note: this error originates in the derive macro `DeriveEntityModel` (in Nightly builds, run with -Z macro-backtrace for more info)
[INFO] [stderr] 
[INFO] [stderr] error[E0599]: no associated function or constant named `table_name` found for struct `Model` in the current scope
[INFO] [stderr]   --> tests/ui/db_entity_with_cache.rs:26:23
[INFO] [stderr]    |
[INFO] [stderr] 16 | pub struct Model {
[INFO] [stderr]    | ---------------- associated function or constant `table_name` not found for this struct
[INFO] [stderr] ...
[INFO] [stderr] 26 |     assert_eq!(Model::table_name(), "articles");
[INFO] [stderr]    |                       ^^^^^^^^^^ associated function or constant not found in `Model`
[INFO] [stderr]    |
[INFO] [stderr]    = help: items from traits can only be used if the trait is implemented and in scope
[INFO] [stderr]    = note: the following trait defines an item `table_name`, perhaps you need to implement it:
[INFO] [stderr]            candidate #1: `sea_orm::EntityName`
[INFO] [stderr] 
[INFO] [stderr] error[E0599]: no associated function or constant named `CACHE_TTL` found for struct `Model` in the current scope
[INFO] [stderr]   --> tests/ui/db_entity_with_cache.rs:27:23
[INFO] [stderr]    |
[INFO] [stderr] 16 | pub struct Model {
[INFO] [stderr]    | ---------------- associated function or constant `CACHE_TTL` not found for this struct
[INFO] [stderr] ...
[INFO] [stderr] 27 |     assert_eq!(Model::CACHE_TTL, 60u64);
[INFO] [stderr]    |                       ^^^^^^^^^ associated function or constant not found in `Model`
[INFO] [stderr] 
[INFO] [stderr] error[E0599]: no associated function or constant named `CACHE_STRATEGY` found for struct `Model` in the current scope
[INFO] [stderr]   --> tests/ui/db_entity_with_cache.rs:28:23
[INFO] [stderr]    |
[INFO] [stderr] 16 | pub struct Model {
[INFO] [stderr]    | ---------------- associated function or constant `CACHE_STRATEGY` not found for this struct
[INFO] [stderr] ...
[INFO] [stderr] 28 |     assert_eq!(Model::CACHE_STRATEGY, "lru");
[INFO] [stderr]    |                       ^^^^^^^^^^^^^^ associated function or constant not found in `Model`
[INFO] [stderr] 
[INFO] [stderr] error[E0599]: no associated function or constant named `CACHE_MAX_CAPACITY` found for struct `Model` in the current scope
[INFO] [stderr]   --> tests/ui/db_entity_with_cache.rs:29:23
[INFO] [stderr]    |
[INFO] [stderr] 16 | pub struct Model {
[INFO] [stderr]    | ---------------- associated function or constant `CACHE_MAX_CAPACITY` not found for this struct
[INFO] [stderr] ...
[INFO] [stderr] 29 |     assert_eq!(Model::CACHE_MAX_CAPACITY, 5000usize);
[INFO] [stderr]    |                       ^^^^^^^^^^^^^^^^^^ associated function or constant not found in `Model`
[INFO] [stderr] 
[INFO] [stderr] error[E0599]: no associated function or constant named `CACHE_ENABLED` found for struct `Model` in the current scope
[INFO] [stderr]   --> tests/ui/db_entity_with_cache.rs:30:23
[INFO] [stderr]    |
[INFO] [stderr] 16 | pub struct Model {
[INFO] [stderr]    | ---------------- associated function or constant `CACHE_ENABLED` not found for this struct
[INFO] [stderr] ...
[INFO] [stderr] 30 |     assert_eq!(Model::CACHE_ENABLED, true);
[INFO] [stderr]    |                       ^^^^^^^^^^^^^ associated function or constant not found in `Model`
[INFO] [stderr] 
[INFO] [stderr] error[E0599]: no associated function or constant named `cache_key` found for struct `Model` in the current scope
[INFO] [stderr]   --> tests/ui/db_entity_with_cache.rs:31:23
[INFO] [stderr]    |
[INFO] [stderr] 16 | pub struct Model {
[INFO] [stderr]    | ---------------- associated function or constant `cache_key` not found for this struct
[INFO] [stderr] ...
[INFO] [stderr] 31 |     assert_eq!(Model::cache_key(42), "articles:42");
[INFO] [stderr]    |                       ^^^^^^^^^ associated function or constant not found in `Model`
[INFO] [stderr] ┈┈┈┈┈┈┈┈┈┈┈┈┈┈┈┈┈┈┈┈┈┈┈┈┈┈┈┈┈┈┈┈┈┈┈┈┈┈┈┈┈┈┈┈┈┈┈┈┈┈┈┈┈┈┈┈┈┈┈┈
[INFO] [stderr] 
[INFO] [stderr] test tests/ui/db_entity_with_audit.rs ... error
[INFO] [stderr] ┈┈┈┈┈┈┈┈┈┈┈┈┈┈┈┈┈┈┈┈┈┈┈┈┈┈┈┈┈┈┈┈┈┈┈┈┈┈┈┈┈┈┈┈┈┈┈┈┈┈┈┈┈┈┈┈┈┈┈┈
[INFO] [stderr] error[E0432]: unresolved import `dbnexus`
[INFO] [stderr]  --> tests/ui/db_entity_with_audit.rs:6:5
[INFO] [stderr]   |
[INFO] [stderr] 6 | use dbnexus::db_entity;
[INFO] [stderr]   |     ^^^^^^^ use of unresolved module or unlinked crate `dbnexus`
[INFO] [stderr]   |
[INFO] [stderr]   = help: if you wanted to use a crate named `dbnexus`, use `cargo add dbnexus` to add it to your `Cargo.toml`
[INFO] [stderr] 
[INFO] [stderr] error[E0277]: the trait bound `ActiveModel: ActiveModelBehavior` is not satisfied
[INFO] [stderr]   --> tests/ui/db_entity_with_audit.rs:14:35
[INFO] [stderr]    |
[INFO] [stderr] 14 | #[derive(Clone, Debug, PartialEq, DeriveEntityModel)]
[INFO] [stderr]    |                                   ^^^^^^^^^^^^^^^^^ unsatisfied trait bound
[INFO] [stderr]    |
[INFO] [stderr] help: the trait `ActiveModelBehavior` is not implemented for `ActiveModel`
[INFO] [stderr]   --> tests/ui/db_entity_with_audit.rs:14:35
[INFO] [stderr]    |
[INFO] [stderr] 14 | #[derive(Clone, Debug, PartialEq, DeriveEntityModel)]
[INFO] [stderr]    |                                   ^^^^^^^^^^^^^^^^^
[INFO] [stderr] note: required by a bound in `sea_orm::EntityTrait::ActiveModel`
[INFO] [stderr]   --> $CARGO/sea-orm-$VERSION/src/entity/base_entity.rs
[INFO] [stderr]    |
[INFO] [stderr]    |     type ActiveModel: ActiveModelBehavior<Entity = Self>;
[INFO] [stderr]    |                       ^^^^^^^^^^^^^^^^^^^^^^^^^^^^^^^^^^ required by this bound in `EntityTrait::ActiveModel`
[INFO] [stderr]    = note: this error originates in the derive macro `sea_orm::prelude::DeriveEntity` which comes from the expansion of the derive macro `DeriveEntityModel` (in Nightly builds, run with -Z macro-backtrace for more info)
[INFO] [stderr] 
[INFO] [stderr] error[E0277]: the trait bound `ActiveModel: ActiveModelBehavior` is not satisfied
[INFO] [stderr]   --> tests/ui/db_entity_with_audit.rs:14:35
[INFO] [stderr]    |
[INFO] [stderr] 14 | #[derive(Clone, Debug, PartialEq, DeriveEntityModel)]
[INFO] [stderr]    |                                   ^^^^^^^^^^^^^^^^^ unsatisfied trait bound
[INFO] [stderr]    |
[INFO] [stderr] help: the trait `ActiveModelBehavior` is not implemented for `ActiveModel`
[INFO] [stderr]   --> tests/ui/db_entity_with_audit.rs:14:35
[INFO] [stderr]    |
[INFO] [stderr] 14 | #[derive(Clone, Debug, PartialEq, DeriveEntityModel)]
[INFO] [stderr]    |                                   ^^^^^^^^^^^^^^^^^
[INFO] [stderr]    = note: this error originates in the derive macro `DeriveEntityModel` (in Nightly builds, run with -Z macro-backtrace for more info)
[INFO] [stderr] 
[INFO] [stderr] error[E0599]: no associated function or constant named `table_name` found for struct `Model` in the current scope
[INFO] [stderr]   --> tests/ui/db_entity_with_audit.rs:26:23
[INFO] [stderr]    |
[INFO] [stderr] 16 | pub struct Model {
[INFO] [stderr]    | ---------------- associated function or constant `table_name` not found for this struct
[INFO] [stderr] ...
[INFO] [stderr] 26 |     assert_eq!(Model::table_name(), "products");
[INFO] [stderr]    |                       ^^^^^^^^^^ associated function or constant not found in `Model`
[INFO] [stderr]    |
[INFO] [stderr]    = help: items from traits can only be used if the trait is implemented and in scope
[INFO] [stderr]    = note: the following trait defines an item `table_name`, perhaps you need to implement it:
[INFO] [stderr]            candidate #1: `sea_orm::EntityName`
[INFO] [stderr] 
[INFO] [stderr] error[E0599]: no associated function or constant named `AUDIT_TABLE_NAME` found for struct `Model` in the current scope
[INFO] [stderr]   --> tests/ui/db_entity_with_audit.rs:27:23
[INFO] [stderr]    |
[INFO] [stderr] 16 | pub struct Model {
[INFO] [stderr]    | ---------------- associated function or constant `AUDIT_TABLE_NAME` not found for this struct
[INFO] [stderr] ...
[INFO] [stderr] 27 |     assert_eq!(Model::AUDIT_TABLE_NAME, "product_audit_log");
[INFO] [stderr]    |                       ^^^^^^^^^^^^^^^^ associated function or constant not found in `Model`
[INFO] [stderr] 
[INFO] [stderr] error[E0599]: no associated function or constant named `AUDIT_LOG_VALUES` found for struct `Model` in the current scope
[INFO] [stderr]   --> tests/ui/db_entity_with_audit.rs:28:23
[INFO] [stderr]    |
[INFO] [stderr] 16 | pub struct Model {
[INFO] [stderr]    | ---------------- associated function or constant `AUDIT_LOG_VALUES` not found for this struct
[INFO] [stderr] ...
[INFO] [stderr] 28 |     assert_eq!(Model::AUDIT_LOG_VALUES, true);
[INFO] [stderr]    |                       ^^^^^^^^^^^^^^^^ associated function or constant not found in `Model`
[INFO] [stderr] 
[INFO] [stderr] error[E0599]: no associated function or constant named `AUDIT_ENABLED` found for struct `Model` in the current scope
[INFO] [stderr]   --> tests/ui/db_entity_with_audit.rs:29:23
[INFO] [stderr]    |
[INFO] [stderr] 16 | pub struct Model {
[INFO] [stderr]    | ---------------- associated function or constant `AUDIT_ENABLED` not found for this struct
[INFO] [stderr] ...
[INFO] [stderr] 29 |     assert_eq!(Model::AUDIT_ENABLED, true);
[INFO] [stderr]    |                       ^^^^^^^^^^^^^ associated function or constant not found in `Model`
[INFO] [stderr] ┈┈┈┈┈┈┈┈┈┈┈┈┈┈┈┈┈┈┈┈┈┈┈┈┈┈┈┈┈┈┈┈┈┈┈┈┈┈┈┈┈┈┈┈┈┈┈┈┈┈┈┈┈┈┈┈┈┈┈┈
[INFO] [stderr] 
[INFO] [stderr] test tests/ui/db_entity_exists.rs ... error
[INFO] [stderr] ┈┈┈┈┈┈┈┈┈┈┈┈┈┈┈┈┈┈┈┈┈┈┈┈┈┈┈┈┈┈┈┈┈┈┈┈┈┈┈┈┈┈┈┈┈┈┈┈┈┈┈┈┈┈┈┈┈┈┈┈
[INFO] [stderr] error[E0432]: unresolved import `dbnexus`
[INFO] [stderr]  --> tests/ui/db_entity_exists.rs:6:5
[INFO] [stderr]   |
[INFO] [stderr] 6 | use dbnexus::db_entity;
[INFO] [stderr]   |     ^^^^^^^ use of unresolved module or unlinked crate `dbnexus`
[INFO] [stderr]   |
[INFO] [stderr]   = help: if you wanted to use a crate named `dbnexus`, use `cargo add dbnexus` to add it to your `Cargo.toml`
[INFO] [stderr] 
[INFO] [stderr] error[E0277]: the trait bound `ActiveModel: ActiveModelBehavior` is not satisfied
[INFO] [stderr]   --> tests/ui/db_entity_exists.rs:10:35
[INFO] [stderr]    |
[INFO] [stderr] 10 | #[derive(Clone, Debug, PartialEq, DeriveEntityModel)]
[INFO] [stderr]    |                                   ^^^^^^^^^^^^^^^^^ unsatisfied trait bound
[INFO] [stderr]    |
[INFO] [stderr] help: the trait `ActiveModelBehavior` is not implemented for `ActiveModel`
[INFO] [stderr]   --> tests/ui/db_entity_exists.rs:10:35
[INFO] [stderr]    |
[INFO] [stderr] 10 | #[derive(Clone, Debug, PartialEq, DeriveEntityModel)]
[INFO] [stderr]    |                                   ^^^^^^^^^^^^^^^^^
[INFO] [stderr] note: required by a bound in `sea_orm::EntityTrait::ActiveModel`
[INFO] [stderr]   --> $CARGO/sea-orm-$VERSION/src/entity/base_entity.rs
[INFO] [stderr]    |
[INFO] [stderr]    |     type ActiveModel: ActiveModelBehavior<Entity = Self>;
[INFO] [stderr]    |                       ^^^^^^^^^^^^^^^^^^^^^^^^^^^^^^^^^^ required by this bound in `EntityTrait::ActiveModel`
[INFO] [stderr]    = note: this error originates in the derive macro `sea_orm::prelude::DeriveEntity` which comes from the expansion of the derive macro `DeriveEntityModel` (in Nightly builds, run with -Z macro-backtrace for more info)
[INFO] [stderr] 
[INFO] [stderr] error[E0277]: the trait bound `ActiveModel: ActiveModelBehavior` is not satisfied
[INFO] [stderr]   --> tests/ui/db_entity_exists.rs:10:35
[INFO] [stderr]    |
[INFO] [stderr] 10 | #[derive(Clone, Debug, PartialEq, DeriveEntityModel)]
[INFO] [stderr]    |                                   ^^^^^^^^^^^^^^^^^ unsatisfied trait bound
[INFO] [stderr]    |
[INFO] [stderr] help: the trait `ActiveModelBehavior` is not implemented for `ActiveModel`
[INFO] [stderr]   --> tests/ui/db_entity_exists.rs:10:35
[INFO] [stderr]    |
[INFO] [stderr] 10 | #[derive(Clone, Debug, PartialEq, DeriveEntityModel)]
[INFO] [stderr]    |                                   ^^^^^^^^^^^^^^^^^
[INFO] [stderr]    = note: this error originates in the derive macro `DeriveEntityModel` (in Nightly builds, run with -Z macro-backtrace for more info)
[INFO] [stderr] 
[INFO] [stderr] error[E0599]: no associated function or constant named `exists` found for struct `Model` in the current scope
[INFO] [stderr]   --> tests/ui/db_entity_exists.rs:23:20
[INFO] [stderr]    |
[INFO] [stderr] 12 | pub struct Model {
[INFO] [stderr]    | ---------------- associated function or constant `exists` not found for this struct
[INFO] [stderr] ...
[INFO] [stderr] 23 |     let _ = Model::exists;
[INFO] [stderr]    |                    ^^^^^^ associated function or constant not found in `Model`
[INFO] [stderr]    |
[INFO] [stderr]    = help: items from traits can only be used if the trait is implemented and in scope
[INFO] [stderr]    = note: the following trait defines an item `exists`, perhaps you need to implement it:
[INFO] [stderr]            candidate #1: `sea_orm::SelectExt`
[INFO] [stderr] 
[INFO] [stderr] error[E0599]: no associated function or constant named `table_name` found for struct `Model` in the current scope
[INFO] [stderr]   --> tests/ui/db_entity_exists.rs:24:23
[INFO] [stderr]    |
[INFO] [stderr] 12 | pub struct Model {
[INFO] [stderr]    | ---------------- associated function or constant `table_name` not found for this struct
[INFO] [stderr] ...
[INFO] [stderr] 24 |     assert_eq!(Model::table_name(), "users");
[INFO] [stderr]    |                       ^^^^^^^^^^ associated function or constant not found in `Model`
[INFO] [stderr]    |
[INFO] [stderr]    = help: items from traits can only be used if the trait is implemented and in scope
[INFO] [stderr]    = note: the following trait defines an item `table_name`, perhaps you need to implement it:
[INFO] [stderr]            candidate #1: `sea_orm::EntityName`
[INFO] [stderr] ┈┈┈┈┈┈┈┈┈┈┈┈┈┈┈┈┈┈┈┈┈┈┈┈┈┈┈┈┈┈┈┈┈┈┈┈┈┈┈┈┈┈┈┈┈┈┈┈┈┈┈┈┈┈┈┈┈┈┈┈
[INFO] [stderr] 
[INFO] [stderr] test tests/ui/db_entity_find_by_ids.rs ... error
[INFO] [stdout] test db_entity_pass_tests ... FAILED
[INFO] [stderr] ┈┈┈┈┈┈┈┈┈┈┈┈┈┈┈┈┈┈┈┈┈┈┈┈┈┈┈┈┈┈┈┈┈┈┈┈┈┈┈┈┈┈┈┈┈┈┈┈┈┈┈┈┈┈┈┈┈┈┈┈
[INFO] [stderr] error[E0432]: unresolved import `dbnexus`
[INFO] [stderr]  --> tests/ui/db_entity_find_by_ids.rs:6:5
[INFO] [stderr]   |
[INFO] [stderr] 6 | use dbnexus::db_entity;
[INFO] [stderr]   |     ^^^^^^^ use of unresolved module or unlinked crate `dbnexus`
[INFO] [stderr]   |
[INFO] [stderr]   = help: if you wanted to use a crate named `dbnexus`, use `cargo add dbnexus` to add it to your `Cargo.toml`
[INFO] [stderr] 
[INFO] [stderr] error[E0277]: the trait bound `ActiveModel: ActiveModelBehavior` is not satisfied
[INFO] [stderr]   --> tests/ui/db_entity_find_by_ids.rs:10:35
[INFO] [stderr]    |
[INFO] [stderr] 10 | #[derive(Clone, Debug, PartialEq, DeriveEntityModel)]
[INFO] [stderr]    |                                   ^^^^^^^^^^^^^^^^^ unsatisfied trait bound
[INFO] [stderr]    |
[INFO] [stderr] help: the trait `ActiveModelBehavior` is not implemented for `ActiveModel`
[INFO] [stderr]   --> tests/ui/db_entity_find_by_ids.rs:10:35
[INFO] [stderr]    |
[INFO] [stderr] 10 | #[derive(Clone, Debug, PartialEq, DeriveEntityModel)]
[INFO] [stderr]    |                                   ^^^^^^^^^^^^^^^^^
[INFO] [stderr] note: required by a bound in `sea_orm::EntityTrait::ActiveModel`
[INFO] [stderr]   --> $CARGO/sea-orm-$VERSION/src/entity/base_entity.rs
[INFO] [stderr]    |
[INFO] [stderr]    |     type ActiveModel: ActiveModelBehavior<Entity = Self>;
[INFO] [stderr]    |                       ^^^^^^^^^^^^^^^^^^^^^^^^^^^^^^^^^^ required by this bound in `EntityTrait::ActiveModel`
[INFO] [stderr]    = note: this error originates in the derive macro `sea_orm::prelude::DeriveEntity` which comes from the expansion of the derive macro `DeriveEntityModel` (in Nightly builds, run with -Z macro-backtrace for more info)
[INFO] [stderr] 
[INFO] [stderr] error[E0277]: the trait bound `ActiveModel: ActiveModelBehavior` is not satisfied
[INFO] [stderr]   --> tests/ui/db_entity_find_by_ids.rs:10:35
[INFO] [stderr]    |
[INFO] [stderr] 10 | #[derive(Clone, Debug, PartialEq, DeriveEntityModel)]
[INFO] [stderr]    |                                   ^^^^^^^^^^^^^^^^^ unsatisfied trait bound
[INFO] [stderr]    |
[INFO] [stderr] help: the trait `ActiveModelBehavior` is not implemented for `ActiveModel`
[INFO] [stderr]   --> tests/ui/db_entity_find_by_ids.rs:10:35
[INFO] [stderr]    |
[INFO] [stderr] 10 | #[derive(Clone, Debug, PartialEq, DeriveEntityModel)]
[INFO] [stderr]    |                                   ^^^^^^^^^^^^^^^^^
[INFO] [stderr]    = note: this error originates in the derive macro `DeriveEntityModel` (in Nightly builds, run with -Z macro-backtrace for more info)
[INFO] [stderr] 
[INFO] [stderr] error[E0599]: no associated function or constant named `find_by_ids` found for struct `Model` in the current scope
[INFO] [stderr]   --> tests/ui/db_entity_find_by_ids.rs:24:20
[INFO] [stderr]    |
[INFO] [stderr] 12 | pub struct Model {
[INFO] [stderr]    | ---------------- associated function or constant `find_by_ids` not found for this struct
[INFO] [stderr] ...
[INFO] [stderr] 24 |     let _ = Model::find_by_ids::<i64>;
[INFO] [stderr]    |                    ^^^^^^^^^^^ associated function or constant not found in `Model`
[INFO] [stderr] 
[INFO] [stderr] error[E0599]: no associated function or constant named `table_name` found for struct `Model` in the current scope
[INFO] [stderr]   --> tests/ui/db_entity_find_by_ids.rs:25:23
[INFO] [stderr]    |
[INFO] [stderr] 12 | pub struct Model {
[INFO] [stderr]    | ---------------- associated function or constant `table_name` not found for this struct
[INFO] [stderr] ...
[INFO] [stderr] 25 |     assert_eq!(Model::table_name(), "users");
[INFO] [stderr]    |                       ^^^^^^^^^^ associated function or constant not found in `Model`
[INFO] [stderr]    |
[INFO] [stderr]    = help: items from traits can only be used if the trait is implemented and in scope
[INFO] [stderr]    = note: the following trait defines an item `table_name`, perhaps you need to implement it:
[INFO] [stderr]            candidate #1: `sea_orm::EntityName`
[INFO] [stderr] ┈┈┈┈┈┈┈┈┈┈┈┈┈┈┈┈┈┈┈┈┈┈┈┈┈┈┈┈┈┈┈┈┈┈┈┈┈┈┈┈┈┈┈┈┈┈┈┈┈┈┈┈┈┈┈┈┈┈┈┈
[INFO] [stderr] 
[INFO] [stderr] 
[INFO] [stderr] 
[INFO] [stderr]     Checking stable_deref_trait v1.2.1
[INFO] [stderr]     Checking litemap v0.8.3
[INFO] [stderr]     Checking writeable v0.6.4
[INFO] [stderr]     Checking utf8_iter v1.0.4
[INFO] [stderr]     Checking zerofrom v0.1.8
[INFO] [stderr]     Checking icu_properties_data v2.3.0
[INFO] [stderr]     Checking icu_normalizer_data v2.3.0
[INFO] [stderr]     Checking smallvec v1.16.2
[INFO] [stderr]     Checking pin-project-lite v0.2.17
[INFO] [stderr]     Checking num-traits v0.2.19
[INFO] [stderr]     Checking memchr v2.8.3
[INFO] [stderr]     Checking futures-core v0.3.34
[INFO] [stderr]     Checking yoke v0.8.3
[INFO] [stderr]     Checking percent-encoding v2.3.2
[INFO] [stderr]     Checking unicode-ident v1.0.26
[INFO] [stderr]     Checking either v1.18.0
[INFO] [stderr]     Checking form_urlencoded v1.2.2
[INFO] [stderr]     Checking futures-task v0.3.34
[INFO] [stderr]     Checking proc-macro2 v1.0.107
[INFO] [stderr]     Checking regex-syntax v0.8.11
[INFO] [stderr]     Checking tracing-core v0.1.36
[INFO] [stderr]     Checking zerovec v0.11.8
[INFO] [stderr]     Checking zerotrie v0.2.5
[INFO] [stderr]     Checking slab v0.4.12
[INFO] [stderr]     Checking log v0.4.34
[INFO] [stderr]     Checking futures-util v0.3.34
[INFO] [stderr]     Checking ordered-float v4.6.0
[INFO] [stderr]     Checking aho-corasick v1.1.5
[INFO] [stderr]     Checking itertools v0.14.0
[INFO] [stderr]     Checking tracing v0.1.44
[INFO] [stderr]     Checking quote v1.0.47
[INFO] [stderr]     Checking sea-query v1.0.2
[INFO] [stderr]     Checking thiserror v2.0.21
[INFO] [stderr]     Checking async-stream v0.3.6
[INFO] [stderr]     Checking derive_more v2.1.1
[INFO] [stderr]     Checking strum v0.28.0
[INFO] [stderr]     Checking syn v3.0.6
[INFO] [stderr]     Checking tinystr v0.8.4
[INFO] [stderr]     Checking potential_utf v0.1.6
[INFO] [stderr]     Checking icu_collections v2.3.0
[INFO] [stderr]     Checking icu_locale_core v2.3.0
[INFO] [stderr]     Checking icu_provider v2.3.1
[INFO] [stderr]     Checking regex-automata v0.4.18
[INFO] [stderr]     Checking icu_properties v2.3.0
[INFO] [stderr]     Checking icu_normalizer v2.3.0
[INFO] [stderr]     Checking idna_adapter v1.2.2
[INFO] [stderr]     Checking idna v1.1.0
[INFO] [stderr]     Checking url v2.5.8
[INFO] [stderr]     Checking sea-orm v2.0.4
[INFO] [stderr]     Checking regex v1.13.1
[INFO] [stderr]     Checking dbnexus-macros-tests v0.0.0 (/opt/rustwide/target/tests/trybuild/dbnexus-macros)
[INFO] [stderr]     Finished `dev` profile [unoptimized + debuginfo] target(s) in 28.42s
[INFO] [stderr] 
[INFO] [stderr] 
[INFO] [stderr] test tests/ui/db_entity_missing_table_name.rs ... mismatch
[INFO] [stderr] 
[INFO] [stderr] EXPECTED:
[INFO] [stderr] ┈┈┈┈┈┈┈┈┈┈┈┈┈┈┈┈┈┈┈┈┈┈┈┈┈┈┈┈┈┈┈┈┈┈┈┈┈┈┈┈┈┈┈┈┈┈┈┈┈┈┈┈┈┈┈┈┈┈┈┈
[INFO] [stderr] error: #[db_entity] requires `table_name = "..."` parameter
[INFO] [stderr]   --> tests/ui/db_entity_missing_table_name.rs:10:12
[INFO] [stderr]    |
[INFO] [stderr] 10 | pub struct Model {
[INFO] [stderr]    |            ^^^^^
[INFO] [stderr] ┈┈┈┈┈┈┈┈┈┈┈┈┈┈┈┈┈┈┈┈┈┈┈┈┈┈┈┈┈┈┈┈┈┈┈┈┈┈┈┈┈┈┈┈┈┈┈┈┈┈┈┈┈┈┈┈┈┈┈┈
[INFO] [stderr] 
[INFO] [stderr] ACTUAL OUTPUT:
[INFO] [stderr] ┈┈┈┈┈┈┈┈┈┈┈┈┈┈┈┈┈┈┈┈┈┈┈┈┈┈┈┈┈┈┈┈┈┈┈┈┈┈┈┈┈┈┈┈┈┈┈┈┈┈┈┈┈┈┈┈┈┈┈┈
[INFO] [stderr] error[E0432]: unresolved import `dbnexus`
[INFO] [stderr]  --> tests/ui/db_entity_missing_table_name.rs:4:5
[INFO] [stderr]   |
[INFO] [stderr] 4 | use dbnexus::db_entity;
[INFO] [stderr]   |     ^^^^^^^ use of unresolved module or unlinked crate `dbnexus`
[INFO] [stderr]   |
[INFO] [stderr]   = help: if you wanted to use a crate named `dbnexus`, use `cargo add dbnexus` to add it to your `Cargo.toml`
[INFO] [stderr] 
[INFO] [stderr] error[E0277]: the trait bound `ActiveModel: ActiveModelBehavior` is not satisfied
[INFO] [stderr]  --> tests/ui/db_entity_missing_table_name.rs:8:35
[INFO] [stderr]   |
[INFO] [stderr] 8 | #[derive(Clone, Debug, PartialEq, DeriveEntityModel)]
[INFO] [stderr]   |                                   ^^^^^^^^^^^^^^^^^ unsatisfied trait bound
[INFO] [stderr]   |
[INFO] [stderr] help: the trait `ActiveModelBehavior` is not implemented for `ActiveModel`
[INFO] [stderr]  --> tests/ui/db_entity_missing_table_name.rs:8:35
[INFO] [stderr]   |
[INFO] [stderr] 8 | #[derive(Clone, Debug, PartialEq, DeriveEntityModel)]
[INFO] [stderr]   |                                   ^^^^^^^^^^^^^^^^^
[INFO] [stderr] note: required by a bound in `sea_orm::EntityTrait::ActiveModel`
[INFO] [stderr]  --> $CARGO/sea-orm-$VERSION/src/entity/base_entity.rs
[INFO] [stderr]   |
[INFO] [stderr]   |     type ActiveModel: ActiveModelBehavior<Entity = Self>;
[INFO] [stderr]   |                       ^^^^^^^^^^^^^^^^^^^^^^^^^^^^^^^^^^ required by this bound in `EntityTrait::ActiveModel`
[INFO] [stderr]   = note: this error originates in the derive macro `sea_orm::prelude::DeriveEntity` which comes from the expansion of the derive macro `DeriveEntityModel` (in Nightly builds, run with -Z macro-backtrace for more info)
[INFO] [stderr] 
[INFO] [stderr] error[E0277]: the trait bound `ActiveModel: ActiveModelBehavior` is not satisfied
[INFO] [stderr]  --> tests/ui/db_entity_missing_table_name.rs:8:35
[INFO] [stderr]   |
[INFO] [stderr] 8 | #[derive(Clone, Debug, PartialEq, DeriveEntityModel)]
[INFO] [stderr]   |                                   ^^^^^^^^^^^^^^^^^ unsatisfied trait bound
[INFO] [stderr]   |
[INFO] [stderr] help: the trait `ActiveModelBehavior` is not implemented for `ActiveModel`
[INFO] [stderr]  --> tests/ui/db_entity_missing_table_name.rs:8:35
[INFO] [stderr]   |
[INFO] [stderr] 8 | #[derive(Clone, Debug, PartialEq, DeriveEntityModel)]
[INFO] [stderr]   |                                   ^^^^^^^^^^^^^^^^^
[INFO] [stderr]   = note: this error originates in the derive macro `DeriveEntityModel` (in Nightly builds, run with -Z macro-backtrace for more info)
[INFO] [stderr] ┈┈┈┈┈┈┈┈┈┈┈┈┈┈┈┈┈┈┈┈┈┈┈┈┈┈┈┈┈┈┈┈┈┈┈┈┈┈┈┈┈┈┈┈┈┈┈┈┈┈┈┈┈┈┈┈┈┈┈┈
[INFO] [stderr] note: If the actual output is the correct output you can bless it by rerunning
[INFO] [stderr]       your test with the environment variable TRYBUILD=overwrite
[INFO] [stderr] 
[INFO] [stderr] test tests/ui/db_entity_missing_primary_key.rs ... mismatch
[INFO] [stderr] 
[INFO] [stderr] EXPECTED:
[INFO] [stderr] ┈┈┈┈┈┈┈┈┈┈┈┈┈┈┈┈┈┈┈┈┈┈┈┈┈┈┈┈┈┈┈┈┈┈┈┈┈┈┈┈┈┈┈┈┈┈┈┈┈┈┈┈┈┈┈┈┈┈┈┈
[INFO] [stderr] error: #[db_entity] requires `primary_key = "..."` parameter
[INFO] [stderr]   --> tests/ui/db_entity_missing_primary_key.rs:10:12
[INFO] [stderr]    |
[INFO] [stderr] 10 | pub struct Model {
[INFO] [stderr]    |            ^^^^^
[INFO] [stderr] ┈┈┈┈┈┈┈┈┈┈┈┈┈┈┈┈┈┈┈┈┈┈┈┈┈┈┈┈┈┈┈┈┈┈┈┈┈┈┈┈┈┈┈┈┈┈┈┈┈┈┈┈┈┈┈┈┈┈┈┈
[INFO] [stderr] 
[INFO] [stderr] ACTUAL OUTPUT:
[INFO] [stderr] ┈┈┈┈┈┈┈┈┈┈┈┈┈┈┈┈┈┈┈┈┈┈┈┈┈┈┈┈┈┈┈┈┈┈┈┈┈┈┈┈┈┈┈┈┈┈┈┈┈┈┈┈┈┈┈┈┈┈┈┈
[INFO] [stderr] error[E0432]: unresolved import `dbnexus`
[INFO] [stderr]  --> tests/ui/db_entity_missing_primary_key.rs:4:5
[INFO] [stderr]   |
[INFO] [stderr] 4 | use dbnexus::db_entity;
[INFO] [stderr]   |     ^^^^^^^ use of unresolved module or unlinked crate `dbnexus`
[INFO] [stderr]   |
[INFO] [stderr]   = help: if you wanted to use a crate named `dbnexus`, use `cargo add dbnexus` to add it to your `Cargo.toml`
[INFO] [stderr] 
[INFO] [stderr] error[E0277]: the trait bound `ActiveModel: ActiveModelBehavior` is not satisfied
[INFO] [stderr]  --> tests/ui/db_entity_missing_primary_key.rs:8:35
[INFO] [stderr]   |
[INFO] [stderr] 8 | #[derive(Clone, Debug, PartialEq, DeriveEntityModel)]
[INFO] [stderr]   |                                   ^^^^^^^^^^^^^^^^^ unsatisfied trait bound
[INFO] [stderr]   |
[INFO] [stderr] help: the trait `ActiveModelBehavior` is not implemented for `ActiveModel`
[INFO] [stderr]  --> tests/ui/db_entity_missing_primary_key.rs:8:35
[INFO] [stderr]   |
[INFO] [stderr] 8 | #[derive(Clone, Debug, PartialEq, DeriveEntityModel)]
[INFO] [stderr]   |                                   ^^^^^^^^^^^^^^^^^
[INFO] [stderr] note: required by a bound in `sea_orm::EntityTrait::ActiveModel`
[INFO] [stderr]  --> $CARGO/sea-orm-$VERSION/src/entity/base_entity.rs
[INFO] [stderr]   |
[INFO] [stderr]   |     type ActiveModel: ActiveModelBehavior<Entity = Self>;
[INFO] [stderr]   |                       ^^^^^^^^^^^^^^^^^^^^^^^^^^^^^^^^^^ required by this bound in `EntityTrait::ActiveModel`
[INFO] [stderr]   = note: this error originates in the derive macro `sea_orm::prelude::DeriveEntity` which comes from the expansion of the derive macro `DeriveEntityModel` (in Nightly builds, run with -Z macro-backtrace for more info)
[INFO] [stderr] 
[INFO] [stderr] error[E0277]: the trait bound `ActiveModel: ActiveModelBehavior` is not satisfied
[INFO] [stderr]  --> tests/ui/db_entity_missing_primary_key.rs:8:35
[INFO] [stderr]   |
[INFO] [stderr] 8 | #[derive(Clone, Debug, PartialEq, DeriveEntityModel)]
[INFO] [stderr]   |                                   ^^^^^^^^^^^^^^^^^ unsatisfied trait bound
[INFO] [stderr]   |
[INFO] [stderr] help: the trait `ActiveModelBehavior` is not implemented for `ActiveModel`
[INFO] [stderr]  --> tests/ui/db_entity_missing_primary_key.rs:8:35
[INFO] [stderr]   |
[INFO] [stderr] 8 | #[derive(Clone, Debug, PartialEq, DeriveEntityModel)]
[INFO] [stderr]   |                                   ^^^^^^^^^^^^^^^^^
[INFO] [stderr]   = note: this error originates in the derive macro `DeriveEntityModel` (in Nightly builds, run with -Z macro-backtrace for more info)
[INFO] [stderr] ┈┈┈┈┈┈┈┈┈┈┈┈┈┈┈┈┈┈┈┈┈┈┈┈┈┈┈┈┈┈┈┈┈┈┈┈┈┈┈┈┈┈┈┈┈┈┈┈┈┈┈┈┈┈┈┈┈┈┈┈
[INFO] [stderr] note: If the actual output is the correct output you can bless it by rerunning
[INFO] [stderr]       your test with the environment variable TRYBUILD=overwrite
[INFO] [stderr] 
[INFO] [stderr] test tests/ui/db_entity_unknown_param.rs ... mismatch
[INFO] [stderr] 
[INFO] [stderr] EXPECTED:
[INFO] [stderr] ┈┈┈┈┈┈┈┈┈┈┈┈┈┈┈┈┈┈┈┈┈┈┈┈┈┈┈┈┈┈┈┈┈┈┈┈┈┈┈┈┈┈┈┈┈┈┈┈┈┈┈┈┈┈┈┈┈┈┈┈
[INFO] [stderr] error: unknown #[db_entity] parameter 'unknown_param', expected one of: table_name, primary_key, timestamps, soft_delete, validate, hooks, permissions, cache, audit
[INFO] [stderr]  --> tests/ui/db_entity_unknown_param.rs:7:55
[INFO] [stderr]   |
[INFO] [stderr] 7 | #[db_entity(table_name = "users", primary_key = "id", unknown_param = "value")]
[INFO] [stderr]   |                                                       ^^^^^^^^^^^^^
[INFO] [stderr] ┈┈┈┈┈┈┈┈┈┈┈┈┈┈┈┈┈┈┈┈┈┈┈┈┈┈┈┈┈┈┈┈┈┈┈┈┈┈┈┈┈┈┈┈┈┈┈┈┈┈┈┈┈┈┈┈┈┈┈┈
[INFO] [stderr] 
[INFO] [stderr] ACTUAL OUTPUT:
[INFO] [stderr] ┈┈┈┈┈┈┈┈┈┈┈┈┈┈┈┈┈┈┈┈┈┈┈┈┈┈┈┈┈┈┈┈┈┈┈┈┈┈┈┈┈┈┈┈┈┈┈┈┈┈┈┈┈┈┈┈┈┈┈┈
[INFO] [stderr] error[E0432]: unresolved import `dbnexus`
[INFO] [stderr]  --> tests/ui/db_entity_unknown_param.rs:4:5
[INFO] [stderr]   |
[INFO] [stderr] 4 | use dbnexus::db_entity;
[INFO] [stderr]   |     ^^^^^^^ use of unresolved module or unlinked crate `dbnexus`
[INFO] [stderr]   |
[INFO] [stderr]   = help: if you wanted to use a crate named `dbnexus`, use `cargo add dbnexus` to add it to your `Cargo.toml`
[INFO] [stderr] 
[INFO] [stderr] error[E0277]: the trait bound `ActiveModel: ActiveModelBehavior` is not satisfied
[INFO] [stderr]  --> tests/ui/db_entity_unknown_param.rs:8:35
[INFO] [stderr]   |
[INFO] [stderr] 8 | #[derive(Clone, Debug, PartialEq, DeriveEntityModel)]
[INFO] [stderr]   |                                   ^^^^^^^^^^^^^^^^^ unsatisfied trait bound
[INFO] [stderr]   |
[INFO] [stderr] help: the trait `ActiveModelBehavior` is not implemented for `ActiveModel`
[INFO] [stderr]  --> tests/ui/db_entity_unknown_param.rs:8:35
[INFO] [stderr]   |
[INFO] [stderr] 8 | #[derive(Clone, Debug, PartialEq, DeriveEntityModel)]
[INFO] [stderr]   |                                   ^^^^^^^^^^^^^^^^^
[INFO] [stderr] note: required by a bound in `sea_orm::EntityTrait::ActiveModel`
[INFO] [stderr]  --> $CARGO/sea-orm-$VERSION/src/entity/base_entity.rs
[INFO] [stderr]   |
[INFO] [stderr]   |     type ActiveModel: ActiveModelBehavior<Entity = Self>;
[INFO] [stderr]   |                       ^^^^^^^^^^^^^^^^^^^^^^^^^^^^^^^^^^ required by this bound in `EntityTrait::ActiveModel`
[INFO] [stderr]   = note: this error originates in the derive macro `sea_orm::prelude::DeriveEntity` which comes from the expansion of the derive macro `DeriveEntityModel` (in Nightly builds, run with -Z macro-backtrace for more info)
[INFO] [stderr] 
[INFO] [stderr] error[E0277]: the trait bound `ActiveModel: ActiveModelBehavior` is not satisfied
[INFO] [stderr]  --> tests/ui/db_entity_unknown_param.rs:8:35
[INFO] [stderr]   |
[INFO] [stderr] 8 | #[derive(Clone, Debug, PartialEq, DeriveEntityModel)]
[INFO] [stderr]   |                                   ^^^^^^^^^^^^^^^^^ unsatisfied trait bound
[INFO] [stderr]   |
[INFO] [stderr] help: the trait `ActiveModelBehavior` is not implemented for `ActiveModel`
[INFO] [stderr]  --> tests/ui/db_entity_unknown_param.rs:8:35
[INFO] [stderr]   |
[INFO] [stderr] 8 | #[derive(Clone, Debug, PartialEq, DeriveEntityModel)]
[INFO] [stderr]   |                                   ^^^^^^^^^^^^^^^^^
[INFO] [stderr]   = note: this error originates in the derive macro `DeriveEntityModel` (in Nightly builds, run with -Z macro-backtrace for more info)
[INFO] [stderr] ┈┈┈┈┈┈┈┈┈┈┈┈┈┈┈┈┈┈┈┈┈┈┈┈┈┈┈┈┈┈┈┈┈┈┈┈┈┈┈┈┈┈┈┈┈┈┈┈┈┈┈┈┈┈┈┈┈┈┈┈
[INFO] [stderr] note: If the actual output is the correct output you can bless it by rerunning
[INFO] [stderr]       your test with the environment variable TRYBUILD=overwrite
[INFO] [stderr] 
[INFO] [stderr] 
[INFO] [stderr] 
[INFO] [stdout] test db_entity_compile_fail_tests ... FAILED
[INFO] [stdout] 
[INFO] [stdout] failures:
[INFO] [stdout] 
[INFO] [stdout] ---- db_entity_pass_tests stdout ----
[INFO] [stdout] 
[INFO] [stdout] thread 'db_entity_pass_tests' (2436) panicked at /opt/rustwide/cargo-home/registry/src/index.crates.io-1949cf8c6b5b557f/trybuild-1.0.121/src/run.rs:103:13:
[INFO] [stdout] 6 of 6 tests failed
[INFO] [stdout] stack backtrace:
[INFO] [stdout]    0:     0x5eece41c13e1 - <<std[70759c8f55707aa4]::sys::backtrace::BacktraceLock>::print::DisplayBacktrace as core[df12db4294e9bfd3]::fmt::Display>::fmt
[INFO] [stdout]    1:     0x5eece41d7a6a - core[df12db4294e9bfd3]::fmt::write
[INFO] [stdout]    2:     0x5eece41c5eac - <alloc[2182bb758b4b3781]::vec::Vec<u8> as core[df12db4294e9bfd3]::io::write::Write>::write_fmt
[INFO] [stdout]    3:     0x5eece419a8c6 - std[70759c8f55707aa4]::panicking::default_hook::{closure#0}
[INFO] [stdout]    4:     0x5eece41b8a59 - std[70759c8f55707aa4]::panicking::default_hook
[INFO] [stdout]    5:     0x5eece40aced0 - test[9d35eded1c95d3be]::test_main_inner::<test[9d35eded1c95d3be]::test_main_static::{closure#0}>::{closure#0}
[INFO] [stdout]    6:     0x5eece41b8c12 - std[70759c8f55707aa4]::panicking::panic_with_hook
[INFO] [stdout]    7:     0x5eece419a972 - std[70759c8f55707aa4]::panicking::panic_handler::{closure#0}
[INFO] [stdout]    8:     0x5eece4193239 - std[70759c8f55707aa4]::sys::backtrace::__rust_end_short_backtrace::<std[70759c8f55707aa4]::panicking::panic_handler::{closure#0}, !>
[INFO] [stdout]    9:     0x5eece419b56d - __rustc[8fa7c3cbc660c2b3]::rust_begin_unwind
[INFO] [stdout]   10:     0x5eece41d81dc - core[df12db4294e9bfd3]::panicking::panic_fmt
[INFO] [stdout]   11:     0x5eece40e73c8 - <trybuild[49d862e2e2dd2116]::Runner>::run
[INFO] [stdout]   12:     0x5eece40ea7b0 - <trybuild[49d862e2e2dd2116]::TestCases as core[df12db4294e9bfd3]::ops::drop::Drop>::drop
[INFO] [stdout]   13:     0x5eece409ff8a - <db_entity_tests[7858b3a5a90e8dbf]::db_entity_pass_tests::{closure#0} as core[df12db4294e9bfd3]::ops::function::FnOnce<()>>::call_once
[INFO] [stdout]   14:     0x5eece40a01bb - test[9d35eded1c95d3be]::__rust_begin_short_backtrace::<core[df12db4294e9bfd3]::result::Result<(), alloc[2182bb758b4b3781]::string::String>, fn() -> core[df12db4294e9bfd3]::result::Result<(), alloc[2182bb758b4b3781]::string::String>>
[INFO] [stdout]   15:     0x5eece40ad825 - test[9d35eded1c95d3be]::run_test::{closure#0}
[INFO] [stdout]   16:     0x5eece40a70e4 - std[70759c8f55707aa4]::sys::backtrace::__rust_begin_short_backtrace::<test[9d35eded1c95d3be]::run_test::{closure#1}, ()>
[INFO] [stdout]   17:     0x5eece40b0982 - <std[70759c8f55707aa4]::thread::lifecycle::spawn_unchecked<test[9d35eded1c95d3be]::run_test::{closure#1}, ()>::{closure#1} as core[df12db4294e9bfd3]::ops::function::FnOnce<()>>::call_once::{shim:vtable#0}
[INFO] [stdout]   18:     0x5eece41c0699 - <std[70759c8f55707aa4]::sys::thread::unix::Thread>::new::thread_start
[INFO] [stdout]   19:     0x7a43da795dfa - <unknown>
[INFO] [stdout]   20:     0x7a43da8293d4 - clone
[INFO] [stdout]   21:                0x0 - <unknown>
[INFO] [stdout] 
[INFO] [stdout] ---- db_entity_compile_fail_tests stdout ----
[INFO] [stdout] 
[INFO] [stdout] thread 'db_entity_compile_fail_tests' (2435) panicked at /opt/rustwide/cargo-home/registry/src/index.crates.io-1949cf8c6b5b557f/trybuild-1.0.121/src/run.rs:103:13:
[INFO] [stdout] 3 of 3 tests failed
[INFO] [stdout] stack backtrace:
[INFO] [stdout]    0:     0x5eece41c13e1 - <<std[70759c8f55707aa4]::sys::backtrace::BacktraceLock>::print::DisplayBacktrace as core[df12db4294e9bfd3]::fmt::Display>::fmt
[INFO] [stdout]    1:     0x5eece41d7a6a - core[df12db4294e9bfd3]::fmt::write
[INFO] [stdout]    2:     0x5eece41c5eac - <alloc[2182bb758b4b3781]::vec::Vec<u8> as core[df12db4294e9bfd3]::io::write::Write>::write_fmt
[INFO] [stdout]    3:     0x5eece419a8c6 - std[70759c8f55707aa4]::panicking::default_hook::{closure#0}
[INFO] [stdout]    4:     0x5eece41b8a59 - std[70759c8f55707aa4]::panicking::default_hook
[INFO] [stdout]    5:     0x5eece40aced0 - test[9d35eded1c95d3be]::test_main_inner::<test[9d35eded1c95d3be]::test_main_static::{closure#0}>::{closure#0}
[INFO] [stdout]    6:     0x5eece41b8c12 - std[70759c8f55707aa4]::panicking::panic_with_hook
[INFO] [stdout]    7:     0x5eece419a972 - std[70759c8f55707aa4]::panicking::panic_handler::{closure#0}
[INFO] [stdout]    8:     0x5eece4193239 - std[70759c8f55707aa4]::sys::backtrace::__rust_end_short_backtrace::<std[70759c8f55707aa4]::panicking::panic_handler::{closure#0}, !>
[INFO] [stdout]    9:     0x5eece419b56d - __rustc[8fa7c3cbc660c2b3]::rust_begin_unwind
[INFO] [stdout]   10:     0x5eece41d81dc - core[df12db4294e9bfd3]::panicking::panic_fmt
[INFO] [stdout]   11:     0x5eece40e73c8 - <trybuild[49d862e2e2dd2116]::Runner>::run
[INFO] [stdout]   12:     0x5eece40ea7b0 - <trybuild[49d862e2e2dd2116]::TestCases as core[df12db4294e9bfd3]::ops::drop::Drop>::drop
[INFO] [stdout]   13:     0x5eece40a00ae - <db_entity_tests[7858b3a5a90e8dbf]::db_entity_compile_fail_tests::{closure#0} as core[df12db4294e9bfd3]::ops::function::FnOnce<()>>::call_once
[INFO] [stdout]   14:     0x5eece40a01bb - test[9d35eded1c95d3be]::__rust_begin_short_backtrace::<core[df12db4294e9bfd3]::result::Result<(), alloc[2182bb758b4b3781]::string::String>, fn() -> core[df12db4294e9bfd3]::result::Result<(), alloc[2182bb758b4b3781]::string::String>>
[INFO] [stdout]   15:     0x5eece40ad825 - test[9d35eded1c95d3be]::run_test::{closure#0}
[INFO] [stdout]   16:     0x5eece40a70e4 - std[70759c8f55707aa4]::sys::backtrace::__rust_begin_short_backtrace::<test[9d35eded1c95d3be]::run_test::{closure#1}, ()>
[INFO] [stdout]   17:     0x5eece40b0982 - <std[70759c8f55707aa4]::thread::lifecycle::spawn_unchecked<test[9d35eded1c95d3be]::run_test::{closure#1}, ()>::{closure#1} as core[df12db4294e9bfd3]::ops::function::FnOnce<()>>::call_once::{shim:vtable#0}
[INFO] [stdout]   18:     0x5eece41c0699 - <std[70759c8f55707aa4]::sys::thread::unix::Thread>::new::thread_start
[INFO] [stdout]   19:     0x7a43da795dfa - <unknown>
[INFO] [stdout]   20:     0x7a43da8293d4 - clone
[INFO] [stdout]   21:                0x0 - <unknown>
[INFO] [stdout] 
[INFO] [stdout] 
[INFO] [stdout] failures:
[INFO] [stdout]     db_entity_compile_fail_tests
[INFO] [stdout]     db_entity_pass_tests
[INFO] [stdout] 
[INFO] [stdout] test result: FAILED. 0 passed; 2 failed; 0 ignored; 0 measured; 0 filtered out; finished in 218.60s
[INFO] [stdout] 
[INFO] [stderr] error: test failed, to rerun pass `--test db_entity_tests`
[INFO] running `Command { std: "docker" "inspect" "44ccaca68119ec1f46d1c597128a31ede119d9fa759a8805a691565c2cb0cbf3", kill_on_drop: false }`
[INFO] running `Command { std: "docker" "rm" "-f" "44ccaca68119ec1f46d1c597128a31ede119d9fa759a8805a691565c2cb0cbf3", kill_on_drop: false }`
[INFO] [stdout] 44ccaca68119ec1f46d1c597128a31ede119d9fa759a8805a691565c2cb0cbf3
