[INFO] fetching crate dbmd-cli 0.14.6...
[INFO] testing dbmd-cli-0.14.6 against 1.99.0-beta.8+cargoflags=--release for beta-release-1.100-2
[INFO] extracting crate dbmd-cli 0.14.6 into /workspace/builds/worker-2-tc1/source
[INFO] started tweaking crates.io crate dbmd-cli 0.14.6
[INFO] removed 0 missing tests
[INFO] finished tweaking crates.io crate dbmd-cli 0.14.6
[INFO] tweaked toml for crates.io crate dbmd-cli 0.14.6 written to /workspace/builds/worker-2-tc1/source/Cargo.toml
[INFO] validating manifest of crates.io crate dbmd-cli 0.14.6 on toolchain 1.99.0-beta.8
[INFO] running `Command { std: CARGO_HOME="/workspace/cargo-home" RUSTUP_HOME="/workspace/rustup-home" "/workspace/cargo-home/bin/cargo" "+1.99.0-beta.8" "metadata" "--manifest-path" "Cargo.toml" "--no-deps", kill_on_drop: false }`
[INFO] crate crates.io crate dbmd-cli 0.14.6 already has a lockfile, it will not be regenerated
[INFO] running `Command { std: CARGO_HOME="/workspace/cargo-home" RUSTUP_HOME="/workspace/rustup-home" "/workspace/cargo-home/bin/cargo" "+1.99.0-beta.8" "fetch" "--manifest-path" "Cargo.toml", kill_on_drop: false }`
[INFO] [stderr]     Blocking waiting for file lock on package cache
[INFO] [stderr]     Updating crates.io index
[INFO] [stderr]  Downloading crates ...
[INFO] [stderr]   Downloaded grep v0.3.2
[INFO] [stderr]   Downloaded grep-matcher v0.1.8
[INFO] [stderr]   Downloaded grep-printer v0.2.2
[INFO] [stderr]   Downloaded grep-searcher v0.1.16
[INFO] [stderr]   Downloaded adobe-cmap-parser v0.4.1
[INFO] [stderr]   Downloaded type1-encoding-parser v0.1.1
[INFO] [stderr]   Downloaded grep-cli v0.1.12
[INFO] [stderr]   Downloaded postscript v0.14.1
[INFO] [stderr]   Downloaded cff-parser v0.2.0
[INFO] [stderr]   Downloaded pdf-extract v0.12.0
[INFO] [stderr]   Downloaded html2text v0.17.1
[INFO] [stderr]   Downloaded pom v1.1.0
[INFO] [stderr]   Downloaded dbmd-core v0.14.6
[INFO] running `Command { std: "docker" "create" "-v" "/var/lib/crater-agent-workspace/builds/worker-2-tc1/source:/opt/rustwide/workdir:ro,Z" "-v" "/var/lib/crater-agent-workspace/builds/worker-2-tc1/target:/opt/rustwide/target:rw,Z" "-v" "/var/lib/crater-agent-workspace/cargo-home:/opt/rustwide/cargo-home:ro,Z" "-v" "/var/lib/crater-agent-workspace/rustup-home:/opt/rustwide/rustup-home:ro,Z" "-m" "1610612736" "--network" "none" "ghcr.io/rust-lang/crates-build-env/linux@sha256:77db811e55d90add9212f6832c23229e3de5f1c1f9905e8cb07319ea15df73ac" "sleep" "infinity", kill_on_drop: false }`
[INFO] [stdout] 03e022226495807154cae96f6ba289fefa02baf76b4b990ba9c3738517defbc6
[INFO] running `Command { std: "docker" "start" "03e022226495807154cae96f6ba289fefa02baf76b4b990ba9c3738517defbc6", kill_on_drop: false }`
[INFO] running `Command { std: "docker" "inspect" "03e022226495807154cae96f6ba289fefa02baf76b4b990ba9c3738517defbc6", kill_on_drop: false }`
[INFO] running `Command { std: "docker" "exec" "-e" "SOURCE_DIR=/opt/rustwide/workdir" "-e" "CARGO_HOME=/opt/rustwide/cargo-home" "-e" "RUSTUP_HOME=/opt/rustwide/rustup-home" "-e" "CARGO_TARGET_DIR=/opt/rustwide/target" "-w" "/opt/rustwide/workdir" "--user" "0:0" "03e022226495807154cae96f6ba289fefa02baf76b4b990ba9c3738517defbc6" "/opt/rustwide/cargo-home/bin/cargo" "+1.99.0-beta.8" "metadata" "--no-deps" "--format-version=1", kill_on_drop: false }`
[INFO] running `Command { std: "docker" "inspect" "03e022226495807154cae96f6ba289fefa02baf76b4b990ba9c3738517defbc6", kill_on_drop: false }`
[INFO] running `Command { std: "docker" "exec" "-e" "SOURCE_DIR=/opt/rustwide/workdir" "-e" "CARGO_HOME=/opt/rustwide/cargo-home" "-e" "RUSTUP_HOME=/opt/rustwide/rustup-home" "-e" "CARGO_TARGET_DIR=/opt/rustwide/target" "-e" "CARGO_INCREMENTAL=0" "-e" "RUST_BACKTRACE=full" "-e" "RUSTFLAGS=--cap-lints=warn" "-e" "RUSTDOCFLAGS=--cap-lints=warn" "-w" "/opt/rustwide/workdir" "--user" "0:0" "03e022226495807154cae96f6ba289fefa02baf76b4b990ba9c3738517defbc6" "/opt/rustwide/cargo-home/bin/cargo" "+1.99.0-beta.8" "build" "--frozen" "--message-format=json" "--release", kill_on_drop: false }`
[INFO] [stderr]    Compiling memchr v2.8.1
[INFO] [stderr]    Compiling log v0.4.30
[INFO] [stderr]    Compiling typenum v1.20.0
[INFO] [stderr]    Compiling smallvec v1.15.1
[INFO] [stderr]    Compiling simd-adler32 v0.3.9
[INFO] [stderr]    Compiling phf_shared v0.13.1
[INFO] [stderr]    Compiling writeable v0.6.3
[INFO] [stderr]    Compiling litemap v0.8.2
[INFO] [stderr]    Compiling syn v2.0.117
[INFO] [stderr]    Compiling cc v1.2.63
[INFO] [stderr]    Compiling zlib-rs v0.6.3
[INFO] [stderr]    Compiling icu_normalizer_data v2.2.0
[INFO] [stderr]    Compiling icu_properties_data v2.2.0
[INFO] [stderr]    Compiling num-traits v0.2.19
[INFO] [stderr]    Compiling rustls-pki-types v1.15.0
[INFO] [stderr]    Compiling getrandom v0.4.2
[INFO] [stderr]    Compiling precomputed-hash v0.1.1
[INFO] [stderr]    Compiling crossbeam-utils v0.8.21
[INFO] [stderr]    Compiling tinyvec v1.11.0
[INFO] [stderr]    Compiling getrandom v0.2.17
[INFO] [stderr]    Compiling phf_generator v0.13.1
[INFO] [stderr]    Compiling miniz_oxide v0.8.9
[INFO] [stderr]    Compiling crossbeam-epoch v0.9.20
[INFO] [stderr]    Compiling tendril v0.5.0
[INFO] [stderr]    Compiling parking_lot_core v0.9.12
[INFO] [stderr]    Compiling phf_codegen v0.13.1
[INFO] [stderr]    Compiling string_cache_codegen v0.6.1
[INFO] [stderr]    Compiling parking_lot v0.12.5
[INFO] [stderr]    Compiling phf v0.13.1
[INFO] [stderr]    Compiling aho-corasick v1.1.4
[INFO] [stderr]    Compiling grep-matcher v0.1.8
[INFO] [stderr]    Compiling zopfli v0.8.3
[INFO] [stderr]    Compiling chacha20 v0.10.2
[INFO] [stderr]    Compiling memmap2 v0.9.10
[INFO] [stderr]    Compiling generic-array v0.14.7
[INFO] [stderr]    Compiling web_atoms v0.2.4
[INFO] [stderr]    Compiling string_cache v0.9.0
[INFO] [stderr]    Compiling encoding_rs_io v0.1.7
[INFO] [stderr]    Compiling pom v1.1.0
[INFO] [stderr]    Compiling unicode-bidi v0.3.18
[INFO] [stderr]    Compiling unicode-normalization v0.1.25
[INFO] [stderr]    Compiling unicode-properties v0.1.4
[INFO] [stderr]    Compiling rand v0.10.1
[INFO] [stderr]    Compiling serde_json v1.0.150
[INFO] [stderr]    Compiling webpki-roots v1.0.8
[INFO] [stderr]    Compiling nom v8.0.0
[INFO] [stderr]    Compiling ring v0.17.14
[INFO] [stderr]    Compiling bitflags v2.11.1
[INFO] [stderr]    Compiling rangemap v1.7.1
[INFO] [stderr]    Compiling ttf-parser v0.25.1
[INFO] [stderr]    Compiling crypto-common v0.1.7
[INFO] [stderr]    Compiling block-padding v0.3.3
[INFO] [stderr]    Compiling block-buffer v0.10.4
[INFO] [stderr]    Compiling digest v0.10.7
[INFO] [stderr]    Compiling inout v0.1.4
[INFO] [stderr]    Compiling stringprep v0.1.5
[INFO] [stderr]    Compiling regex-automata v0.4.14
[INFO] [stderr]    Compiling cipher v0.4.4
[INFO] [stderr]    Compiling debug_unsafe v0.1.4
[INFO] [stderr]    Compiling weezl v0.1.12
[INFO] [stderr]    Compiling cbc v0.1.2
[INFO] [stderr]    Compiling aes v0.8.4
[INFO] [stderr]    Compiling ecb v0.1.2
[INFO] [stderr]    Compiling md-5 v0.10.6
[INFO] [stderr]    Compiling sha2 v0.10.9
[INFO] [stderr]    Compiling atoi_simd v0.18.1
[INFO] [stderr]    Compiling webpki-roots v0.26.11
[INFO] [stderr]    Compiling euclid v0.20.14
[INFO] [stderr]    Compiling crossbeam-deque v0.8.6
[INFO] [stderr]    Compiling flate2 v1.1.9
[INFO] [stderr]    Compiling adobe-cmap-parser v0.4.1
[INFO] [stderr]    Compiling markup5ever v0.39.0
[INFO] [stderr]    Compiling html5ever v0.39.0
[INFO] [stderr]    Compiling zip v8.6.0
[INFO] [stderr]    Compiling type1-encoding-parser v0.1.1
[INFO] [stderr]    Compiling quick-xml v0.41.0
[INFO] [stderr]    Compiling synstructure v0.13.2
[INFO] [stderr]    Compiling codepage v0.1.2
[INFO] [stderr]    Compiling cff-parser v0.2.0
[INFO] [stderr]    Compiling fast-float2 v0.2.3
[INFO] [stderr]    Compiling unsafe-libyaml-norway v0.2.15
[INFO] [stderr]    Compiling postscript v0.14.1
[INFO] [stderr]    Compiling zip v7.2.0
[INFO] [stderr]    Compiling zerofrom-derive v0.1.7
[INFO] [stderr]    Compiling yoke-derive v0.8.2
[INFO] [stderr]    Compiling zerovec-derive v0.11.3
[INFO] [stderr]    Compiling displaydoc v0.2.6
[INFO] [stderr]    Compiling serde_derive v1.0.228
[INFO] [stderr]    Compiling thiserror-impl v2.0.18
[INFO] [stderr]    Compiling clap_derive v4.6.1
[INFO] [stderr]    Compiling zerofrom v0.1.8
[INFO] [stderr]    Compiling yoke v0.8.3
[INFO] [stderr]    Compiling zerovec v0.11.6
[INFO] [stderr]    Compiling zerotrie v0.2.4
[INFO] [stderr]    Compiling thiserror v2.0.18
[INFO] [stderr]    Compiling lopdf v0.42.0
[INFO] [stderr]    Compiling html2text v0.17.1
[INFO] [stderr]    Compiling bstr v1.12.1
[INFO] [stderr]    Compiling regex v1.12.3
[INFO] [stderr]    Compiling clap v4.6.1
[INFO] [stderr]    Compiling tinystr v0.8.3
[INFO] [stderr]    Compiling potential_utf v0.1.5
[INFO] [stderr]    Compiling icu_collections v2.2.0
[INFO] [stderr]    Compiling icu_locale_core v2.2.0
[INFO] [stderr]    Compiling globset v0.4.18
[INFO] [stderr]    Compiling grep-searcher v0.1.16
[INFO] [stderr]    Compiling grep-regex v0.1.14
[INFO] [stderr]    Compiling serde v1.0.228
[INFO] [stderr]    Compiling grep-cli v0.1.12
[INFO] [stderr]    Compiling icu_provider v2.2.0
[INFO] [stderr]    Compiling grep-printer v0.2.2
[INFO] [stderr]    Compiling icu_properties v2.2.0
[INFO] [stderr]    Compiling icu_normalizer v2.2.0
[INFO] [stderr]    Compiling grep v0.3.2
[INFO] [stderr]    Compiling calamine v0.36.1
[INFO] [stderr]    Compiling chrono v0.4.44
[INFO] [stderr]    Compiling serde_norway v0.9.42
[INFO] [stderr]    Compiling ignore v0.4.25
[INFO] [stderr]    Compiling idna_adapter v1.2.2
[INFO] [stderr]    Compiling idna v1.1.0
[INFO] [stderr]    Compiling url v2.5.8
[INFO] [stderr]    Compiling rustls v0.23.45
[INFO] [stderr]    Compiling rustls-webpki v0.103.15
[INFO] [stderr]    Compiling pdf-extract v0.12.0
[INFO] [stderr]    Compiling ureq v2.12.1
[INFO] [stderr]    Compiling dbmd-core v0.14.6
[INFO] [stderr]    Compiling dbmd-cli v0.14.6 (/opt/rustwide/workdir)
[INFO] [stderr]     Finished `release` profile [optimized] target(s) in 3m 20s
[INFO] running `Command { std: "docker" "inspect" "03e022226495807154cae96f6ba289fefa02baf76b4b990ba9c3738517defbc6", kill_on_drop: false }`
[INFO] running `Command { std: "docker" "exec" "-e" "SOURCE_DIR=/opt/rustwide/workdir" "-e" "CARGO_HOME=/opt/rustwide/cargo-home" "-e" "RUSTUP_HOME=/opt/rustwide/rustup-home" "-e" "CARGO_TARGET_DIR=/opt/rustwide/target" "-e" "CARGO_INCREMENTAL=0" "-e" "RUST_BACKTRACE=full" "-e" "RUSTFLAGS=--cap-lints=warn" "-e" "RUSTDOCFLAGS=--cap-lints=warn" "-w" "/opt/rustwide/workdir" "--user" "0:0" "03e022226495807154cae96f6ba289fefa02baf76b4b990ba9c3738517defbc6" "/opt/rustwide/cargo-home/bin/cargo" "+1.99.0-beta.8" "test" "--frozen" "--no-run" "--message-format=json" "--release", kill_on_drop: false }`
[INFO] [stderr]    Compiling bitflags v2.11.1
[INFO] [stderr]    Compiling wait-timeout v0.2.1
[INFO] [stderr]    Compiling assert_cmd v2.2.2
[INFO] [stderr]    Compiling lopdf v0.42.0
[INFO] [stderr]    Compiling rustix v1.1.4
[INFO] [stderr]    Compiling tempfile v3.27.0
[INFO] [stderr]    Compiling insta v1.47.2
[INFO] [stderr]    Compiling pdf-extract v0.12.0
[INFO] [stderr]    Compiling dbmd-core v0.14.6
[INFO] [stderr]    Compiling dbmd-cli v0.14.6 (/opt/rustwide/workdir)
[INFO] [stderr]     Finished `release` profile [optimized] target(s) in 2m 59s
[INFO] running `Command { std: "docker" "inspect" "03e022226495807154cae96f6ba289fefa02baf76b4b990ba9c3738517defbc6", kill_on_drop: false }`
[INFO] running `Command { std: "docker" "exec" "-e" "SOURCE_DIR=/opt/rustwide/workdir" "-e" "CARGO_HOME=/opt/rustwide/cargo-home" "-e" "RUSTUP_HOME=/opt/rustwide/rustup-home" "-e" "CARGO_TARGET_DIR=/opt/rustwide/target" "-e" "CARGO_INCREMENTAL=0" "-e" "RUST_BACKTRACE=full" "-e" "RUSTFLAGS=--cap-lints=warn" "-e" "RUSTDOCFLAGS=--cap-lints=warn" "-w" "/opt/rustwide/workdir" "--user" "0:0" "03e022226495807154cae96f6ba289fefa02baf76b4b990ba9c3738517defbc6" "/opt/rustwide/cargo-home/bin/cargo" "+1.99.0-beta.8" "test" "--frozen" "--release", kill_on_drop: false }`
[INFO] [stderr]     Finished `release` profile [optimized] target(s) in 0.36s
[INFO] [stderr]      Running unittests src/main.rs (/opt/rustwide/target/release/deps/dbmd-cb04f74815b2f61f)
[INFO] [stdout] 
[INFO] [stdout] running 114 tests
[INFO] [stdout] test cmd::extract::tests::out_symlink_is_refused_and_target_untouched ... ok
[INFO] [stdout] test cmd::api::tests::routes_refuse_hyphen_leading_paths_and_missing_params ... ok
[INFO] [stdout] test cli::tests::sync_withdrawal_requires_a_reason ... ok
[INFO] [stdout] test cmd::api::tests::unknown_routes_and_wrong_methods_are_distinct ... ok
[INFO] [stdout] test cmd::api::tests::write_route_builds_the_full_argv ... ok
[INFO] [stdout] test cmd::api::tests::percent_decoding_handles_plus_and_hex ... ok
[INFO] [stdout] test cmd::fm::tests::bump_updated_preserves_explicit_updated_assignment ... ok
[INFO] [stdout] test cmd::fm::tests::bump_updated_restamps_non_updated_edits ... ok
[INFO] [stdout] test cmd::graph::tests::saturating_hops_does_not_wrap_past_u32 ... ok
[INFO] [stdout] test cli::tests::sync_parses_exact_withdrawal_intent_and_reason ... ok
[INFO] [stdout] test cli::tests::sync_parses_the_fail_closed_alias_rebind_shape ... ok
[INFO] [stdout] test cli::tests::sync_parses_the_checkout_relocation_shape ... ok
[INFO] [stdout] test cmd::format::tests::locate_store_stops_at_nearest_store_boundary ... ok
[INFO] [stdout] test cmd::index::tests::dry_run_empty_store_previews_nothing ... ok
[INFO] [stdout] test cmd::link::tests::canonical_link_target_accepts_full_path_and_strips_md ... ok
[INFO] [stdout] test cmd::extract::tests::out_through_symlinked_parent_is_refused_and_target_untouched ... ok
[INFO] [stdout] test cmd::install_verified::tests::directory_destination_leaf_is_refused_without_deletion ... ok
[INFO] [stdout] test cmd::log::tests::scan_global_flags_absent_json_inherits_ctx ... ok
[INFO] [stdout] test cmd::log::tests::scan_global_flags_recovers_color_both_forms ... ok
[INFO] [stdout] test cmd::log::tests::scan_global_flags_recovers_json_even_when_positionals_are_missing ... ok
[INFO] [stdout] test cmd::log::tests::scan_global_flags_recovers_trailing_json ... ok
[INFO] [stdout] test cmd::log::tests::scan_global_flags_skips_json_inside_note_value ... ok
[INFO] [stdout] test cmd::log::tests::scan_global_flags_recovers_json_before_positionals ... ok
[INFO] [stdout] test cmd::index::tests::dry_run_skips_empty_folders_and_layers ... ok
[INFO] [stdout] test cmd::fm::tests::nearest_store_root_is_none_outside_any_store_and_hint_is_actionable ... ok
[INFO] [stdout] test cmd::api::tests::query_parsing_keeps_repeats_and_embedded_equals ... ok
[INFO] [stdout] test cmd::extract::tests::out_into_real_nested_subdir_is_written ... ok
[INFO] [stdout] test cmd::link::tests::canonical_link_target_rejects_short_form ... ok
[INFO] [stdout] test cmd::fm::tests::nearest_store_root_stops_at_nested_store_boundary ... ok
[INFO] [stdout] test cmd::extract::tests::out_through_symlinked_parent_with_real_subdir_is_refused ... ok
[INFO] [stdout] test cmd::install_verified::tests::existing_destination_root_swap_cannot_redirect_install ... ok
[INFO] [stdout] test cmd::rename::tests::rename_refuses_to_move_db_md_meta_marker ... ok
[INFO] [stdout] test cmd::rename::tests::rename_refuses_a_directory_source ... ok
[INFO] [stdout] test cmd::rename::tests::reserved_meta_name_matches_only_root_meta_files ... ok
[INFO] [stdout] test cmd::propose::tests::body_path_swap_cannot_redirect_the_uploaded_proposal ... ok
[INFO] [stdout] test cmd::install_verified::tests::symlink_destination_leaf_is_refused_without_touching_target ... ok
[INFO] [stdout] test cmd::search::tests::frontmatter_block_extracts_between_fences ... ok
[INFO] [stdout] test cmd::search::tests::broken_pipe_maps_to_clean_exit ... ok
[INFO] [stdout] test cmd::rename::tests::rename_refuses_landing_on_a_reserved_meta_name ... ok
[INFO] [stdout] test cmd::format::tests::format_refuses_external_symlink_before_reading_or_replacing_it ... ok
[INFO] [stdout] test cmd::link::tests::append_wiki_link_into_empty_body ... ok
[INFO] [stdout] test cmd::install_verified::tests::newly_created_destination_root_swap_cannot_redirect_install ... ok
[INFO] [stdout] test cmd::extract::tests::out_regular_file_is_written ... ok
[INFO] [stdout] test cmd::link::tests::append_wiki_link_preserves_frontmatter_and_appends_line ... ok
[INFO] [stdout] test cmd::rename::tests::rewrite_links_in_file_is_a_no_op_when_no_link_matches ... ok
[INFO] [stdout] test cmd::search::tests::golden_case_sensitive_default ... FAILED
[INFO] [stdout] test cmd::search::tests::golden_distinctive_phrase_single_source ... FAILED
[INFO] [stdout] test cmd::search::tests::golden_layer_scope_conclusions ... FAILED
[INFO] [stdout] test cmd::search::tests::frontmatter_block_is_searched_not_just_body ... FAILED
[INFO] [stdout] test cmd::search::tests::golden_plain_phrase_no_filter ... FAILED
[INFO] [stdout] test cmd::search::tests::golden_type_scope_meeting ... FAILED
[INFO] [stdout] test cmd::search::tests::golden_type_scope_company_excludes_other_layers ... FAILED
[INFO] [stdout] test cmd::search::tests::golden_type_plus_updated_after ... FAILED
[INFO] [stdout] test cmd::search::tests::golden_regex_alternation_type_invoice ... FAILED
[INFO] [stdout] test cmd::search::tests::invalid_where_clause_is_reported ... FAILED
[INFO] [stdout] test cmd::search::tests::is_content_file_excludes_meta_and_non_layer ... ok
[INFO] [stdout] test cmd::search::tests::invalid_timestamp_is_reported ... FAILED
[INFO] [stdout] test cmd::search::tests::golden_type_scope_expense_single_shard_date ... FAILED
[INFO] [stdout] test cmd::search::tests::invalid_query_regex_is_reported ... FAILED
[INFO] [stdout] test cmd::search::tests::invalid_layer_is_an_error_with_code ... FAILED
[INFO] [stdout] test cmd::search::tests::limit_caps_match_count ... FAILED
[INFO] [stdout] test cmd::search::tests::no_match_is_empty_success_not_error ... FAILED
[INFO] [stdout] test cmd::search::tests::linked_from_filters_to_forward_targets ... FAILED
[INFO] [stdout] test cmd::search::tests::match_carries_file_line_and_text ... FAILED
[INFO] [stdout] test cmd::search::tests::not_a_store_is_rejected ... FAILED
[INFO] [stdout] test cmd::search::tests::parse_layer_maps_known_and_rejects_unknown ... ok
[INFO] [stdout] test cmd::search::tests::path_in_layer_keys_off_first_component ... ok
[INFO] [stdout] test cmd::search::tests::intersect_seeds_then_ands ... ok
[INFO] [stdout] test cmd::search::tests::golden_type_scope_contact_all_four ... FAILED
[INFO] [stdout] test cmd::search::tests::regression_read_file_timestamps_tolerates_trailing_whitespace_fence ... ok
[INFO] [stdout] test cmd::search::tests::poisoned_sidecar_path_cannot_escape_store ... FAILED
[INFO] [stdout] test cmd::search::tests::linked_to_filters_to_backlinkers ... FAILED
[INFO] [stdout] test cmd::search::tests::split_kv_requires_equals ... ok
[INFO] [stdout] test cmd::serve::tests::empty_mirror_export_uses_the_none_snapshot_token ... ok
[INFO] [stdout] test cmd::search::tests::meta_files_are_never_matched ... FAILED
[INFO] [stdout] test cmd::search::tests::parse_ts_accepts_rfc3339_and_bare_date ... ok
[INFO] [stdout] test cmd::search::tests::time_window_bounds_are_inclusive_and_exclude_undated ... ok
[INFO] [stdout] test cmd::search::tests::time_window_inactive_matches_everything ... ok
[INFO] [stdout] test cmd::serve::tests::load_state_refuses_symlinked_feed_entry_without_reading_target ... ok
[INFO] [stdout] test cmd::validate::tests::human_report_neutralizes_malicious_issue_fields_but_json_is_exact ... ok
[INFO] [stdout] test cmd::validate::tests::scoped_view_never_claims_an_unmaterialized_link_is_broken ... ok
[INFO] [stdout] test cmd::write::tests::is_content_type_excludes_meta ... ok
[INFO] [stdout] test cmd::write::tests::is_reserved_index_name_covers_catalog_spellings ... ok
[INFO] [stdout] test cmd::rename::tests::rewrite_links_in_file_retargets_and_persists_via_core ... ok
[INFO] [stdout] test cmd::write::tests::seeding_now_populates_typed_timestamps_and_round_trips_to_rfc3339 ... ok
[INFO] [stdout] test cmd::serve::tests::load_state_refuses_symlinked_snapshot_pack ... ok
[INFO] [stdout] test cmd::rename::tests::destination_race_never_clobbers_or_rewrites_linkers ... ok
[INFO] [stdout] test cmd::search::tests::search_reads_opened_root_after_path_replacement ... ok
[INFO] [stdout] test error::tests::bulk_preview_refusal_preserves_the_exact_structured_receipt ... ok
[INFO] [stdout] test error::tests::hosted_asset_withdrawal_requires_explicit_audited_intent ... ok
[INFO] [stdout] test error::tests::hub_authorization_refusal_is_a_policy_exit ... ok
[INFO] [stdout] test error::tests::link_not_found_has_a_stable_machine_code_without_scraping_prose ... ok
[INFO] [stdout] test error::tests::permission_filtered_hub_validation_details_keep_a_stable_contract ... ok
[INFO] [stdout] test error::tests::profile_cutover_refusals_have_stable_agent_codes ... ok
[INFO] [stdout] test error::tests::withdrawn_source_reuse_is_a_typed_policy_refusal ... ok
[INFO] [stdout] test sanitize::tests::keeps_newlines_tabs_and_printable_unicode ... ok
[INFO] [stdout] test sanitize::tests::single_line_neutralizes_line_column_and_bidi_spoofing ... ok
[INFO] [stdout] test sanitize::tests::strips_ansi_sequences_whole_and_control_bytes ... ok
[INFO] [stdout] test tests::broken_pipe_panic_detection_covers_unix_and_windows ... ok
[INFO] [stdout] test cmd::write::tests::symlinked_parent_is_rejected_by_containment_gate ... ok
[INFO] [stdout] test cmd::write::tests::canonical_store_relative_rebases_an_absolute_in_store_target ... ok
[INFO] [stdout] test cmd::rename::tests::recovery_refuses_external_source_edit_without_any_mutation ... ok
[INFO] [stdout] test cmd::rename::tests::recovery_refuses_corrupt_stage_without_any_mutation ... ok
[INFO] [stdout] test cmd::write::tests::resolve_write_path_refuses_reserved_index_filenames ... ok
[INFO] [stdout] test cmd::write::tests::enforce_frozen_refuses_extensionless_policy_entry_against_md_target ... ok
[INFO] [stdout] test cmd::serve::tests::load_state_refuses_symlinked_identity_without_reading_target ... ok
[INFO] [stdout] test cmd::write::tests::to_store_relative_collapses_absolute_and_relative_spellings ... ok
[INFO] [stdout] test cmd::write::tests::write_command_uses_opened_root_after_path_replacement ... ok
[INFO] [stdout] test cmd::serve::tests::concurrent_large_feed_responses_stream_bounded_chunks ... ok
[INFO] [stdout] test cmd::rename::tests::recovery_refuses_external_linker_edit_without_any_mutation ... ok
[INFO] [stdout] test cmd::rename::tests::rename_recovery_stays_on_opened_root_after_path_swap ... ok
[INFO] [stdout] test cmd::serve::tests::snapshot_response_streams_an_immutable_private_copy ... ok
[INFO] [stdout] test cmd::rename::tests::rename_journal_recovers_after_every_commit_boundary ... ok
[INFO] [stdout] test cmd::serve::tests::absolute_header_deadline_releases_all_trickle_slots ... ok
[INFO] [stdout] 
[INFO] [stdout] failures:
[INFO] [stdout] 
[INFO] [stdout] ---- cmd::search::tests::golden_case_sensitive_default stdout ----
[INFO] [stdout] 
[INFO] [stdout] thread 'cmd::search::tests::golden_case_sensitive_default' (4482) panicked at src/cmd/search.rs:681:14:
[INFO] [stdout] corpus-a-canonical must exist: Os { code: 2, kind: NotFound, message: "No such file or directory" }
[INFO] [stdout] stack backtrace:
[INFO] [stdout]    0:     0x57603e27eac1 - <<std[70759c8f55707aa4]::sys::backtrace::BacktraceLock>::print::DisplayBacktrace as core[df12db4294e9bfd3]::fmt::Display>::fmt
[INFO] [stdout]    1:     0x57603e297cea - core[df12db4294e9bfd3]::fmt::write
[INFO] [stdout]    2:     0x57603e283bfc - <alloc[2182bb758b4b3781]::vec::Vec<u8> as core[df12db4294e9bfd3]::io::write::Write>::write_fmt
[INFO] [stdout]    3:     0x57603e255c46 - std[70759c8f55707aa4]::panicking::default_hook::{closure#0}
[INFO] [stdout]    4:     0x57603e274a59 - std[70759c8f55707aa4]::panicking::default_hook
[INFO] [stdout]    5:     0x57603de6c950 - test[9d35eded1c95d3be]::test_main_inner::<test[9d35eded1c95d3be]::test_main_static::{closure#0}>::{closure#0}
[INFO] [stdout]    6:     0x57603e274c12 - std[70759c8f55707aa4]::panicking::panic_with_hook
[INFO] [stdout]    7:     0x57603e255cf2 - std[70759c8f55707aa4]::panicking::panic_handler::{closure#0}
[INFO] [stdout]    8:     0x57603e24e419 - std[70759c8f55707aa4]::sys::backtrace::__rust_end_short_backtrace::<std[70759c8f55707aa4]::panicking::panic_handler::{closure#0}, !>
[INFO] [stdout]    9:     0x57603e256cbd - __rustc[8fa7c3cbc660c2b3]::rust_begin_unwind
[INFO] [stdout]   10:     0x57603e2984cc - core[df12db4294e9bfd3]::panicking::panic_fmt
[INFO] [stdout]   11:     0x57603e2982a2 - core[df12db4294e9bfd3]::result::unwrap_failed
[INFO] [stdout]   12:     0x57603de566dc - dbmd[88f961af866e58fd]::cmd::search::tests::corpus_a
[INFO] [stdout]   13:     0x57603de5617d - dbmd[88f961af866e58fd]::cmd::search::tests::search_files
[INFO] [stdout]   14:     0x57603de5826a - dbmd[88f961af866e58fd]::cmd::search::tests::golden_case_sensitive_default
[INFO] [stdout]   15:     0x57603de4bb69 - <dbmd[88f961af866e58fd]::cmd::search::tests::golden_case_sensitive_default::{closure#0} as core[df12db4294e9bfd3]::ops::function::FnOnce<()>>::call_once
[INFO] [stdout]   16:     0x57603de5fc3b - test[9d35eded1c95d3be]::__rust_begin_short_backtrace::<core[df12db4294e9bfd3]::result::Result<(), alloc[2182bb758b4b3781]::string::String>, fn() -> core[df12db4294e9bfd3]::result::Result<(), alloc[2182bb758b4b3781]::string::String>>
[INFO] [stdout]   17:     0x57603de6d2a5 - test[9d35eded1c95d3be]::run_test::{closure#0}
[INFO] [stdout]   18:     0x57603de66b64 - std[70759c8f55707aa4]::sys::backtrace::__rust_begin_short_backtrace::<test[9d35eded1c95d3be]::run_test::{closure#1}, ()>
[INFO] [stdout]   19:     0x57603de70402 - <std[70759c8f55707aa4]::thread::lifecycle::spawn_unchecked<test[9d35eded1c95d3be]::run_test::{closure#1}, ()>::{closure#1} as core[df12db4294e9bfd3]::ops::function::FnOnce<()>>::call_once::{shim:vtable#0}
[INFO] [stdout]   20:     0x57603e27d249 - <std[70759c8f55707aa4]::sys::thread::unix::Thread>::new::thread_start
[INFO] [stdout]   21:     0x78555b436dfa - <unknown>
[INFO] [stdout]   22:     0x78555b4ca3d4 - clone
[INFO] [stdout]   23:                0x0 - <unknown>
[INFO] [stdout] 
[INFO] [stdout] ---- cmd::search::tests::golden_distinctive_phrase_single_source stdout ----
[INFO] [stdout] 
[INFO] [stdout] thread 'cmd::search::tests::golden_distinctive_phrase_single_source' (4483) panicked at src/cmd/search.rs:681:14:
[INFO] [stdout] corpus-a-canonical must exist: Os { code: 2, kind: NotFound, message: "No such file or directory" }
[INFO] [stdout] stack backtrace:
[INFO] [stdout]    0:     0x57603e27eac1 - <<std[70759c8f55707aa4]::sys::backtrace::BacktraceLock>::print::DisplayBacktrace as core[df12db4294e9bfd3]::fmt::Display>::fmt
[INFO] [stdout]    1:     0x57603e297cea - core[df12db4294e9bfd3]::fmt::write
[INFO] [stdout]    2:     0x57603e283bfc - <alloc[2182bb758b4b3781]::vec::Vec<u8> as core[df12db4294e9bfd3]::io::write::Write>::write_fmt
[INFO] [stdout]    3:     0x57603e255c46 - std[70759c8f55707aa4]::panicking::default_hook::{closure#0}
[INFO] [stdout]    4:     0x57603e274a59 - std[70759c8f55707aa4]::panicking::default_hook
[INFO] [stdout]    5:     0x57603de6c950 - test[9d35eded1c95d3be]::test_main_inner::<test[9d35eded1c95d3be]::test_main_static::{closure#0}>::{closure#0}
[INFO] [stdout]    6:     0x57603e274c12 - std[70759c8f55707aa4]::panicking::panic_with_hook
[INFO] [stdout]    7:     0x57603e255cf2 - std[70759c8f55707aa4]::panicking::panic_handler::{closure#0}
[INFO] [stdout]    8:     0x57603e24e419 - std[70759c8f55707aa4]::sys::backtrace::__rust_end_short_backtrace::<std[70759c8f55707aa4]::panicking::panic_handler::{closure#0}, !>
[INFO] [stdout]    9:     0x57603e256cbd - __rustc[8fa7c3cbc660c2b3]::rust_begin_unwind
[INFO] [stdout]   10:     0x57603e2984cc - core[df12db4294e9bfd3]::panicking::panic_fmt
[INFO] [stdout]   11:     0x57603e2982a2 - core[df12db4294e9bfd3]::result::unwrap_failed
[INFO] [stdout]   12:     0x57603de566dc - dbmd[88f961af866e58fd]::cmd::search::tests::corpus_a
[INFO] [stdout]   13:     0x57603de5617d - dbmd[88f961af866e58fd]::cmd::search::tests::search_files
[INFO] [stdout]   14:     0x57603de5b0fa - dbmd[88f961af866e58fd]::cmd::search::tests::golden_distinctive_phrase_single_source
[INFO] [stdout]   15:     0x57603de4bd89 - <dbmd[88f961af866e58fd]::cmd::search::tests::golden_distinctive_phrase_single_source::{closure#0} as core[df12db4294e9bfd3]::ops::function::FnOnce<()>>::call_once
[INFO] [stdout]   16:     0x57603de5fc3b - test[9d35eded1c95d3be]::__rust_begin_short_backtrace::<core[df12db4294e9bfd3]::result::Result<(), alloc[2182bb758b4b3781]::string::String>, fn() -> core[df12db4294e9bfd3]::result::Result<(), alloc[2182bb758b4b3781]::string::String>>
[INFO] [stdout]   17:     0x57603de6d2a5 - test[9d35eded1c95d3be]::run_test::{closure#0}
[INFO] [stdout]   18:     0x57603de66b64 - std[70759c8f55707aa4]::sys::backtrace::__rust_begin_short_backtrace::<test[9d35eded1c95d3be]::run_test::{closure#1}, ()>
[INFO] [stdout]   19:     0x57603de70402 - <std[70759c8f55707aa4]::thread::lifecycle::spawn_unchecked<test[9d35eded1c95d3be]::run_test::{closure#1}, ()>::{closure#1} as core[df12db4294e9bfd3]::ops::function::FnOnce<()>>::call_once::{shim:vtable#0}
[INFO] [stdout]   20:     0x57603e27d249 - <std[70759c8f55707aa4]::sys::thread::unix::Thread>::new::thread_start
[INFO] [stdout]   21:     0x78555b436dfa - <unknown>
[INFO] [stdout]   22:     0x78555b4ca3d4 - clone
[INFO] [stdout]   23:                0x0 - <unknown>
[INFO] [stdout] 
[INFO] [stdout] ---- cmd::search::tests::golden_layer_scope_conclusions stdout ----
[INFO] [stdout] 
[INFO] [stdout] thread 'cmd::search::tests::golden_layer_scope_conclusions' (4484) panicked at src/cmd/search.rs:681:14:
[INFO] [stdout] corpus-a-canonical must exist: Os { code: 2, kind: NotFound, message: "No such file or directory" }
[INFO] [stdout] stack backtrace:
[INFO] [stdout]    0:     0x57603e27eac1 - <<std[70759c8f55707aa4]::sys::backtrace::BacktraceLock>::print::DisplayBacktrace as core[df12db4294e9bfd3]::fmt::Display>::fmt
[INFO] [stdout]    1:     0x57603e297cea - core[df12db4294e9bfd3]::fmt::write
[INFO] [stdout]    2:     0x57603e283bfc - <alloc[2182bb758b4b3781]::vec::Vec<u8> as core[df12db4294e9bfd3]::io::write::Write>::write_fmt
[INFO] [stdout]    3:     0x57603e255c46 - std[70759c8f55707aa4]::panicking::default_hook::{closure#0}
[INFO] [stdout]    4:     0x57603e274a59 - std[70759c8f55707aa4]::panicking::default_hook
[INFO] [stdout]    5:     0x57603de6c950 - test[9d35eded1c95d3be]::test_main_inner::<test[9d35eded1c95d3be]::test_main_static::{closure#0}>::{closure#0}
[INFO] [stdout]    6:     0x57603e274c12 - std[70759c8f55707aa4]::panicking::panic_with_hook
[INFO] [stdout]    7:     0x57603e255cf2 - std[70759c8f55707aa4]::panicking::panic_handler::{closure#0}
[INFO] [stdout]    8:     0x57603e24e419 - std[70759c8f55707aa4]::sys::backtrace::__rust_end_short_backtrace::<std[70759c8f55707aa4]::panicking::panic_handler::{closure#0}, !>
[INFO] [stdout]    9:     0x57603e256cbd - __rustc[8fa7c3cbc660c2b3]::rust_begin_unwind
[INFO] [stdout]   10:     0x57603e2984cc - core[df12db4294e9bfd3]::panicking::panic_fmt
[INFO] [stdout]   11:     0x57603e2982a2 - core[df12db4294e9bfd3]::result::unwrap_failed
[INFO] [stdout]   12:     0x57603de566dc - dbmd[88f961af866e58fd]::cmd::search::tests::corpus_a
[INFO] [stdout]   13:     0x57603de5617d - dbmd[88f961af866e58fd]::cmd::search::tests::search_files
[INFO] [stdout]   14:     0x57603de58c2f - dbmd[88f961af866e58fd]::cmd::search::tests::golden_layer_scope_conclusions
[INFO] [stdout]   15:     0x57603de4bbe9 - <dbmd[88f961af866e58fd]::cmd::search::tests::golden_layer_scope_conclusions::{closure#0} as core[df12db4294e9bfd3]::ops::function::FnOnce<()>>::call_once
[INFO] [stdout]   16:     0x57603de5fc3b - test[9d35eded1c95d3be]::__rust_begin_short_backtrace::<core[df12db4294e9bfd3]::result::Result<(), alloc[2182bb758b4b3781]::string::String>, fn() -> core[df12db4294e9bfd3]::result::Result<(), alloc[2182bb758b4b3781]::string::String>>
[INFO] [stdout]   17:     0x57603de6d2a5 - test[9d35eded1c95d3be]::run_test::{closure#0}
[INFO] [stdout]   18:     0x57603de66b64 - std[70759c8f55707aa4]::sys::backtrace::__rust_begin_short_backtrace::<test[9d35eded1c95d3be]::run_test::{closure#1}, ()>
[INFO] [stdout]   19:     0x57603de70402 - <std[70759c8f55707aa4]::thread::lifecycle::spawn_unchecked<test[9d35eded1c95d3be]::run_test::{closure#1}, ()>::{closure#1} as core[df12db4294e9bfd3]::ops::function::FnOnce<()>>::call_once::{shim:vtable#0}
[INFO] [stdout]   20:     0x57603e27d249 - <std[70759c8f55707aa4]::sys::thread::unix::Thread>::new::thread_start
[INFO] [stdout]   21:     0x78555b436dfa - <unknown>
[INFO] [stdout]   22:     0x78555b4ca3d4 - clone
[INFO] [stdout]   23:                0x0 - <unknown>
[INFO] [stdout] 
[INFO] [stdout] ---- cmd::search::tests::frontmatter_block_is_searched_not_just_body stdout ----
[INFO] [stdout] 
[INFO] [stdout] thread 'cmd::search::tests::frontmatter_block_is_searched_not_just_body' (4481) panicked at src/cmd/search.rs:681:14:
[INFO] [stdout] corpus-a-canonical must exist: Os { code: 2, kind: NotFound, message: "No such file or directory" }
[INFO] [stdout] stack backtrace:
[INFO] [stdout]    0:     0x57603e27eac1 - <<std[70759c8f55707aa4]::sys::backtrace::BacktraceLock>::print::DisplayBacktrace as core[df12db4294e9bfd3]::fmt::Display>::fmt
[INFO] [stdout]    1:     0x57603e297cea - core[df12db4294e9bfd3]::fmt::write
[INFO] [stdout]    2:     0x57603e283bfc - <alloc[2182bb758b4b3781]::vec::Vec<u8> as core[df12db4294e9bfd3]::io::write::Write>::write_fmt
[INFO] [stdout]    3:     0x57603e255c46 - std[70759c8f55707aa4]::panicking::default_hook::{closure#0}
[INFO] [stdout]    4:     0x57603e274a59 - std[70759c8f55707aa4]::panicking::default_hook
[INFO] [stdout]    5:     0x57603de6c950 - test[9d35eded1c95d3be]::test_main_inner::<test[9d35eded1c95d3be]::test_main_static::{closure#0}>::{closure#0}
[INFO] [stdout]    6:     0x57603e274c12 - std[70759c8f55707aa4]::panicking::panic_with_hook
[INFO] [stdout]    7:     0x57603e255cf2 - std[70759c8f55707aa4]::panicking::panic_handler::{closure#0}
[INFO] [stdout]    8:     0x57603e24e419 - std[70759c8f55707aa4]::sys::backtrace::__rust_end_short_backtrace::<std[70759c8f55707aa4]::panicking::panic_handler::{closure#0}, !>
[INFO] [stdout]    9:     0x57603e256cbd - __rustc[8fa7c3cbc660c2b3]::rust_begin_unwind
[INFO] [stdout]   10:     0x57603e2984cc - core[df12db4294e9bfd3]::panicking::panic_fmt
[INFO] [stdout]   11:     0x57603e2982a2 - core[df12db4294e9bfd3]::result::unwrap_failed
[INFO] [stdout]   12:     0x57603de566dc - dbmd[88f961af866e58fd]::cmd::search::tests::corpus_a
[INFO] [stdout]   13:     0x57603de5617d - dbmd[88f961af866e58fd]::cmd::search::tests::search_files
[INFO] [stdout]   14:     0x57603de5c464 - dbmd[88f961af866e58fd]::cmd::search::tests::frontmatter_block_is_searched_not_just_body
[INFO] [stdout]   15:     0x57603de4be89 - <dbmd[88f961af866e58fd]::cmd::search::tests::frontmatter_block_is_searched_not_just_body::{closure#0} as core[df12db4294e9bfd3]::ops::function::FnOnce<()>>::call_once
[INFO] [stdout]   16:     0x57603de5fc3b - test[9d35eded1c95d3be]::__rust_begin_short_backtrace::<core[df12db4294e9bfd3]::result::Result<(), alloc[2182bb758b4b3781]::string::String>, fn() -> core[df12db4294e9bfd3]::result::Result<(), alloc[2182bb758b4b3781]::string::String>>
[INFO] [stdout]   17:     0x57603de6d2a5 - test[9d35eded1c95d3be]::run_test::{closure#0}
[INFO] [stdout]   18:     0x57603de66b64 - std[70759c8f55707aa4]::sys::backtrace::__rust_begin_short_backtrace::<test[9d35eded1c95d3be]::run_test::{closure#1}, ()>
[INFO] [stdout]   19:     0x57603de70402 - <std[70759c8f55707aa4]::thread::lifecycle::spawn_unchecked<test[9d35eded1c95d3be]::run_test::{closure#1}, ()>::{closure#1} as core[df12db4294e9bfd3]::ops::function::FnOnce<()>>::call_once::{shim:vtable#0}
[INFO] [stdout]   20:     0x57603e27d249 - <std[70759c8f55707aa4]::sys::thread::unix::Thread>::new::thread_start
[INFO] [stdout]   21:     0x78555b436dfa - <unknown>
[INFO] [stdout]   22:     0x78555b4ca3d4 - clone
[INFO] [stdout]   23:                0x0 - <unknown>
[INFO] [stdout] 
[INFO] [stdout] ---- cmd::search::tests::golden_plain_phrase_no_filter stdout ----
[INFO] [stdout] 
[INFO] [stdout] thread 'cmd::search::tests::golden_plain_phrase_no_filter' (4485) panicked at src/cmd/search.rs:681:14:
[INFO] [stdout] corpus-a-canonical must exist: Os { code: 2, kind: NotFound, message: "No such file or directory" }
[INFO] [stdout] stack backtrace:
[INFO] [stdout]    0:     0x57603e27eac1 - <<std[70759c8f55707aa4]::sys::backtrace::BacktraceLock>::print::DisplayBacktrace as core[df12db4294e9bfd3]::fmt::Display>::fmt
[INFO] [stdout]    1:     0x57603e297cea - core[df12db4294e9bfd3]::fmt::write
[INFO] [stdout]    2:     0x57603e283bfc - <alloc[2182bb758b4b3781]::vec::Vec<u8> as core[df12db4294e9bfd3]::io::write::Write>::write_fmt
[INFO] [stdout]    3:     0x57603e255c46 - std[70759c8f55707aa4]::panicking::default_hook::{closure#0}
[INFO] [stdout]    4:     0x57603e274a59 - std[70759c8f55707aa4]::panicking::default_hook
[INFO] [stdout]    5:     0x57603de6c950 - test[9d35eded1c95d3be]::test_main_inner::<test[9d35eded1c95d3be]::test_main_static::{closure#0}>::{closure#0}
[INFO] [stdout]    6:     0x57603e274c12 - std[70759c8f55707aa4]::panicking::panic_with_hook
[INFO] [stdout]    7:     0x57603e255cf2 - std[70759c8f55707aa4]::panicking::panic_handler::{closure#0}
[INFO] [stdout]    8:     0x57603e24e419 - std[70759c8f55707aa4]::sys::backtrace::__rust_end_short_backtrace::<std[70759c8f55707aa4]::panicking::panic_handler::{closure#0}, !>
[INFO] [stdout]    9:     0x57603e256cbd - __rustc[8fa7c3cbc660c2b3]::rust_begin_unwind
[INFO] [stdout]   10:     0x57603e2984cc - core[df12db4294e9bfd3]::panicking::panic_fmt
[INFO] [stdout]   11:     0x57603e2982a2 - core[df12db4294e9bfd3]::result::unwrap_failed
[INFO] [stdout]   12:     0x57603de566dc - dbmd[88f961af866e58fd]::cmd::search::tests::corpus_a
[INFO] [stdout]   13:     0x57603de5617d - dbmd[88f961af866e58fd]::cmd::search::tests::search_files
[INFO] [stdout]   14:     0x57603de584aa - dbmd[88f961af866e58fd]::cmd::search::tests::golden_plain_phrase_no_filter
[INFO] [stdout]   15:     0x57603de4bb89 - <dbmd[88f961af866e58fd]::cmd::search::tests::golden_plain_phrase_no_filter::{closure#0} as core[df12db4294e9bfd3]::ops::function::FnOnce<()>>::call_once
[INFO] [stdout]   16:     0x57603de5fc3b - test[9d35eded1c95d3be]::__rust_begin_short_backtrace::<core[df12db4294e9bfd3]::result::Result<(), alloc[2182bb758b4b3781]::string::String>, fn() -> core[df12db4294e9bfd3]::result::Result<(), alloc[2182bb758b4b3781]::string::String>>
[INFO] [stdout]   17:     0x57603de6d2a5 - test[9d35eded1c95d3be]::run_test::{closure#0}
[INFO] [stdout]   18:     0x57603de66b64 - std[70759c8f55707aa4]::sys::backtrace::__rust_begin_short_backtrace::<test[9d35eded1c95d3be]::run_test::{closure#1}, ()>
[INFO] [stdout]   19:     0x57603de70402 - <std[70759c8f55707aa4]::thread::lifecycle::spawn_unchecked<test[9d35eded1c95d3be]::run_test::{closure#1}, ()>::{closure#1} as core[df12db4294e9bfd3]::ops::function::FnOnce<()>>::call_once::{shim:vtable#0}
[INFO] [stdout]   20:     0x57603e27d249 - <std[70759c8f55707aa4]::sys::thread::unix::Thread>::new::thread_start
[INFO] [stdout]   21:     0x78555b436dfa - <unknown>
[INFO] [stdout]   22:     0x78555b4ca3d4 - clone
[INFO] [stdout]   23:                0x0 - <unknown>
[INFO] [stdout] 
[INFO] [stdout] ---- cmd::search::tests::golden_type_scope_meeting stdout ----
[INFO] [stdout] 
[INFO] [stdout] thread 'cmd::search::tests::golden_type_scope_meeting' (4491) panicked at src/cmd/search.rs:681:14:
[INFO] [stdout] corpus-a-canonical must exist: Os { code: 2, kind: NotFound, message: "No such file or directory" }
[INFO] [stdout] stack backtrace:
[INFO] [stdout]    0:     0x57603e27eac1 - <<std[70759c8f55707aa4]::sys::backtrace::BacktraceLock>::print::DisplayBacktrace as core[df12db4294e9bfd3]::fmt::Display>::fmt
[INFO] [stdout]    1:     0x57603e297cea - core[df12db4294e9bfd3]::fmt::write
[INFO] [stdout]    2:     0x57603e283bfc - <alloc[2182bb758b4b3781]::vec::Vec<u8> as core[df12db4294e9bfd3]::io::write::Write>::write_fmt
[INFO] [stdout]    3:     0x57603e255c46 - std[70759c8f55707aa4]::panicking::default_hook::{closure#0}
[INFO] [stdout]    4:     0x57603e274a59 - std[70759c8f55707aa4]::panicking::default_hook
[INFO] [stdout]    5:     0x57603de6c950 - test[9d35eded1c95d3be]::test_main_inner::<test[9d35eded1c95d3be]::test_main_static::{closure#0}>::{closure#0}
[INFO] [stdout]    6:     0x57603e274c12 - std[70759c8f55707aa4]::panicking::panic_with_hook
[INFO] [stdout]    7:     0x57603e255cf2 - std[70759c8f55707aa4]::panicking::panic_handler::{closure#0}
[INFO] [stdout]    8:     0x57603e24e419 - std[70759c8f55707aa4]::sys::backtrace::__rust_end_short_backtrace::<std[70759c8f55707aa4]::panicking::panic_handler::{closure#0}, !>
[INFO] [stdout]    9:     0x57603e256cbd - __rustc[8fa7c3cbc660c2b3]::rust_begin_unwind
[INFO] [stdout]   10:     0x57603e2984cc - core[df12db4294e9bfd3]::panicking::panic_fmt
[INFO] [stdout]   11:     0x57603e2982a2 - core[df12db4294e9bfd3]::result::unwrap_failed
[INFO] [stdout]   12:     0x57603de566dc - dbmd[88f961af866e58fd]::cmd::search::tests::corpus_a
[INFO] [stdout]   13:     0x57603de5617d - dbmd[88f961af866e58fd]::cmd::search::tests::search_files
[INFO] [stdout]   14:     0x57603de5727f - dbmd[88f961af866e58fd]::cmd::search::tests::golden_type_scope_meeting
[INFO] [stdout]   15:     0x57603de4bb09 - <dbmd[88f961af866e58fd]::cmd::search::tests::golden_type_scope_meeting::{closure#0} as core[df12db4294e9bfd3]::ops::function::FnOnce<()>>::call_once
[INFO] [stdout]   16:     0x57603de5fc3b - test[9d35eded1c95d3be]::__rust_begin_short_backtrace::<core[df12db4294e9bfd3]::result::Result<(), alloc[2182bb758b4b3781]::string::String>, fn() -> core[df12db4294e9bfd3]::result::Result<(), alloc[2182bb758b4b3781]::string::String>>
[INFO] [stdout]   17:     0x57603de6d2a5 - test[9d35eded1c95d3be]::run_test::{closure#0}
[INFO] [stdout]   18:     0x57603de66b64 - std[70759c8f55707aa4]::sys::backtrace::__rust_begin_short_backtrace::<test[9d35eded1c95d3be]::run_test::{closure#1}, ()>
[INFO] [stdout]   19:     0x57603de70402 - <std[70759c8f55707aa4]::thread::lifecycle::spawn_unchecked<test[9d35eded1c95d3be]::run_test::{closure#1}, ()>::{closure#1} as core[df12db4294e9bfd3]::ops::function::FnOnce<()>>::call_once::{shim:vtable#0}
[INFO] [stdout]   20:     0x57603e27d249 - <std[70759c8f55707aa4]::sys::thread::unix::Thread>::new::thread_start
[INFO] [stdout]   21:     0x78555b436dfa - <unknown>
[INFO] [stdout]   22:     0x78555b4ca3d4 - clone
[INFO] [stdout]   23:                0x0 - <unknown>
[INFO] [stdout] 
[INFO] [stdout] ---- cmd::search::tests::golden_type_scope_company_excludes_other_layers stdout ----
[INFO] [stdout] 
[INFO] [stdout] thread 'cmd::search::tests::golden_type_scope_company_excludes_other_layers' (4488) panicked at src/cmd/search.rs:681:14:
[INFO] [stdout] corpus-a-canonical must exist: Os { code: 2, kind: NotFound, message: "No such file or directory" }
[INFO] [stdout] stack backtrace:
[INFO] [stdout]    0:     0x57603e27eac1 - <<std[70759c8f55707aa4]::sys::backtrace::BacktraceLock>::print::DisplayBacktrace as core[df12db4294e9bfd3]::fmt::Display>::fmt
[INFO] [stdout]    1:     0x57603e297cea - core[df12db4294e9bfd3]::fmt::write
[INFO] [stdout]    2:     0x57603e283bfc - <alloc[2182bb758b4b3781]::vec::Vec<u8> as core[df12db4294e9bfd3]::io::write::Write>::write_fmt
[INFO] [stdout]    3:     0x57603e255c46 - std[70759c8f55707aa4]::panicking::default_hook::{closure#0}
[INFO] [stdout]    4:     0x57603e274a59 - std[70759c8f55707aa4]::panicking::default_hook
[INFO] [stdout]    5:     0x57603de6c950 - test[9d35eded1c95d3be]::test_main_inner::<test[9d35eded1c95d3be]::test_main_static::{closure#0}>::{closure#0}
[INFO] [stdout]    6:     0x57603e274c12 - std[70759c8f55707aa4]::panicking::panic_with_hook
[INFO] [stdout]    7:     0x57603e255cf2 - std[70759c8f55707aa4]::panicking::panic_handler::{closure#0}
[INFO] [stdout]    8:     0x57603e24e419 - std[70759c8f55707aa4]::sys::backtrace::__rust_end_short_backtrace::<std[70759c8f55707aa4]::panicking::panic_handler::{closure#0}, !>
[INFO] [stdout]    9:     0x57603e256cbd - __rustc[8fa7c3cbc660c2b3]::rust_begin_unwind
[INFO] [stdout]   10:     0x57603e2984cc - core[df12db4294e9bfd3]::panicking::panic_fmt
[INFO] [stdout]   11:     0x57603e2982a2 - core[df12db4294e9bfd3]::result::unwrap_failed
[INFO] [stdout]   12:     0x57603de566dc - dbmd[88f961af866e58fd]::cmd::search::tests::corpus_a
[INFO] [stdout]   13:     0x57603de5617d - dbmd[88f961af866e58fd]::cmd::search::tests::search_files
[INFO] [stdout]   14:     0x57603de5ca6f - dbmd[88f961af866e58fd]::cmd::search::tests::golden_type_scope_company_excludes_other_layers
[INFO] [stdout]   15:     0x57603de4bee9 - <dbmd[88f961af866e58fd]::cmd::search::tests::golden_type_scope_company_excludes_other_layers::{closure#0} as core[df12db4294e9bfd3]::ops::function::FnOnce<()>>::call_once
[INFO] [stdout]   16:     0x57603de5fc3b - test[9d35eded1c95d3be]::__rust_begin_short_backtrace::<core[df12db4294e9bfd3]::result::Result<(), alloc[2182bb758b4b3781]::string::String>, fn() -> core[df12db4294e9bfd3]::result::Result<(), alloc[2182bb758b4b3781]::string::String>>
[INFO] [stdout]   17:     0x57603de6d2a5 - test[9d35eded1c95d3be]::run_test::{closure#0}
[INFO] [stdout]   18:     0x57603de66b64 - std[70759c8f55707aa4]::sys::backtrace::__rust_begin_short_backtrace::<test[9d35eded1c95d3be]::run_test::{closure#1}, ()>
[INFO] [stdout]   19:     0x57603de70402 - <std[70759c8f55707aa4]::thread::lifecycle::spawn_unchecked<test[9d35eded1c95d3be]::run_test::{closure#1}, ()>::{closure#1} as core[df12db4294e9bfd3]::ops::function::FnOnce<()>>::call_once::{shim:vtable#0}
[INFO] [stdout]   20:     0x57603e27d249 - <std[70759c8f55707aa4]::sys::thread::unix::Thread>::new::thread_start
[INFO] [stdout]   21:     0x78555b436dfa - <unknown>
[INFO] [stdout]   22:     0x78555b4ca3d4 - clone
[INFO] [stdout]   23:                0x0 - <unknown>
[INFO] [stdout] 
[INFO] [stdout] ---- cmd::search::tests::golden_type_plus_updated_after stdout ----
[INFO] [stdout] 
[INFO] [stdout] thread 'cmd::search::tests::golden_type_plus_updated_after' (4487) panicked at src/cmd/search.rs:681:14:
[INFO] [stdout] corpus-a-canonical must exist: Os { code: 2, kind: NotFound, message: "No such file or directory" }
[INFO] [stdout] stack backtrace:
[INFO] [stdout]    0:     0x57603e27eac1 - <<std[70759c8f55707aa4]::sys::backtrace::BacktraceLock>::print::DisplayBacktrace as core[df12db4294e9bfd3]::fmt::Display>::fmt
[INFO] [stdout]    1:     0x57603e297cea - core[df12db4294e9bfd3]::fmt::write
[INFO] [stdout]    2:     0x57603e283bfc - <alloc[2182bb758b4b3781]::vec::Vec<u8> as core[df12db4294e9bfd3]::io::write::Write>::write_fmt
[INFO] [stdout]    3:     0x57603e255c46 - std[70759c8f55707aa4]::panicking::default_hook::{closure#0}
[INFO] [stdout]    4:     0x57603e274a59 - std[70759c8f55707aa4]::panicking::default_hook
[INFO] [stdout]    5:     0x57603de6c950 - test[9d35eded1c95d3be]::test_main_inner::<test[9d35eded1c95d3be]::test_main_static::{closure#0}>::{closure#0}
[INFO] [stdout]    6:     0x57603e274c12 - std[70759c8f55707aa4]::panicking::panic_with_hook
[INFO] [stdout]    7:     0x57603e255cf2 - std[70759c8f55707aa4]::panicking::panic_handler::{closure#0}
[INFO] [stdout]    8:     0x57603e24e419 - std[70759c8f55707aa4]::sys::backtrace::__rust_end_short_backtrace::<std[70759c8f55707aa4]::panicking::panic_handler::{closure#0}, !>
[INFO] [stdout]    9:     0x57603e256cbd - __rustc[8fa7c3cbc660c2b3]::rust_begin_unwind
[INFO] [stdout]   10:     0x57603e2984cc - core[df12db4294e9bfd3]::panicking::panic_fmt
[INFO] [stdout]   11:     0x57603e2982a2 - core[df12db4294e9bfd3]::result::unwrap_failed
[INFO] [stdout]   12:     0x57603de566dc - dbmd[88f961af866e58fd]::cmd::search::tests::corpus_a
[INFO] [stdout]   13:     0x57603de5617d - dbmd[88f961af866e58fd]::cmd::search::tests::search_files
[INFO] [stdout]   14:     0x57603de58e6f - dbmd[88f961af866e58fd]::cmd::search::tests::golden_type_plus_updated_after
[INFO] [stdout]   15:     0x57603de4bc09 - <dbmd[88f961af866e58fd]::cmd::search::tests::golden_type_plus_updated_after::{closure#0} as core[df12db4294e9bfd3]::ops::function::FnOnce<()>>::call_once
[INFO] [stdout]   16:     0x57603de5fc3b - test[9d35eded1c95d3be]::__rust_begin_short_backtrace::<core[df12db4294e9bfd3]::result::Result<(), alloc[2182bb758b4b3781]::string::String>, fn() -> core[df12db4294e9bfd3]::result::Result<(), alloc[2182bb758b4b3781]::string::String>>
[INFO] [stdout]   17:     0x57603de6d2a5 - test[9d35eded1c95d3be]::run_test::{closure#0}
[INFO] [stdout]   18:     0x57603de66b64 - std[70759c8f55707aa4]::sys::backtrace::__rust_begin_short_backtrace::<test[9d35eded1c95d3be]::run_test::{closure#1}, ()>
[INFO] [stdout]   19:     0x57603de70402 - <std[70759c8f55707aa4]::thread::lifecycle::spawn_unchecked<test[9d35eded1c95d3be]::run_test::{closure#1}, ()>::{closure#1} as core[df12db4294e9bfd3]::ops::function::FnOnce<()>>::call_once::{shim:vtable#0}
[INFO] [stdout]   20:     0x57603e27d249 - <std[70759c8f55707aa4]::sys::thread::unix::Thread>::new::thread_start
[INFO] [stdout]   21:     0x78555b436dfa - <unknown>
[INFO] [stdout]   22:     0x78555b4ca3d4 - clone
[INFO] [stdout]   23:                0x0 - <unknown>
[INFO] [stdout] 
[INFO] [stdout] ---- cmd::search::tests::golden_regex_alternation_type_invoice stdout ----
[INFO] [stdout] 
[INFO] [stdout] thread 'cmd::search::tests::golden_regex_alternation_type_invoice' (4486) panicked at src/cmd/search.rs:681:14:
[INFO] [stdout] corpus-a-canonical must exist: Os { code: 2, kind: NotFound, message: "No such file or directory" }
[INFO] [stdout] stack backtrace:
[INFO] [stdout]    0:     0x57603e27eac1 - <<std[70759c8f55707aa4]::sys::backtrace::BacktraceLock>::print::DisplayBacktrace as core[df12db4294e9bfd3]::fmt::Display>::fmt
[INFO] [stdout]    1:     0x57603e297cea - core[df12db4294e9bfd3]::fmt::write
[INFO] [stdout]    2:     0x57603e283bfc - <alloc[2182bb758b4b3781]::vec::Vec<u8> as core[df12db4294e9bfd3]::io::write::Write>::write_fmt
[INFO] [stdout]    3:     0x57603e255c46 - std[70759c8f55707aa4]::panicking::default_hook::{closure#0}
[INFO] [stdout]    4:     0x57603e274a59 - std[70759c8f55707aa4]::panicking::default_hook
[INFO] [stdout]    5:     0x57603de6c950 - test[9d35eded1c95d3be]::test_main_inner::<test[9d35eded1c95d3be]::test_main_static::{closure#0}>::{closure#0}
[INFO] [stdout]    6:     0x57603e274c12 - std[70759c8f55707aa4]::panicking::panic_with_hook
[INFO] [stdout]    7:     0x57603e255cf2 - std[70759c8f55707aa4]::panicking::panic_handler::{closure#0}
[INFO] [stdout]    8:     0x57603e24e419 - std[70759c8f55707aa4]::sys::backtrace::__rust_end_short_backtrace::<std[70759c8f55707aa4]::panicking::panic_handler::{closure#0}, !>
[INFO] [stdout]    9:     0x57603e256cbd - __rustc[8fa7c3cbc660c2b3]::rust_begin_unwind
[INFO] [stdout]   10:     0x57603e2984cc - core[df12db4294e9bfd3]::panicking::panic_fmt
[INFO] [stdout]   11:     0x57603e2982a2 - core[df12db4294e9bfd3]::result::unwrap_failed
[INFO] [stdout]   12:     0x57603de566dc - dbmd[88f961af866e58fd]::cmd::search::tests::corpus_a
[INFO] [stdout]   13:     0x57603de5617d - dbmd[88f961af866e58fd]::cmd::search::tests::search_files
[INFO] [stdout]   14:     0x57603de5a68f - dbmd[88f961af866e58fd]::cmd::search::tests::golden_regex_alternation_type_invoice
[INFO] [stdout]   15:     0x57603de4bd09 - <dbmd[88f961af866e58fd]::cmd::search::tests::golden_regex_alternation_type_invoice::{closure#0} as core[df12db4294e9bfd3]::ops::function::FnOnce<()>>::call_once
[INFO] [stdout]   16:     0x57603de5fc3b - test[9d35eded1c95d3be]::__rust_begin_short_backtrace::<core[df12db4294e9bfd3]::result::Result<(), alloc[2182bb758b4b3781]::string::String>, fn() -> core[df12db4294e9bfd3]::result::Result<(), alloc[2182bb758b4b3781]::string::String>>
[INFO] [stdout]   17:     0x57603de6d2a5 - test[9d35eded1c95d3be]::run_test::{closure#0}
[INFO] [stdout]   18:     0x57603de66b64 - std[70759c8f55707aa4]::sys::backtrace::__rust_begin_short_backtrace::<test[9d35eded1c95d3be]::run_test::{closure#1}, ()>
[INFO] [stdout]   19:     0x57603de70402 - <std[70759c8f55707aa4]::thread::lifecycle::spawn_unchecked<test[9d35eded1c95d3be]::run_test::{closure#1}, ()>::{closure#1} as core[df12db4294e9bfd3]::ops::function::FnOnce<()>>::call_once::{shim:vtable#0}
[INFO] [stdout]   20:     0x57603e27d249 - <std[70759c8f55707aa4]::sys::thread::unix::Thread>::new::thread_start
[INFO] [stdout]   21:     0x78555b436dfa - <unknown>
[INFO] [stdout]   22:     0x78555b4ca3d4 - clone
[INFO] [stdout]   23:                0x0 - <unknown>
[INFO] [stdout] 
[INFO] [stdout] ---- cmd::search::tests::invalid_where_clause_is_reported stdout ----
[INFO] [stdout] 
[INFO] [stdout] thread 'cmd::search::tests::invalid_where_clause_is_reported' (4496) panicked at src/cmd/search.rs:681:14:
[INFO] [stdout] corpus-a-canonical must exist: Os { code: 2, kind: NotFound, message: "No such file or directory" }
[INFO] [stdout] stack backtrace:
[INFO] [stdout]    0:     0x57603e27eac1 - <<std[70759c8f55707aa4]::sys::backtrace::BacktraceLock>::print::DisplayBacktrace as core[df12db4294e9bfd3]::fmt::Display>::fmt
[INFO] [stdout]    1:     0x57603e297cea - core[df12db4294e9bfd3]::fmt::write
[INFO] [stdout]    2:     0x57603e283bfc - <alloc[2182bb758b4b3781]::vec::Vec<u8> as core[df12db4294e9bfd3]::io::write::Write>::write_fmt
[INFO] [stdout]    3:     0x57603e255c46 - std[70759c8f55707aa4]::panicking::default_hook::{closure#0}
[INFO] [stdout]    4:     0x57603e274a59 - std[70759c8f55707aa4]::panicking::default_hook
[INFO] [stdout]    5:     0x57603de6c950 - test[9d35eded1c95d3be]::test_main_inner::<test[9d35eded1c95d3be]::test_main_static::{closure#0}>::{closure#0}
[INFO] [stdout]    6:     0x57603e274c12 - std[70759c8f55707aa4]::panicking::panic_with_hook
[INFO] [stdout]    7:     0x57603e255cf2 - std[70759c8f55707aa4]::panicking::panic_handler::{closure#0}
[INFO] [stdout]    8:     0x57603e24e419 - std[70759c8f55707aa4]::sys::backtrace::__rust_end_short_backtrace::<std[70759c8f55707aa4]::panicking::panic_handler::{closure#0}, !>
[INFO] [stdout]    9:     0x57603e256cbd - __rustc[8fa7c3cbc660c2b3]::rust_begin_unwind
[INFO] [stdout]   10:     0x57603e2984cc - core[df12db4294e9bfd3]::panicking::panic_fmt
[INFO] [stdout]   11:     0x57603e2982a2 - core[df12db4294e9bfd3]::result::unwrap_failed
[INFO] [stdout]   12:     0x57603de566dc - dbmd[88f961af866e58fd]::cmd::search::tests::corpus_a
[INFO] [stdout]   13:     0x57603de59397 - dbmd[88f961af866e58fd]::cmd::search::tests::invalid_where_clause_is_reported
[INFO] [stdout]   14:     0x57603de4bc49 - <dbmd[88f961af866e58fd]::cmd::search::tests::invalid_where_clause_is_reported::{closure#0} as core[df12db4294e9bfd3]::ops::function::FnOnce<()>>::call_once
[INFO] [stdout]   15:     0x57603de5fc3b - test[9d35eded1c95d3be]::__rust_begin_short_backtrace::<core[df12db4294e9bfd3]::result::Result<(), alloc[2182bb758b4b3781]::string::String>, fn() -> core[df12db4294e9bfd3]::result::Result<(), alloc[2182bb758b4b3781]::string::String>>
[INFO] [stdout]   16:     0x57603de6d2a5 - test[9d35eded1c95d3be]::run_test::{closure#0}
[INFO] [stdout]   17:     0x57603de66b64 - std[70759c8f55707aa4]::sys::backtrace::__rust_begin_short_backtrace::<test[9d35eded1c95d3be]::run_test::{closure#1}, ()>
[INFO] [stdout]   18:     0x57603de70402 - <std[70759c8f55707aa4]::thread::lifecycle::spawn_unchecked<test[9d35eded1c95d3be]::run_test::{closure#1}, ()>::{closure#1} as core[df12db4294e9bfd3]::ops::function::FnOnce<()>>::call_once::{shim:vtable#0}
[INFO] [stdout]   19:     0x57603e27d249 - <std[70759c8f55707aa4]::sys::thread::unix::Thread>::new::thread_start
[INFO] [stdout]   20:     0x78555b436dfa - <unknown>
[INFO] [stdout]   21:     0x78555b4ca3d4 - clone
[INFO] [stdout]   22:                0x0 - <unknown>
[INFO] [stdout] 
[INFO] [stdout] ---- cmd::search::tests::invalid_timestamp_is_reported stdout ----
[INFO] [stdout] 
[INFO] [stdout] thread 'cmd::search::tests::invalid_timestamp_is_reported' (4495) panicked at src/cmd/search.rs:681:14:
[INFO] [stdout] corpus-a-canonical must exist: Os { code: 2, kind: NotFound, message: "No such file or directory" }
[INFO] [stdout] stack backtrace:
[INFO] [stdout]    0:     0x57603e27eac1 - <<std[70759c8f55707aa4]::sys::backtrace::BacktraceLock>::print::DisplayBacktrace as core[df12db4294e9bfd3]::fmt::Display>::fmt
[INFO] [stdout]    1:     0x57603e297cea - core[df12db4294e9bfd3]::fmt::write
[INFO] [stdout]    2:     0x57603e283bfc - <alloc[2182bb758b4b3781]::vec::Vec<u8> as core[df12db4294e9bfd3]::io::write::Write>::write_fmt
[INFO] [stdout]    3:     0x57603e255c46 - std[70759c8f55707aa4]::panicking::default_hook::{closure#0}
[INFO] [stdout]    4:     0x57603e274a59 - std[70759c8f55707aa4]::panicking::default_hook
[INFO] [stdout]    5:     0x57603de6c950 - test[9d35eded1c95d3be]::test_main_inner::<test[9d35eded1c95d3be]::test_main_static::{closure#0}>::{closure#0}
[INFO] [stdout]    6:     0x57603e274c12 - std[70759c8f55707aa4]::panicking::panic_with_hook
[INFO] [stdout]    7:     0x57603e255cf2 - std[70759c8f55707aa4]::panicking::panic_handler::{closure#0}
[INFO] [stdout]    8:     0x57603e24e419 - std[70759c8f55707aa4]::sys::backtrace::__rust_end_short_backtrace::<std[70759c8f55707aa4]::panicking::panic_handler::{closure#0}, !>
[INFO] [stdout]    9:     0x57603e256cbd - __rustc[8fa7c3cbc660c2b3]::rust_begin_unwind
[INFO] [stdout]   10:     0x57603e2984cc - core[df12db4294e9bfd3]::panicking::panic_fmt
[INFO] [stdout]   11:     0x57603e2982a2 - core[df12db4294e9bfd3]::result::unwrap_failed
[INFO] [stdout]   12:     0x57603de566dc - dbmd[88f961af866e58fd]::cmd::search::tests::corpus_a
[INFO] [stdout]   13:     0x57603de586d7 - dbmd[88f961af866e58fd]::cmd::search::tests::invalid_timestamp_is_reported
[INFO] [stdout]   14:     0x57603de4bba9 - <dbmd[88f961af866e58fd]::cmd::search::tests::invalid_timestamp_is_reported::{closure#0} as core[df12db4294e9bfd3]::ops::function::FnOnce<()>>::call_once
[INFO] [stdout]   15:     0x57603de5fc3b - test[9d35eded1c95d3be]::__rust_begin_short_backtrace::<core[df12db4294e9bfd3]::result::Result<(), alloc[2182bb758b4b3781]::string::String>, fn() -> core[df12db4294e9bfd3]::result::Result<(), alloc[2182bb758b4b3781]::string::String>>
[INFO] [stdout]   16:     0x57603de6d2a5 - test[9d35eded1c95d3be]::run_test::{closure#0}
[INFO] [stdout]   17:     0x57603de66b64 - std[70759c8f55707aa4]::sys::backtrace::__rust_begin_short_backtrace::<test[9d35eded1c95d3be]::run_test::{closure#1}, ()>
[INFO] [stdout]   18:     0x57603de70402 - <std[70759c8f55707aa4]::thread::lifecycle::spawn_unchecked<test[9d35eded1c95d3be]::run_test::{closure#1}, ()>::{closure#1} as core[df12db4294e9bfd3]::ops::function::FnOnce<()>>::call_once::{shim:vtable#0}
[INFO] [stdout]   19:     0x57603e27d249 - <std[70759c8f55707aa4]::sys::thread::unix::Thread>::new::thread_start
[INFO] [stdout]   20:     0x78555b436dfa - <unknown>
[INFO] [stdout]   21:     0x78555b4ca3d4 - clone
[INFO] [stdout]   22:                0x0 - <unknown>
[INFO] [stdout] 
[INFO] [stdout] ---- cmd::search::tests::golden_type_scope_expense_single_shard_date stdout ----
[INFO] [stdout] 
[INFO] [stdout] thread 'cmd::search::tests::golden_type_scope_expense_single_shard_date' (4490) panicked at src/cmd/search.rs:681:14:
[INFO] [stdout] corpus-a-canonical must exist: Os { code: 2, kind: NotFound, message: "No such file or directory" }
[INFO] [stdout] stack backtrace:
[INFO] [stdout]    0:     0x57603e27eac1 - <<std[70759c8f55707aa4]::sys::backtrace::BacktraceLock>::print::DisplayBacktrace as core[df12db4294e9bfd3]::fmt::Display>::fmt
[INFO] [stdout]    1:     0x57603e297cea - core[df12db4294e9bfd3]::fmt::write
[INFO] [stdout]    2:     0x57603e283bfc - <alloc[2182bb758b4b3781]::vec::Vec<u8> as core[df12db4294e9bfd3]::io::write::Write>::write_fmt
[INFO] [stdout]    3:     0x57603e255c46 - std[70759c8f55707aa4]::panicking::default_hook::{closure#0}
[INFO] [stdout]    4:     0x57603e274a59 - std[70759c8f55707aa4]::panicking::default_hook
[INFO] [stdout]    5:     0x57603de6c950 - test[9d35eded1c95d3be]::test_main_inner::<test[9d35eded1c95d3be]::test_main_static::{closure#0}>::{closure#0}
[INFO] [stdout]    6:     0x57603e274c12 - std[70759c8f55707aa4]::panicking::panic_with_hook
[INFO] [stdout]    7:     0x57603e255cf2 - std[70759c8f55707aa4]::panicking::panic_handler::{closure#0}
[INFO] [stdout]    8:     0x57603e24e419 - std[70759c8f55707aa4]::sys::backtrace::__rust_end_short_backtrace::<std[70759c8f55707aa4]::panicking::panic_handler::{closure#0}, !>
[INFO] [stdout]    9:     0x57603e256cbd - __rustc[8fa7c3cbc660c2b3]::rust_begin_unwind
[INFO] [stdout]   10:     0x57603e2984cc - core[df12db4294e9bfd3]::panicking::panic_fmt
[INFO] [stdout]   11:     0x57603e2982a2 - core[df12db4294e9bfd3]::result::unwrap_failed
[INFO] [stderr] error: test failed, to rerun pass `--bin dbmd`
[INFO] [stdout]   12:     0x57603de566dc - dbmd[88f961af866e58fd]::cmd::search::tests::corpus_a
[INFO] [stdout]   13:     0x57603de5617d - dbmd[88f961af866e58fd]::cmd::search::tests::search_files
[INFO] [stdout]   14:     0x57603de5c68f - dbmd[88f961af866e58fd]::cmd::search::tests::golden_type_scope_expense_single_shard_date
[INFO] [stdout]   15:     0x57603de4bea9 - <dbmd[88f961af866e58fd]::cmd::search::tests::golden_type_scope_expense_single_shard_date::{closure#0} as core[df12db4294e9bfd3]::ops::function::FnOnce<()>>::call_once
[INFO] [stdout]   16:     0x57603de5fc3b - test[9d35eded1c95d3be]::__rust_begin_short_backtrace::<core[df12db4294e9bfd3]::result::Result<(), alloc[2182bb758b4b3781]::string::String>, fn() -> core[df12db4294e9bfd3]::result::Result<(), alloc[2182bb758b4b3781]::string::String>>
[INFO] [stdout]   17:     0x57603de6d2a5 - test[9d35eded1c95d3be]::run_test::{closure#0}
[INFO] [stdout]   18:     0x57603de66b64 - std[70759c8f55707aa4]::sys::backtrace::__rust_begin_short_backtrace::<test[9d35eded1c95d3be]::run_test::{closure#1}, ()>
[INFO] [stdout]   19:     0x57603de70402 - <std[70759c8f55707aa4]::thread::lifecycle::spawn_unchecked<test[9d35eded1c95d3be]::run_test::{closure#1}, ()>::{closure#1} as core[df12db4294e9bfd3]::ops::function::FnOnce<()>>::call_once::{shim:vtable#0}
[INFO] [stdout]   20:     0x57603e27d249 - <std[70759c8f55707aa4]::sys::thread::unix::Thread>::new::thread_start
[INFO] [stdout]   21:     0x78555b436dfa - <unknown>
[INFO] [stdout]   22:     0x78555b4ca3d4 - clone
[INFO] [stdout]   23:                0x0 - <unknown>
[INFO] [stdout] 
[INFO] [stdout] ---- cmd::search::tests::invalid_query_regex_is_reported stdout ----
[INFO] [stdout] 
[INFO] [stdout] thread 'cmd::search::tests::invalid_query_regex_is_reported' (4494) panicked at src/cmd/search.rs:681:14:
[INFO] [stdout] corpus-a-canonical must exist: Os { code: 2, kind: NotFound, message: "No such file or directory" }
[INFO] [stdout] stack backtrace:
[INFO] [stdout]    0:     0x57603e27eac1 - <<std[70759c8f55707aa4]::sys::backtrace::BacktraceLock>::print::DisplayBacktrace as core[df12db4294e9bfd3]::fmt::Display>::fmt
[INFO] [stdout]    1:     0x57603e297cea - core[df12db4294e9bfd3]::fmt::write
[INFO] [stdout]    2:     0x57603e283bfc - <alloc[2182bb758b4b3781]::vec::Vec<u8> as core[df12db4294e9bfd3]::io::write::Write>::write_fmt
[INFO] [stdout]    3:     0x57603e255c46 - std[70759c8f55707aa4]::panicking::default_hook::{closure#0}
[INFO] [stdout]    4:     0x57603e274a59 - std[70759c8f55707aa4]::panicking::default_hook
[INFO] [stdout]    5:     0x57603de6c950 - test[9d35eded1c95d3be]::test_main_inner::<test[9d35eded1c95d3be]::test_main_static::{closure#0}>::{closure#0}
[INFO] [stdout]    6:     0x57603e274c12 - std[70759c8f55707aa4]::panicking::panic_with_hook
[INFO] [stdout]    7:     0x57603e255cf2 - std[70759c8f55707aa4]::panicking::panic_handler::{closure#0}
[INFO] [stdout]    8:     0x57603e24e419 - std[70759c8f55707aa4]::sys::backtrace::__rust_end_short_backtrace::<std[70759c8f55707aa4]::panicking::panic_handler::{closure#0}, !>
[INFO] [stdout]    9:     0x57603e256cbd - __rustc[8fa7c3cbc660c2b3]::rust_begin_unwind
[INFO] [stdout]   10:     0x57603e2984cc - core[df12db4294e9bfd3]::panicking::panic_fmt
[INFO] [stdout]   11:     0x57603e2982a2 - core[df12db4294e9bfd3]::result::unwrap_failed
[INFO] [stdout]   12:     0x57603de566dc - dbmd[88f961af866e58fd]::cmd::search::tests::corpus_a
[INFO] [stdout]   13:     0x57603de59094 - dbmd[88f961af866e58fd]::cmd::search::tests::invalid_query_regex_is_reported
[INFO] [stdout]   14:     0x57603de4bc29 - <dbmd[88f961af866e58fd]::cmd::search::tests::invalid_query_regex_is_reported::{closure#0} as core[df12db4294e9bfd3]::ops::function::FnOnce<()>>::call_once
[INFO] [stdout]   15:     0x57603de5fc3b - test[9d35eded1c95d3be]::__rust_begin_short_backtrace::<core[df12db4294e9bfd3]::result::Result<(), alloc[2182bb758b4b3781]::string::String>, fn() -> core[df12db4294e9bfd3]::result::Result<(), alloc[2182bb758b4b3781]::string::String>>
[INFO] [stdout]   16:     0x57603de6d2a5 - test[9d35eded1c95d3be]::run_test::{closure#0}
[INFO] [stdout]   17:     0x57603de66b64 - std[70759c8f55707aa4]::sys::backtrace::__rust_begin_short_backtrace::<test[9d35eded1c95d3be]::run_test::{closure#1}, ()>
[INFO] [stdout]   18:     0x57603de70402 - <std[70759c8f55707aa4]::thread::lifecycle::spawn_unchecked<test[9d35eded1c95d3be]::run_test::{closure#1}, ()>::{closure#1} as core[df12db4294e9bfd3]::ops::function::FnOnce<()>>::call_once::{shim:vtable#0}
[INFO] [stdout]   19:     0x57603e27d249 - <std[70759c8f55707aa4]::sys::thread::unix::Thread>::new::thread_start
[INFO] [stdout]   20:     0x78555b436dfa - <unknown>
[INFO] [stdout]   21:     0x78555b4ca3d4 - clone
[INFO] [stdout]   22:                0x0 - <unknown>
[INFO] [stdout] 
[INFO] [stdout] ---- cmd::search::tests::invalid_layer_is_an_error_with_code stdout ----
[INFO] [stdout] 
[INFO] [stdout] thread 'cmd::search::tests::invalid_layer_is_an_error_with_code' (4493) panicked at src/cmd/search.rs:681:14:
[INFO] [stdout] corpus-a-canonical must exist: Os { code: 2, kind: NotFound, message: "No such file or directory" }
[INFO] [stdout] stack backtrace:
[INFO] [stdout]    0:     0x57603e27eac1 - <<std[70759c8f55707aa4]::sys::backtrace::BacktraceLock>::print::DisplayBacktrace as core[df12db4294e9bfd3]::fmt::Display>::fmt
[INFO] [stdout]    1:     0x57603e297cea - core[df12db4294e9bfd3]::fmt::write
[INFO] [stdout]    2:     0x57603e283bfc - <alloc[2182bb758b4b3781]::vec::Vec<u8> as core[df12db4294e9bfd3]::io::write::Write>::write_fmt
[INFO] [stdout]    3:     0x57603e255c46 - std[70759c8f55707aa4]::panicking::default_hook::{closure#0}
[INFO] [stdout]    4:     0x57603e274a59 - std[70759c8f55707aa4]::panicking::default_hook
[INFO] [stdout]    5:     0x57603de6c950 - test[9d35eded1c95d3be]::test_main_inner::<test[9d35eded1c95d3be]::test_main_static::{closure#0}>::{closure#0}
[INFO] [stdout]    6:     0x57603e274c12 - std[70759c8f55707aa4]::panicking::panic_with_hook
[INFO] [stdout]    7:     0x57603e255cf2 - std[70759c8f55707aa4]::panicking::panic_handler::{closure#0}
[INFO] [stdout]    8:     0x57603e24e419 - std[70759c8f55707aa4]::sys::backtrace::__rust_end_short_backtrace::<std[70759c8f55707aa4]::panicking::panic_handler::{closure#0}, !>
[INFO] [stdout]    9:     0x57603e256cbd - __rustc[8fa7c3cbc660c2b3]::rust_begin_unwind
[INFO] [stdout]   10:     0x57603e2984cc - core[df12db4294e9bfd3]::panicking::panic_fmt
[INFO] [stdout]   11:     0x57603e2982a2 - core[df12db4294e9bfd3]::result::unwrap_failed
[INFO] [stdout]   12:     0x57603de566dc - dbmd[88f961af866e58fd]::cmd::search::tests::corpus_a
[INFO] [stdout]   13:     0x57603de5a0b7 - dbmd[88f961af866e58fd]::cmd::search::tests::invalid_layer_is_an_error_with_code
[INFO] [stdout]   14:     0x57603de4bcc9 - <dbmd[88f961af866e58fd]::cmd::search::tests::invalid_layer_is_an_error_with_code::{closure#0} as core[df12db4294e9bfd3]::ops::function::FnOnce<()>>::call_once
[INFO] [stdout]   15:     0x57603de5fc3b - test[9d35eded1c95d3be]::__rust_begin_short_backtrace::<core[df12db4294e9bfd3]::result::Result<(), alloc[2182bb758b4b3781]::string::String>, fn() -> core[df12db4294e9bfd3]::result::Result<(), alloc[2182bb758b4b3781]::string::String>>
[INFO] [stdout]   16:     0x57603de6d2a5 - test[9d35eded1c95d3be]::run_test::{closure#0}
[INFO] [stdout]   17:     0x57603de66b64 - std[70759c8f55707aa4]::sys::backtrace::__rust_begin_short_backtrace::<test[9d35eded1c95d3be]::run_test::{closure#1}, ()>
[INFO] [stdout]   18:     0x57603de70402 - <std[70759c8f55707aa4]::thread::lifecycle::spawn_unchecked<test[9d35eded1c95d3be]::run_test::{closure#1}, ()>::{closure#1} as core[df12db4294e9bfd3]::ops::function::FnOnce<()>>::call_once::{shim:vtable#0}
[INFO] [stdout]   19:     0x57603e27d249 - <std[70759c8f55707aa4]::sys::thread::unix::Thread>::new::thread_start
[INFO] [stdout]   20:     0x78555b436dfa - <unknown>
[INFO] [stdout]   21:     0x78555b4ca3d4 - clone
[INFO] [stdout]   22:                0x0 - <unknown>
[INFO] [stdout] 
[INFO] [stdout] ---- cmd::search::tests::limit_caps_match_count stdout ----
[INFO] [stdout] 
[INFO] [stdout] thread 'cmd::search::tests::limit_caps_match_count' (4498) panicked at src/cmd/search.rs:681:14:
[INFO] [stdout] corpus-a-canonical must exist: Os { code: 2, kind: NotFound, message: "No such file or directory" }
[INFO] [stdout] stack backtrace:
[INFO] [stdout]    0:     0x57603e27eac1 - <<std[70759c8f55707aa4]::sys::backtrace::BacktraceLock>::print::DisplayBacktrace as core[df12db4294e9bfd3]::fmt::Display>::fmt
[INFO] [stdout]    1:     0x57603e297cea - core[df12db4294e9bfd3]::fmt::write
[INFO] [stdout]    2:     0x57603e283bfc - <alloc[2182bb758b4b3781]::vec::Vec<u8> as core[df12db4294e9bfd3]::io::write::Write>::write_fmt
[INFO] [stdout]    3:     0x57603e255c46 - std[70759c8f55707aa4]::panicking::default_hook::{closure#0}
[INFO] [stdout]    4:     0x57603e274a59 - std[70759c8f55707aa4]::panicking::default_hook
[INFO] [stdout]    5:     0x57603de6c950 - test[9d35eded1c95d3be]::test_main_inner::<test[9d35eded1c95d3be]::test_main_static::{closure#0}>::{closure#0}
[INFO] [stdout]    6:     0x57603e274c12 - std[70759c8f55707aa4]::panicking::panic_with_hook
[INFO] [stdout]    7:     0x57603e255cf2 - std[70759c8f55707aa4]::panicking::panic_handler::{closure#0}
[INFO] [stdout]    8:     0x57603e24e419 - std[70759c8f55707aa4]::sys::backtrace::__rust_end_short_backtrace::<std[70759c8f55707aa4]::panicking::panic_handler::{closure#0}, !>
[INFO] [stdout]    9:     0x57603e256cbd - __rustc[8fa7c3cbc660c2b3]::rust_begin_unwind
[INFO] [stdout]   10:     0x57603e2984cc - core[df12db4294e9bfd3]::panicking::panic_fmt
[INFO] [stdout]   11:     0x57603e2982a2 - core[df12db4294e9bfd3]::result::unwrap_failed
[INFO] [stdout]   12:     0x57603de566dc - dbmd[88f961af866e58fd]::cmd::search::tests::corpus_a
[INFO] [stdout]   13:     0x57603de56737 - dbmd[88f961af866e58fd]::cmd::search::tests::limit_caps_match_count
[INFO] [stdout]   14:     0x57603de4baa9 - <dbmd[88f961af866e58fd]::cmd::search::tests::limit_caps_match_count::{closure#0} as core[df12db4294e9bfd3]::ops::function::FnOnce<()>>::call_once
[INFO] [stdout]   15:     0x57603de5fc3b - test[9d35eded1c95d3be]::__rust_begin_short_backtrace::<core[df12db4294e9bfd3]::result::Result<(), alloc[2182bb758b4b3781]::string::String>, fn() -> core[df12db4294e9bfd3]::result::Result<(), alloc[2182bb758b4b3781]::string::String>>
[INFO] [stdout]   16:     0x57603de6d2a5 - test[9d35eded1c95d3be]::run_test::{closure#0}
[INFO] [stdout]   17:     0x57603de66b64 - std[70759c8f55707aa4]::sys::backtrace::__rust_begin_short_backtrace::<test[9d35eded1c95d3be]::run_test::{closure#1}, ()>
[INFO] [stdout]   18:     0x57603de70402 - <std[70759c8f55707aa4]::thread::lifecycle::spawn_unchecked<test[9d35eded1c95d3be]::run_test::{closure#1}, ()>::{closure#1} as core[df12db4294e9bfd3]::ops::function::FnOnce<()>>::call_once::{shim:vtable#0}
[INFO] [stdout]   19:     0x57603e27d249 - <std[70759c8f55707aa4]::sys::thread::unix::Thread>::new::thread_start
[INFO] [stdout]   20:     0x78555b436dfa - <unknown>
[INFO] [stdout]   21:     0x78555b4ca3d4 - clone
[INFO] [stdout]   22:                0x0 - <unknown>
[INFO] [stdout] 
[INFO] [stdout] ---- cmd::search::tests::no_match_is_empty_success_not_error stdout ----
[INFO] [stdout] 
[INFO] [stdout] thread 'cmd::search::tests::no_match_is_empty_success_not_error' (4503) panicked at src/cmd/search.rs:681:14:
[INFO] [stdout] corpus-a-canonical must exist: Os { code: 2, kind: NotFound, message: "No such file or directory" }
[INFO] [stdout] stack backtrace:
[INFO] [stdout]    0:     0x57603e27eac1 - <<std[70759c8f55707aa4]::sys::backtrace::BacktraceLock>::print::DisplayBacktrace as core[df12db4294e9bfd3]::fmt::Display>::fmt
[INFO] [stdout]    1:     0x57603e297cea - core[df12db4294e9bfd3]::fmt::write
[INFO] [stdout]    2:     0x57603e283bfc - <alloc[2182bb758b4b3781]::vec::Vec<u8> as core[df12db4294e9bfd3]::io::write::Write>::write_fmt
[INFO] [stdout]    3:     0x57603e255c46 - std[70759c8f55707aa4]::panicking::default_hook::{closure#0}
[INFO] [stdout]    4:     0x57603e274a59 - std[70759c8f55707aa4]::panicking::default_hook
[INFO] [stdout]    5:     0x57603de6c950 - test[9d35eded1c95d3be]::test_main_inner::<test[9d35eded1c95d3be]::test_main_static::{closure#0}>::{closure#0}
[INFO] [stdout]    6:     0x57603e274c12 - std[70759c8f55707aa4]::panicking::panic_with_hook
[INFO] [stdout]    7:     0x57603e255cf2 - std[70759c8f55707aa4]::panicking::panic_handler::{closure#0}
[INFO] [stdout]    8:     0x57603e24e419 - std[70759c8f55707aa4]::sys::backtrace::__rust_end_short_backtrace::<std[70759c8f55707aa4]::panicking::panic_handler::{closure#0}, !>
[INFO] [stdout]    9:     0x57603e256cbd - __rustc[8fa7c3cbc660c2b3]::rust_begin_unwind
[INFO] [stdout]   10:     0x57603e2984cc - core[df12db4294e9bfd3]::panicking::panic_fmt
[INFO] [stdout]   11:     0x57603e2982a2 - core[df12db4294e9bfd3]::result::unwrap_failed
[INFO] [stdout]   12:     0x57603de566dc - dbmd[88f961af866e58fd]::cmd::search::tests::corpus_a
[INFO] [stdout]   13:     0x57603de5a3c5 - dbmd[88f961af866e58fd]::cmd::search::tests::no_match_is_empty_success_not_error
[INFO] [stdout]   14:     0x57603de4bce9 - <dbmd[88f961af866e58fd]::cmd::search::tests::no_match_is_empty_success_not_error::{closure#0} as core[df12db4294e9bfd3]::ops::function::FnOnce<()>>::call_once
[INFO] [stdout]   15:     0x57603de5fc3b - test[9d35eded1c95d3be]::__rust_begin_short_backtrace::<core[df12db4294e9bfd3]::result::Result<(), alloc[2182bb758b4b3781]::string::String>, fn() -> core[df12db4294e9bfd3]::result::Result<(), alloc[2182bb758b4b3781]::string::String>>
[INFO] [stdout]   16:     0x57603de6d2a5 - test[9d35eded1c95d3be]::run_test::{closure#0}
[INFO] [stdout]   17:     0x57603de66b64 - std[70759c8f55707aa4]::sys::backtrace::__rust_begin_short_backtrace::<test[9d35eded1c95d3be]::run_test::{closure#1}, ()>
[INFO] [stdout]   18:     0x57603de70402 - <std[70759c8f55707aa4]::thread::lifecycle::spawn_unchecked<test[9d35eded1c95d3be]::run_test::{closure#1}, ()>::{closure#1} as core[df12db4294e9bfd3]::ops::function::FnOnce<()>>::call_once::{shim:vtable#0}
[INFO] [stdout]   19:     0x57603e27d249 - <std[70759c8f55707aa4]::sys::thread::unix::Thread>::new::thread_start
[INFO] [stdout]   20:     0x78555b436dfa - <unknown>
[INFO] [stdout]   21:     0x78555b4ca3d4 - clone
[INFO] [stdout]   22:                0x0 - <unknown>
[INFO] [stdout] 
[INFO] [stdout] ---- cmd::search::tests::linked_from_filters_to_forward_targets stdout ----
[INFO] [stdout] 
[INFO] [stdout] thread 'cmd::search::tests::linked_from_filters_to_forward_targets' (4499) panicked at src/cmd/search.rs:681:14:
[INFO] [stdout] corpus-a-canonical must exist: Os { code: 2, kind: NotFound, message: "No such file or directory" }
[INFO] [stdout] stack backtrace:
[INFO] [stdout]    0:     0x57603e27eac1 - <<std[70759c8f55707aa4]::sys::backtrace::BacktraceLock>::print::DisplayBacktrace as core[df12db4294e9bfd3]::fmt::Display>::fmt
[INFO] [stdout]    1:     0x57603e297cea - core[df12db4294e9bfd3]::fmt::write
[INFO] [stdout]    2:     0x57603e283bfc - <alloc[2182bb758b4b3781]::vec::Vec<u8> as core[df12db4294e9bfd3]::io::write::Write>::write_fmt
[INFO] [stdout]    3:     0x57603e255c46 - std[70759c8f55707aa4]::panicking::default_hook::{closure#0}
[INFO] [stdout]    4:     0x57603e274a59 - std[70759c8f55707aa4]::panicking::default_hook
[INFO] [stdout]    5:     0x57603de6c950 - test[9d35eded1c95d3be]::test_main_inner::<test[9d35eded1c95d3be]::test_main_static::{closure#0}>::{closure#0}
[INFO] [stdout]    6:     0x57603e274c12 - std[70759c8f55707aa4]::panicking::panic_with_hook
[INFO] [stdout]    7:     0x57603e255cf2 - std[70759c8f55707aa4]::panicking::panic_handler::{closure#0}
[INFO] [stdout]    8:     0x57603e24e419 - std[70759c8f55707aa4]::sys::backtrace::__rust_end_short_backtrace::<std[70759c8f55707aa4]::panicking::panic_handler::{closure#0}, !>
[INFO] [stdout]    9:     0x57603e256cbd - __rustc[8fa7c3cbc660c2b3]::rust_begin_unwind
[INFO] [stdout]   10:     0x57603e2984cc - core[df12db4294e9bfd3]::panicking::panic_fmt
[INFO] [stdout]   11:     0x57603e2982a2 - core[df12db4294e9bfd3]::result::unwrap_failed
[INFO] [stdout]   12:     0x57603de566dc - dbmd[88f961af866e58fd]::cmd::search::tests::corpus_a
[INFO] [stdout]   13:     0x57603de5617d - dbmd[88f961af866e58fd]::cmd::search::tests::search_files
[INFO] [stdout]   14:     0x57603de5a901 - dbmd[88f961af866e58fd]::cmd::search::tests::linked_from_filters_to_forward_targets
[INFO] [stdout]   15:     0x57603de4bd29 - <dbmd[88f961af866e58fd]::cmd::search::tests::linked_from_filters_to_forward_targets::{closure#0} as core[df12db4294e9bfd3]::ops::function::FnOnce<()>>::call_once
[INFO] [stdout]   16:     0x57603de5fc3b - test[9d35eded1c95d3be]::__rust_begin_short_backtrace::<core[df12db4294e9bfd3]::result::Result<(), alloc[2182bb758b4b3781]::string::String>, fn() -> core[df12db4294e9bfd3]::result::Result<(), alloc[2182bb758b4b3781]::string::String>>
[INFO] [stdout]   17:     0x57603de6d2a5 - test[9d35eded1c95d3be]::run_test::{closure#0}
[INFO] [stdout]   18:     0x57603de66b64 - std[70759c8f55707aa4]::sys::backtrace::__rust_begin_short_backtrace::<test[9d35eded1c95d3be]::run_test::{closure#1}, ()>
[INFO] [stdout]   19:     0x57603de70402 - <std[70759c8f55707aa4]::thread::lifecycle::spawn_unchecked<test[9d35eded1c95d3be]::run_test::{closure#1}, ()>::{closure#1} as core[df12db4294e9bfd3]::ops::function::FnOnce<()>>::call_once::{shim:vtable#0}
[INFO] [stdout]   20:     0x57603e27d249 - <std[70759c8f55707aa4]::sys::thread::unix::Thread>::new::thread_start
[INFO] [stdout]   21:     0x78555b436dfa - <unknown>
[INFO] [stdout]   22:     0x78555b4ca3d4 - clone
[INFO] [stdout]   23:                0x0 - <unknown>
[INFO] [stdout] 
[INFO] [stdout] ---- cmd::search::tests::match_carries_file_line_and_text stdout ----
[INFO] [stdout] 
[INFO] [stdout] thread 'cmd::search::tests::match_carries_file_line_and_text' (4501) panicked at src/cmd/search.rs:681:14:
[INFO] [stdout] corpus-a-canonical must exist: Os { code: 2, kind: NotFound, message: "No such file or directory" }
[INFO] [stdout] stack backtrace:
[INFO] [stdout]    0:     0x57603e27eac1 - <<std[70759c8f55707aa4]::sys::backtrace::BacktraceLock>::print::DisplayBacktrace as core[df12db4294e9bfd3]::fmt::Display>::fmt
[INFO] [stdout]    1:     0x57603e297cea - core[df12db4294e9bfd3]::fmt::write
[INFO] [stdout]    2:     0x57603e283bfc - <alloc[2182bb758b4b3781]::vec::Vec<u8> as core[df12db4294e9bfd3]::io::write::Write>::write_fmt
[INFO] [stdout]    3:     0x57603e255c46 - std[70759c8f55707aa4]::panicking::default_hook::{closure#0}
[INFO] [stdout]    4:     0x57603e274a59 - std[70759c8f55707aa4]::panicking::default_hook
[INFO] [stdout]    5:     0x57603de6c950 - test[9d35eded1c95d3be]::test_main_inner::<test[9d35eded1c95d3be]::test_main_static::{closure#0}>::{closure#0}
[INFO] [stdout]    6:     0x57603e274c12 - std[70759c8f55707aa4]::panicking::panic_with_hook
[INFO] [stdout]    7:     0x57603e255cf2 - std[70759c8f55707aa4]::panicking::panic_handler::{closure#0}
[INFO] [stdout]    8:     0x57603e24e419 - std[70759c8f55707aa4]::sys::backtrace::__rust_end_short_backtrace::<std[70759c8f55707aa4]::panicking::panic_handler::{closure#0}, !>
[INFO] [stdout]    9:     0x57603e256cbd - __rustc[8fa7c3cbc660c2b3]::rust_begin_unwind
[INFO] [stdout]   10:     0x57603e2984cc - core[df12db4294e9bfd3]::panicking::panic_fmt
[INFO] [stdout]   11:     0x57603e2982a2 - core[df12db4294e9bfd3]::result::unwrap_failed
[INFO] [stdout]   12:     0x57603de566dc - dbmd[88f961af866e58fd]::cmd::search::tests::corpus_a
[INFO] [stdout]   13:     0x57603de599bb - dbmd[88f961af866e58fd]::cmd::search::tests::match_carries_file_line_and_text
[INFO] [stdout]   14:     0x57603de4bc89 - <dbmd[88f961af866e58fd]::cmd::search::tests::match_carries_file_line_and_text::{closure#0} as core[df12db4294e9bfd3]::ops::function::FnOnce<()>>::call_once
[INFO] [stdout]   15:     0x57603de5fc3b - test[9d35eded1c95d3be]::__rust_begin_short_backtrace::<core[df12db4294e9bfd3]::result::Result<(), alloc[2182bb758b4b3781]::string::String>, fn() -> core[df12db4294e9bfd3]::result::Result<(), alloc[2182bb758b4b3781]::string::String>>
[INFO] [stdout]   16:     0x57603de6d2a5 - test[9d35eded1c95d3be]::run_test::{closure#0}
[INFO] [stdout]   17:     0x57603de66b64 - std[70759c8f55707aa4]::sys::backtrace::__rust_begin_short_backtrace::<test[9d35eded1c95d3be]::run_test::{closure#1}, ()>
[INFO] [stdout]   18:     0x57603de70402 - <std[70759c8f55707aa4]::thread::lifecycle::spawn_unchecked<test[9d35eded1c95d3be]::run_test::{closure#1}, ()>::{closure#1} as core[df12db4294e9bfd3]::ops::function::FnOnce<()>>::call_once::{shim:vtable#0}
[INFO] [stdout]   19:     0x57603e27d249 - <std[70759c8f55707aa4]::sys::thread::unix::Thread>::new::thread_start
[INFO] [stdout]   20:     0x78555b436dfa - <unknown>
[INFO] [stdout]   21:     0x78555b4ca3d4 - clone
[INFO] [stdout]   22:                0x0 - <unknown>
[INFO] [stdout] 
[INFO] [stdout] ---- cmd::search::tests::not_a_store_is_rejected stdout ----
[INFO] [stdout] 
[INFO] [stdout] thread 'cmd::search::tests::not_a_store_is_rejected' (4504) panicked at src/cmd/search.rs:681:14:
[INFO] [stdout] corpus-a-canonical must exist: Os { code: 2, kind: NotFound, message: "No such file or directory" }
[INFO] [stdout] stack backtrace:
[INFO] [stdout]    0:     0x57603e27eac1 - <<std[70759c8f55707aa4]::sys::backtrace::BacktraceLock>::print::DisplayBacktrace as core[df12db4294e9bfd3]::fmt::Display>::fmt
[INFO] [stdout]    1:     0x57603e297cea - core[df12db4294e9bfd3]::fmt::write
[INFO] [stdout]    2:     0x57603e283bfc - <alloc[2182bb758b4b3781]::vec::Vec<u8> as core[df12db4294e9bfd3]::io::write::Write>::write_fmt
[INFO] [stdout]    3:     0x57603e255c46 - std[70759c8f55707aa4]::panicking::default_hook::{closure#0}
[INFO] [stdout]    4:     0x57603e274a59 - std[70759c8f55707aa4]::panicking::default_hook
[INFO] [stdout]    5:     0x57603de6c950 - test[9d35eded1c95d3be]::test_main_inner::<test[9d35eded1c95d3be]::test_main_static::{closure#0}>::{closure#0}
[INFO] [stdout]    6:     0x57603e274c12 - std[70759c8f55707aa4]::panicking::panic_with_hook
[INFO] [stdout]    7:     0x57603e255cf2 - std[70759c8f55707aa4]::panicking::panic_handler::{closure#0}
[INFO] [stdout]    8:     0x57603e24e419 - std[70759c8f55707aa4]::sys::backtrace::__rust_end_short_backtrace::<std[70759c8f55707aa4]::panicking::panic_handler::{closure#0}, !>
[INFO] [stdout]    9:     0x57603e256cbd - __rustc[8fa7c3cbc660c2b3]::rust_begin_unwind
[INFO] [stdout]   10:     0x57603e2984cc - core[df12db4294e9bfd3]::panicking::panic_fmt
[INFO] [stdout]   11:     0x57603e2982a2 - core[df12db4294e9bfd3]::result::unwrap_failed
[INFO] [stdout]   12:     0x57603de566dc - dbmd[88f961af866e58fd]::cmd::search::tests::corpus_a
[INFO] [stdout]   13:     0x57603de5647a - dbmd[88f961af866e58fd]::cmd::search::tests::args
[INFO] [stdout]   14:     0x57603de56abe - dbmd[88f961af866e58fd]::cmd::search::tests::not_a_store_is_rejected
[INFO] [stdout]   15:     0x57603de4bac9 - <dbmd[88f961af866e58fd]::cmd::search::tests::not_a_store_is_rejected::{closure#0} as core[df12db4294e9bfd3]::ops::function::FnOnce<()>>::call_once
[INFO] [stdout]   16:     0x57603de5fc3b - test[9d35eded1c95d3be]::__rust_begin_short_backtrace::<core[df12db4294e9bfd3]::result::Result<(), alloc[2182bb758b4b3781]::string::String>, fn() -> core[df12db4294e9bfd3]::result::Result<(), alloc[2182bb758b4b3781]::string::String>>
[INFO] [stdout]   17:     0x57603de6d2a5 - test[9d35eded1c95d3be]::run_test::{closure#0}
[INFO] [stdout]   18:     0x57603de66b64 - std[70759c8f55707aa4]::sys::backtrace::__rust_begin_short_backtrace::<test[9d35eded1c95d3be]::run_test::{closure#1}, ()>
[INFO] [stdout]   19:     0x57603de70402 - <std[70759c8f55707aa4]::thread::lifecycle::spawn_unchecked<test[9d35eded1c95d3be]::run_test::{closure#1}, ()>::{closure#1} as core[df12db4294e9bfd3]::ops::function::FnOnce<()>>::call_once::{shim:vtable#0}
[INFO] [stdout]   20:     0x57603e27d249 - <std[70759c8f55707aa4]::sys::thread::unix::Thread>::new::thread_start
[INFO] [stdout]   21:     0x78555b436dfa - <unknown>
[INFO] [stdout]   22:     0x78555b4ca3d4 - clone
[INFO] [stdout]   23:                0x0 - <unknown>
[INFO] [stdout] 
[INFO] [stdout] ---- cmd::search::tests::golden_type_scope_contact_all_four stdout ----
[INFO] [stdout] 
[INFO] [stdout] thread 'cmd::search::tests::golden_type_scope_contact_all_four' (4489) panicked at src/cmd/search.rs:681:14:
[INFO] [stdout] corpus-a-canonical must exist: Os { code: 2, kind: NotFound, message: "No such file or directory" }
[INFO] [stdout] stack backtrace:
[INFO] [stdout]    0:     0x57603e27eac1 - <<std[70759c8f55707aa4]::sys::backtrace::BacktraceLock>::print::DisplayBacktrace as core[df12db4294e9bfd3]::fmt::Display>::fmt
[INFO] [stdout]    1:     0x57603e297cea - core[df12db4294e9bfd3]::fmt::write
[INFO] [stdout]    2:     0x57603e283bfc - <alloc[2182bb758b4b3781]::vec::Vec<u8> as core[df12db4294e9bfd3]::io::write::Write>::write_fmt
[INFO] [stdout]    3:     0x57603e255c46 - std[70759c8f55707aa4]::panicking::default_hook::{closure#0}
[INFO] [stdout]    4:     0x57603e274a59 - std[70759c8f55707aa4]::panicking::default_hook
[INFO] [stdout]    5:     0x57603de6c950 - test[9d35eded1c95d3be]::test_main_inner::<test[9d35eded1c95d3be]::test_main_static::{closure#0}>::{closure#0}
[INFO] [stdout]    6:     0x57603e274c12 - std[70759c8f55707aa4]::panicking::panic_with_hook
[INFO] [stdout]    7:     0x57603e255cf2 - std[70759c8f55707aa4]::panicking::panic_handler::{closure#0}
[INFO] [stdout]    8:     0x57603e24e419 - std[70759c8f55707aa4]::sys::backtrace::__rust_end_short_backtrace::<std[70759c8f55707aa4]::panicking::panic_handler::{closure#0}, !>
[INFO] [stdout]    9:     0x57603e256cbd - __rustc[8fa7c3cbc660c2b3]::rust_begin_unwind
[INFO] [stdout]   10:     0x57603e2984cc - core[df12db4294e9bfd3]::panicking::panic_fmt
[INFO] [stdout]   11:     0x57603e2982a2 - core[df12db4294e9bfd3]::result::unwrap_failed
[INFO] [stdout]   12:     0x57603de566dc - dbmd[88f961af866e58fd]::cmd::search::tests::corpus_a
[INFO] [stdout]   13:     0x57603de5617d - dbmd[88f961af866e58fd]::cmd::search::tests::search_files
[INFO] [stdout]   14:     0x57603de59e8f - dbmd[88f961af866e58fd]::cmd::search::tests::golden_type_scope_contact_all_four
[INFO] [stdout]   15:     0x57603de4bca9 - <dbmd[88f961af866e58fd]::cmd::search::tests::golden_type_scope_contact_all_four::{closure#0} as core[df12db4294e9bfd3]::ops::function::FnOnce<()>>::call_once
[INFO] [stdout]   16:     0x57603de5fc3b - test[9d35eded1c95d3be]::__rust_begin_short_backtrace::<core[df12db4294e9bfd3]::result::Result<(), alloc[2182bb758b4b3781]::string::String>, fn() -> core[df12db4294e9bfd3]::result::Result<(), alloc[2182bb758b4b3781]::string::String>>
[INFO] [stdout]   17:     0x57603de6d2a5 - test[9d35eded1c95d3be]::run_test::{closure#0}
[INFO] [stdout]   18:     0x57603de66b64 - std[70759c8f55707aa4]::sys::backtrace::__rust_begin_short_backtrace::<test[9d35eded1c95d3be]::run_test::{closure#1}, ()>
[INFO] [stdout]   19:     0x57603de70402 - <std[70759c8f55707aa4]::thread::lifecycle::spawn_unchecked<test[9d35eded1c95d3be]::run_test::{closure#1}, ()>::{closure#1} as core[df12db4294e9bfd3]::ops::function::FnOnce<()>>::call_once::{shim:vtable#0}
[INFO] [stdout]   20:     0x57603e27d249 - <std[70759c8f55707aa4]::sys::thread::unix::Thread>::new::thread_start
[INFO] [stdout]   21:     0x78555b436dfa - <unknown>
[INFO] [stdout]   22:     0x78555b4ca3d4 - clone
[INFO] [stdout]   23:                0x0 - <unknown>
[INFO] [stdout] 
[INFO] [stdout] ---- cmd::search::tests::poisoned_sidecar_path_cannot_escape_store stdout ----
[INFO] [stdout] 
[INFO] [stdout] thread 'cmd::search::tests::poisoned_sidecar_path_cannot_escape_store' (4508) panicked at src/cmd/search.rs:681:14:
[INFO] [stdout] corpus-a-canonical must exist: Os { code: 2, kind: NotFound, message: "No such file or directory" }
[INFO] [stdout] stack backtrace:
[INFO] [stdout]    0:     0x57603e27eac1 - <<std[70759c8f55707aa4]::sys::backtrace::BacktraceLock>::print::DisplayBacktrace as core[df12db4294e9bfd3]::fmt::Display>::fmt
[INFO] [stdout]    1:     0x57603e297cea - core[df12db4294e9bfd3]::fmt::write
[INFO] [stdout]    2:     0x57603e283bfc - <alloc[2182bb758b4b3781]::vec::Vec<u8> as core[df12db4294e9bfd3]::io::write::Write>::write_fmt
[INFO] [stdout]    3:     0x57603e255c46 - std[70759c8f55707aa4]::panicking::default_hook::{closure#0}
[INFO] [stdout]    4:     0x57603e274a59 - std[70759c8f55707aa4]::panicking::default_hook
[INFO] [stdout]    5:     0x57603de6c950 - test[9d35eded1c95d3be]::test_main_inner::<test[9d35eded1c95d3be]::test_main_static::{closure#0}>::{closure#0}
[INFO] [stdout]    6:     0x57603e274c12 - std[70759c8f55707aa4]::panicking::panic_with_hook
[INFO] [stdout]    7:     0x57603e255cf2 - std[70759c8f55707aa4]::panicking::panic_handler::{closure#0}
[INFO] [stdout]    8:     0x57603e24e419 - std[70759c8f55707aa4]::sys::backtrace::__rust_end_short_backtrace::<std[70759c8f55707aa4]::panicking::panic_handler::{closure#0}, !>
[INFO] [stdout]    9:     0x57603e256cbd - __rustc[8fa7c3cbc660c2b3]::rust_begin_unwind
[INFO] [stdout]   10:     0x57603e2984cc - core[df12db4294e9bfd3]::panicking::panic_fmt
[INFO] [stdout]   11:     0x57603e2982a2 - core[df12db4294e9bfd3]::result::unwrap_failed
[INFO] [stdout]   12:     0x57603de566dc - dbmd[88f961af866e58fd]::cmd::search::tests::corpus_a
[INFO] [stdout]   13:     0x57603de5647a - dbmd[88f961af866e58fd]::cmd::search::tests::args
[INFO] [stdout]   14:     0x57603de5b781 - dbmd[88f961af866e58fd]::cmd::search::tests::poisoned_sidecar_path_cannot_escape_store
[INFO] [stdout]   15:     0x57603de4be49 - <dbmd[88f961af866e58fd]::cmd::search::tests::poisoned_sidecar_path_cannot_escape_store::{closure#0} as core[df12db4294e9bfd3]::ops::function::FnOnce<()>>::call_once
[INFO] [stdout]   16:     0x57603de5fc3b - test[9d35eded1c95d3be]::__rust_begin_short_backtrace::<core[df12db4294e9bfd3]::result::Result<(), alloc[2182bb758b4b3781]::string::String>, fn() -> core[df12db4294e9bfd3]::result::Result<(), alloc[2182bb758b4b3781]::string::String>>
[INFO] [stdout]   17:     0x57603de6d2a5 - test[9d35eded1c95d3be]::run_test::{closure#0}
[INFO] [stdout]   18:     0x57603de66b64 - std[70759c8f55707aa4]::sys::backtrace::__rust_begin_short_backtrace::<test[9d35eded1c95d3be]::run_test::{closure#1}, ()>
[INFO] [stdout]   19:     0x57603de70402 - <std[70759c8f55707aa4]::thread::lifecycle::spawn_unchecked<test[9d35eded1c95d3be]::run_test::{closure#1}, ()>::{closure#1} as core[df12db4294e9bfd3]::ops::function::FnOnce<()>>::call_once::{shim:vtable#0}
[INFO] [stdout]   20:     0x57603e27d249 - <std[70759c8f55707aa4]::sys::thread::unix::Thread>::new::thread_start
[INFO] [stdout]   21:     0x78555b436dfa - <unknown>
[INFO] [stdout]   22:     0x78555b4ca3d4 - clone
[INFO] [stdout]   23:                0x0 - <unknown>
[INFO] [stdout] 
[INFO] [stdout] ---- cmd::search::tests::linked_to_filters_to_backlinkers stdout ----
[INFO] [stdout] 
[INFO] [stdout] thread 'cmd::search::tests::linked_to_filters_to_backlinkers' (4500) panicked at src/cmd/search.rs:681:14:
[INFO] [stdout] corpus-a-canonical must exist: Os { code: 2, kind: NotFound, message: "No such file or directory" }
[INFO] [stdout] stack backtrace:
[INFO] [stdout]    0:     0x57603e27eac1 - <<std[70759c8f55707aa4]::sys::backtrace::BacktraceLock>::print::DisplayBacktrace as core[df12db4294e9bfd3]::fmt::Display>::fmt
[INFO] [stdout]    1:     0x57603e297cea - core[df12db4294e9bfd3]::fmt::write
[INFO] [stdout]    2:     0x57603e283bfc - <alloc[2182bb758b4b3781]::vec::Vec<u8> as core[df12db4294e9bfd3]::io::write::Write>::write_fmt
[INFO] [stdout]    3:     0x57603e255c46 - std[70759c8f55707aa4]::panicking::default_hook::{closure#0}
[INFO] [stdout]    4:     0x57603e274a59 - std[70759c8f55707aa4]::panicking::default_hook
[INFO] [stdout]    5:     0x57603de6c950 - test[9d35eded1c95d3be]::test_main_inner::<test[9d35eded1c95d3be]::test_main_static::{closure#0}>::{closure#0}
[INFO] [stdout]    6:     0x57603e274c12 - std[70759c8f55707aa4]::panicking::panic_with_hook
[INFO] [stdout]    7:     0x57603e255cf2 - std[70759c8f55707aa4]::panicking::panic_handler::{closure#0}
[INFO] [stdout]    8:     0x57603e24e419 - std[70759c8f55707aa4]::sys::backtrace::__rust_end_short_backtrace::<std[70759c8f55707aa4]::panicking::panic_handler::{closure#0}, !>
[INFO] [stdout]    9:     0x57603e256cbd - __rustc[8fa7c3cbc660c2b3]::rust_begin_unwind
[INFO] [stdout]   10:     0x57603e2984cc - core[df12db4294e9bfd3]::panicking::panic_fmt
[INFO] [stdout]   11:     0x57603e2982a2 - core[df12db4294e9bfd3]::result::unwrap_failed
[INFO] [stdout]   12:     0x57603de566dc - dbmd[88f961af866e58fd]::cmd::search::tests::corpus_a
[INFO] [stdout]   13:     0x57603de5617d - dbmd[88f961af866e58fd]::cmd::search::tests::search_files
[INFO] [stdout]   14:     0x57603de596c4 - dbmd[88f961af866e58fd]::cmd::search::tests::linked_to_filters_to_backlinkers
[INFO] [stdout]   15:     0x57603de4bc69 - <dbmd[88f961af866e58fd]::cmd::search::tests::linked_to_filters_to_backlinkers::{closure#0} as core[df12db4294e9bfd3]::ops::function::FnOnce<()>>::call_once
[INFO] [stdout]   16:     0x57603de5fc3b - test[9d35eded1c95d3be]::__rust_begin_short_backtrace::<core[df12db4294e9bfd3]::result::Result<(), alloc[2182bb758b4b3781]::string::String>, fn() -> core[df12db4294e9bfd3]::result::Result<(), alloc[2182bb758b4b3781]::string::String>>
[INFO] [stdout]   17:     0x57603de6d2a5 - test[9d35eded1c95d3be]::run_test::{closure#0}
[INFO] [stdout]   18:     0x57603de66b64 - std[70759c8f55707aa4]::sys::backtrace::__rust_begin_short_backtrace::<test[9d35eded1c95d3be]::run_test::{closure#1}, ()>
[INFO] [stdout]   19:     0x57603de70402 - <std[70759c8f55707aa4]::thread::lifecycle::spawn_unchecked<test[9d35eded1c95d3be]::run_test::{closure#1}, ()>::{closure#1} as core[df12db4294e9bfd3]::ops::function::FnOnce<()>>::call_once::{shim:vtable#0}
[INFO] [stdout]   20:     0x57603e27d249 - <std[70759c8f55707aa4]::sys::thread::unix::Thread>::new::thread_start
[INFO] [stdout]   21:     0x78555b436dfa - <unknown>
[INFO] [stdout]   22:     0x78555b4ca3d4 - clone
[INFO] [stdout]   23:                0x0 - <unknown>
[INFO] [stdout] 
[INFO] [stdout] ---- cmd::search::tests::meta_files_are_never_matched stdout ----
[INFO] [stdout] 
[INFO] [stdout] thread 'cmd::search::tests::meta_files_are_never_matched' (4502) panicked at src/cmd/search.rs:681:14:
[INFO] [stdout] corpus-a-canonical must exist: Os { code: 2, kind: NotFound, message: "No such file or directory" }
[INFO] [stdout] stack backtrace:
[INFO] [stdout]    0:     0x57603e27eac1 - <<std[70759c8f55707aa4]::sys::backtrace::BacktraceLock>::print::DisplayBacktrace as core[df12db4294e9bfd3]::fmt::Display>::fmt
[INFO] [stdout]    1:     0x57603e297cea - core[df12db4294e9bfd3]::fmt::write
[INFO] [stdout]    2:     0x57603e283bfc - <alloc[2182bb758b4b3781]::vec::Vec<u8> as core[df12db4294e9bfd3]::io::write::Write>::write_fmt
[INFO] [stdout]    3:     0x57603e255c46 - std[70759c8f55707aa4]::panicking::default_hook::{closure#0}
[INFO] [stdout]    4:     0x57603e274a59 - std[70759c8f55707aa4]::panicking::default_hook
[INFO] [stdout]    5:     0x57603de6c950 - test[9d35eded1c95d3be]::test_main_inner::<test[9d35eded1c95d3be]::test_main_static::{closure#0}>::{closure#0}
[INFO] [stdout]    6:     0x57603e274c12 - std[70759c8f55707aa4]::panicking::panic_with_hook
[INFO] [stdout]    7:     0x57603e255cf2 - std[70759c8f55707aa4]::panicking::panic_handler::{closure#0}
[INFO] [stdout]    8:     0x57603e24e419 - std[70759c8f55707aa4]::sys::backtrace::__rust_end_short_backtrace::<std[70759c8f55707aa4]::panicking::panic_handler::{closure#0}, !>
[INFO] [stdout]    9:     0x57603e256cbd - __rustc[8fa7c3cbc660c2b3]::rust_begin_unwind
[INFO] [stdout]   10:     0x57603e2984cc - core[df12db4294e9bfd3]::panicking::panic_fmt
[INFO] [stdout]   11:     0x57603e2982a2 - core[df12db4294e9bfd3]::result::unwrap_failed
[INFO] [stdout]   12:     0x57603de566dc - dbmd[88f961af866e58fd]::cmd::search::tests::corpus_a
[INFO] [stdout]   13:     0x57603de5617d - dbmd[88f961af866e58fd]::cmd::search::tests::search_files
[INFO] [stdout]   14:     0x57603de57933 - dbmd[88f961af866e58fd]::cmd::search::tests::meta_files_are_never_matched
[INFO] [stdout]   15:     0x57603de4bb49 - <dbmd[88f961af866e58fd]::cmd::search::tests::meta_files_are_never_matched::{closure#0} as core[df12db4294e9bfd3]::ops::function::FnOnce<()>>::call_once
[INFO] [stdout]   16:     0x57603de5fc3b - test[9d35eded1c95d3be]::__rust_begin_short_backtrace::<core[df12db4294e9bfd3]::result::Result<(), alloc[2182bb758b4b3781]::string::String>, fn() -> core[df12db4294e9bfd3]::result::Result<(), alloc[2182bb758b4b3781]::string::String>>
[INFO] [stdout]   17:     0x57603de6d2a5 - test[9d35eded1c95d3be]::run_test::{closure#0}
[INFO] [stdout]   18:     0x57603de66b64 - std[70759c8f55707aa4]::sys::backtrace::__rust_begin_short_backtrace::<test[9d35eded1c95d3be]::run_test::{closure#1}, ()>
[INFO] [stdout]   19:     0x57603de70402 - <std[70759c8f55707aa4]::thread::lifecycle::spawn_unchecked<test[9d35eded1c95d3be]::run_test::{closure#1}, ()>::{closure#1} as core[df12db4294e9bfd3]::ops::function::FnOnce<()>>::call_once::{shim:vtable#0}
[INFO] [stdout]   20:     0x57603e27d249 - <std[70759c8f55707aa4]::sys::thread::unix::Thread>::new::thread_start
[INFO] [stdout]   21:     0x78555b436dfa - <unknown>
[INFO] [stdout]   22:     0x78555b4ca3d4 - clone
[INFO] [stdout]   23:                0x0 - <unknown>
[INFO] [stdout] 
[INFO] [stdout] 
[INFO] [stdout] failures:
[INFO] [stdout]     cmd::search::tests::frontmatter_block_is_searched_not_just_body
[INFO] [stdout]     cmd::search::tests::golden_case_sensitive_default
[INFO] [stdout]     cmd::search::tests::golden_distinctive_phrase_single_source
[INFO] [stdout]     cmd::search::tests::golden_layer_scope_conclusions
[INFO] [stdout]     cmd::search::tests::golden_plain_phrase_no_filter
[INFO] [stdout]     cmd::search::tests::golden_regex_alternation_type_invoice
[INFO] [stdout]     cmd::search::tests::golden_type_plus_updated_after
[INFO] [stdout]     cmd::search::tests::golden_type_scope_company_excludes_other_layers
[INFO] [stdout]     cmd::search::tests::golden_type_scope_contact_all_four
[INFO] [stdout]     cmd::search::tests::golden_type_scope_expense_single_shard_date
[INFO] [stdout]     cmd::search::tests::golden_type_scope_meeting
[INFO] [stdout]     cmd::search::tests::invalid_layer_is_an_error_with_code
[INFO] [stdout]     cmd::search::tests::invalid_query_regex_is_reported
[INFO] [stdout]     cmd::search::tests::invalid_timestamp_is_reported
[INFO] [stdout]     cmd::search::tests::invalid_where_clause_is_reported
[INFO] [stdout]     cmd::search::tests::limit_caps_match_count
[INFO] [stdout]     cmd::search::tests::linked_from_filters_to_forward_targets
[INFO] [stdout]     cmd::search::tests::linked_to_filters_to_backlinkers
[INFO] [stdout]     cmd::search::tests::match_carries_file_line_and_text
[INFO] [stdout]     cmd::search::tests::meta_files_are_never_matched
[INFO] [stdout]     cmd::search::tests::no_match_is_empty_success_not_error
[INFO] [stdout]     cmd::search::tests::not_a_store_is_rejected
[INFO] [stdout]     cmd::search::tests::poisoned_sidecar_path_cannot_escape_store
[INFO] [stdout] 
[INFO] [stdout] test result: FAILED. 91 passed; 23 failed; 0 ignored; 0 measured; 0 filtered out; finished in 0.48s
[INFO] [stdout] 
[INFO] running `Command { std: "docker" "inspect" "03e022226495807154cae96f6ba289fefa02baf76b4b990ba9c3738517defbc6", kill_on_drop: false }`
[INFO] running `Command { std: "docker" "rm" "-f" "03e022226495807154cae96f6ba289fefa02baf76b4b990ba9c3738517defbc6", kill_on_drop: false }`
[INFO] [stdout] 03e022226495807154cae96f6ba289fefa02baf76b4b990ba9c3738517defbc6
