[INFO] fetching crate dbinspect-bridge 0.1.0...
[INFO] testing dbinspect-bridge-0.1.0 against 1.100.0-beta.1+cargoflags=--release for beta-release-1.100-2
[INFO] extracting crate dbinspect-bridge 0.1.0 into /workspace/builds/worker-7-tc2/source
[INFO] started tweaking crates.io crate dbinspect-bridge 0.1.0
[INFO] removed 0 missing examples
[INFO] removed 0 missing tests
[INFO] finished tweaking crates.io crate dbinspect-bridge 0.1.0
[INFO] tweaked toml for crates.io crate dbinspect-bridge 0.1.0 written to /workspace/builds/worker-7-tc2/source/Cargo.toml
[INFO] validating manifest of crates.io crate dbinspect-bridge 0.1.0 on toolchain 1.100.0-beta.1
[INFO] running `Command { std: CARGO_HOME="/workspace/cargo-home" RUSTUP_HOME="/workspace/rustup-home" "/workspace/cargo-home/bin/cargo" "+1.100.0-beta.1" "metadata" "--manifest-path" "Cargo.toml" "--no-deps", kill_on_drop: false }`
[INFO] crate crates.io crate dbinspect-bridge 0.1.0 already has a lockfile, it will not be regenerated
[INFO] running `Command { std: CARGO_HOME="/workspace/cargo-home" RUSTUP_HOME="/workspace/rustup-home" "/workspace/cargo-home/bin/cargo" "+1.100.0-beta.1" "fetch" "--manifest-path" "Cargo.toml", kill_on_drop: false }`
[INFO] running `Command { std: "docker" "create" "-v" "/var/lib/crater-agent-workspace/builds/worker-7-tc2/source:/opt/rustwide/workdir:ro,Z" "-v" "/var/lib/crater-agent-workspace/builds/worker-7-tc2/target:/opt/rustwide/target:rw,Z" "-v" "/var/lib/crater-agent-workspace/cargo-home:/opt/rustwide/cargo-home:ro,Z" "-v" "/var/lib/crater-agent-workspace/rustup-home:/opt/rustwide/rustup-home:ro,Z" "-m" "1610612736" "--network" "none" "ghcr.io/rust-lang/crates-build-env/linux@sha256:77db811e55d90add9212f6832c23229e3de5f1c1f9905e8cb07319ea15df73ac" "sleep" "infinity", kill_on_drop: false }`
[INFO] [stdout] 41bce3c898107053e7d0ceea59ed2ff8d4449a2129628911d6c33fff18deeae2
[INFO] running `Command { std: "docker" "start" "41bce3c898107053e7d0ceea59ed2ff8d4449a2129628911d6c33fff18deeae2", kill_on_drop: false }`
[INFO] running `Command { std: "docker" "inspect" "41bce3c898107053e7d0ceea59ed2ff8d4449a2129628911d6c33fff18deeae2", kill_on_drop: false }`
[INFO] running `Command { std: "docker" "exec" "-e" "SOURCE_DIR=/opt/rustwide/workdir" "-e" "CARGO_HOME=/opt/rustwide/cargo-home" "-e" "RUSTUP_HOME=/opt/rustwide/rustup-home" "-e" "CARGO_TARGET_DIR=/opt/rustwide/target" "-w" "/opt/rustwide/workdir" "--user" "0:0" "41bce3c898107053e7d0ceea59ed2ff8d4449a2129628911d6c33fff18deeae2" "/opt/rustwide/cargo-home/bin/cargo" "+1.100.0-beta.1" "metadata" "--no-deps" "--format-version=1", kill_on_drop: false }`
[INFO] running `Command { std: "docker" "inspect" "41bce3c898107053e7d0ceea59ed2ff8d4449a2129628911d6c33fff18deeae2", kill_on_drop: false }`
[INFO] running `Command { std: "docker" "exec" "-e" "SOURCE_DIR=/opt/rustwide/workdir" "-e" "CARGO_HOME=/opt/rustwide/cargo-home" "-e" "RUSTUP_HOME=/opt/rustwide/rustup-home" "-e" "CARGO_TARGET_DIR=/opt/rustwide/target" "-e" "CARGO_INCREMENTAL=0" "-e" "RUST_BACKTRACE=full" "-e" "RUSTFLAGS=--cap-lints=warn" "-e" "RUSTDOCFLAGS=--cap-lints=warn" "-w" "/opt/rustwide/workdir" "--user" "0:0" "41bce3c898107053e7d0ceea59ed2ff8d4449a2129628911d6c33fff18deeae2" "/opt/rustwide/cargo-home/bin/cargo" "+1.100.0-beta.1" "build" "--frozen" "--message-format=json" "--release", kill_on_drop: false }`
[INFO] [stderr]    Compiling cc v1.4.0
[INFO] [stderr]    Compiling typenum v1.20.1
[INFO] [stderr]    Compiling syn v3.0.3
[INFO] [stderr]    Compiling thiserror v2.0.19
[INFO] [stderr]    Compiling rand_chacha v0.9.0
[INFO] [stderr]    Compiling mio v1.2.2
[INFO] [stderr]    Compiling rustls v0.23.43
[INFO] [stderr]    Compiling serde_core v1.0.229
[INFO] [stderr]    Compiling time v0.3.55
[INFO] [stderr]    Compiling rand v0.9.5
[INFO] [stderr]    Compiling futures-sink v0.3.33
[INFO] [stderr]    Compiling data-encoding v2.11.1
[INFO] [stderr]    Compiling futures-core v0.3.33
[INFO] [stderr]    Compiling log v0.4.33
[INFO] [stderr]    Compiling once_cell v1.21.4
[INFO] [stderr]    Compiling futures-util v0.3.33
[INFO] [stderr]    Compiling generic-array v0.14.7
[INFO] [stderr]    Compiling yasna v0.6.0
[INFO] [stderr]    Compiling ring v0.17.14
[INFO] [stderr]    Compiling block-buffer v0.10.4
[INFO] [stderr]    Compiling crypto-common v0.1.7
[INFO] [stderr]    Compiling digest v0.10.7
[INFO] [stderr]    Compiling sha1 v0.10.7
[INFO] [stderr]    Compiling sha2 v0.10.9
[INFO] [stderr]    Compiling tokio-macros v2.7.2
[INFO] [stderr]    Compiling thiserror-impl v2.0.19
[INFO] [stderr]    Compiling serde_json v1.0.151
[INFO] [stderr]    Compiling tokio v1.53.1
[INFO] [stderr]    Compiling tungstenite v0.28.0
[INFO] [stderr]    Compiling tokio-tungstenite v0.28.0
[INFO] [stderr]    Compiling rustls-webpki v0.103.13
[INFO] [stderr]    Compiling rcgen v0.14.8
[INFO] [stderr]    Compiling tokio-rustls v0.26.4
[INFO] [stderr]    Compiling dbinspect-bridge v0.1.0 (/opt/rustwide/workdir)
[INFO] [stderr]     Finished `release` profile [optimized] target(s) in 1m 40s
[INFO] running `Command { std: "docker" "inspect" "41bce3c898107053e7d0ceea59ed2ff8d4449a2129628911d6c33fff18deeae2", kill_on_drop: false }`
[INFO] running `Command { std: "docker" "exec" "-e" "SOURCE_DIR=/opt/rustwide/workdir" "-e" "CARGO_HOME=/opt/rustwide/cargo-home" "-e" "RUSTUP_HOME=/opt/rustwide/rustup-home" "-e" "CARGO_TARGET_DIR=/opt/rustwide/target" "-e" "CARGO_INCREMENTAL=0" "-e" "RUST_BACKTRACE=full" "-e" "RUSTFLAGS=--cap-lints=warn" "-e" "RUSTDOCFLAGS=--cap-lints=warn" "-w" "/opt/rustwide/workdir" "--user" "0:0" "41bce3c898107053e7d0ceea59ed2ff8d4449a2129628911d6c33fff18deeae2" "/opt/rustwide/cargo-home/bin/cargo" "+1.100.0-beta.1" "test" "--frozen" "--no-run" "--message-format=json" "--release", kill_on_drop: false }`
[INFO] [stderr]    Compiling tokio v1.53.1
[INFO] [stderr]    Compiling tokio-tungstenite v0.28.0
[INFO] [stderr]    Compiling tokio-rustls v0.26.4
[INFO] [stderr]    Compiling dbinspect-bridge v0.1.0 (/opt/rustwide/workdir)
[INFO] [stderr]     Finished `release` profile [optimized] target(s) in 1m 55s
[INFO] running `Command { std: "docker" "inspect" "41bce3c898107053e7d0ceea59ed2ff8d4449a2129628911d6c33fff18deeae2", kill_on_drop: false }`
[INFO] running `Command { std: "docker" "exec" "-e" "SOURCE_DIR=/opt/rustwide/workdir" "-e" "CARGO_HOME=/opt/rustwide/cargo-home" "-e" "RUSTUP_HOME=/opt/rustwide/rustup-home" "-e" "CARGO_TARGET_DIR=/opt/rustwide/target" "-e" "CARGO_INCREMENTAL=0" "-e" "RUST_BACKTRACE=full" "-e" "RUSTFLAGS=--cap-lints=warn" "-e" "RUSTDOCFLAGS=--cap-lints=warn" "-w" "/opt/rustwide/workdir" "--user" "0:0" "41bce3c898107053e7d0ceea59ed2ff8d4449a2129628911d6c33fff18deeae2" "/opt/rustwide/cargo-home/bin/cargo" "+1.100.0-beta.1" "test" "--frozen" "--release", kill_on_drop: false }`
[INFO] [stderr]     Finished `release` profile [optimized] target(s) in 0.13s
[INFO] [stderr]      Running unittests src/lib.rs (/opt/rustwide/target/release/build/dbinspect-bridge/5188256d8ba901c1/out/dbinspect_bridge-5188256d8ba901c1)
[INFO] [stdout] 
[INFO] [stdout] running 30 tests
[INFO] [stdout] test adapter::tests::a_small_blob_is_carried_whole ... ok
[INFO] [stdout] test adapter::tests::a_filter_console_always_carries_filter_ops ... ok
[INFO] [stdout] test adapter::tests::a_value_json_cannot_carry_is_rendered_rather_than_dropped ... ok
[INFO] [stdout] test adapter::tests::capabilities_default_to_every_gate_closed ... ok
[INFO] [stdout] test adapter::tests::a_page_far_past_the_end_does_not_wrap_into_rows ... ok
[INFO] [stdout] test pairing::tests::a_successful_pairing_does_not_refund_the_budget ... ok
[INFO] [stdout] test pairing::tests::a_wrong_length_guess_is_refused_without_panicking ... ok
[INFO] [stdout] test pairing::tests::crockford_folding_is_applied_to_both_sides ... ok
[INFO] [stdout] test adapter::tests::the_requests_a_bridge_must_refuse ... ok
[INFO] [stdout] test adapter::tests::a_default_page_request_takes_the_ceiling ... ok
[INFO] [stdout] test pairing::tests::backoff_starts_at_zero_then_doubles_to_a_minute ... ok
[INFO] [stdout] test adapter::tests::an_oversized_page_is_clamped_and_says_so ... ok
[INFO] [stdout] test pairing::tests::pipelined_guesses_cannot_outrun_the_budget ... ok
[INFO] [stdout] test pairing::tests::two_generated_codes_differ ... ok
[INFO] [stdout] test adapter::tests::a_blob_truncates_at_the_ceiling_and_len_stays_real ... ok
[INFO] [stdout] test pairing::tests::ten_failures_close_the_gate_for_good ... ok
[INFO] [stdout] test rpc::tests::a_detail_is_carried_when_there_is_one ... ok
[INFO] [stdout] test rpc::tests::a_malformed_frame_that_carried_an_id_answers_with_it ... ok
[INFO] [stdout] test rpc::tests::a_notification_is_dropped ... ok
[INFO] [stdout] test rpc::tests::a_string_id_is_echoed_as_a_string ... ok
[INFO] [stdout] test rpc::tests::a_well_formed_call_decodes ... ok
[INFO] [stdout] test rpc::tests::an_error_carries_the_kind_and_omits_an_absent_detail ... ok
[INFO] [stdout] test rpc::tests::missing_params_decode_as_an_empty_object ... ok
[INFO] [stdout] test tls::tests::a_generated_certificate_configures_a_server ... ok
[INFO] [stdout] test tls::tests::each_session_gets_its_own_certificate ... ok
[INFO] [stdout] test pairing::tests::a_generated_code_is_eight_crockford_characters ... ok
[INFO] [stdout] test rpc::tests::anything_that_is_not_a_call_comes_back_as_a_value ... ok
[INFO] [stdout] test tls::tests::the_fingerprint_is_the_sha256_of_the_der_in_the_shape_openssl_prints ... ok
[INFO] [stdout] test pairing::tests::the_right_code_pairs_and_spends_nothing ... ok
[INFO] [stdout] test pairing::tests::comparison_timing_does_not_track_the_matching_prefix ... ok
[INFO] [stdout] 
[INFO] [stdout] test result: ok. 30 passed; 0 failed; 0 ignored; 0 measured; 0 filtered out; finished in 0.02s
[INFO] [stdout] 
[INFO] [stderr]      Running tests/protocol.rs (/opt/rustwide/target/release/build/dbinspect-bridge/95bb76c06f5129f1/out/protocol-95bb76c06f5129f1)
[INFO] [stdout] 
[INFO] [stdout] running 23 tests
[INFO] [stdout] test a_device_model_is_carried_when_the_application_supplied_one ... ok
[INFO] [stdout] test a_page_past_the_end_is_empty_rather_than_an_error ... ok
[INFO] [stdout] test an_unpaired_client_learns_nothing_from_anything_it_can_send ... ok
[INFO] [stdout] test an_oversized_page_is_clamped_rather_than_rejected ... ok
[INFO] [stdout] test a_blob_is_truncated_and_still_reports_its_real_size ... ok
[INFO] [stdout] test a_page_carries_its_rows_its_total_and_whether_there_are_more ... ok
[INFO] [stdout] test pairing_twice_on_one_connection_is_a_bad_request ... ok
[INFO] [stdout] test list_stores_reports_what_the_adapter_holds ... ok
[INFO] [stdout] test raw_query_is_forbidden_rather_than_unknown ... ok
[INFO] [stdout] test hello_reports_the_frozen_v1_shape ... ok
[INFO] [stdout] test every_answer_echoes_the_id_it_was_sent ... ok
[INFO] [stdout] test snapshot_is_forbidden_rather_than_unknown ... ok
[INFO] [stdout] test sorting_is_offered_only_for_a_column_the_bridge_reported ... ok
[INFO] [stdout] test ten_wrong_codes_close_pairing_for_the_whole_bridge ... ok
[INFO] [stdout] test a_snapshot_is_one_at_a_time_per_connection ... ok
[INFO] [stdout] test the_requests_a_bridge_must_refuse ... ok
[INFO] [stdout] test the_three_writes_reach_an_adapter_that_opted_in ... ok
[INFO] [stdout] test the_paired_state_belongs_to_the_connection ... ok
[INFO] [stdout] test the_write_shapes_a_bridge_must_refuse ... ok
[INFO] [stdout] test the_write_methods_are_forbidden_rather_than_unknown ... ok
[INFO] [stdout] test get_schema_labels_an_inferred_schema_as_one ... ok
[INFO] [stdout] test a_snapshot_is_acknowledged_and_the_rows_follow_as_chunks ... ok
[INFO] [stdout] test a_notification_gets_no_response ... ok
[INFO] [stdout] 
[INFO] [stdout] test result: ok. 23 passed; 0 failed; 0 ignored; 0 measured; 0 filtered out; finished in 2.01s
[INFO] [stdout] 
[INFO] [stderr]      Running tests/release_guard.rs (/opt/rustwide/target/release/build/dbinspect-bridge/1302d2a1d1c20159/out/release_guard-1302d2a1d1c20159)
[INFO] [stdout] 
[INFO] [stdout] running 3 tests
[INFO] [stdout] test the_crate_carries_no_database_engine ... ok
[INFO] [stdout] test a_release_build_opens_no_socket_unless_the_opt_in_asked_for_one has been running for over 60 seconds
[INFO] [stdout] test no_env_var_can_strip_the_protocol_strings_from_a_binary_that_links_this_crate has been running for over 60 seconds
[INFO] [stdout] test no_env_var_can_strip_the_protocol_strings_from_a_binary_that_links_this_crate ... FAILED
[INFO] [stdout] test a_release_build_opens_no_socket_unless_the_opt_in_asked_for_one ... FAILED
[INFO] [stdout] 
[INFO] [stdout] failures:
[INFO] [stdout] 
[INFO] [stdout] ---- no_env_var_can_strip_the_protocol_strings_from_a_binary_that_links_this_crate stdout ----
[INFO] [stdout] 
[INFO] [stdout] thread 'no_env_var_can_strip_the_protocol_strings_from_a_binary_that_links_this_crate' (1375) panicked at tests/release_guard.rs:94:53:
[INFO] [stdout] the probe was not built: Os { code: 2, kind: NotFound, message: "No such file or directory" }
[INFO] [stdout] stack backtrace:
[INFO] [stdout]    0:     0x5ce9acac8861 - <<std[617be2ca0a6fd877]::sys::backtrace::BacktraceLock>::print::DisplayBacktrace as core[a373ad73a504971]::fmt::Display>::fmt
[INFO] [stdout]    1:     0x5ce9acadc75a - core[a373ad73a504971]::fmt::write
[INFO] [stdout]    2:     0x5ce9acacca7c - <alloc[2e1b2a31b91974c5]::vec::Vec<u8> as core[a373ad73a504971]::io::write::Write>::write_fmt
[INFO] [stdout]    3:     0x5ce9acaa3fc6 - std[617be2ca0a6fd877]::panicking::default_hook::{closure#0}
[INFO] [stdout]    4:     0x5ce9acac0be9 - std[617be2ca0a6fd877]::panicking::default_hook
[INFO] [stdout]    5:     0x5ce9aca5bb50 - test[aada8e7e76ba119b]::test_main_inner::{closure#0}
[INFO] [stdout]    6:     0x5ce9acac0da2 - std[617be2ca0a6fd877]::panicking::panic_with_hook
[INFO] [stdout]    7:     0x5ce9acaa4072 - std[617be2ca0a6fd877]::panicking::panic_handler::{closure#0}
[INFO] [stdout]    8:     0x5ce9aca9cbf9 - std[617be2ca0a6fd877]::sys::backtrace::__rust_end_short_backtrace::<std[617be2ca0a6fd877]::panicking::panic_handler::{closure#0}, !>
[INFO] [stdout]    9:     0x5ce9acaa4c7d - __rustc[ea4f61d10b84890b]::rust_begin_unwind
[INFO] [stdout]   10:     0x5ce9acadce8c - core[a373ad73a504971]::panicking::panic_fmt
[INFO] [stdout]   11:     0x5ce9acadcc62 - core[a373ad73a504971]::result::unwrap_failed
[INFO] [stdout]   12:     0x5ce9aca4eef5 - <release_guard[50c9670963a4e51a]::no_env_var_can_strip_the_protocol_strings_from_a_binary_that_links_this_crate::{closure#0} as core[a373ad73a504971]::ops::function::FnOnce<()>>::call_once
[INFO] [stdout]   13:     0x5ce9aca4ef9b - test[aada8e7e76ba119b]::__rust_begin_short_backtrace::<core[a373ad73a504971]::result::Result<(), alloc[2e1b2a31b91974c5]::string::String>, fn() -> core[a373ad73a504971]::result::Result<(), alloc[2e1b2a31b91974c5]::string::String>>
[INFO] [stdout]   14:     0x5ce9aca5c175 - test[aada8e7e76ba119b]::run_test::{closure#0}
[INFO] [stdout]   15:     0x5ce9aca55a64 - std[617be2ca0a6fd877]::sys::backtrace::__rust_begin_short_backtrace::<test[aada8e7e76ba119b]::run_test::{closure#1}, ()>
[INFO] [stdout]   16:     0x5ce9aca5f202 - <std[617be2ca0a6fd877]::thread::lifecycle::spawn_unchecked<test[aada8e7e76ba119b]::run_test::{closure#1}, ()>::{closure#1} as core[a373ad73a504971]::ops::function::FnOnce<()>>::call_once::{shim:vtable#0}
[INFO] [stdout]   17:     0x5ce9acac7daf - <std[617be2ca0a6fd877]::sys::thread::unix::Thread>::new::thread_start
[INFO] [stdout]   18:     0x74dcdeaeedfa - <unknown>
[INFO] [stdout]   19:     0x74dcdeb823d4 - clone
[INFO] [stdout]   20:                0x0 - <unknown>
[INFO] [stdout] 
[INFO] [stdout] ---- a_release_build_opens_no_socket_unless_the_opt_in_asked_for_one stdout ----
[INFO] [stdout] 
[INFO] [stdout] thread 'a_release_build_opens_no_socket_unless_the_opt_in_asked_for_one' (1374) panicked at tests/release_guard.rs:44:10:
[INFO] [stdout] could not run the probe: Os { code: 2, kind: NotFound, message: "No such file or directory" }
[INFO] [stdout] stack backtrace:
[INFO] [stdout]    0:     0x5ce9acac8861 - <<std[617be2ca0a6fd877]::sys::backtrace::BacktraceLock>::print::DisplayBacktrace as core[a373ad73a504971]::fmt::Display>::fmt
[INFO] [stdout]    1:     0x5ce9acadc75a - core[a373ad73a504971]::fmt::write
[INFO] [stdout]    2:     0x5ce9acacca7c - <alloc[2e1b2a31b91974c5]::vec::Vec<u8> as core[a373ad73a504971]::io::write::Write>::write_fmt
[INFO] [stdout]    3:     0x5ce9acaa3fc6 - std[617be2ca0a6fd877]::panicking::default_hook::{closure#0}
[INFO] [stdout]    4:     0x5ce9acac0be9 - std[617be2ca0a6fd877]::panicking::default_hook
[INFO] [stdout]    5:     0x5ce9aca5bb50 - test[aada8e7e76ba119b]::test_main_inner::{closure#0}
[INFO] [stdout]    6:     0x5ce9acac0da2 - std[617be2ca0a6fd877]::panicking::panic_with_hook
[INFO] [stdout]    7:     0x5ce9acaa4072 - std[617be2ca0a6fd877]::panicking::panic_handler::{closure#0}
[INFO] [stdout]    8:     0x5ce9aca9cbf9 - std[617be2ca0a6fd877]::sys::backtrace::__rust_end_short_backtrace::<std[617be2ca0a6fd877]::panicking::panic_handler::{closure#0}, !>
[INFO] [stdout]    9:     0x5ce9acaa4c7d - __rustc[ea4f61d10b84890b]::rust_begin_unwind
[INFO] [stdout]   10:     0x5ce9acadce8c - core[a373ad73a504971]::panicking::panic_fmt
[INFO] [stdout]   11:     0x5ce9acadcc62 - core[a373ad73a504971]::result::unwrap_failed
[INFO] [stdout]   12:     0x5ce9aca4d82d - release_guard[50c9670963a4e51a]::run_probe
[INFO] [stdout]   13:     0x5ce9aca4eb9a - <release_guard[50c9670963a4e51a]::a_release_build_opens_no_socket_unless_the_opt_in_asked_for_one::{closure#0} as core[a373ad73a504971]::ops::function::FnOnce<()>>::call_once
[INFO] [stdout]   14:     0x5ce9aca4ef9b - test[aada8e7e76ba119b]::__rust_begin_short_backtrace::<core[a373ad73a504971]::result::Result<(), alloc[2e1b2a31b91974c5]::string::String>, fn() -> core[a373ad73a504971]::result::Result<(), alloc[2e1b2a31b91974c5]::string::String>>
[INFO] [stdout]   15:     0x5ce9aca5c175 - test[aada8e7e76ba119b]::run_test::{closure#0}
[INFO] [stdout]   16:     0x5ce9aca55a64 - std[617be2ca0a6fd877]::sys::backtrace::__rust_begin_short_backtrace::<test[aada8e7e76ba119b]::run_test::{closure#1}, ()>
[INFO] [stdout]   17:     0x5ce9aca5f202 - <std[617be2ca0a6fd877]::thread::lifecycle::spawn_unchecked<test[aada8e7e76ba119b]::run_test::{closure#1}, ()>::{closure#1} as core[a373ad73a504971]::ops::function::FnOnce<()>>::call_once::{shim:vtable#0}
[INFO] [stdout]   18:     0x5ce9acac7daf - <std[617be2ca0a6fd877]::sys::thread::unix::Thread>::new::thread_start
[INFO] [stdout]   19:     0x74dcdeaeedfa - <unknown>
[INFO] [stdout]   20:     0x74dcdeb823d4 - clone
[INFO] [stdout]   21:                0x0 - <unknown>
[INFO] [stdout] 
[INFO] [stdout] 
[INFO] [stdout] failures:
[INFO] [stdout]     a_release_build_opens_no_socket_unless_the_opt_in_asked_for_one
[INFO] [stdout]     no_env_var_can_strip_the_protocol_strings_from_a_binary_that_links_this_crate
[INFO] [stdout] 
[INFO] [stdout] test result: FAILED. 1 passed; 2 failed; 0 ignored; 0 measured; 0 filtered out; finished in 67.40s
[INFO] [stdout] 
[INFO] [stderr] error: test failed, to rerun pass `--test release_guard`
[INFO] running `Command { std: "docker" "inspect" "41bce3c898107053e7d0ceea59ed2ff8d4449a2129628911d6c33fff18deeae2", kill_on_drop: false }`
[INFO] running `Command { std: "docker" "rm" "-f" "41bce3c898107053e7d0ceea59ed2ff8d4449a2129628911d6c33fff18deeae2", kill_on_drop: false }`
[INFO] [stdout] 41bce3c898107053e7d0ceea59ed2ff8d4449a2129628911d6c33fff18deeae2
