[INFO] fetching crate dbc 0.3.3...
[INFO] testing dbc-0.3.3 against 1.99.0-beta.8+cargoflags=--release for beta-release-1.100-2
[INFO] extracting crate dbc 0.3.3 into /workspace/builds/worker-2-tc1/source
[INFO] started tweaking crates.io crate dbc 0.3.3
[INFO] finished tweaking crates.io crate dbc 0.3.3
[INFO] tweaked toml for crates.io crate dbc 0.3.3 written to /workspace/builds/worker-2-tc1/source/Cargo.toml
[INFO] validating manifest of crates.io crate dbc 0.3.3 on toolchain 1.99.0-beta.8
[INFO] running `Command { std: CARGO_HOME="/workspace/cargo-home" RUSTUP_HOME="/workspace/rustup-home" "/workspace/cargo-home/bin/cargo" "+1.99.0-beta.8" "metadata" "--manifest-path" "Cargo.toml" "--no-deps", kill_on_drop: false }`
[INFO] running `Command { std: CARGO_HOME="/workspace/cargo-home" RUSTUP_HOME="/workspace/rustup-home" "/workspace/cargo-home/bin/cargo" "+1.99.0-beta.8" "generate-lockfile" "--manifest-path" "Cargo.toml", kill_on_drop: false }`
[INFO] [stderr]     Blocking waiting for file lock on package cache
[INFO] running `Command { std: CARGO_HOME="/workspace/cargo-home" RUSTUP_HOME="/workspace/rustup-home" "/workspace/cargo-home/bin/cargo" "+1.99.0-beta.8" "fetch" "--manifest-path" "Cargo.toml", kill_on_drop: false }`
[INFO] [stderr] warning: Cargo.toml: `package.edition` is unspecified, defaulting to `2015` while the latest is `2024`
[INFO] [stderr] warning: Cargo.toml: unused manifest key: lib.plugin
[INFO] [stderr] warning: Cargo.toml: unused manifest key: package.keyworks
[INFO] [stderr] warning: `dbc` (manifest) generated 3 warnings
[INFO] [stderr]     Blocking waiting for file lock on package cache
[INFO] running `Command { std: "docker" "create" "-v" "/var/lib/crater-agent-workspace/builds/worker-2-tc1/source:/opt/rustwide/workdir:ro,Z" "-v" "/var/lib/crater-agent-workspace/builds/worker-2-tc1/target:/opt/rustwide/target:rw,Z" "-v" "/var/lib/crater-agent-workspace/cargo-home:/opt/rustwide/cargo-home:ro,Z" "-v" "/var/lib/crater-agent-workspace/rustup-home:/opt/rustwide/rustup-home:ro,Z" "-m" "1610612736" "--network" "none" "ghcr.io/rust-lang/crates-build-env/linux@sha256:77db811e55d90add9212f6832c23229e3de5f1c1f9905e8cb07319ea15df73ac" "sleep" "infinity", kill_on_drop: false }`
[INFO] [stdout] 17d4ecec09d5ec90ad5f323b0674393039253849d526b47a23f0ef3b092556f0
[INFO] running `Command { std: "docker" "start" "17d4ecec09d5ec90ad5f323b0674393039253849d526b47a23f0ef3b092556f0", kill_on_drop: false }`
[INFO] running `Command { std: "docker" "inspect" "17d4ecec09d5ec90ad5f323b0674393039253849d526b47a23f0ef3b092556f0", kill_on_drop: false }`
[INFO] running `Command { std: "docker" "exec" "-e" "SOURCE_DIR=/opt/rustwide/workdir" "-e" "CARGO_HOME=/opt/rustwide/cargo-home" "-e" "RUSTUP_HOME=/opt/rustwide/rustup-home" "-e" "CARGO_TARGET_DIR=/opt/rustwide/target" "-w" "/opt/rustwide/workdir" "--user" "0:0" "17d4ecec09d5ec90ad5f323b0674393039253849d526b47a23f0ef3b092556f0" "/opt/rustwide/cargo-home/bin/cargo" "+1.99.0-beta.8" "metadata" "--no-deps" "--format-version=1", kill_on_drop: false }`
[INFO] running `Command { std: "docker" "inspect" "17d4ecec09d5ec90ad5f323b0674393039253849d526b47a23f0ef3b092556f0", kill_on_drop: false }`
[INFO] running `Command { std: "docker" "exec" "-e" "SOURCE_DIR=/opt/rustwide/workdir" "-e" "CARGO_HOME=/opt/rustwide/cargo-home" "-e" "RUSTUP_HOME=/opt/rustwide/rustup-home" "-e" "CARGO_TARGET_DIR=/opt/rustwide/target" "-e" "CARGO_INCREMENTAL=0" "-e" "RUST_BACKTRACE=full" "-e" "RUSTFLAGS=--cap-lints=warn" "-e" "RUSTDOCFLAGS=--cap-lints=warn" "-w" "/opt/rustwide/workdir" "--user" "0:0" "17d4ecec09d5ec90ad5f323b0674393039253849d526b47a23f0ef3b092556f0" "/opt/rustwide/cargo-home/bin/cargo" "+1.99.0-beta.8" "build" "--frozen" "--message-format=json" "--release", kill_on_drop: false }`
[INFO] [stderr] warning: Cargo.toml: `package.edition` is unspecified, defaulting to `2015` while the latest is `2024`
[INFO] [stderr] warning: Cargo.toml: unused manifest key: lib.plugin
[INFO] [stderr] warning: Cargo.toml: unused manifest key: package.keyworks
[INFO] [stderr] warning: `dbc` (manifest) generated 3 warnings
[INFO] [stderr]    Compiling dbc v0.3.3 (/opt/rustwide/workdir)
[INFO] [stderr]     Finished `release` profile [optimized] target(s) in 0.34s
[INFO] running `Command { std: "docker" "inspect" "17d4ecec09d5ec90ad5f323b0674393039253849d526b47a23f0ef3b092556f0", kill_on_drop: false }`
[INFO] running `Command { std: "docker" "exec" "-e" "SOURCE_DIR=/opt/rustwide/workdir" "-e" "CARGO_HOME=/opt/rustwide/cargo-home" "-e" "RUSTUP_HOME=/opt/rustwide/rustup-home" "-e" "CARGO_TARGET_DIR=/opt/rustwide/target" "-e" "CARGO_INCREMENTAL=0" "-e" "RUST_BACKTRACE=full" "-e" "RUSTFLAGS=--cap-lints=warn" "-e" "RUSTDOCFLAGS=--cap-lints=warn" "-w" "/opt/rustwide/workdir" "--user" "0:0" "17d4ecec09d5ec90ad5f323b0674393039253849d526b47a23f0ef3b092556f0" "/opt/rustwide/cargo-home/bin/cargo" "+1.99.0-beta.8" "test" "--frozen" "--no-run" "--message-format=json" "--release", kill_on_drop: false }`
[INFO] [stderr] warning: Cargo.toml: `package.edition` is unspecified, defaulting to `2015` while the latest is `2024`
[INFO] [stderr] warning: Cargo.toml: unused manifest key: lib.plugin
[INFO] [stderr] warning: Cargo.toml: unused manifest key: package.keyworks
[INFO] [stderr] warning: `dbc` (manifest) generated 3 warnings
[INFO] [stderr]    Compiling dbc v0.3.3 (/opt/rustwide/workdir)
[INFO] [stdout] warning: field `0` is never read
[INFO] [stdout]    --> src/lib.rs:283:19
[INFO] [stdout]     |
[INFO] [stdout] 283 |         struct AA(i32);
[INFO] [stdout]     |                -- ^^^
[INFO] [stdout]     |                |
[INFO] [stdout]     |                field in this struct
[INFO] [stdout]     |
[INFO] [stdout]     = help: consider removing this field
[INFO] [stdout]     = note: `AA` has a derived impl for the trait `Debug`, but this is intentionally ignored during dead code analysis
[INFO] [stdout]     = note: `#[warn(dead_code)]` (part of `#[warn(unused)]`) on by default
[INFO] [stdout] 
[INFO] [stdout] 
[INFO] [stdout] warning: field `0` is never read
[INFO] [stdout]    --> src/lib.rs:286:19
[INFO] [stdout]     |
[INFO] [stdout] 286 |         struct BB(AA);
[INFO] [stdout]     |                -- ^^
[INFO] [stdout]     |                |
[INFO] [stdout]     |                field in this struct
[INFO] [stdout]     |
[INFO] [stdout]     = help: consider removing this field
[INFO] [stdout]     = note: `BB` has a derived impl for the trait `Debug`, but this is intentionally ignored during dead code analysis
[INFO] [stdout] 
[INFO] [stdout] 
[INFO] [stderr]     Finished `release` profile [optimized] target(s) in 0.63s
[INFO] running `Command { std: "docker" "inspect" "17d4ecec09d5ec90ad5f323b0674393039253849d526b47a23f0ef3b092556f0", kill_on_drop: false }`
[INFO] running `Command { std: "docker" "exec" "-e" "SOURCE_DIR=/opt/rustwide/workdir" "-e" "CARGO_HOME=/opt/rustwide/cargo-home" "-e" "RUSTUP_HOME=/opt/rustwide/rustup-home" "-e" "CARGO_TARGET_DIR=/opt/rustwide/target" "-e" "CARGO_INCREMENTAL=0" "-e" "RUST_BACKTRACE=full" "-e" "RUSTFLAGS=--cap-lints=warn" "-e" "RUSTDOCFLAGS=--cap-lints=warn" "-w" "/opt/rustwide/workdir" "--user" "0:0" "17d4ecec09d5ec90ad5f323b0674393039253849d526b47a23f0ef3b092556f0" "/opt/rustwide/cargo-home/bin/cargo" "+1.99.0-beta.8" "test" "--frozen" "--release", kill_on_drop: false }`
[INFO] [stderr] warning: Cargo.toml: `package.edition` is unspecified, defaulting to `2015` while the latest is `2024`
[INFO] [stderr] warning: Cargo.toml: unused manifest key: lib.plugin
[INFO] [stderr] warning: Cargo.toml: unused manifest key: package.keyworks
[INFO] [stderr] warning: `dbc` (manifest) generated 3 warnings
[INFO] [stderr] warning: field `0` is never read
[INFO] [stderr]    --> src/lib.rs:283:19
[INFO] [stderr]     |
[INFO] [stderr] 283 |         struct AA(i32);
[INFO] [stderr]     |                -- ^^^
[INFO] [stderr]     |                |
[INFO] [stderr]     |                field in this struct
[INFO] [stderr]     |
[INFO] [stderr]     = help: consider removing this field
[INFO] [stderr]     = note: `AA` has a derived impl for the trait `Debug`, but this is intentionally ignored during dead code analysis
[INFO] [stderr]     = note: `#[warn(dead_code)]` (part of `#[warn(unused)]`) on by default
[INFO] [stderr] 
[INFO] [stderr] warning: field `0` is never read
[INFO] [stderr]    --> src/lib.rs:286:19
[INFO] [stderr]     |
[INFO] [stderr] 286 |         struct BB(AA);
[INFO] [stderr]     |                -- ^^
[INFO] [stderr]     |                |
[INFO] [stderr]     |                field in this struct
[INFO] [stderr]     |
[INFO] [stderr]     = help: consider removing this field
[INFO] [stderr]     = note: `BB` has a derived impl for the trait `Debug`, but this is intentionally ignored during dead code analysis
[INFO] [stderr] 
[INFO] [stderr] warning: `dbc` (lib test) generated 2 warnings
[INFO] [stderr]     Finished `release` profile [optimized] target(s) in 0.02s
[INFO] [stderr]      Running unittests src/lib.rs (/opt/rustwide/target/release/deps/dbc-0d6c4d0a44666602)
[INFO] [stdout] 
[INFO] [stdout] running 7 tests
[INFO] [stdout] test tests::test_ensure_does_not_assert ... ok
[INFO] [stdout] test tests::test_formatvar ... ok
[INFO] [stdout] test tests::test_ensure_asserts - should panic ... FAILED
[INFO] [stdout] test tests::test_invariant ... ok
[INFO] [stdout] test tests::test_require_does_not_assert ... ok
[INFO] [stdout] test tests::test_invariant_asserts - should panic ... FAILED
[INFO] [stdout] test tests::test_require_asserts - should panic ... FAILED
[INFO] [stdout] 
[INFO] [stdout] failures:
[INFO] [stdout] 
[INFO] [stdout] ---- tests::test_ensure_asserts stdout ----
[INFO] [stdout] note: test did not panic as expected at src/lib.rs:271:8
[INFO] [stdout] ---- tests::test_invariant_asserts stdout ----
[INFO] [stdout] note: test did not panic as expected at src/lib.rs:310:8
[INFO] [stdout] ---- tests::test_require_asserts stdout ----
[INFO] [stdout] note: test did not panic as expected at src/lib.rs:260:8
[INFO] [stdout] 
[INFO] [stdout] failures:
[INFO] [stdout]     tests::test_ensure_asserts
[INFO] [stdout]     tests::test_invariant_asserts
[INFO] [stdout]     tests::test_require_asserts
[INFO] [stdout] 
[INFO] [stdout] test result: FAILED. 4 passed; 3 failed; 0 ignored; 0 measured; 0 filtered out; finished in 0.00s
[INFO] [stdout] 
[INFO] [stderr] error: test failed, to rerun pass `--lib`
[INFO] running `Command { std: "docker" "inspect" "17d4ecec09d5ec90ad5f323b0674393039253849d526b47a23f0ef3b092556f0", kill_on_drop: false }`
[INFO] running `Command { std: "docker" "rm" "-f" "17d4ecec09d5ec90ad5f323b0674393039253849d526b47a23f0ef3b092556f0", kill_on_drop: false }`
[INFO] [stdout] 17d4ecec09d5ec90ad5f323b0674393039253849d526b47a23f0ef3b092556f0
