[INFO] fetching crate dbase 0.8.0...
[INFO] testing dbase-0.8.0 against 1.99.0-beta.8+cargoflags=--release for beta-release-1.100-2
[INFO] extracting crate dbase 0.8.0 into /workspace/builds/worker-1-tc1/source
[INFO] started tweaking crates.io crate dbase 0.8.0
[INFO] removed 0 missing examples
[INFO] removed 0 missing tests
[INFO] finished tweaking crates.io crate dbase 0.8.0
[INFO] tweaked toml for crates.io crate dbase 0.8.0 written to /workspace/builds/worker-1-tc1/source/Cargo.toml
[INFO] validating manifest of crates.io crate dbase 0.8.0 on toolchain 1.99.0-beta.8
[INFO] running `Command { std: CARGO_HOME="/workspace/cargo-home" RUSTUP_HOME="/workspace/rustup-home" "/workspace/cargo-home/bin/cargo" "+1.99.0-beta.8" "metadata" "--manifest-path" "Cargo.toml" "--no-deps", kill_on_drop: false }`
[INFO] crate crates.io crate dbase 0.8.0 already has a lockfile, it will not be regenerated
[INFO] running `Command { std: CARGO_HOME="/workspace/cargo-home" RUSTUP_HOME="/workspace/rustup-home" "/workspace/cargo-home/bin/cargo" "+1.99.0-beta.8" "fetch" "--manifest-path" "Cargo.toml", kill_on_drop: false }`
[INFO] [stderr]     Updating crates.io index
[INFO] [stderr]  Downloading crates ...
[INFO] [stderr]   Downloaded yore v1.4.0
[INFO] [stderr]   Downloaded datafusion-physical-expr-common v46.0.1
[INFO] [stderr]   Downloaded datafusion-expr-common v46.0.1
[INFO] [stderr]   Downloaded datafusion-doc v46.0.1
[INFO] [stderr]   Downloaded datafusion-common-runtime v46.0.1
[INFO] [stderr]   Downloaded datafusion-functions-window-common v46.0.1
[INFO] [stderr]   Downloaded bufrw v0.2.0
[INFO] [stderr]   Downloaded flatbuffers v24.12.23
[INFO] [stderr]   Downloaded datafusion-macros v46.0.1
[INFO] [stderr]   Downloaded datafusion-functions-table v46.0.1
[INFO] [stderr]   Downloaded arrow-string v54.3.1
[INFO] [stderr]   Downloaded arrow-row v54.3.1
[INFO] [stderr]   Downloaded datafusion-catalog-listing v46.0.1
[INFO] [stderr]   Downloaded arrow-csv v54.3.1
[INFO] [stderr]   Downloaded arrow-schema v54.3.1
[INFO] [stderr]   Downloaded arrow-data v54.3.1
[INFO] [stderr]   Downloaded datafusion-functions-aggregate-common v46.0.1
[INFO] [stderr]   Downloaded arrow-arith v54.3.1
[INFO] [stderr]   Downloaded datafusion-catalog v46.0.1
[INFO] [stderr]   Downloaded arrow-ord v54.3.1
[INFO] [stderr]   Downloaded datafusion-functions-window v46.0.1
[INFO] [stderr]   Downloaded datafusion-execution v46.0.1
[INFO] [stderr]   Downloaded arrow-select v54.3.1
[INFO] [stderr]   Downloaded arrow-json v54.3.1
[INFO] [stderr]   Downloaded arrow v54.3.1
[INFO] [stderr]   Downloaded datafusion-functions-nested v46.0.1
[INFO] [stderr]   Downloaded arrow-buffer v54.3.1
[INFO] [stderr]   Downloaded arrow-cast v54.3.1
[INFO] [stderr]   Downloaded datafusion-datasource v46.0.1
[INFO] [stderr]   Downloaded datafusion-physical-optimizer v46.0.1
[INFO] [stderr]   Downloaded datafusion-expr v46.0.1
[INFO] [stderr]   Downloaded datafusion-common v46.0.1
[INFO] [stderr]   Downloaded arrow-ipc v54.3.1
[INFO] [stderr]   Downloaded datafusion-functions-aggregate v46.0.1
[INFO] [stderr]   Downloaded async-compression v0.4.19
[INFO] [stderr]   Downloaded object_store v0.11.2
[INFO] [stderr]   Downloaded sqlparser v0.54.0
[INFO] [stderr]   Downloaded brotli-decompressor v4.0.3
[INFO] [stderr]   Downloaded datafusion-physical-expr v46.0.1
[INFO] [stderr]   Downloaded datafusion-sql v46.0.1
[INFO] [stderr]   Downloaded datafusion-optimizer v46.0.1
[INFO] [stderr]   Downloaded datafusion-functions v46.0.1
[INFO] [stderr]   Downloaded arrow-array v54.3.1
[INFO] [stderr]   Downloaded datafusion v46.0.1
[INFO] [stderr]   Downloaded parquet v54.3.1
[INFO] [stderr]   Downloaded datafusion-physical-plan v46.0.1
[INFO] running `Command { std: "docker" "create" "-v" "/var/lib/crater-agent-workspace/builds/worker-1-tc1/source:/opt/rustwide/workdir:ro,Z" "-v" "/var/lib/crater-agent-workspace/builds/worker-1-tc1/target:/opt/rustwide/target:rw,Z" "-v" "/var/lib/crater-agent-workspace/cargo-home:/opt/rustwide/cargo-home:ro,Z" "-v" "/var/lib/crater-agent-workspace/rustup-home:/opt/rustwide/rustup-home:ro,Z" "-m" "1610612736" "--network" "none" "ghcr.io/rust-lang/crates-build-env/linux@sha256:77db811e55d90add9212f6832c23229e3de5f1c1f9905e8cb07319ea15df73ac" "sleep" "infinity", kill_on_drop: false }`
[INFO] [stdout] 52dd87f8367320beef125ed67d663c011337b731d8aff75ea260cf5ffd9107a6
[INFO] running `Command { std: "docker" "start" "52dd87f8367320beef125ed67d663c011337b731d8aff75ea260cf5ffd9107a6", kill_on_drop: false }`
[INFO] running `Command { std: "docker" "inspect" "52dd87f8367320beef125ed67d663c011337b731d8aff75ea260cf5ffd9107a6", kill_on_drop: false }`
[INFO] running `Command { std: "docker" "exec" "-e" "SOURCE_DIR=/opt/rustwide/workdir" "-e" "CARGO_HOME=/opt/rustwide/cargo-home" "-e" "RUSTUP_HOME=/opt/rustwide/rustup-home" "-e" "CARGO_TARGET_DIR=/opt/rustwide/target" "-w" "/opt/rustwide/workdir" "--user" "0:0" "52dd87f8367320beef125ed67d663c011337b731d8aff75ea260cf5ffd9107a6" "/opt/rustwide/cargo-home/bin/cargo" "+1.99.0-beta.8" "metadata" "--no-deps" "--format-version=1", kill_on_drop: false }`
[INFO] running `Command { std: "docker" "inspect" "52dd87f8367320beef125ed67d663c011337b731d8aff75ea260cf5ffd9107a6", kill_on_drop: false }`
[INFO] running `Command { std: "docker" "exec" "-e" "SOURCE_DIR=/opt/rustwide/workdir" "-e" "CARGO_HOME=/opt/rustwide/cargo-home" "-e" "RUSTUP_HOME=/opt/rustwide/rustup-home" "-e" "CARGO_TARGET_DIR=/opt/rustwide/target" "-e" "CARGO_INCREMENTAL=0" "-e" "RUST_BACKTRACE=full" "-e" "RUSTFLAGS=--cap-lints=warn" "-e" "RUSTDOCFLAGS=--cap-lints=warn" "-w" "/opt/rustwide/workdir" "--user" "0:0" "52dd87f8367320beef125ed67d663c011337b731d8aff75ea260cf5ffd9107a6" "/opt/rustwide/cargo-home/bin/cargo" "+1.99.0-beta.8" "build" "--frozen" "--message-format=json" "--release", kill_on_drop: false }`
[INFO] [stderr]    Compiling deranged v0.5.8
[INFO] [stderr]    Compiling bufrw v0.2.0
[INFO] [stderr]    Compiling time v0.3.53
[INFO] [stderr]    Compiling dbase v0.8.0 (/opt/rustwide/workdir)
[INFO] [stderr]     Finished `release` profile [optimized] target(s) in 3.93s
[INFO] running `Command { std: "docker" "inspect" "52dd87f8367320beef125ed67d663c011337b731d8aff75ea260cf5ffd9107a6", kill_on_drop: false }`
[INFO] running `Command { std: "docker" "exec" "-e" "SOURCE_DIR=/opt/rustwide/workdir" "-e" "CARGO_HOME=/opt/rustwide/cargo-home" "-e" "RUSTUP_HOME=/opt/rustwide/rustup-home" "-e" "CARGO_TARGET_DIR=/opt/rustwide/target" "-e" "CARGO_INCREMENTAL=0" "-e" "RUST_BACKTRACE=full" "-e" "RUSTFLAGS=--cap-lints=warn" "-e" "RUSTDOCFLAGS=--cap-lints=warn" "-w" "/opt/rustwide/workdir" "--user" "0:0" "52dd87f8367320beef125ed67d663c011337b731d8aff75ea260cf5ffd9107a6" "/opt/rustwide/cargo-home/bin/cargo" "+1.99.0-beta.8" "test" "--frozen" "--no-run" "--message-format=json" "--release", kill_on_drop: false }`
[INFO] [stderr]    Compiling libc v0.2.186
[INFO] [stderr]    Compiling quote v1.0.46
[INFO] [stderr]    Compiling bitflags v2.13.0
[INFO] [stderr]    Compiling tokio v1.52.3
[INFO] [stderr]    Compiling rustix v1.1.4
[INFO] [stderr]    Compiling syn v2.0.118
[INFO] [stderr]    Compiling getrandom v0.4.3
[INFO] [stderr]    Compiling tempfile v3.27.0
[INFO] [stderr]    Compiling serde_derive v1.0.228
[INFO] [stderr]    Compiling dbase v0.8.0 (/opt/rustwide/workdir)
[INFO] [stderr]     Finished `release` profile [optimized] target(s) in 15.29s
[INFO] running `Command { std: "docker" "inspect" "52dd87f8367320beef125ed67d663c011337b731d8aff75ea260cf5ffd9107a6", kill_on_drop: false }`
[INFO] running `Command { std: "docker" "exec" "-e" "SOURCE_DIR=/opt/rustwide/workdir" "-e" "CARGO_HOME=/opt/rustwide/cargo-home" "-e" "RUSTUP_HOME=/opt/rustwide/rustup-home" "-e" "CARGO_TARGET_DIR=/opt/rustwide/target" "-e" "CARGO_INCREMENTAL=0" "-e" "RUST_BACKTRACE=full" "-e" "RUSTFLAGS=--cap-lints=warn" "-e" "RUSTDOCFLAGS=--cap-lints=warn" "-w" "/opt/rustwide/workdir" "--user" "0:0" "52dd87f8367320beef125ed67d663c011337b731d8aff75ea260cf5ffd9107a6" "/opt/rustwide/cargo-home/bin/cargo" "+1.99.0-beta.8" "test" "--frozen" "--release", kill_on_drop: false }`
[INFO] [stderr]     Finished `release` profile [optimized] target(s) in 0.11s
[INFO] [stderr]      Running unittests src/lib.rs (/opt/rustwide/target/release/deps/dbase-370b154cac9e511a)
[INFO] [stdout] 
[INFO] [stdout] running 14 tests
[INFO] [stdout] test field::test::write_read_field_info ... ok
[INFO] [stdout] test file::tests::ensure_record_has_been_read_into_buffer ... ok
[INFO] [stdout] test header::test::pos_after_reading_header ... ok
[INFO] [stdout] test reading::test::pos_after_reading ... ok
[INFO] [stdout] test field::types::test::test_to_unix_days ... ok
[INFO] [stdout] test header::test::pos_after_writing_header ... ok
[INFO] [stdout] test field::types::test::test_to_unix_timestamp ... ok
[INFO] [stdout] test field::types::test::test_write_read_empty_date ... ok
[INFO] [stdout] test header::test::read_write_header ... ok
[INFO] [stdout] test field::types::test::write_read_date ... ok
[INFO] [stdout] test field::types::test::test_from_julian_day_number ... ok
[INFO] [stdout] test field::types::test::test_to_julian_day_number ... ok
[INFO] [stdout] test field::types::test::test_write_read_integer_via_enum ... ok
[INFO] [stdout] test field::types::test::write_read_ascii_char ... ok
[INFO] [stdout] 
[INFO] [stdout] test result: ok. 14 passed; 0 failed; 0 ignored; 0 measured; 0 filtered out; finished in 0.02s
[INFO] [stdout] 
[INFO] [stderr]      Running tests/fuzz.rs (/opt/rustwide/target/release/deps/fuzz-d022ca83f29a3183)
[INFO] [stdout] 
[INFO] [stdout] running 5 tests
[INFO] [stdout] test invalid_time_word ... ok
[INFO] [stderr]      Running tests/test_bugged_file_sync.rs (/opt/rustwide/target/release/deps/test_bugged_file_sync-e84acf5601aae06b)
[INFO] [stdout] test julian_day_overflow ... ok
[INFO] [stdout] test empty_logical_field ... ok
[INFO] [stdout] test overflow_in_num_fields_sub ... ok
[INFO] [stdout] test oob_memo_field_bytes ... ok
[INFO] [stdout] 
[INFO] [stdout] test result: ok. 5 passed; 0 failed; 0 ignored; 0 measured; 0 filtered out; finished in 0.00s
[INFO] [stdout] 
[INFO] [stdout] 
[INFO] [stdout] running 1 test
[INFO] [stderr] error: test failed, to rerun pass `--test test_bugged_file_sync`
[INFO] [stdout] test test_bugged_file_sync ... FAILED
[INFO] [stdout] 
[INFO] [stdout] failures:
[INFO] [stdout] 
[INFO] [stdout] ---- test_bugged_file_sync stdout ----
[INFO] [stdout] 
[INFO] [stdout] thread 'test_bugged_file_sync' (677) panicked at tests/test_bugged_file_sync.rs:55:14:
[INFO] [stdout] called `Result::unwrap()` on an `Err` value: Error { kind: IoError(Os { code: 30, kind: ReadOnlyFilesystem, message: "Read-only file system" }), record_context: None }
[INFO] [stdout] stack backtrace:
[INFO] [stdout]    0:     0x61bed5d8a591 - <<std[70759c8f55707aa4]::sys::backtrace::BacktraceLock>::print::DisplayBacktrace as core[df12db4294e9bfd3]::fmt::Display>::fmt
[INFO] [stdout]    1:     0x61bed5d9f26a - core[df12db4294e9bfd3]::fmt::write
[INFO] [stdout]    2:     0x61bed5d8eaac - <alloc[2182bb758b4b3781]::vec::Vec<u8> as core[df12db4294e9bfd3]::io::write::Write>::write_fmt
[INFO] [stdout]    3:     0x61bed5d66836 - std[70759c8f55707aa4]::panicking::default_hook::{closure#0}
[INFO] [stdout]    4:     0x61bed5d82b99 - std[70759c8f55707aa4]::panicking::default_hook
[INFO] [stdout]    5:     0x61bed5d1c3f0 - test[9d35eded1c95d3be]::test_main_inner::<test[9d35eded1c95d3be]::test_main_static::{closure#0}>::{closure#0}
[INFO] [stdout]    6:     0x61bed5d82d52 - std[70759c8f55707aa4]::panicking::panic_with_hook
[INFO] [stdout]    7:     0x61bed5d668e2 - std[70759c8f55707aa4]::panicking::panic_handler::{closure#0}
[INFO] [stdout]    8:     0x61bed5d5f5b9 - std[70759c8f55707aa4]::sys::backtrace::__rust_end_short_backtrace::<std[70759c8f55707aa4]::panicking::panic_handler::{closure#0}, !>
[INFO] [stdout]    9:     0x61bed5d674dd - __rustc[8fa7c3cbc660c2b3]::rust_begin_unwind
[INFO] [stdout]   10:     0x61bed5d9f99c - core[df12db4294e9bfd3]::panicking::panic_fmt
[INFO] [stdout]   11:     0x61bed5d9f772 - core[df12db4294e9bfd3]::result::unwrap_failed
[INFO] [stdout]   12:     0x61bed5d0d64d - <test_bugged_file_sync[391748ac01924bd3]::test_bugged_file_sync::{closure#0} as core[df12db4294e9bfd3]::ops::function::FnOnce<()>>::call_once
[INFO] [stdout]   13:     0x61bed5d0f6db - test[9d35eded1c95d3be]::__rust_begin_short_backtrace::<core[df12db4294e9bfd3]::result::Result<(), alloc[2182bb758b4b3781]::string::String>, fn() -> core[df12db4294e9bfd3]::result::Result<(), alloc[2182bb758b4b3781]::string::String>>
[INFO] [stdout]   14:     0x61bed5d1cd45 - test[9d35eded1c95d3be]::run_test::{closure#0}
[INFO] [stdout]   15:     0x61bed5d16604 - std[70759c8f55707aa4]::sys::backtrace::__rust_begin_short_backtrace::<test[9d35eded1c95d3be]::run_test::{closure#1}, ()>
[INFO] [stdout]   16:     0x61bed5d1fea2 - <std[70759c8f55707aa4]::thread::lifecycle::spawn_unchecked<test[9d35eded1c95d3be]::run_test::{closure#1}, ()>::{closure#1} as core[df12db4294e9bfd3]::ops::function::FnOnce<()>>::call_once::{shim:vtable#0}
[INFO] [stdout]   17:     0x61bed5d89e69 - <std[70759c8f55707aa4]::sys::thread::unix::Thread>::new::thread_start
[INFO] [stdout]   18:     0x70e6981f8dfa - <unknown>
[INFO] [stdout]   19:     0x70e69828c3d4 - clone
[INFO] [stdout]   20:                0x0 - <unknown>
[INFO] [stdout] 
[INFO] [stdout] 
[INFO] [stdout] failures:
[INFO] [stdout]     test_bugged_file_sync
[INFO] [stdout] 
[INFO] [stdout] test result: FAILED. 0 passed; 1 failed; 0 ignored; 0 measured; 0 filtered out; finished in 0.00s
[INFO] [stdout] 
[INFO] running `Command { std: "docker" "inspect" "52dd87f8367320beef125ed67d663c011337b731d8aff75ea260cf5ffd9107a6", kill_on_drop: false }`
[INFO] running `Command { std: "docker" "rm" "-f" "52dd87f8367320beef125ed67d663c011337b731d8aff75ea260cf5ffd9107a6", kill_on_drop: false }`
[INFO] [stdout] 52dd87f8367320beef125ed67d663c011337b731d8aff75ea260cf5ffd9107a6
