[INFO] fetching crate db3-sqlparser 0.0.1...
[INFO] testing db3-sqlparser-0.0.1 against 1.99.0-beta.8+cargoflags=--release for beta-release-1.100-2
[INFO] extracting crate db3-sqlparser 0.0.1 into /workspace/builds/worker-0-tc1/source
[INFO] started tweaking crates.io crate db3-sqlparser 0.0.1
[INFO] finished tweaking crates.io crate db3-sqlparser 0.0.1
[INFO] tweaked toml for crates.io crate db3-sqlparser 0.0.1 written to /workspace/builds/worker-0-tc1/source/Cargo.toml
[INFO] validating manifest of crates.io crate db3-sqlparser 0.0.1 on toolchain 1.99.0-beta.8
[INFO] running `Command { std: CARGO_HOME="/workspace/cargo-home" RUSTUP_HOME="/workspace/rustup-home" "/workspace/cargo-home/bin/cargo" "+1.99.0-beta.8" "metadata" "--manifest-path" "Cargo.toml" "--no-deps", kill_on_drop: false }`
[INFO] running `Command { std: CARGO_HOME="/workspace/cargo-home" RUSTUP_HOME="/workspace/rustup-home" "/workspace/cargo-home/bin/cargo" "+1.99.0-beta.8" "generate-lockfile" "--manifest-path" "Cargo.toml", kill_on_drop: false }`
[INFO] [stderr]     Updating crates.io index
[INFO] [stderr]      Locking 9 packages to highest compatible versions
[INFO] [stderr]       Adding tree-sitter v0.20.10 (available: v0.27.1)
[INFO] running `Command { std: CARGO_HOME="/workspace/cargo-home" RUSTUP_HOME="/workspace/rustup-home" "/workspace/cargo-home/bin/cargo" "+1.99.0-beta.8" "fetch" "--manifest-path" "Cargo.toml", kill_on_drop: false }`
[INFO] [stderr]  Downloading crates ...
[INFO] [stderr]   Downloaded tree-sitter v0.20.10
[INFO] running `Command { std: "docker" "create" "-v" "/var/lib/crater-agent-workspace/builds/worker-0-tc1/source:/opt/rustwide/workdir:ro,Z" "-v" "/var/lib/crater-agent-workspace/builds/worker-0-tc1/target:/opt/rustwide/target:rw,Z" "-v" "/var/lib/crater-agent-workspace/cargo-home:/opt/rustwide/cargo-home:ro,Z" "-v" "/var/lib/crater-agent-workspace/rustup-home:/opt/rustwide/rustup-home:ro,Z" "-m" "1610612736" "--network" "none" "ghcr.io/rust-lang/crates-build-env/linux@sha256:77db811e55d90add9212f6832c23229e3de5f1c1f9905e8cb07319ea15df73ac" "sleep" "infinity", kill_on_drop: false }`
[INFO] [stdout] 91178d1a14a6d28c6ba38f3878ccd49db4b031609ec364fbf1782ff774212a20
[INFO] running `Command { std: "docker" "start" "91178d1a14a6d28c6ba38f3878ccd49db4b031609ec364fbf1782ff774212a20", kill_on_drop: false }`
[INFO] running `Command { std: "docker" "inspect" "91178d1a14a6d28c6ba38f3878ccd49db4b031609ec364fbf1782ff774212a20", kill_on_drop: false }`
[INFO] running `Command { std: "docker" "exec" "-e" "SOURCE_DIR=/opt/rustwide/workdir" "-e" "CARGO_HOME=/opt/rustwide/cargo-home" "-e" "RUSTUP_HOME=/opt/rustwide/rustup-home" "-e" "CARGO_TARGET_DIR=/opt/rustwide/target" "-w" "/opt/rustwide/workdir" "--user" "0:0" "91178d1a14a6d28c6ba38f3878ccd49db4b031609ec364fbf1782ff774212a20" "/opt/rustwide/cargo-home/bin/cargo" "+1.99.0-beta.8" "metadata" "--no-deps" "--format-version=1", kill_on_drop: false }`
[INFO] running `Command { std: "docker" "inspect" "91178d1a14a6d28c6ba38f3878ccd49db4b031609ec364fbf1782ff774212a20", kill_on_drop: false }`
[INFO] running `Command { std: "docker" "exec" "-e" "SOURCE_DIR=/opt/rustwide/workdir" "-e" "CARGO_HOME=/opt/rustwide/cargo-home" "-e" "RUSTUP_HOME=/opt/rustwide/rustup-home" "-e" "CARGO_TARGET_DIR=/opt/rustwide/target" "-e" "CARGO_INCREMENTAL=0" "-e" "RUST_BACKTRACE=full" "-e" "RUSTFLAGS=--cap-lints=warn" "-e" "RUSTDOCFLAGS=--cap-lints=warn" "-w" "/opt/rustwide/workdir" "--user" "0:0" "91178d1a14a6d28c6ba38f3878ccd49db4b031609ec364fbf1782ff774212a20" "/opt/rustwide/cargo-home/bin/cargo" "+1.99.0-beta.8" "build" "--frozen" "--message-format=json" "--release", kill_on_drop: false }`
[INFO] [stderr]    Compiling find-msvc-tools v0.1.14
[INFO] [stderr]    Compiling regex-syntax v0.8.11
[INFO] [stderr]    Compiling cc v1.8.0
[INFO] [stderr]    Compiling tree-sitter v0.20.10
[INFO] [stderr]    Compiling db3-sqlparser v0.0.1 (/opt/rustwide/workdir)
[INFO] [stderr]    Compiling regex-automata v0.4.18
[INFO] [stderr]    Compiling regex v1.13.1
[INFO] [stderr]     Finished `release` profile [optimized] target(s) in 23.04s
[INFO] running `Command { std: "docker" "inspect" "91178d1a14a6d28c6ba38f3878ccd49db4b031609ec364fbf1782ff774212a20", kill_on_drop: false }`
[INFO] running `Command { std: "docker" "exec" "-e" "SOURCE_DIR=/opt/rustwide/workdir" "-e" "CARGO_HOME=/opt/rustwide/cargo-home" "-e" "RUSTUP_HOME=/opt/rustwide/rustup-home" "-e" "CARGO_TARGET_DIR=/opt/rustwide/target" "-e" "CARGO_INCREMENTAL=0" "-e" "RUST_BACKTRACE=full" "-e" "RUSTFLAGS=--cap-lints=warn" "-e" "RUSTDOCFLAGS=--cap-lints=warn" "-w" "/opt/rustwide/workdir" "--user" "0:0" "91178d1a14a6d28c6ba38f3878ccd49db4b031609ec364fbf1782ff774212a20" "/opt/rustwide/cargo-home/bin/cargo" "+1.99.0-beta.8" "test" "--frozen" "--no-run" "--message-format=json" "--release", kill_on_drop: false }`
[INFO] [stderr]    Compiling db3-sqlparser v0.0.1 (/opt/rustwide/workdir)
[INFO] [stderr]     Finished `release` profile [optimized] target(s) in 0.24s
[INFO] running `Command { std: "docker" "inspect" "91178d1a14a6d28c6ba38f3878ccd49db4b031609ec364fbf1782ff774212a20", kill_on_drop: false }`
[INFO] running `Command { std: "docker" "exec" "-e" "SOURCE_DIR=/opt/rustwide/workdir" "-e" "CARGO_HOME=/opt/rustwide/cargo-home" "-e" "RUSTUP_HOME=/opt/rustwide/rustup-home" "-e" "CARGO_TARGET_DIR=/opt/rustwide/target" "-e" "CARGO_INCREMENTAL=0" "-e" "RUST_BACKTRACE=full" "-e" "RUSTFLAGS=--cap-lints=warn" "-e" "RUSTDOCFLAGS=--cap-lints=warn" "-w" "/opt/rustwide/workdir" "--user" "0:0" "91178d1a14a6d28c6ba38f3878ccd49db4b031609ec364fbf1782ff774212a20" "/opt/rustwide/cargo-home/bin/cargo" "+1.99.0-beta.8" "test" "--frozen" "--release", kill_on_drop: false }`
[INFO] [stderr]     Finished `release` profile [optimized] target(s) in 0.02s
[INFO] [stderr]      Running unittests bindings/rust/lib.rs (/opt/rustwide/target/release/deps/db3_sqlparser-5bf163b0370990fd)
[INFO] [stdout] 
[INFO] [stdout] running 1 test
[INFO] [stdout] test tests::test_can_load_grammar ... ok
[INFO] [stdout] 
[INFO] [stdout] test result: ok. 1 passed; 0 failed; 0 ignored; 0 measured; 0 filtered out; finished in 0.00s
[INFO] [stdout] 
[INFO] [stderr]    Doc-tests db3_sqlparser
[INFO] [stdout] 
[INFO] [stdout] running 1 test
[INFO] [stdout] test bindings/rust/lib.rs - (line 6) ... FAILED
[INFO] [stdout] 
[INFO] [stdout] failures:
[INFO] [stdout] 
[INFO] [stdout] ---- bindings/rust/lib.rs - (line 6) stdout ----
[INFO] [stdout] error[E0433]: cannot find module or crate `tree_sitter_db3_sql` in this scope
[INFO] [stdout]  --> bindings/rust/lib.rs:9:21
[INFO] [stdout]   |
[INFO] [stdout] 9 | parser.set_language(tree_sitter_db3_sql::language()).expect("Error loading db3_sql grammar");
[INFO] [stdout]   |                     ^^^^^^^^^^^^^^^^^^^ use of unresolved module or unlinked crate `tree_sitter_db3_sql`
[INFO] [stdout]   |
[INFO] [stdout]   = help: if you wanted to use a crate named `tree_sitter_db3_sql`, use `cargo add tree_sitter_db3_sql` to add it to your `Cargo.toml`
[INFO] [stdout] 
[INFO] [stdout] error: aborting due to 1 previous error
[INFO] [stdout] 
[INFO] [stdout] For more information about this error, try `rustc --explain E0433`.
[INFO] [stdout] Couldn't compile the test.
[INFO] [stdout] 
[INFO] [stdout] failures:
[INFO] [stdout]     bindings/rust/lib.rs - (line 6)
[INFO] [stdout] 
[INFO] [stdout] test result: FAILED. 0 passed; 1 failed; 0 ignored; 0 measured; 0 filtered out; finished in 0.08s
[INFO] [stdout] 
[INFO] [stderr] error: doctest failed, to rerun pass `--doc`
[INFO] running `Command { std: "docker" "inspect" "91178d1a14a6d28c6ba38f3878ccd49db4b031609ec364fbf1782ff774212a20", kill_on_drop: false }`
[INFO] running `Command { std: "docker" "rm" "-f" "91178d1a14a6d28c6ba38f3878ccd49db4b031609ec364fbf1782ff774212a20", kill_on_drop: false }`
[INFO] [stdout] 91178d1a14a6d28c6ba38f3878ccd49db4b031609ec364fbf1782ff774212a20
