[INFO] fetching crate db-map 0.1.1...
[INFO] testing db-map-0.1.1 against 1.100.0-beta.1+cargoflags=--release for beta-release-1.100-2
[INFO] extracting crate db-map 0.1.1 into /workspace/builds/worker-3-tc2/source
[INFO] started tweaking crates.io crate db-map 0.1.1
[INFO] finished tweaking crates.io crate db-map 0.1.1
[INFO] tweaked toml for crates.io crate db-map 0.1.1 written to /workspace/builds/worker-3-tc2/source/Cargo.toml
[INFO] validating manifest of crates.io crate db-map 0.1.1 on toolchain 1.100.0-beta.1
[INFO] running `Command { std: CARGO_HOME="/workspace/cargo-home" RUSTUP_HOME="/workspace/rustup-home" "/workspace/cargo-home/bin/cargo" "+1.100.0-beta.1" "metadata" "--manifest-path" "Cargo.toml" "--no-deps", kill_on_drop: false }`
[INFO] running `Command { std: CARGO_HOME="/workspace/cargo-home" RUSTUP_HOME="/workspace/rustup-home" "/workspace/cargo-home/bin/cargo" "+1.100.0-beta.1" "generate-lockfile" "--manifest-path" "Cargo.toml", kill_on_drop: false }`
[INFO] [stderr]     Updating crates.io index
[INFO] [stderr]      Locking 24 packages to highest compatible versions
[INFO] [stderr]       Adding rusqlite v0.32.1 (available: v0.40.2)
[INFO] running `Command { std: CARGO_HOME="/workspace/cargo-home" RUSTUP_HOME="/workspace/rustup-home" "/workspace/cargo-home/bin/cargo" "+1.100.0-beta.1" "fetch" "--manifest-path" "Cargo.toml", kill_on_drop: false }`
[INFO] running `Command { std: "docker" "create" "-v" "/var/lib/crater-agent-workspace/builds/worker-3-tc2/source:/opt/rustwide/workdir:ro,Z" "-v" "/var/lib/crater-agent-workspace/builds/worker-3-tc2/target:/opt/rustwide/target:rw,Z" "-v" "/var/lib/crater-agent-workspace/cargo-home:/opt/rustwide/cargo-home:ro,Z" "-v" "/var/lib/crater-agent-workspace/rustup-home:/opt/rustwide/rustup-home:ro,Z" "-m" "1610612736" "--network" "none" "ghcr.io/rust-lang/crates-build-env/linux@sha256:77db811e55d90add9212f6832c23229e3de5f1c1f9905e8cb07319ea15df73ac" "sleep" "infinity", kill_on_drop: false }`
[INFO] [stdout] 84057c4e99b7e257a8f555cb70d8ea61d8e31d88f864568462667924f9fb1c88
[INFO] running `Command { std: "docker" "start" "84057c4e99b7e257a8f555cb70d8ea61d8e31d88f864568462667924f9fb1c88", kill_on_drop: false }`
[INFO] running `Command { std: "docker" "inspect" "84057c4e99b7e257a8f555cb70d8ea61d8e31d88f864568462667924f9fb1c88", kill_on_drop: false }`
[INFO] running `Command { std: "docker" "exec" "-e" "SOURCE_DIR=/opt/rustwide/workdir" "-e" "CARGO_HOME=/opt/rustwide/cargo-home" "-e" "RUSTUP_HOME=/opt/rustwide/rustup-home" "-e" "CARGO_TARGET_DIR=/opt/rustwide/target" "-w" "/opt/rustwide/workdir" "--user" "0:0" "84057c4e99b7e257a8f555cb70d8ea61d8e31d88f864568462667924f9fb1c88" "/opt/rustwide/cargo-home/bin/cargo" "+1.100.0-beta.1" "metadata" "--no-deps" "--format-version=1", kill_on_drop: false }`
[INFO] running `Command { std: "docker" "inspect" "84057c4e99b7e257a8f555cb70d8ea61d8e31d88f864568462667924f9fb1c88", kill_on_drop: false }`
[INFO] running `Command { std: "docker" "exec" "-e" "SOURCE_DIR=/opt/rustwide/workdir" "-e" "CARGO_HOME=/opt/rustwide/cargo-home" "-e" "RUSTUP_HOME=/opt/rustwide/rustup-home" "-e" "CARGO_TARGET_DIR=/opt/rustwide/target" "-e" "CARGO_INCREMENTAL=0" "-e" "RUST_BACKTRACE=full" "-e" "RUSTFLAGS=--cap-lints=warn" "-e" "RUSTDOCFLAGS=--cap-lints=warn" "-w" "/opt/rustwide/workdir" "--user" "0:0" "84057c4e99b7e257a8f555cb70d8ea61d8e31d88f864568462667924f9fb1c88" "/opt/rustwide/cargo-home/bin/cargo" "+1.100.0-beta.1" "build" "--frozen" "--message-format=json" "--release", kill_on_drop: false }`
[INFO] [stderr]    Compiling zerocopy v0.8.63
[INFO] [stderr]    Compiling once_cell v1.21.4
[INFO] [stderr]    Compiling bitflags v2.13.2
[INFO] [stderr]    Compiling smallvec v1.16.3
[INFO] [stderr]    Compiling libsqlite3-sys v0.30.1
[INFO] [stderr]    Compiling ahash v0.8.12
[INFO] [stderr]    Compiling hashbrown v0.14.5
[INFO] [stderr]    Compiling hashlink v0.9.1
[INFO] [stderr]    Compiling rusqlite v0.32.1
[INFO] [stderr]    Compiling db-map v0.1.1 (/opt/rustwide/workdir)
[INFO] [stderr]     Finished `release` profile [optimized] target(s) in 1m 34s
[INFO] running `Command { std: "docker" "inspect" "84057c4e99b7e257a8f555cb70d8ea61d8e31d88f864568462667924f9fb1c88", kill_on_drop: false }`
[INFO] running `Command { std: "docker" "exec" "-e" "SOURCE_DIR=/opt/rustwide/workdir" "-e" "CARGO_HOME=/opt/rustwide/cargo-home" "-e" "RUSTUP_HOME=/opt/rustwide/rustup-home" "-e" "CARGO_TARGET_DIR=/opt/rustwide/target" "-e" "CARGO_INCREMENTAL=0" "-e" "RUST_BACKTRACE=full" "-e" "RUSTFLAGS=--cap-lints=warn" "-e" "RUSTDOCFLAGS=--cap-lints=warn" "-w" "/opt/rustwide/workdir" "--user" "0:0" "84057c4e99b7e257a8f555cb70d8ea61d8e31d88f864568462667924f9fb1c88" "/opt/rustwide/cargo-home/bin/cargo" "+1.100.0-beta.1" "test" "--frozen" "--no-run" "--message-format=json" "--release", kill_on_drop: false }`
[INFO] [stderr]    Compiling db-map v0.1.1 (/opt/rustwide/workdir)
[INFO] [stderr]     Finished `release` profile [optimized] target(s) in 1.27s
[INFO] running `Command { std: "docker" "inspect" "84057c4e99b7e257a8f555cb70d8ea61d8e31d88f864568462667924f9fb1c88", kill_on_drop: false }`
[INFO] running `Command { std: "docker" "exec" "-e" "SOURCE_DIR=/opt/rustwide/workdir" "-e" "CARGO_HOME=/opt/rustwide/cargo-home" "-e" "RUSTUP_HOME=/opt/rustwide/rustup-home" "-e" "CARGO_TARGET_DIR=/opt/rustwide/target" "-e" "CARGO_INCREMENTAL=0" "-e" "RUST_BACKTRACE=full" "-e" "RUSTFLAGS=--cap-lints=warn" "-e" "RUSTDOCFLAGS=--cap-lints=warn" "-w" "/opt/rustwide/workdir" "--user" "0:0" "84057c4e99b7e257a8f555cb70d8ea61d8e31d88f864568462667924f9fb1c88" "/opt/rustwide/cargo-home/bin/cargo" "+1.100.0-beta.1" "test" "--frozen" "--release", kill_on_drop: false }`
[INFO] [stderr]     Finished `release` profile [optimized] target(s) in 0.04s
[INFO] [stderr]      Running unittests src/lib.rs (/opt/rustwide/target/release/build/db-map/f75b84914ccd09c2/out/db_map-f75b84914ccd09c2)
[INFO] [stdout] 
[INFO] [stdout] running 3 tests
[INFO] [stdout] test tests::test_sync ... ok
[INFO] [stdout] test tests::test_send ... ok
[INFO] [stdout] test tests::test_methods ... FAILED
[INFO] [stdout] 
[INFO] [stdout] failures:
[INFO] [stdout] 
[INFO] [stdout] ---- tests::test_methods stdout ----
[INFO] [stdout] 
[INFO] [stdout] thread 'tests::test_methods' (308) panicked at src/lib.rs:24:66:
[INFO] [stdout] called `Result::unwrap()` on an `Err` value: unable to open database file: db_map.db
[INFO] [stdout] 
[INFO] [stdout] Caused by:
[INFO] [stdout]     Error code 14: Unable to open the database file
[INFO] [stdout] 
[INFO] [stdout] Stack backtrace:
[INFO] [stdout]    0: <anyhow::Error as core::convert::From<rusqlite::error::Error>>::from
[INFO] [stdout]    1: <db_map::db_map::DBMap<alloc::string::String, u64>>::new
[INFO] [stdout]    2: <db_map::tests::test_methods::{closure#0} as core::ops::function::FnOnce<()>>::call_once
[INFO] [stdout]    3: test::__rust_begin_short_backtrace::<core::result::Result<(), alloc::string::String>, fn() -> core::result::Result<(), alloc::string::String>>
[INFO] [stdout]    4: test::run_test::{closure#0}
[INFO] [stdout]    5: std::sys::backtrace::__rust_begin_short_backtrace::<test::run_test::{closure#1}, ()>
[INFO] [stdout]    6: <std::thread::lifecycle::spawn_unchecked<test::run_test::{closure#1}, ()>::{closure#1} as core::ops::function::FnOnce<()>>::call_once::{shim:vtable#0}
[INFO] [stdout]    7: <std::sys::thread::unix::Thread>::new::thread_start
[INFO] [stdout]    8: <unknown>
[INFO] [stdout]    9: clone
[INFO] [stdout] stack backtrace:
[INFO] [stdout]    0:     0x576d04396c81 - <<std[617be2ca0a6fd877]::sys::backtrace::BacktraceLock>::print::DisplayBacktrace as core[a373ad73a504971]::fmt::Display>::fmt
[INFO] [stdout]    1:     0x576d043ab4da - core[a373ad73a504971]::fmt::write
[INFO] [stdout]    2:     0x576d0439b39c - <alloc[2e1b2a31b91974c5]::vec::Vec<u8> as core[a373ad73a504971]::io::write::Write>::write_fmt
[INFO] [stdout]    3:     0x576d04372b66 - std[617be2ca0a6fd877]::panicking::default_hook::{closure#0}
[INFO] [stdout]    4:     0x576d0438f2f9 - std[617be2ca0a6fd877]::panicking::default_hook
[INFO] [stdout]    5:     0x576d04192630 - test[aada8e7e76ba119b]::test_main_inner::{closure#0}
[INFO] [stdout]    6:     0x576d0438f4b2 - std[617be2ca0a6fd877]::panicking::panic_with_hook
[INFO] [stdout]    7:     0x576d04372c12 - std[617be2ca0a6fd877]::panicking::panic_handler::{closure#0}
[INFO] [stdout]    8:     0x576d0436b399 - std[617be2ca0a6fd877]::sys::backtrace::__rust_end_short_backtrace::<std[617be2ca0a6fd877]::panicking::panic_handler::{closure#0}, !>
[INFO] [stdout]    9:     0x576d0437392d - __rustc[ea4f61d10b84890b]::rust_begin_unwind
[INFO] [stdout]   10:     0x576d043abc3c - core[a373ad73a504971]::panicking::panic_fmt
[INFO] [stderr] error: test failed, to rerun pass `--lib`
[INFO] [stdout]   11:     0x576d043aba12 - core[a373ad73a504971]::result::unwrap_failed
[INFO] [stdout]   12:     0x576d04182163 - <db_map[8f21f107e75357f9]::tests::test_methods::{closure#0} as core[a373ad73a504971]::ops::function::FnOnce<()>>::call_once
[INFO] [stdout]   13:     0x576d04185a7b - test[aada8e7e76ba119b]::__rust_begin_short_backtrace::<core[a373ad73a504971]::result::Result<(), alloc[2e1b2a31b91974c5]::string::String>, fn() -> core[a373ad73a504971]::result::Result<(), alloc[2e1b2a31b91974c5]::string::String>>
[INFO] [stdout]   14:     0x576d04192c55 - test[aada8e7e76ba119b]::run_test::{closure#0}
[INFO] [stdout]   15:     0x576d0418c544 - std[617be2ca0a6fd877]::sys::backtrace::__rust_begin_short_backtrace::<test[aada8e7e76ba119b]::run_test::{closure#1}, ()>
[INFO] [stdout]   16:     0x576d04195ce2 - <std[617be2ca0a6fd877]::thread::lifecycle::spawn_unchecked<test[aada8e7e76ba119b]::run_test::{closure#1}, ()>::{closure#1} as core[a373ad73a504971]::ops::function::FnOnce<()>>::call_once::{shim:vtable#0}
[INFO] [stdout]   17:     0x576d043964df - <std[617be2ca0a6fd877]::sys::thread::unix::Thread>::new::thread_start
[INFO] [stdout]   18:     0x70100fb61dfa - <unknown>
[INFO] [stdout]   19:     0x70100fbf53d4 - clone
[INFO] [stdout]   20:                0x0 - <unknown>
[INFO] [stdout] 
[INFO] [stdout] 
[INFO] [stdout] failures:
[INFO] [stdout]     tests::test_methods
[INFO] [stdout] 
[INFO] [stdout] test result: FAILED. 2 passed; 1 failed; 0 ignored; 0 measured; 0 filtered out; finished in 0.00s
[INFO] [stdout] 
[INFO] running `Command { std: "docker" "inspect" "84057c4e99b7e257a8f555cb70d8ea61d8e31d88f864568462667924f9fb1c88", kill_on_drop: false }`
[INFO] running `Command { std: "docker" "rm" "-f" "84057c4e99b7e257a8f555cb70d8ea61d8e31d88f864568462667924f9fb1c88", kill_on_drop: false }`
[INFO] [stdout] 84057c4e99b7e257a8f555cb70d8ea61d8e31d88f864568462667924f9fb1c88
