[INFO] fetching crate dazzle-grove-libxml2 0.4.6...
[INFO] testing dazzle-grove-libxml2-0.4.6 against 1.99.0-beta.8+cargoflags=--release for beta-release-1.100-2
[INFO] extracting crate dazzle-grove-libxml2 0.4.6 into /workspace/builds/worker-6-tc1/source
[INFO] started tweaking crates.io crate dazzle-grove-libxml2 0.4.6
[INFO] finished tweaking crates.io crate dazzle-grove-libxml2 0.4.6
[INFO] tweaked toml for crates.io crate dazzle-grove-libxml2 0.4.6 written to /workspace/builds/worker-6-tc1/source/Cargo.toml
[INFO] validating manifest of crates.io crate dazzle-grove-libxml2 0.4.6 on toolchain 1.99.0-beta.8
[INFO] running `Command { std: CARGO_HOME="/workspace/cargo-home" RUSTUP_HOME="/workspace/rustup-home" "/workspace/cargo-home/bin/cargo" "+1.99.0-beta.8" "metadata" "--manifest-path" "Cargo.toml" "--no-deps", kill_on_drop: false }`
[INFO] crate crates.io crate dazzle-grove-libxml2 0.4.6 already has a lockfile, it will not be regenerated
[INFO] running `Command { std: CARGO_HOME="/workspace/cargo-home" RUSTUP_HOME="/workspace/rustup-home" "/workspace/cargo-home/bin/cargo" "+1.99.0-beta.8" "fetch" "--manifest-path" "Cargo.toml", kill_on_drop: false }`
[INFO] [stderr]     Blocking waiting for file lock on package cache
[INFO] [stderr]     Updating crates.io index
[INFO] [stderr]     Blocking waiting for file lock on package cache
[INFO] [stderr]  Downloading crates ...
[INFO] [stderr]   Downloaded gc_derive v0.5.0
[INFO] [stderr]   Downloaded gc v0.5.1
[INFO] [stderr]   Downloaded dazzle-core v0.4.6
[INFO] [stderr]   Downloaded libxml v0.3.8
[INFO] running `Command { std: "docker" "create" "-v" "/var/lib/crater-agent-workspace/builds/worker-6-tc1/source:/opt/rustwide/workdir:ro,Z" "-v" "/var/lib/crater-agent-workspace/builds/worker-6-tc1/target:/opt/rustwide/target:rw,Z" "-v" "/var/lib/crater-agent-workspace/cargo-home:/opt/rustwide/cargo-home:ro,Z" "-v" "/var/lib/crater-agent-workspace/rustup-home:/opt/rustwide/rustup-home:ro,Z" "-m" "1610612736" "--network" "none" "ghcr.io/rust-lang/crates-build-env/linux@sha256:77db811e55d90add9212f6832c23229e3de5f1c1f9905e8cb07319ea15df73ac" "sleep" "infinity", kill_on_drop: false }`
[INFO] [stdout] 8db19c9cbf40188099fd19d2d98174fc5118d71da8c5e6fa02fb7e9ce8549fee
[INFO] running `Command { std: "docker" "start" "8db19c9cbf40188099fd19d2d98174fc5118d71da8c5e6fa02fb7e9ce8549fee", kill_on_drop: false }`
[INFO] running `Command { std: "docker" "inspect" "8db19c9cbf40188099fd19d2d98174fc5118d71da8c5e6fa02fb7e9ce8549fee", kill_on_drop: false }`
[INFO] running `Command { std: "docker" "exec" "-e" "SOURCE_DIR=/opt/rustwide/workdir" "-e" "CARGO_HOME=/opt/rustwide/cargo-home" "-e" "RUSTUP_HOME=/opt/rustwide/rustup-home" "-e" "CARGO_TARGET_DIR=/opt/rustwide/target" "-w" "/opt/rustwide/workdir" "--user" "0:0" "8db19c9cbf40188099fd19d2d98174fc5118d71da8c5e6fa02fb7e9ce8549fee" "/opt/rustwide/cargo-home/bin/cargo" "+1.99.0-beta.8" "metadata" "--no-deps" "--format-version=1", kill_on_drop: false }`
[INFO] running `Command { std: "docker" "inspect" "8db19c9cbf40188099fd19d2d98174fc5118d71da8c5e6fa02fb7e9ce8549fee", kill_on_drop: false }`
[INFO] running `Command { std: "docker" "exec" "-e" "SOURCE_DIR=/opt/rustwide/workdir" "-e" "CARGO_HOME=/opt/rustwide/cargo-home" "-e" "RUSTUP_HOME=/opt/rustwide/rustup-home" "-e" "CARGO_TARGET_DIR=/opt/rustwide/target" "-e" "CARGO_INCREMENTAL=0" "-e" "RUST_BACKTRACE=full" "-e" "RUSTFLAGS=--cap-lints=warn" "-e" "RUSTDOCFLAGS=--cap-lints=warn" "-w" "/opt/rustwide/workdir" "--user" "0:0" "8db19c9cbf40188099fd19d2d98174fc5118d71da8c5e6fa02fb7e9ce8549fee" "/opt/rustwide/cargo-home/bin/cargo" "+1.99.0-beta.8" "build" "--frozen" "--message-format=json" "--release", kill_on_drop: false }`
[INFO] [stderr]    Compiling syn v2.0.106
[INFO] [stderr]    Compiling glob v0.3.3
[INFO] [stderr]    Compiling libc v0.2.177
[INFO] [stderr]    Compiling minimal-lexical v0.2.1
[INFO] [stderr]    Compiling syn v1.0.109
[INFO] [stderr]    Compiling memchr v2.7.6
[INFO] [stderr]    Compiling regex-syntax v0.8.8
[INFO] [stderr]    Compiling either v1.15.0
[INFO] [stderr]    Compiling bindgen v0.72.1
[INFO] [stderr]    Compiling bitflags v2.9.4
[INFO] [stderr]    Compiling rustc-hash v2.1.1
[INFO] [stderr]    Compiling unicode-xid v0.2.6
[INFO] [stderr]    Compiling libloading v0.8.9
[INFO] [stderr]    Compiling tracing-core v0.1.34
[INFO] [stderr]    Compiling itertools v0.13.0
[INFO] [stderr]    Compiling clang-sys v1.8.1
[INFO] [stderr]    Compiling nom v7.1.3
[INFO] [stderr]    Compiling regex-automata v0.4.13
[INFO] [stderr]    Compiling cexpr v0.6.0
[INFO] [stderr]    Compiling synstructure v0.12.6
[INFO] [stderr]    Compiling regex v1.12.2
[INFO] [stderr]    Compiling gc_derive v0.5.0
[INFO] [stderr]    Compiling gc v0.5.1
[INFO] [stderr]    Compiling tracing-attributes v0.1.30
[INFO] [stderr]    Compiling thiserror-impl v1.0.69
[INFO] [stderr]    Compiling tracing v0.1.41
[INFO] [stderr]    Compiling thiserror v1.0.69
[INFO] [stderr]    Compiling dazzle-core v0.4.6
[INFO] [stderr]    Compiling libxml v0.3.8
[INFO] [stderr]    Compiling dazzle-grove-libxml2 v0.4.6 (/opt/rustwide/workdir)
[INFO] [stderr]     Finished `release` profile [optimized] target(s) in 29.73s
[INFO] running `Command { std: "docker" "inspect" "8db19c9cbf40188099fd19d2d98174fc5118d71da8c5e6fa02fb7e9ce8549fee", kill_on_drop: false }`
[INFO] running `Command { std: "docker" "exec" "-e" "SOURCE_DIR=/opt/rustwide/workdir" "-e" "CARGO_HOME=/opt/rustwide/cargo-home" "-e" "RUSTUP_HOME=/opt/rustwide/rustup-home" "-e" "CARGO_TARGET_DIR=/opt/rustwide/target" "-e" "CARGO_INCREMENTAL=0" "-e" "RUST_BACKTRACE=full" "-e" "RUSTFLAGS=--cap-lints=warn" "-e" "RUSTDOCFLAGS=--cap-lints=warn" "-w" "/opt/rustwide/workdir" "--user" "0:0" "8db19c9cbf40188099fd19d2d98174fc5118d71da8c5e6fa02fb7e9ce8549fee" "/opt/rustwide/cargo-home/bin/cargo" "+1.99.0-beta.8" "test" "--frozen" "--no-run" "--message-format=json" "--release", kill_on_drop: false }`
[INFO] [stderr]    Compiling dazzle-grove-libxml2 v0.4.6 (/opt/rustwide/workdir)
[INFO] [stderr]     Finished `release` profile [optimized] target(s) in 1.04s
[INFO] running `Command { std: "docker" "inspect" "8db19c9cbf40188099fd19d2d98174fc5118d71da8c5e6fa02fb7e9ce8549fee", kill_on_drop: false }`
[INFO] running `Command { std: "docker" "exec" "-e" "SOURCE_DIR=/opt/rustwide/workdir" "-e" "CARGO_HOME=/opt/rustwide/cargo-home" "-e" "RUSTUP_HOME=/opt/rustwide/rustup-home" "-e" "CARGO_TARGET_DIR=/opt/rustwide/target" "-e" "CARGO_INCREMENTAL=0" "-e" "RUST_BACKTRACE=full" "-e" "RUSTFLAGS=--cap-lints=warn" "-e" "RUSTDOCFLAGS=--cap-lints=warn" "-w" "/opt/rustwide/workdir" "--user" "0:0" "8db19c9cbf40188099fd19d2d98174fc5118d71da8c5e6fa02fb7e9ce8549fee" "/opt/rustwide/cargo-home/bin/cargo" "+1.99.0-beta.8" "test" "--frozen" "--release", kill_on_drop: false }`
[INFO] [stderr]     Finished `release` profile [optimized] target(s) in 0.06s
[INFO] [stderr]      Running unittests src/lib.rs (/opt/rustwide/target/release/deps/dazzle_grove_libxml2-764a041a50a474c7)
[INFO] [stdout] 
[INFO] [stdout] running 17 tests
[INFO] [stdout] test node_list::tests::test_empty_node_list ... ok
[INFO] [stdout] test tests::test_element_with_id ... ok
[INFO] [stdout] test node_list::tests::test_node_list_rest_on_single_element ... ok
[INFO] [stdout] test node::tests::test_node_data ... ok
[INFO] [stdout] test tests::test_parse_simple_xml ... ok
[INFO] [stdout] test document::tests::test_dtd_defaults_on_nested_elements ... ok
[INFO] [stderr] :1: parser error : Couldn't find end of Start Tag child line 1
[INFO] [stdout] test document::tests::test_parse_simple_xml ... ok
[INFO] [stderr] <root><child
[INFO] [stdout] test document::tests::test_parse_malformed_xml ... ok
[INFO] [stderr]             ^
[INFO] [stdout] test node::tests::test_node_parent ... ok
[INFO] [stdout] test node::tests::test_node_children_only_elements ... FAILED
[INFO] [stdout] test node::tests::test_node_attributes ... ok
[INFO] [stdout] test node::tests::test_node_gi ... ok
[INFO] [stdout] test node_list::tests::test_node_list_iteration ... ok
[INFO] [stdout] test node_list::tests::test_node_list_operations ... ok
[INFO] [stdout] test document::tests::test_parse_with_attributes ... ok
[INFO] [stdout] test document::tests::test_dtd_default_attributes ... ok
[INFO] [stdout] test document::tests::test_root_element ... ok
[INFO] [stdout] 
[INFO] [stdout] failures:
[INFO] [stdout] 
[INFO] [stdout] ---- node::tests::test_node_children_only_elements stdout ----
[INFO] [stdout] 
[INFO] [stdout] thread 'node::tests::test_node_children_only_elements' (958) panicked at src/node.rs:268:9:
[INFO] [stdout] assertion `left == right` failed
[INFO] [stdout]   left: 3
[INFO] [stdout]  right: 1
[INFO] [stdout] stack backtrace:
[INFO] [stdout]    0:     0x5e11ce1afa31 - <<std[70759c8f55707aa4]::sys::backtrace::BacktraceLock>::print::DisplayBacktrace as core[df12db4294e9bfd3]::fmt::Display>::fmt
[INFO] [stdout]    1:     0x5e11ce1c3dfa - core[df12db4294e9bfd3]::fmt::write
[INFO] [stdout]    2:     0x5e11ce1b3ecc - <alloc[2182bb758b4b3781]::vec::Vec<u8> as core[df12db4294e9bfd3]::io::write::Write>::write_fmt
[INFO] [stdout]    3:     0x5e11ce18be36 - std[70759c8f55707aa4]::panicking::default_hook::{closure#0}
[INFO] [stdout]    4:     0x5e11ce1a7fa9 - std[70759c8f55707aa4]::panicking::default_hook
[INFO] [stdout]    5:     0x5e11ce142830 - test[9d35eded1c95d3be]::test_main_inner::<test[9d35eded1c95d3be]::test_main_static::{closure#0}>::{closure#0}
[INFO] [stdout]    6:     0x5e11ce1a8162 - std[70759c8f55707aa4]::panicking::panic_with_hook
[INFO] [stdout]    7:     0x5e11ce18bee2 - std[70759c8f55707aa4]::panicking::panic_handler::{closure#0}
[INFO] [stdout]    8:     0x5e11ce184c69 - std[70759c8f55707aa4]::sys::backtrace::__rust_end_short_backtrace::<std[70759c8f55707aa4]::panicking::panic_handler::{closure#0}, !>
[INFO] [stdout]    9:     0x5e11ce18cadd - __rustc[8fa7c3cbc660c2b3]::rust_begin_unwind
[INFO] [stdout]   10:     0x5e11ce1c455c - core[df12db4294e9bfd3]::panicking::panic_fmt
[INFO] [stdout]   11:     0x5e11ce1c4473 - core[df12db4294e9bfd3]::panicking::assert_failed_inner
[INFO] [stdout]   12:     0x5e11ce1c0d38 - core[df12db4294e9bfd3]::panicking::assert_failed::<usize, usize>
[INFO] [stdout]   13:     0x5e11ce133ed7 - dazzle_grove_libxml2[edf713fbda5c189a]::node::tests::test_node_children_only_elements
[INFO] [stdout]   14:     0x5e11ce131539 - <dazzle_grove_libxml2[edf713fbda5c189a]::node::tests::test_node_children_only_elements::{closure#0} as core[df12db4294e9bfd3]::ops::function::FnOnce<()>>::call_once
[INFO] [stdout]   15:     0x5e11ce135b1b - test[9d35eded1c95d3be]::__rust_begin_short_backtrace::<core[df12db4294e9bfd3]::result::Result<(), alloc[2182bb758b4b3781]::string::String>, fn() -> core[df12db4294e9bfd3]::result::Result<(), alloc[2182bb758b4b3781]::string::String>>
[INFO] [stdout]   16:     0x5e11ce143185 - test[9d35eded1c95d3be]::run_test::{closure#0}
[INFO] [stdout]   17:     0x5e11ce13ca44 - std[70759c8f55707aa4]::sys::backtrace::__rust_begin_short_backtrace::<test[9d35eded1c95d3be]::run_test::{closure#1}, ()>
[INFO] [stdout]   18:     0x5e11ce1462e2 - <std[70759c8f55707aa4]::thread::lifecycle::spawn_unchecked<test[9d35eded1c95d3be]::run_test::{closure#1}, ()>::{closure#1} as core[df12db4294e9bfd3]::ops::function::FnOnce<()>>::call_once::{shim:vtable#0}
[INFO] [stdout]   19:     0x5e11ce1af119 - <std[70759c8f55707aa4]::sys::thread::unix::Thread>::new::thread_start
[INFO] [stdout]   20:     0x785c7f558dfa - <unknown>
[INFO] [stdout]   21:     0x785c7f5ec3d4 - clone
[INFO] [stdout]   22:                0x0 - <unknown>
[INFO] [stdout] 
[INFO] [stdout] 
[INFO] [stdout] failures:
[INFO] [stdout]     node::tests::test_node_children_only_elements
[INFO] [stdout] 
[INFO] [stdout] test result: FAILED. 16 passed; 1 failed; 0 ignored; 0 measured; 0 filtered out; finished in 0.02s
[INFO] [stdout] 
[INFO] [stderr] error: test failed, to rerun pass `--lib`
[INFO] running `Command { std: "docker" "inspect" "8db19c9cbf40188099fd19d2d98174fc5118d71da8c5e6fa02fb7e9ce8549fee", kill_on_drop: false }`
[INFO] running `Command { std: "docker" "rm" "-f" "8db19c9cbf40188099fd19d2d98174fc5118d71da8c5e6fa02fb7e9ce8549fee", kill_on_drop: false }`
[INFO] [stdout] 8db19c9cbf40188099fd19d2d98174fc5118d71da8c5e6fa02fb7e9ce8549fee
