[INFO] fetching crate dayjs 0.2.2...
[INFO] testing dayjs-0.2.2 against 1.100.0-beta.1+cargoflags=--release for beta-release-1.100-2
[INFO] extracting crate dayjs 0.2.2 into /workspace/builds/worker-0-tc2/source
[INFO] started tweaking crates.io crate dayjs 0.2.2
[INFO] removed 0 missing tests
[INFO] finished tweaking crates.io crate dayjs 0.2.2
[INFO] tweaked toml for crates.io crate dayjs 0.2.2 written to /workspace/builds/worker-0-tc2/source/Cargo.toml
[INFO] validating manifest of crates.io crate dayjs 0.2.2 on toolchain 1.100.0-beta.1
[INFO] running `Command { std: CARGO_HOME="/workspace/cargo-home" RUSTUP_HOME="/workspace/rustup-home" "/workspace/cargo-home/bin/cargo" "+1.100.0-beta.1" "metadata" "--manifest-path" "Cargo.toml" "--no-deps", kill_on_drop: false }`
[INFO] crate crates.io crate dayjs 0.2.2 already has a lockfile, it will not be regenerated
[INFO] running `Command { std: CARGO_HOME="/workspace/cargo-home" RUSTUP_HOME="/workspace/rustup-home" "/workspace/cargo-home/bin/cargo" "+1.100.0-beta.1" "fetch" "--manifest-path" "Cargo.toml", kill_on_drop: false }`
[INFO] running `Command { std: "docker" "create" "-v" "/var/lib/crater-agent-workspace/builds/worker-0-tc2/source:/opt/rustwide/workdir:ro,Z" "-v" "/var/lib/crater-agent-workspace/builds/worker-0-tc2/target:/opt/rustwide/target:rw,Z" "-v" "/var/lib/crater-agent-workspace/cargo-home:/opt/rustwide/cargo-home:ro,Z" "-v" "/var/lib/crater-agent-workspace/rustup-home:/opt/rustwide/rustup-home:ro,Z" "-m" "1610612736" "--network" "none" "ghcr.io/rust-lang/crates-build-env/linux@sha256:77db811e55d90add9212f6832c23229e3de5f1c1f9905e8cb07319ea15df73ac" "sleep" "infinity", kill_on_drop: false }`
[INFO] [stdout] 438ed52a3f4473c4f2c230ca505b8d44c6a620b17a6df7be18c319a12393fdba
[INFO] running `Command { std: "docker" "start" "438ed52a3f4473c4f2c230ca505b8d44c6a620b17a6df7be18c319a12393fdba", kill_on_drop: false }`
[INFO] running `Command { std: "docker" "inspect" "438ed52a3f4473c4f2c230ca505b8d44c6a620b17a6df7be18c319a12393fdba", kill_on_drop: false }`
[INFO] running `Command { std: "docker" "exec" "-e" "SOURCE_DIR=/opt/rustwide/workdir" "-e" "CARGO_HOME=/opt/rustwide/cargo-home" "-e" "RUSTUP_HOME=/opt/rustwide/rustup-home" "-e" "CARGO_TARGET_DIR=/opt/rustwide/target" "-w" "/opt/rustwide/workdir" "--user" "0:0" "438ed52a3f4473c4f2c230ca505b8d44c6a620b17a6df7be18c319a12393fdba" "/opt/rustwide/cargo-home/bin/cargo" "+1.100.0-beta.1" "metadata" "--no-deps" "--format-version=1", kill_on_drop: false }`
[INFO] running `Command { std: "docker" "inspect" "438ed52a3f4473c4f2c230ca505b8d44c6a620b17a6df7be18c319a12393fdba", kill_on_drop: false }`
[INFO] running `Command { std: "docker" "exec" "-e" "SOURCE_DIR=/opt/rustwide/workdir" "-e" "CARGO_HOME=/opt/rustwide/cargo-home" "-e" "RUSTUP_HOME=/opt/rustwide/rustup-home" "-e" "CARGO_TARGET_DIR=/opt/rustwide/target" "-e" "CARGO_INCREMENTAL=0" "-e" "RUST_BACKTRACE=full" "-e" "RUSTFLAGS=--cap-lints=warn" "-e" "RUSTDOCFLAGS=--cap-lints=warn" "-w" "/opt/rustwide/workdir" "--user" "0:0" "438ed52a3f4473c4f2c230ca505b8d44c6a620b17a6df7be18c319a12393fdba" "/opt/rustwide/cargo-home/bin/cargo" "+1.100.0-beta.1" "build" "--frozen" "--message-format=json" "--release", kill_on_drop: false }`
[INFO] [stderr]    Compiling serde v1.0.228
[INFO] [stderr]    Compiling ryu v1.0.21
[INFO] [stderr]    Compiling itoa v1.0.16
[INFO] [stderr]    Compiling iana-time-zone v0.1.63
[INFO] [stderr]    Compiling memchr v2.7.6
[INFO] [stderr]    Compiling chrono v0.4.41
[INFO] [stderr]    Compiling serde_json v1.0.145
[INFO] [stderr]    Compiling dayjs v0.2.2 (/opt/rustwide/workdir)
[INFO] [stderr]     Finished `release` profile [optimized] target(s) in 10.80s
[INFO] running `Command { std: "docker" "inspect" "438ed52a3f4473c4f2c230ca505b8d44c6a620b17a6df7be18c319a12393fdba", kill_on_drop: false }`
[INFO] running `Command { std: "docker" "exec" "-e" "SOURCE_DIR=/opt/rustwide/workdir" "-e" "CARGO_HOME=/opt/rustwide/cargo-home" "-e" "RUSTUP_HOME=/opt/rustwide/rustup-home" "-e" "CARGO_TARGET_DIR=/opt/rustwide/target" "-e" "CARGO_INCREMENTAL=0" "-e" "RUST_BACKTRACE=full" "-e" "RUSTFLAGS=--cap-lints=warn" "-e" "RUSTDOCFLAGS=--cap-lints=warn" "-w" "/opt/rustwide/workdir" "--user" "0:0" "438ed52a3f4473c4f2c230ca505b8d44c6a620b17a6df7be18c319a12393fdba" "/opt/rustwide/cargo-home/bin/cargo" "+1.100.0-beta.1" "test" "--frozen" "--no-run" "--message-format=json" "--release", kill_on_drop: false }`
[INFO] [stderr]    Compiling dayjs v0.2.2 (/opt/rustwide/workdir)
[INFO] [stdout] warning: unused import: `dayjs`
[INFO] [stdout]  --> tests/test_iso.rs:4:40
[INFO] [stdout]   |
[INFO] [stdout] 4 |     use dayjs::{DisplayTime, TimeZone, dayjs};
[INFO] [stdout]   |                                        ^^^^^
[INFO] [stdout]   |
[INFO] [stdout]   = note: `#[warn(unused_imports)]` (part of `#[warn(unused)]`) on by default
[INFO] [stdout] 
[INFO] [stdout] 
[INFO] [stderr]     Finished `release` profile [optimized] target(s) in 5.83s
[INFO] running `Command { std: "docker" "inspect" "438ed52a3f4473c4f2c230ca505b8d44c6a620b17a6df7be18c319a12393fdba", kill_on_drop: false }`
[INFO] running `Command { std: "docker" "exec" "-e" "SOURCE_DIR=/opt/rustwide/workdir" "-e" "CARGO_HOME=/opt/rustwide/cargo-home" "-e" "RUSTUP_HOME=/opt/rustwide/rustup-home" "-e" "CARGO_TARGET_DIR=/opt/rustwide/target" "-e" "CARGO_INCREMENTAL=0" "-e" "RUST_BACKTRACE=full" "-e" "RUSTFLAGS=--cap-lints=warn" "-e" "RUSTDOCFLAGS=--cap-lints=warn" "-w" "/opt/rustwide/workdir" "--user" "0:0" "438ed52a3f4473c4f2c230ca505b8d44c6a620b17a6df7be18c319a12393fdba" "/opt/rustwide/cargo-home/bin/cargo" "+1.100.0-beta.1" "test" "--frozen" "--release", kill_on_drop: false }`
[INFO] [stderr] warning: unused import: `dayjs`
[INFO] [stderr]  --> tests/test_iso.rs:4:40
[INFO] [stderr]   |
[INFO] [stderr] 4 |     use dayjs::{DisplayTime, TimeZone, dayjs};
[INFO] [stderr]   |                                        ^^^^^
[INFO] [stderr]   |
[INFO] [stderr]   = note: `#[warn(unused_imports)]` (part of `#[warn(unused)]`) on by default
[INFO] [stderr] 
[INFO] [stderr] warning: `dayjs` (test "test_iso") generated 1 warning (run `cargo fix --test "test_iso" -p dayjs` to apply 1 suggestion)
[INFO] [stderr]     Finished `release` profile [optimized] target(s) in 0.07s
[INFO] [stderr]      Running unittests src/lib.rs (/opt/rustwide/target/release/build/dayjs/a995992bd77777e8/out/dayjs-a995992bd77777e8)
[INFO] [stdout] 
[INFO] [stdout] running 6 tests
[INFO] [stdout] test tests::test_from_object_invalid_time ... ok
[INFO] [stdout] test tests::test_from_object_and_to_object ... ok
[INFO] [stdout] test tests::test_from_object_missing_field ... ok
[INFO] [stdout] test tests::test_timezone_from_string ... ok
[INFO] [stdout] test tests::test_from_object_with_offset_timezone ... ok
[INFO] [stdout] test tests::test_from_object_with_number_timezone ... ok
[INFO] [stdout] 
[INFO] [stdout] test result: ok. 6 passed; 0 failed; 0 ignored; 0 measured; 0 filtered out; finished in 0.00s
[INFO] [stdout] 
[INFO] [stderr]      Running tests/test_case.rs (/opt/rustwide/target/release/build/dayjs/040e30ea54e424c0/out/test_case-040e30ea54e424c0)
[INFO] [stdout] 
[INFO] [stdout] running 1 test
[INFO] [stdout] test run_all_tests ... FAILED
[INFO] [stdout] 
[INFO] [stdout] failures:
[INFO] [stdout] 
[INFO] [stdout] ---- run_all_tests stdout ----
[INFO] [stdout] 
[INFO] [stdout] thread 'run_all_tests' (348) panicked at tests/test_case.rs:11:61:
[INFO] [stdout] called `Result::unwrap()` on an `Err` value: Os { code: 30, kind: ReadOnlyFilesystem, message: "Read-only file system" }
[INFO] [stdout] stack backtrace:
[INFO] [stdout]    0:     0x60e45d447641 - <<std[617be2ca0a6fd877]::sys::backtrace::BacktraceLock>::print::DisplayBacktrace as core[a373ad73a504971]::fmt::Display>::fmt
[INFO] [stdout]    1:     0x60e45d45d2ea - core[a373ad73a504971]::fmt::write
[INFO] [stdout]    2:     0x60e45d44b85c - <alloc[2e1b2a31b91974c5]::vec::Vec<u8> as core[a373ad73a504971]::io::write::Write>::write_fmt
[INFO] [stdout]    3:     0x60e45d422e66 - std[617be2ca0a6fd877]::panicking::default_hook::{closure#0}
[INFO] [stdout]    4:     0x60e45d43f269 - std[617be2ca0a6fd877]::panicking::default_hook
[INFO] [stdout]    5:     0x60e45d3b9100 - test[aada8e7e76ba119b]::test_main_inner::{closure#0}
[INFO] [stdout]    6:     0x60e45d43f422 - std[617be2ca0a6fd877]::panicking::panic_with_hook
[INFO] [stdout]    7:     0x60e45d422f12 - std[617be2ca0a6fd877]::panicking::panic_handler::{closure#0}
[INFO] [stdout]    8:     0x60e45d41ba99 - std[617be2ca0a6fd877]::sys::backtrace::__rust_end_short_backtrace::<std[617be2ca0a6fd877]::panicking::panic_handler::{closure#0}, !>
[INFO] [stdout]    9:     0x60e45d423b1d - __rustc[ea4f61d10b84890b]::rust_begin_unwind
[INFO] [stdout]   10:     0x60e45d45da1c - core[a373ad73a504971]::panicking::panic_fmt
[INFO] [stdout]   11:     0x60e45d45d7f2 - core[a373ad73a504971]::result::unwrap_failed
[INFO] [stdout]   12:     0x60e45d3a64fe - <test_case[d00be80a96d898af]::run_all_tests::{closure#0} as core[a373ad73a504971]::ops::function::FnOnce<()>>::call_once
[INFO] [stdout]   13:     0x60e45d3ac54b - test[aada8e7e76ba119b]::__rust_begin_short_backtrace::<core[a373ad73a504971]::result::Result<(), alloc[2e1b2a31b91974c5]::string::String>, fn() -> core[a373ad73a504971]::result::Result<(), alloc[2e1b2a31b91974c5]::string::String>>
[INFO] [stdout]   14:     0x60e45d3b9725 - test[aada8e7e76ba119b]::run_test::{closure#0}
[INFO] [stdout]   15:     0x60e45d3b3014 - std[617be2ca0a6fd877]::sys::backtrace::__rust_begin_short_backtrace::<test[aada8e7e76ba119b]::run_test::{closure#1}, ()>
[INFO] [stdout]   16:     0x60e45d3bc7b2 - <std[617be2ca0a6fd877]::thread::lifecycle::spawn_unchecked<test[aada8e7e76ba119b]::run_test::{closure#1}, ()>::{closure#1} as core[a373ad73a504971]::ops::function::FnOnce<()>>::call_once::{shim:vtable#0}
[INFO] [stdout]   17:     0x60e45d44664f - <std[617be2ca0a6fd877]::sys::thread::unix::Thread>::new::thread_start
[INFO] [stdout]   18:     0x714a50d44dfa - <unknown>
[INFO] [stdout]   19:     0x714a50dd83d4 - clone
[INFO] [stdout]   20:                0x0 - <unknown>
[INFO] [stdout] 
[INFO] [stdout] 
[INFO] [stdout] failures:
[INFO] [stdout]     run_all_tests
[INFO] [stdout] 
[INFO] [stdout] test result: FAILED. 0 passed; 1 failed; 0 ignored; 0 measured; 0 filtered out; finished in 0.00s
[INFO] [stdout] 
[INFO] [stderr] error: test failed, to rerun pass `--test test_case`
[INFO] running `Command { std: "docker" "inspect" "438ed52a3f4473c4f2c230ca505b8d44c6a620b17a6df7be18c319a12393fdba", kill_on_drop: false }`
[INFO] running `Command { std: "docker" "rm" "-f" "438ed52a3f4473c4f2c230ca505b8d44c6a620b17a6df7be18c319a12393fdba", kill_on_drop: false }`
[INFO] [stdout] 438ed52a3f4473c4f2c230ca505b8d44c6a620b17a6df7be18c319a12393fdba
