[INFO] fetching crate dav-xml-client 0.2.0...
[INFO] testing dav-xml-client-0.2.0 against 1.100.0-beta.1+cargoflags=--release for beta-release-1.100-2
[INFO] extracting crate dav-xml-client 0.2.0 into /workspace/builds/worker-2-tc2/source
[INFO] started tweaking crates.io crate dav-xml-client 0.2.0
[INFO] finished tweaking crates.io crate dav-xml-client 0.2.0
[INFO] tweaked toml for crates.io crate dav-xml-client 0.2.0 written to /workspace/builds/worker-2-tc2/source/Cargo.toml
[INFO] validating manifest of crates.io crate dav-xml-client 0.2.0 on toolchain 1.100.0-beta.1
[INFO] running `Command { std: CARGO_HOME="/workspace/cargo-home" RUSTUP_HOME="/workspace/rustup-home" "/workspace/cargo-home/bin/cargo" "+1.100.0-beta.1" "metadata" "--manifest-path" "Cargo.toml" "--no-deps", kill_on_drop: false }`
[INFO] crate crates.io crate dav-xml-client 0.2.0 already has a lockfile, it will not be regenerated
[INFO] running `Command { std: CARGO_HOME="/workspace/cargo-home" RUSTUP_HOME="/workspace/rustup-home" "/workspace/cargo-home/bin/cargo" "+1.100.0-beta.1" "fetch" "--manifest-path" "Cargo.toml", kill_on_drop: false }`
[INFO] [stderr] warning: `package.homepage` is redundant with `package.repository`
[INFO] [stderr]    --> Cargo.toml:130:12
[INFO] [stderr]     |
[INFO] [stderr] 130 | homepage = "https://github.com/veeso/dav-xml"
[INFO] [stderr]     |            ^^^^^^^^^^^^^^^^^^^^^^^^^^^^^^^^^^
[INFO] [stderr] ...
[INFO] [stderr] 136 | repository = "https://github.com/veeso/dav-xml"
[INFO] [stderr]     |              ----------------------------------
[INFO] [stderr]     |
[INFO] [stderr]     = note: `cargo::redundant_homepage` is set to `warn` by default
[INFO] [stderr] help: consider removing `package.homepage`
[INFO] [stderr] warning: `dav-xml-client` (manifest) generated 1 warning
[INFO] running `Command { std: "docker" "create" "-v" "/var/lib/crater-agent-workspace/builds/worker-2-tc2/source:/opt/rustwide/workdir:ro,Z" "-v" "/var/lib/crater-agent-workspace/builds/worker-2-tc2/target:/opt/rustwide/target:rw,Z" "-v" "/var/lib/crater-agent-workspace/cargo-home:/opt/rustwide/cargo-home:ro,Z" "-v" "/var/lib/crater-agent-workspace/rustup-home:/opt/rustwide/rustup-home:ro,Z" "-m" "1610612736" "--network" "none" "ghcr.io/rust-lang/crates-build-env/linux@sha256:77db811e55d90add9212f6832c23229e3de5f1c1f9905e8cb07319ea15df73ac" "sleep" "infinity", kill_on_drop: false }`
[INFO] [stdout] 3c9b314658eaab7a25e7f84e3a8a6d130213ca274c7109f1f18e3a5fcffdd1a9
[INFO] running `Command { std: "docker" "start" "3c9b314658eaab7a25e7f84e3a8a6d130213ca274c7109f1f18e3a5fcffdd1a9", kill_on_drop: false }`
[INFO] running `Command { std: "docker" "inspect" "3c9b314658eaab7a25e7f84e3a8a6d130213ca274c7109f1f18e3a5fcffdd1a9", kill_on_drop: false }`
[INFO] running `Command { std: "docker" "exec" "-e" "SOURCE_DIR=/opt/rustwide/workdir" "-e" "CARGO_HOME=/opt/rustwide/cargo-home" "-e" "RUSTUP_HOME=/opt/rustwide/rustup-home" "-e" "CARGO_TARGET_DIR=/opt/rustwide/target" "-w" "/opt/rustwide/workdir" "--user" "0:0" "3c9b314658eaab7a25e7f84e3a8a6d130213ca274c7109f1f18e3a5fcffdd1a9" "/opt/rustwide/cargo-home/bin/cargo" "+1.100.0-beta.1" "metadata" "--no-deps" "--format-version=1", kill_on_drop: false }`
[INFO] running `Command { std: "docker" "inspect" "3c9b314658eaab7a25e7f84e3a8a6d130213ca274c7109f1f18e3a5fcffdd1a9", kill_on_drop: false }`
[INFO] running `Command { std: "docker" "exec" "-e" "SOURCE_DIR=/opt/rustwide/workdir" "-e" "CARGO_HOME=/opt/rustwide/cargo-home" "-e" "RUSTUP_HOME=/opt/rustwide/rustup-home" "-e" "CARGO_TARGET_DIR=/opt/rustwide/target" "-e" "CARGO_INCREMENTAL=0" "-e" "RUST_BACKTRACE=full" "-e" "RUSTFLAGS=--cap-lints=warn" "-e" "RUSTDOCFLAGS=--cap-lints=warn" "-w" "/opt/rustwide/workdir" "--user" "0:0" "3c9b314658eaab7a25e7f84e3a8a6d130213ca274c7109f1f18e3a5fcffdd1a9" "/opt/rustwide/cargo-home/bin/cargo" "+1.100.0-beta.1" "build" "--frozen" "--message-format=json" "--release", kill_on_drop: false }`
[INFO] [stderr] warning: `package.homepage` is redundant with `package.repository`
[INFO] [stderr]    --> Cargo.toml:130:12
[INFO] [stderr]     |
[INFO] [stderr] 130 | homepage = "https://github.com/veeso/dav-xml"
[INFO] [stderr]     |            ^^^^^^^^^^^^^^^^^^^^^^^^^^^^^^^^^^
[INFO] [stderr] ...
[INFO] [stderr] 136 | repository = "https://github.com/veeso/dav-xml"
[INFO] [stderr]     |              ----------------------------------
[INFO] [stderr]     |
[INFO] [stderr]     = note: `cargo::redundant_homepage` is set to `warn` by default
[INFO] [stderr] help: consider removing `package.homepage`
[INFO] [stderr] warning: `dav-xml-client` (manifest) generated 1 warning
[INFO] [stderr]    Compiling find-msvc-tools v0.1.12
[INFO] [stderr]    Compiling smallvec v1.16.0
[INFO] [stderr]    Compiling rustls-pki-types v1.15.1
[INFO] [stderr]    Compiling indexmap v2.14.2
[INFO] [stderr]    Compiling futures-task v0.3.34
[INFO] [stderr]    Compiling syn v3.0.5
[INFO] [stderr]    Compiling socket2 v0.6.5
[INFO] [stderr]    Compiling mio v1.2.3
[INFO] [stderr]    Compiling rustls v0.23.39
[INFO] [stderr]    Compiling futures-channel v0.3.34
[INFO] [stderr]    Compiling sync_wrapper v1.0.2
[INFO] [stderr]    Compiling ipnet v2.12.2
[INFO] [stderr]    Compiling bitflags v2.13.1
[INFO] [stderr]    Compiling time v0.3.55
[INFO] [stderr]    Compiling quick-xml v0.42.0
[INFO] [stderr]    Compiling bytestring v1.5.1
[INFO] [stderr]    Compiling cc v1.4.5
[INFO] [stderr]    Compiling nonempty v0.12.0
[INFO] [stderr]    Compiling futures-util v0.3.34
[INFO] [stderr]    Compiling tokio v1.53.1
[INFO] [stderr]    Compiling rustls-native-certs v0.8.4
[INFO] [stderr]    Compiling cmake v0.1.58
[INFO] [stderr]    Compiling aws-lc-sys v0.45.0
[INFO] [stderr]    Compiling zerovec-derive v0.11.6
[INFO] [stderr]    Compiling displaydoc v0.2.7
[INFO] [stderr]    Compiling thiserror-impl v2.0.20
[INFO] [stderr]    Compiling zerotrie v0.2.5
[INFO] [stderr]    Compiling zerovec v0.11.8
[INFO] [stderr]    Compiling thiserror v2.0.20
[INFO] [stderr]    Compiling dav-xml v0.2.0
[INFO] [stderr]    Compiling tinystr v0.8.4
[INFO] [stderr]    Compiling potential_utf v0.1.6
[INFO] [stderr]    Compiling icu_collections v2.3.0
[INFO] [stderr]    Compiling icu_locale_core v2.3.0
[INFO] [stderr]    Compiling tokio-util v0.7.19
[INFO] [stderr]    Compiling tower v0.5.3
[INFO] [stderr]    Compiling icu_provider v2.3.1
[INFO] [stderr]    Compiling h2 v0.4.19
[INFO] [stderr]    Compiling icu_normalizer v2.3.0
[INFO] [stderr]    Compiling icu_properties v2.3.0
[INFO] [stderr]    Compiling idna_adapter v1.2.2
[INFO] [stderr]    Compiling idna v1.1.0
[INFO] [stderr]    Compiling url v2.5.8
[INFO] [stderr]    Compiling tower-http v0.6.11
[INFO] [stderr]    Compiling hyper v1.11.1
[INFO] [stderr]    Compiling hyper-util v0.1.20
[INFO] [stderr]    Compiling aws-lc-rs v1.18.1
[INFO] [stderr]    Compiling rustls-webpki v0.103.15
[INFO] [stderr]    Compiling tokio-rustls v0.26.5
[INFO] [stderr]    Compiling rustls-platform-verifier v0.7.0
[INFO] [stderr]    Compiling hyper-rustls v0.27.9
[INFO] [stderr]    Compiling reqwest v0.13.4
[INFO] [stderr]    Compiling dav-xml-client v0.2.0 (/opt/rustwide/workdir)
[INFO] [stderr]     Finished `release` profile [optimized] target(s) in 1m 53s
[INFO] running `Command { std: "docker" "inspect" "3c9b314658eaab7a25e7f84e3a8a6d130213ca274c7109f1f18e3a5fcffdd1a9", kill_on_drop: false }`
[INFO] running `Command { std: "docker" "exec" "-e" "SOURCE_DIR=/opt/rustwide/workdir" "-e" "CARGO_HOME=/opt/rustwide/cargo-home" "-e" "RUSTUP_HOME=/opt/rustwide/rustup-home" "-e" "CARGO_TARGET_DIR=/opt/rustwide/target" "-e" "CARGO_INCREMENTAL=0" "-e" "RUST_BACKTRACE=full" "-e" "RUSTFLAGS=--cap-lints=warn" "-e" "RUSTDOCFLAGS=--cap-lints=warn" "-w" "/opt/rustwide/workdir" "--user" "0:0" "3c9b314658eaab7a25e7f84e3a8a6d130213ca274c7109f1f18e3a5fcffdd1a9" "/opt/rustwide/cargo-home/bin/cargo" "+1.100.0-beta.1" "test" "--frozen" "--no-run" "--message-format=json" "--release", kill_on_drop: false }`
[INFO] [stderr] warning: `package.homepage` is redundant with `package.repository`
[INFO] [stderr]    --> Cargo.toml:130:12
[INFO] [stderr]     |
[INFO] [stderr] 130 | homepage = "https://github.com/veeso/dav-xml"
[INFO] [stderr]     |            ^^^^^^^^^^^^^^^^^^^^^^^^^^^^^^^^^^
[INFO] [stderr] ...
[INFO] [stderr] 136 | repository = "https://github.com/veeso/dav-xml"
[INFO] [stderr]     |              ----------------------------------
[INFO] [stderr]     |
[INFO] [stderr]     = note: `cargo::redundant_homepage` is set to `warn` by default
[INFO] [stderr] help: consider removing `package.homepage`
[INFO] [stderr] warning: `dav-xml-client` (manifest) generated 1 warning
[INFO] [stderr]    Compiling futures-util v0.3.34
[INFO] [stderr]    Compiling syn v3.0.5
[INFO] [stderr]    Compiling parking_lot_core v0.9.12
[INFO] [stderr]    Compiling diff v0.1.13
[INFO] [stderr]    Compiling yansi v1.0.1
[INFO] [stderr]    Compiling parking_lot v0.12.5
[INFO] [stderr]    Compiling pretty_assertions v1.4.1
[INFO] [stderr]    Compiling futures-executor v0.3.34
[INFO] [stderr]    Compiling zerovec-derive v0.11.6
[INFO] [stderr]    Compiling displaydoc v0.2.7
[INFO] [stderr]    Compiling tokio-macros v2.7.2
[INFO] [stderr]    Compiling thiserror-impl v2.0.20
[INFO] [stderr]    Compiling serial_test_derive v4.0.1
[INFO] [stderr]    Compiling serial_test v4.0.1
[INFO] [stderr]    Compiling tokio v1.53.1
[INFO] [stderr]    Compiling zerotrie v0.2.5
[INFO] [stderr]    Compiling zerovec v0.11.8
[INFO] [stderr]    Compiling thiserror v2.0.20
[INFO] [stderr]    Compiling dav-xml v0.2.0
[INFO] [stderr]    Compiling tinystr v0.8.4
[INFO] [stderr]    Compiling potential_utf v0.1.6
[INFO] [stderr]    Compiling icu_collections v2.3.0
[INFO] [stderr]    Compiling icu_locale_core v2.3.0
[INFO] [stderr]    Compiling icu_provider v2.3.1
[INFO] [stderr]    Compiling icu_properties v2.3.0
[INFO] [stderr]    Compiling icu_normalizer v2.3.0
[INFO] [stderr]    Compiling idna_adapter v1.2.2
[INFO] [stderr]    Compiling idna v1.1.0
[INFO] [stderr]    Compiling url v2.5.8
[INFO] [stderr]    Compiling tokio-util v0.7.19
[INFO] [stderr]    Compiling tokio-rustls v0.26.5
[INFO] [stderr]    Compiling tower v0.5.3
[INFO] [stderr]    Compiling tower-http v0.6.11
[INFO] [stderr]    Compiling h2 v0.4.19
[INFO] [stderr]    Compiling hyper v1.11.1
[INFO] [stderr]    Compiling hyper-util v0.1.20
[INFO] [stderr]    Compiling hyper-rustls v0.27.9
[INFO] [stderr]    Compiling reqwest v0.13.4
[INFO] [stderr]    Compiling dav-xml-client v0.2.0 (/opt/rustwide/workdir)
[INFO] [stderr]     Finished `release` profile [optimized] target(s) in 54.84s
[INFO] running `Command { std: "docker" "inspect" "3c9b314658eaab7a25e7f84e3a8a6d130213ca274c7109f1f18e3a5fcffdd1a9", kill_on_drop: false }`
[INFO] running `Command { std: "docker" "exec" "-e" "SOURCE_DIR=/opt/rustwide/workdir" "-e" "CARGO_HOME=/opt/rustwide/cargo-home" "-e" "RUSTUP_HOME=/opt/rustwide/rustup-home" "-e" "CARGO_TARGET_DIR=/opt/rustwide/target" "-e" "CARGO_INCREMENTAL=0" "-e" "RUST_BACKTRACE=full" "-e" "RUSTFLAGS=--cap-lints=warn" "-e" "RUSTDOCFLAGS=--cap-lints=warn" "-w" "/opt/rustwide/workdir" "--user" "0:0" "3c9b314658eaab7a25e7f84e3a8a6d130213ca274c7109f1f18e3a5fcffdd1a9" "/opt/rustwide/cargo-home/bin/cargo" "+1.100.0-beta.1" "test" "--frozen" "--release", kill_on_drop: false }`
[INFO] [stderr] warning: `package.homepage` is redundant with `package.repository`
[INFO] [stderr]    --> Cargo.toml:130:12
[INFO] [stderr]     |
[INFO] [stderr] 130 | homepage = "https://github.com/veeso/dav-xml"
[INFO] [stderr]     |            ^^^^^^^^^^^^^^^^^^^^^^^^^^^^^^^^^^
[INFO] [stderr] ...
[INFO] [stderr] 136 | repository = "https://github.com/veeso/dav-xml"
[INFO] [stderr]     |              ----------------------------------
[INFO] [stderr]     |
[INFO] [stderr]     = note: `cargo::redundant_homepage` is set to `warn` by default
[INFO] [stderr] help: consider removing `package.homepage`
[INFO] [stderr] warning: `dav-xml-client` (manifest) generated 1 warning
[INFO] [stderr]     Finished `release` profile [optimized] target(s) in 0.25s
[INFO] [stderr]      Running unittests src/lib.rs (/opt/rustwide/target/release/build/dav-xml-client/0c62e394140f6a58/out/dav_xml_client-0c62e394140f6a58)
[INFO] [stdout] 
[INFO] [stdout] running 82 tests
[INFO] [stdout] test async_client::tests::copy_and_move_forward_headers ... ok
[INFO] [stdout] test async_client::tests::futures_are_send ... ok
[INFO] [stdout] test async_client::tests::lock_refresh_unlock_flow ... ok
[INFO] [stdout] test async_client::tests::delete_207_with_failures_is_an_error ... ok
[INFO] [stdout] test async_client::tests::lock_without_token_header_or_body_token_is_an_error ... ok
[INFO] [stdout] test async_client::tests::client_is_send_and_sync ... ok
[INFO] [stdout] test async_client::tests::mkcol_put_delete_return_unit_on_2xx ... ok
[INFO] [stdout] test async_client::tests::list_sends_allprop_depth_one_and_flattens ... ok
[INFO] [stdout] test async_client::tests::options_returns_capabilities ... ok
[INFO] [stdout] test async_client::tests::stat_returns_none_on_404 ... ok
[INFO] [stdout] test async_client::tests::propfind_returns_multistatus ... ok
[INFO] [stdout] test async_client::tests::get_and_head_return_responses ... ok
[INFO] [stdout] test async_client::tests::status_errors_carry_dav_error ... ok
[INFO] [stdout] test async_client::tests::exists_uses_head ... ok
[INFO] [stdout] test async_client::tests::with_header_sets_custom_header ... ok
[INFO] [stdout] test async_client::tests::proppatch_returns_multistatus ... ok
[INFO] [stdout] test async_client::tests::with_if_applies_to_every_request ... ok
[INFO] [stdout] test async_client::tests::transport_errors_are_wrapped ... ok
[INFO] [stdout] test auth::tests::base64_test_vectors ... ok
[INFO] [stdout] test capabilities::tests::missing_headers_yield_empty_capabilities ... ok
[INFO] [stdout] test auth::tests::bearer_and_none ... ok
[INFO] [stdout] test auth::tests::basic_encodes_rfc7617_example ... ok
[INFO] [stdout] test capabilities::tests::parses_dav_and_allow_headers ... ok
[INFO] [stdout] test client::tests::copy_and_move_forward_headers ... ok
[INFO] [stdout] test client::tests::delete_207_with_failures_is_an_error ... ok
[INFO] [stdout] test auth::tests::debug_hides_secrets ... ok
[INFO] [stdout] test client::tests::get_and_head_return_responses ... ok
[INFO] [stdout] test client::tests::exists_uses_head ... ok
[INFO] [stdout] test client::tests::list_sends_allprop_depth_one_and_flattens ... ok
[INFO] [stdout] test client::tests::mkcol_put_delete_return_unit_on_2xx ... ok
[INFO] [stdout] test client::tests::propfind_returns_multistatus ... ok
[INFO] [stdout] test client::tests::proppatch_returns_multistatus ... ok
[INFO] [stdout] test client::tests::lock_without_token_header_or_body_token_is_an_error ... ok
[INFO] [stdout] test client::tests::options_returns_capabilities ... ok
[INFO] [stdout] test client::tests::stat_returns_none_on_404 ... ok
[INFO] [stdout] test client::tests::lock_refresh_unlock_flow ... ok
[INFO] [stdout] test client::tests::with_header_sets_custom_header ... ok
[INFO] [stdout] test client::tests::with_if_applies_to_every_request ... ok
[INFO] [stdout] test client::tests::status_errors_carry_dav_error ... ok
[INFO] [stdout] test client::tests::transport_errors_are_wrapped ... ok
[INFO] [stdout] test headers::tests::dav_header_lists_classes ... ok
[INFO] [stdout] test headers::tests::lock_token_header_rejects_asymmetric_brackets ... ok
[INFO] [stdout] test headers::tests::lock_token_header_round_trips ... ok
[INFO] [stdout] test headers::tests::tagged_if_list_with_not_and_etag ... ok
[INFO] [stdout] test headers::tests::overwrite_round_trips ... ok
[INFO] [stdout] test headers::tests::multiple_lists_are_space_separated ... ok
[INFO] [stdout] test headers::tests::untagged_if_list ... ok
[INFO] [stdout] test request::tests::base_applies_auth_if_and_extra_headers ... ok
[INFO] [stdout] test headers::tests::timeout_header_rejects_garbage_and_reports_the_original_value ... ok
[INFO] [stdout] test request::tests::copy_and_move_set_destination_depth_overwrite ... ok
[INFO] [stdout] test request::tests::extra_headers_override_authorization_and_if ... ok
[INFO] [stdout] test headers::tests::timeout_header_round_trips ... ok
[INFO] [stdout] test request::tests::copy_rejects_depth_one ... ok
[INFO] [stdout] test request::tests::invalid_url_is_reported ... ok
[INFO] [stdout] test request::tests::lock_rejects_depth_one ... ok
[INFO] [stdout] test request::tests::lock_sends_lockinfo_timeout_depth ... ok
[INFO] [stdout] test request::tests::options_has_no_body ... ok
[INFO] [stdout] test request::tests::mkcol_delete_head_have_no_body ... ok
[INFO] [stdout] test request::tests::propfind_sets_depth_and_body ... ok
[INFO] [stdout] test request::tests::proppatch_sends_propertyupdate ... ok
[INFO] [stdout] test request::tests::put_sets_content_type_and_body ... ok
[INFO] [stdout] test resource::tests::flattens_successful_propstats_only ... ok
[INFO] [stdout] test resource::tests::invalid_property_values_become_none ... ok
[INFO] [stdout] test request::tests::refresh_lock_uses_if_header_and_no_body ... ok
[INFO] [stdout] test resource::tests::last_segment_percent_decodes_the_name ... ok
[INFO] [stdout] test request::tests::unlock_sets_lock_token_header ... ok
[INFO] [stdout] test request::tests::refresh_lock_merges_existing_if ... ok
[INFO] [stdout] test resource::tests::percent_decode_keeps_invalid_escapes_literal ... ok
[INFO] [stdout] test resource::tests::percent_decode_replaces_escapes ... ok
[INFO] [stdout] test response::tests::failure_with_html_body_keeps_raw_body ... ok
[INFO] [stdout] test transport::mock::tests::exhausted_replies_is_a_transport_error ... ok
[INFO] [stdout] test response::tests::multistatus_requires_207 ... ok
[INFO] [stdout] test response::tests::success_passes_through ... ok
[INFO] [stdout] test response::tests::ok_or_multistatus_maps_failures ... ok
[INFO] [stdout] test transport::mock::tests::async_send_shares_the_queue ... ok
[INFO] [stdout] test transport::mock::tests::replies_in_order_and_records_requests ... ok
[INFO] [stdout] test resource::tests::trailing_slash_marks_collection_when_resourcetype_missing ... ok
[INFO] [stdout] test response::tests::failure_with_dav_error_body_is_typed ... ok
[INFO] [stdout] test response::tests::failure_with_unparseable_xml_keeps_raw_body ... ok
[INFO] [stdout] test response::tests::lock_discovery_reads_prop_and_header ... ok
[INFO] [stdout] test response::tests::lock_discovery_without_header_is_none ... ok
[INFO] [stdout] test transport::reqwest::tests::connection_refused_is_a_connect_error ... ok
[INFO] [stdout] 
[INFO] [stdout] test result: ok. 82 passed; 0 failed; 0 ignored; 0 measured; 0 filtered out; finished in 0.15s
[INFO] [stdout] 
[INFO] [stderr]    Doc-tests dav_xml_client
[INFO] [stdout] 
[INFO] [stdout] running 79 tests
[INFO] [stdout] test src/../README.md - (line 47) - compile ... ok
[INFO] [stdout] test src/async_client.rs - async_client::AsyncDavClient (line 342) ... FAILED
[INFO] [stdout] test src/async_client.rs - async_client::AsyncDavClient<T>::propfind (line 540) ... FAILED
[INFO] [stdout] test src/async_client.rs - async_client::AsyncDavClient<T>::options (line 503) ... FAILED
[INFO] [stdout] test src/../README.md - (line 69) - compile ... ok
[INFO] [stdout] test src/async_client.rs - async_client::AsyncDavClient<T>::list (line 1010) ... FAILED
[INFO] [stdout] test src/async_client.rs - async_client::AsyncDavClient<T>::head (line 685) ... FAILED
[INFO] [stdout] test src/async_client.rs - async_client::AsyncDavClient<T>::delete (line 757) ... FAILED
[INFO] [stdout] test src/async_client.rs - async_client::AsyncDavClient<T>::mv (line 840) ... FAILED
[INFO] [stdout] test src/async_client.rs - async_client::AsyncDavClient<T>::copy (line 791) ... FAILED
[INFO] [stdout] test src/async_client.rs - async_client::AsyncDavClient<T>::exists (line 1086) ... FAILED
[INFO] [stdout] test src/async_client.rs - async_client::AsyncDavClient<T>::lock (line 876) ... FAILED
[INFO] [stdout] test src/async_client.rs - async_client::AsyncDavClient<T>::transport (line 459) ... FAILED
[INFO] [stdout] test src/async_client.rs - async_client::AsyncDavClient<reqwest::Client>::reqwest (line 1122) - compile ... ok
[INFO] [stdout] test src/async_client.rs - async_client::AsyncDavClient<T>::put (line 721) ... FAILED
[INFO] [stdout] test src/async_client.rs - async_client::AsyncDavClient<T>::new (line 377) ... FAILED
[INFO] [stdout] test src/async_client.rs - async_client::AsyncDavClient<T>::unlock (line 979) ... FAILED
[INFO] [stdout] test src/async_client.rs - async_client::AsyncDavClient<T>::proppatch (line 586) ... FAILED
[INFO] [stdout] test src/client.rs - client::DavClient (line 301) ... FAILED
[INFO] [stdout] test src/client.rs - client::DavClient<T>::copy (line 724) ... FAILED
[INFO] [stdout] test src/async_client.rs - async_client::AsyncDavClient<T>::get (line 656) ... FAILED
[INFO] [stdout] test src/auth.rs - auth::Auth (line 54) ... ok
[INFO] [stdout] test src/auth.rs - auth::Auth::bearer (line 97) ... ok
[INFO] [stdout] test src/async_client.rs - async_client::AsyncDavClient<T>::mkcol (line 628) ... FAILED
[INFO] [stdout] test src/async_client.rs - async_client::AsyncDavClient<T>::refresh_lock (line 931) ... FAILED
[INFO] [stdout] test src/auth.rs - auth::Auth::basic (line 80) ... ok
[INFO] [stdout] test src/client.rs - client::DavClient<T>::delete (line 693) ... FAILED
[INFO] [stdout] test src/capabilities.rs - capabilities::Capabilities::allows (line 92) ... ok
[INFO] [stdout] test src/async_client.rs - async_client::AsyncDavClient<reqwest::Client>::reqwest_with (line 1148) - compile ... ok
[INFO] [stdout] test src/client.rs - client::DavClient<T>::lock (line 801) ... FAILED
[INFO] [stdout] test src/client.rs - client::DavClient<T>::head (line 628) ... FAILED
[INFO] [stdout] test src/capabilities.rs - capabilities::Capabilities::supports_locking (line 73) ... ok
[INFO] [stdout] test src/client.rs - client::DavClient<T>::propfind (line 504) ... FAILED
[INFO] [stdout] test src/client.rs - client::DavClient<T>::exists (line 989) ... FAILED
[INFO] [stdout] test src/async_client.rs - async_client::AsyncDavClient<T>::stat (line 1049) ... FAILED
[INFO] [stdout] test src/client.rs - client::DavClient<T>::mv (line 769) ... FAILED
[INFO] [stdout] test src/client.rs - client::DavClient<T>::mkcol (line 577) ... FAILED
[INFO] [stdout] test src/../README.md - (line 91) ... ok
[INFO] [stdout] test src/client.rs - client::DavClient<T>::options (line 470) ... FAILED
[INFO] [stdout] test src/async_client.rs - async_client::AsyncDavClient<T>::with_header (line 430) ... FAILED
[INFO] [stdout] test src/client.rs - client::DavClient<T>::refresh_lock (line 852) ... FAILED
[INFO] [stdout] test src/client.rs - client::DavClient<T>::get (line 602) ... FAILED
[INFO] [stdout] test src/async_client.rs - async_client::AsyncDavClient<T>::with_if (line 400) ... FAILED
[INFO] [stdout] test src/client.rs - client::DavClient<T>::list (line 924) ... FAILED
[INFO] [stdout] test src/client.rs - client::DavClient<T>::transport (line 426) ... FAILED
[INFO] [stdout] test src/client.rs - client::DavClient<T>::stat (line 958) ... FAILED
[INFO] [stdout] test src/client.rs - client::DavClient<T>::proppatch (line 541) ... FAILED
[INFO] [stdout] test src/client.rs - client::DavClient<T>::put (line 661) ... FAILED
[INFO] [stdout] test src/client.rs - client::DavClient<T>::with_if (line 379) ... FAILED
[INFO] [stdout] test src/client.rs - client::DavClient<T>::new (line 356) ... FAILED
[INFO] [stdout] test src/client.rs - client::DavClient<T>::with_header (line 403) ... FAILED
[INFO] [stdout] test src/client.rs - client::DavClient<T>::unlock (line 896) ... FAILED
[INFO] [stdout] test src/capabilities.rs - capabilities::Capabilities (line 47) ... ok
[INFO] [stdout] test src/error.rs - error::Error (line 19) ... ok
[INFO] [stdout] test src/headers.rs - headers::DESTINATION (line 126) ... ok
[INFO] [stdout] test src/error.rs - error::Error::status (line 71) ... ok
[INFO] [stdout] test src/error.rs - error::Error::dav_error (line 88) ... ok
[INFO] [stdout] test src/headers.rs - headers::DEPTH (line 116) ... ok
[INFO] [stdout] test src/headers.rs - headers::IfCondition (line 237) ... ok
[INFO] [stdout] test src/headers.rs - headers::DAV (line 106) ... ok
[INFO] [stdout] test src/client.rs - client::Lock (line 331) ... ok
[INFO] [stdout] test src/headers.rs - headers::DavHeader (line 473) ... ok
[INFO] [stdout] test src/headers.rs - headers::TIMEOUT (line 166) ... ok
[INFO] [stdout] test src/headers.rs - headers::IfList (line 269) ... ok
[INFO] [stdout] test src/headers.rs - headers::IF (line 136) ... ok
[INFO] [stdout] test src/headers.rs - headers::InvalidHeader (line 177) ... ok
[INFO] [stdout] test src/headers.rs - headers::LOCK_TOKEN (line 146) ... ok
[INFO] [stdout] test src/headers.rs - headers::If (line 336) ... ok
[INFO] [stdout] test src/headers.rs - headers::LockTokenHeader (line 423) ... ok
[INFO] [stdout] test src/headers.rs - headers::Overwrite (line 194) ... ok
[INFO] [stdout] test src/transport.rs - transport::Transport (line 29) ... ok
[INFO] [stdout] test src/headers.rs - headers::OVERWRITE (line 156) ... ok
[INFO] [stdout] test src/headers.rs - headers::TimeoutHeader (line 512) ... ok
[INFO] [stdout] test src/resource.rs - resource::Resource::from_multistatus (line 225) ... ok
[INFO] [stdout] test src/transport/reqwest.rs - transport::reqwest::default_client (line 34) ... ok
[INFO] [stdout] test src/resource.rs - resource::Resource::name (line 270) ... ok
[INFO] [stdout] test src/resource.rs - resource::Resource::path (line 250) ... ok
[INFO] [stdout] test src/resource.rs - resource::Resource (line 115) ... ok
[INFO] [stdout] test src/resource.rs - resource::Resource::from_response (line 168) ... ok
[INFO] [stdout] 
[INFO] [stdout] failures:
[INFO] [stdout] 
[INFO] [stdout] ---- src/async_client.rs - async_client::AsyncDavClient (line 342) stdout ----
[INFO] [stdout] error[E0432]: unresolved import `dav_xml_client::transport::MockTransport`
[INFO] [stdout]    --> src/async_client.rs:346:5
[INFO] [stdout]     |
[INFO] [stdout] 346 | use dav_xml_client::transport::MockTransport;
[INFO] [stdout]     |     ^^^^^^^^^^^^^^^^^^^^^^^^^^^-------------
[INFO] [stdout]     |                                |
[INFO] [stdout]     |                                no `MockTransport` in `transport`
[INFO] [stdout]     |
[INFO] [stdout] note: found an item that was configured out
[INFO] [stdout]    --> src/transport.rs:23:21
[INFO] [stdout]     |
[INFO] [stdout]  22 | #[cfg(any(test, feature = "mock"))]
[INFO] [stdout]     |          ------------------------ the item is gated here
[INFO] [stdout]  23 | pub use self::mock::MockTransport;
[INFO] [stdout]     |                     ^^^^^^^^^^^^^
[INFO] [stdout] help: a similar name exists in the module
[INFO] [stdout]     |
[INFO] [stdout] 346 - use dav_xml_client::transport::MockTransport;
[INFO] [stdout] 346 + use dav_xml_client::transport::Transport;
[INFO] [stdout]     |
[INFO] [stdout] 
[INFO] [stdout] error: aborting due to 1 previous error
[INFO] [stdout] 
[INFO] [stdout] For more information about this error, try `rustc --explain E0432`.
[INFO] [stdout] Couldn't compile the test.
[INFO] [stdout] ---- src/async_client.rs - async_client::AsyncDavClient<T>::propfind (line 540) stdout ----
[INFO] [stdout] error[E0432]: unresolved import `dav_xml_client::transport::MockTransport`
[INFO] [stdout]    --> src/async_client.rs:545:5
[INFO] [stdout]     |
[INFO] [stdout] 545 | use dav_xml_client::transport::MockTransport;
[INFO] [stdout]     |     ^^^^^^^^^^^^^^^^^^^^^^^^^^^-------------
[INFO] [stdout]     |                                |
[INFO] [stdout]     |                                no `MockTransport` in `transport`
[INFO] [stdout]     |
[INFO] [stdout] note: found an item that was configured out
[INFO] [stdout]    --> src/transport.rs:23:21
[INFO] [stdout]     |
[INFO] [stdout]  22 | #[cfg(any(test, feature = "mock"))]
[INFO] [stdout]     |          ------------------------ the item is gated here
[INFO] [stdout]  23 | pub use self::mock::MockTransport;
[INFO] [stdout]     |                     ^^^^^^^^^^^^^
[INFO] [stdout] help: a similar name exists in the module
[INFO] [stdout]     |
[INFO] [stdout] 545 - use dav_xml_client::transport::MockTransport;
[INFO] [stdout] 545 + use dav_xml_client::transport::Transport;
[INFO] [stdout]     |
[INFO] [stdout] 
[INFO] [stdout] error: aborting due to 1 previous error
[INFO] [stdout] 
[INFO] [stdout] For more information about this error, try `rustc --explain E0432`.
[INFO] [stdout] Couldn't compile the test.
[INFO] [stdout] ---- src/async_client.rs - async_client::AsyncDavClient<T>::options (line 503) stdout ----
[INFO] [stdout] error[E0432]: unresolved import `dav_xml_client::transport::MockTransport`
[INFO] [stdout]    --> src/async_client.rs:507:5
[INFO] [stdout]     |
[INFO] [stdout] 507 | use dav_xml_client::transport::MockTransport;
[INFO] [stdout]     |     ^^^^^^^^^^^^^^^^^^^^^^^^^^^-------------
[INFO] [stdout]     |                                |
[INFO] [stdout]     |                                no `MockTransport` in `transport`
[INFO] [stdout]     |
[INFO] [stdout] note: found an item that was configured out
[INFO] [stdout]    --> src/transport.rs:23:21
[INFO] [stdout]     |
[INFO] [stdout]  22 | #[cfg(any(test, feature = "mock"))]
[INFO] [stdout]     |          ------------------------ the item is gated here
[INFO] [stdout]  23 | pub use self::mock::MockTransport;
[INFO] [stdout]     |                     ^^^^^^^^^^^^^
[INFO] [stdout] help: a similar name exists in the module
[INFO] [stdout]     |
[INFO] [stdout] 507 - use dav_xml_client::transport::MockTransport;
[INFO] [stdout] 507 + use dav_xml_client::transport::Transport;
[INFO] [stdout]     |
[INFO] [stdout] 
[INFO] [stdout] error: aborting due to 1 previous error
[INFO] [stdout] 
[INFO] [stdout] For more information about this error, try `rustc --explain E0432`.
[INFO] [stdout] Couldn't compile the test.
[INFO] [stdout] ---- src/async_client.rs - async_client::AsyncDavClient<T>::list (line 1010) stdout ----
[INFO] [stdout] error[E0432]: unresolved import `dav_xml_client::transport::MockTransport`
[INFO] [stdout]     --> src/async_client.rs:1014:5
[INFO] [stdout]      |
[INFO] [stdout] 1014 | use dav_xml_client::transport::MockTransport;
[INFO] [stdout]      |     ^^^^^^^^^^^^^^^^^^^^^^^^^^^-------------
[INFO] [stdout]      |                                |
[INFO] [stdout]      |                                no `MockTransport` in `transport`
[INFO] [stdout]      |
[INFO] [stdout] note: found an item that was configured out
[INFO] [stdout]     --> src/transport.rs:23:21
[INFO] [stdout]      |
[INFO] [stdout]   22 | #[cfg(any(test, feature = "mock"))]
[INFO] [stdout]      |          ------------------------ the item is gated here
[INFO] [stdout]   23 | pub use self::mock::MockTransport;
[INFO] [stdout]      |                     ^^^^^^^^^^^^^
[INFO] [stdout] help: a similar name exists in the module
[INFO] [stdout]      |
[INFO] [stdout] 1014 - use dav_xml_client::transport::MockTransport;
[INFO] [stdout] 1014 + use dav_xml_client::transport::Transport;
[INFO] [stdout]      |
[INFO] [stdout] 
[INFO] [stdout] error: aborting due to 1 previous error
[INFO] [stdout] 
[INFO] [stdout] For more information about this error, try `rustc --explain E0432`.
[INFO] [stdout] Couldn't compile the test.
[INFO] [stdout] ---- src/async_client.rs - async_client::AsyncDavClient<T>::head (line 685) stdout ----
[INFO] [stdout] error[E0432]: unresolved import `dav_xml_client::transport::MockTransport`
[INFO] [stdout]    --> src/async_client.rs:689:5
[INFO] [stdout]     |
[INFO] [stdout] 689 | use dav_xml_client::transport::MockTransport;
[INFO] [stdout]     |     ^^^^^^^^^^^^^^^^^^^^^^^^^^^-------------
[INFO] [stdout]     |                                |
[INFO] [stdout]     |                                no `MockTransport` in `transport`
[INFO] [stdout]     |
[INFO] [stdout] note: found an item that was configured out
[INFO] [stdout]    --> src/transport.rs:23:21
[INFO] [stdout]     |
[INFO] [stdout]  22 | #[cfg(any(test, feature = "mock"))]
[INFO] [stdout]     |          ------------------------ the item is gated here
[INFO] [stdout]  23 | pub use self::mock::MockTransport;
[INFO] [stdout]     |                     ^^^^^^^^^^^^^
[INFO] [stdout] help: a similar name exists in the module
[INFO] [stdout]     |
[INFO] [stdout] 689 - use dav_xml_client::transport::MockTransport;
[INFO] [stdout] 689 + use dav_xml_client::transport::Transport;
[INFO] [stdout]     |
[INFO] [stdout] 
[INFO] [stdout] error: aborting due to 1 previous error
[INFO] [stdout] 
[INFO] [stdout] For more information about this error, try `rustc --explain E0432`.
[INFO] [stdout] Couldn't compile the test.
[INFO] [stdout] ---- src/async_client.rs - async_client::AsyncDavClient<T>::delete (line 757) stdout ----
[INFO] [stdout] error[E0432]: unresolved import `dav_xml_client::transport::MockTransport`
[INFO] [stdout]    --> src/async_client.rs:761:5
[INFO] [stdout]     |
[INFO] [stdout] 761 | use dav_xml_client::transport::MockTransport;
[INFO] [stdout]     |     ^^^^^^^^^^^^^^^^^^^^^^^^^^^-------------
[INFO] [stdout]     |                                |
[INFO] [stdout]     |                                no `MockTransport` in `transport`
[INFO] [stdout]     |
[INFO] [stdout] note: found an item that was configured out
[INFO] [stdout]    --> src/transport.rs:23:21
[INFO] [stdout]     |
[INFO] [stdout]  22 | #[cfg(any(test, feature = "mock"))]
[INFO] [stdout]     |          ------------------------ the item is gated here
[INFO] [stdout]  23 | pub use self::mock::MockTransport;
[INFO] [stdout]     |                     ^^^^^^^^^^^^^
[INFO] [stdout] help: a similar name exists in the module
[INFO] [stdout]     |
[INFO] [stdout] 761 - use dav_xml_client::transport::MockTransport;
[INFO] [stdout] 761 + use dav_xml_client::transport::Transport;
[INFO] [stdout]     |
[INFO] [stdout] 
[INFO] [stdout] error: aborting due to 1 previous error
[INFO] [stdout] 
[INFO] [stdout] For more information about this error, try `rustc --explain E0432`.
[INFO] [stdout] Couldn't compile the test.
[INFO] [stdout] ---- src/async_client.rs - async_client::AsyncDavClient<T>::mv (line 840) stdout ----
[INFO] [stdout] error[E0432]: unresolved import `dav_xml_client::transport::MockTransport`
[INFO] [stdout]    --> src/async_client.rs:845:5
[INFO] [stdout]     |
[INFO] [stdout] 845 | use dav_xml_client::transport::MockTransport;
[INFO] [stdout]     |     ^^^^^^^^^^^^^^^^^^^^^^^^^^^-------------
[INFO] [stdout]     |                                |
[INFO] [stdout]     |                                no `MockTransport` in `transport`
[INFO] [stdout]     |
[INFO] [stdout] note: found an item that was configured out
[INFO] [stdout]    --> src/transport.rs:23:21
[INFO] [stdout]     |
[INFO] [stdout]  22 | #[cfg(any(test, feature = "mock"))]
[INFO] [stdout]     |          ------------------------ the item is gated here
[INFO] [stdout]  23 | pub use self::mock::MockTransport;
[INFO] [stdout]     |                     ^^^^^^^^^^^^^
[INFO] [stdout] help: a similar name exists in the module
[INFO] [stdout]     |
[INFO] [stdout] 845 - use dav_xml_client::transport::MockTransport;
[INFO] [stdout] 845 + use dav_xml_client::transport::Transport;
[INFO] [stdout]     |
[INFO] [stdout] 
[INFO] [stdout] error: aborting due to 1 previous error
[INFO] [stdout] 
[INFO] [stdout] For more information about this error, try `rustc --explain E0432`.
[INFO] [stdout] Couldn't compile the test.
[INFO] [stdout] ---- src/async_client.rs - async_client::AsyncDavClient<T>::copy (line 791) stdout ----
[INFO] [stdout] error[E0432]: unresolved import `dav_xml_client::transport::MockTransport`
[INFO] [stdout]    --> src/async_client.rs:797:5
[INFO] [stdout]     |
[INFO] [stdout] 797 | use dav_xml_client::transport::MockTransport;
[INFO] [stdout]     |     ^^^^^^^^^^^^^^^^^^^^^^^^^^^-------------
[INFO] [stdout]     |                                |
[INFO] [stdout]     |                                no `MockTransport` in `transport`
[INFO] [stdout]     |
[INFO] [stdout] note: found an item that was configured out
[INFO] [stdout]    --> src/transport.rs:23:21
[INFO] [stdout]     |
[INFO] [stdout]  22 | #[cfg(any(test, feature = "mock"))]
[INFO] [stdout]     |          ------------------------ the item is gated here
[INFO] [stdout]  23 | pub use self::mock::MockTransport;
[INFO] [stdout]     |                     ^^^^^^^^^^^^^
[INFO] [stdout] help: a similar name exists in the module
[INFO] [stdout]     |
[INFO] [stdout] 797 - use dav_xml_client::transport::MockTransport;
[INFO] [stdout] 797 + use dav_xml_client::transport::Transport;
[INFO] [stdout]     |
[INFO] [stdout] 
[INFO] [stdout] error: aborting due to 1 previous error
[INFO] [stdout] 
[INFO] [stdout] For more information about this error, try `rustc --explain E0432`.
[INFO] [stdout] Couldn't compile the test.
[INFO] [stdout] ---- src/async_client.rs - async_client::AsyncDavClient<T>::exists (line 1086) stdout ----
[INFO] [stdout] error[E0432]: unresolved import `dav_xml_client::transport::MockTransport`
[INFO] [stdout]     --> src/async_client.rs:1090:5
[INFO] [stdout]      |
[INFO] [stdout] 1090 | use dav_xml_client::transport::MockTransport;
[INFO] [stdout]      |     ^^^^^^^^^^^^^^^^^^^^^^^^^^^-------------
[INFO] [stdout]      |                                |
[INFO] [stdout]      |                                no `MockTransport` in `transport`
[INFO] [stdout]      |
[INFO] [stdout] note: found an item that was configured out
[INFO] [stdout]     --> src/transport.rs:23:21
[INFO] [stdout]      |
[INFO] [stdout]   22 | #[cfg(any(test, feature = "mock"))]
[INFO] [stdout]      |          ------------------------ the item is gated here
[INFO] [stdout]   23 | pub use self::mock::MockTransport;
[INFO] [stdout]      |                     ^^^^^^^^^^^^^
[INFO] [stdout] help: a similar name exists in the module
[INFO] [stdout]      |
[INFO] [stdout] 1090 - use dav_xml_client::transport::MockTransport;
[INFO] [stdout] 1090 + use dav_xml_client::transport::Transport;
[INFO] [stdout]      |
[INFO] [stdout] 
[INFO] [stdout] error: aborting due to 1 previous error
[INFO] [stdout] 
[INFO] [stdout] For more information about this error, try `rustc --explain E0432`.
[INFO] [stdout] Couldn't compile the test.
[INFO] [stdout] ---- src/async_client.rs - async_client::AsyncDavClient<T>::lock (line 876) stdout ----
[INFO] [stdout] error[E0432]: unresolved import `dav_xml_client::transport::MockTransport`
[INFO] [stdout]    --> src/async_client.rs:881:5
[INFO] [stdout]     |
[INFO] [stdout] 881 | use dav_xml_client::transport::MockTransport;
[INFO] [stdout]     |     ^^^^^^^^^^^^^^^^^^^^^^^^^^^-------------
[INFO] [stdout]     |                                |
[INFO] [stdout]     |                                no `MockTransport` in `transport`
[INFO] [stdout]     |
[INFO] [stdout] note: found an item that was configured out
[INFO] [stdout]    --> src/transport.rs:23:21
[INFO] [stdout]     |
[INFO] [stdout]  22 | #[cfg(any(test, feature = "mock"))]
[INFO] [stdout]     |          ------------------------ the item is gated here
[INFO] [stdout]  23 | pub use self::mock::MockTransport;
[INFO] [stdout]     |                     ^^^^^^^^^^^^^
[INFO] [stdout] help: a similar name exists in the module
[INFO] [stdout]     |
[INFO] [stdout] 881 - use dav_xml_client::transport::MockTransport;
[INFO] [stdout] 881 + use dav_xml_client::transport::Transport;
[INFO] [stdout]     |
[INFO] [stdout] 
[INFO] [stdout] error: aborting due to 1 previous error
[INFO] [stdout] 
[INFO] [stdout] For more information about this error, try `rustc --explain E0432`.
[INFO] [stdout] Couldn't compile the test.
[INFO] [stdout] ---- src/async_client.rs - async_client::AsyncDavClient<T>::transport (line 459) stdout ----
[INFO] [stdout] error[E0432]: unresolved import `dav_xml_client::transport::MockTransport`
[INFO] [stdout]    --> src/async_client.rs:461:5
[INFO] [stdout]     |
[INFO] [stdout] 461 | use dav_xml_client::transport::MockTransport;
[INFO] [stdout]     |     ^^^^^^^^^^^^^^^^^^^^^^^^^^^-------------
[INFO] [stdout]     |                                |
[INFO] [stdout]     |                                no `MockTransport` in `transport`
[INFO] [stdout]     |
[INFO] [stdout] note: found an item that was configured out
[INFO] [stdout]    --> src/transport.rs:23:21
[INFO] [stdout]     |
[INFO] [stdout]  22 | #[cfg(any(test, feature = "mock"))]
[INFO] [stdout]     |          ------------------------ the item is gated here
[INFO] [stdout]  23 | pub use self::mock::MockTransport;
[INFO] [stdout]     |                     ^^^^^^^^^^^^^
[INFO] [stdout] help: a similar name exists in the module
[INFO] [stdout]     |
[INFO] [stdout] 461 - use dav_xml_client::transport::MockTransport;
[INFO] [stdout] 461 + use dav_xml_client::transport::Transport;
[INFO] [stdout]     |
[INFO] [stdout] 
[INFO] [stdout] error: aborting due to 1 previous error
[INFO] [stdout] 
[INFO] [stdout] For more information about this error, try `rustc --explain E0432`.
[INFO] [stdout] Couldn't compile the test.
[INFO] [stdout] ---- src/async_client.rs - async_client::AsyncDavClient<T>::put (line 721) stdout ----
[INFO] [stdout] error[E0432]: unresolved import `dav_xml_client::transport::MockTransport`
[INFO] [stdout]    --> src/async_client.rs:725:5
[INFO] [stdout]     |
[INFO] [stdout] 725 | use dav_xml_client::transport::MockTransport;
[INFO] [stdout]     |     ^^^^^^^^^^^^^^^^^^^^^^^^^^^-------------
[INFO] [stdout]     |                                |
[INFO] [stdout]     |                                no `MockTransport` in `transport`
[INFO] [stdout]     |
[INFO] [stdout] note: found an item that was configured out
[INFO] [stdout]    --> src/transport.rs:23:21
[INFO] [stdout]     |
[INFO] [stdout]  22 | #[cfg(any(test, feature = "mock"))]
[INFO] [stdout]     |          ------------------------ the item is gated here
[INFO] [stdout]  23 | pub use self::mock::MockTransport;
[INFO] [stdout]     |                     ^^^^^^^^^^^^^
[INFO] [stdout] help: a similar name exists in the module
[INFO] [stdout]     |
[INFO] [stdout] 725 - use dav_xml_client::transport::MockTransport;
[INFO] [stdout] 725 + use dav_xml_client::transport::Transport;
[INFO] [stdout]     |
[INFO] [stdout] 
[INFO] [stdout] error: aborting due to 1 previous error
[INFO] [stdout] 
[INFO] [stdout] For more information about this error, try `rustc --explain E0432`.
[INFO] [stdout] Couldn't compile the test.
[INFO] [stdout] ---- src/async_client.rs - async_client::AsyncDavClient<T>::new (line 377) stdout ----
[INFO] [stdout] error[E0432]: unresolved import `dav_xml_client::transport::MockTransport`
[INFO] [stdout]    --> src/async_client.rs:379:5
[INFO] [stdout]     |
[INFO] [stdout] 379 | use dav_xml_client::transport::MockTransport;
[INFO] [stdout]     |     ^^^^^^^^^^^^^^^^^^^^^^^^^^^-------------
[INFO] [stdout]     |                                |
[INFO] [stdout]     |                                no `MockTransport` in `transport`
[INFO] [stdout]     |
[INFO] [stdout] note: found an item that was configured out
[INFO] [stdout]    --> src/transport.rs:23:21
[INFO] [stdout]     |
[INFO] [stdout]  22 | #[cfg(any(test, feature = "mock"))]
[INFO] [stdout]     |          ------------------------ the item is gated here
[INFO] [stdout]  23 | pub use self::mock::MockTransport;
[INFO] [stdout]     |                     ^^^^^^^^^^^^^
[INFO] [stdout] help: a similar name exists in the module
[INFO] [stdout]     |
[INFO] [stdout] 379 - use dav_xml_client::transport::MockTransport;
[INFO] [stdout] 379 + use dav_xml_client::transport::Transport;
[INFO] [stdout]     |
[INFO] [stdout] 
[INFO] [stdout] error: aborting due to 1 previous error
[INFO] [stdout] 
[INFO] [stdout] For more information about this error, try `rustc --explain E0432`.
[INFO] [stdout] Couldn't compile the test.
[INFO] [stdout] ---- src/async_client.rs - async_client::AsyncDavClient<T>::unlock (line 979) stdout ----
[INFO] [stdout] error[E0432]: unresolved import `dav_xml_client::transport::MockTransport`
[INFO] [stdout]    --> src/async_client.rs:984:5
[INFO] [stdout]     |
[INFO] [stdout] 984 | use dav_xml_client::transport::MockTransport;
[INFO] [stdout]     |     ^^^^^^^^^^^^^^^^^^^^^^^^^^^-------------
[INFO] [stdout]     |                                |
[INFO] [stdout]     |                                no `MockTransport` in `transport`
[INFO] [stdout]     |
[INFO] [stdout] note: found an item that was configured out
[INFO] [stdout]    --> src/transport.rs:23:21
[INFO] [stdout]     |
[INFO] [stdout]  22 | #[cfg(any(test, feature = "mock"))]
[INFO] [stdout]     |          ------------------------ the item is gated here
[INFO] [stdout]  23 | pub use self::mock::MockTransport;
[INFO] [stdout]     |                     ^^^^^^^^^^^^^
[INFO] [stdout] help: a similar name exists in the module
[INFO] [stdout]     |
[INFO] [stdout] 984 - use dav_xml_client::transport::MockTransport;
[INFO] [stdout] 984 + use dav_xml_client::transport::Transport;
[INFO] [stdout]     |
[INFO] [stdout] 
[INFO] [stdout] error: aborting due to 1 previous error
[INFO] [stdout] 
[INFO] [stdout] For more information about this error, try `rustc --explain E0432`.
[INFO] [stdout] Couldn't compile the test.
[INFO] [stdout] ---- src/async_client.rs - async_client::AsyncDavClient<T>::proppatch (line 586) stdout ----
[INFO] [stdout] error[E0432]: unresolved import `dav_xml_client::transport::MockTransport`
[INFO] [stdout]    --> src/async_client.rs:592:5
[INFO] [stdout]     |
[INFO] [stdout] 592 | use dav_xml_client::transport::MockTransport;
[INFO] [stdout]     |     ^^^^^^^^^^^^^^^^^^^^^^^^^^^-------------
[INFO] [stdout]     |                                |
[INFO] [stdout]     |                                no `MockTransport` in `transport`
[INFO] [stdout]     |
[INFO] [stdout] note: found an item that was configured out
[INFO] [stdout]    --> src/transport.rs:23:21
[INFO] [stdout]     |
[INFO] [stdout]  22 | #[cfg(any(test, feature = "mock"))]
[INFO] [stdout]     |          ------------------------ the item is gated here
[INFO] [stdout]  23 | pub use self::mock::MockTransport;
[INFO] [stdout]     |                     ^^^^^^^^^^^^^
[INFO] [stdout] help: a similar name exists in the module
[INFO] [stdout]     |
[INFO] [stdout] 592 - use dav_xml_client::transport::MockTransport;
[INFO] [stdout] 592 + use dav_xml_client::transport::Transport;
[INFO] [stdout]     |
[INFO] [stdout] 
[INFO] [stdout] error: aborting due to 1 previous error
[INFO] [stdout] 
[INFO] [stdout] For more information about this error, try `rustc --explain E0432`.
[INFO] [stdout] Couldn't compile the test.
[INFO] [stdout] ---- src/client.rs - client::DavClient (line 301) stdout ----
[INFO] [stdout] error[E0432]: unresolved import `dav_xml_client::transport::MockTransport`
[INFO] [stdout]    --> src/client.rs:303:5
[INFO] [stdout]     |
[INFO] [stdout] 303 | use dav_xml_client::transport::MockTransport;
[INFO] [stdout]     |     ^^^^^^^^^^^^^^^^^^^^^^^^^^^-------------
[INFO] [stdout]     |                                |
[INFO] [stdout]     |                                no `MockTransport` in `transport`
[INFO] [stdout]     |
[INFO] [stdout] note: found an item that was configured out
[INFO] [stdout]    --> src/transport.rs:23:21
[INFO] [stdout]     |
[INFO] [stdout]  22 | #[cfg(any(test, feature = "mock"))]
[INFO] [stdout]     |          ------------------------ the item is gated here
[INFO] [stdout]  23 | pub use self::mock::MockTransport;
[INFO] [stdout]     |                     ^^^^^^^^^^^^^
[INFO] [stdout] help: a similar name exists in the module
[INFO] [stdout]     |
[INFO] [stdout] 303 - use dav_xml_client::transport::MockTransport;
[INFO] [stdout] 303 + use dav_xml_client::transport::Transport;
[INFO] [stdout]     |
[INFO] [stdout] 
[INFO] [stdout] error: aborting due to 1 previous error
[INFO] [stdout] 
[INFO] [stdout] For more information about this error, try `rustc --explain E0432`.
[INFO] [stdout] Couldn't compile the test.
[INFO] [stdout] ---- src/client.rs - client::DavClient<T>::copy (line 724) stdout ----
[INFO] [stdout] error[E0432]: unresolved import `dav_xml_client::transport::MockTransport`
[INFO] [stdout]    --> src/client.rs:728:5
[INFO] [stdout]     |
[INFO] [stdout] 728 | use dav_xml_client::transport::MockTransport;
[INFO] [stdout]     |     ^^^^^^^^^^^^^^^^^^^^^^^^^^^-------------
[INFO] [stdout]     |                                |
[INFO] [stdout]     |                                no `MockTransport` in `transport`
[INFO] [stdout]     |
[INFO] [stdout] note: found an item that was configured out
[INFO] [stdout]    --> src/transport.rs:23:21
[INFO] [stdout]     |
[INFO] [stdout]  22 | #[cfg(any(test, feature = "mock"))]
[INFO] [stdout]     |          ------------------------ the item is gated here
[INFO] [stdout]  23 | pub use self::mock::MockTransport;
[INFO] [stdout]     |                     ^^^^^^^^^^^^^
[INFO] [stdout] help: a similar name exists in the module
[INFO] [stdout]     |
[INFO] [stdout] 728 - use dav_xml_client::transport::MockTransport;
[INFO] [stdout] 728 + use dav_xml_client::transport::Transport;
[INFO] [stdout]     |
[INFO] [stdout] 
[INFO] [stdout] error: aborting due to 1 previous error
[INFO] [stdout] 
[INFO] [stdout] For more information about this error, try `rustc --explain E0432`.
[INFO] [stdout] Couldn't compile the test.
[INFO] [stdout] ---- src/async_client.rs - async_client::AsyncDavClient<T>::get (line 656) stdout ----
[INFO] [stdout] error[E0432]: unresolved import `dav_xml_client::transport::MockTransport`
[INFO] [stdout]    --> src/async_client.rs:660:5
[INFO] [stdout]     |
[INFO] [stdout] 660 | use dav_xml_client::transport::MockTransport;
[INFO] [stdout]     |     ^^^^^^^^^^^^^^^^^^^^^^^^^^^-------------
[INFO] [stdout]     |                                |
[INFO] [stdout]     |                                no `MockTransport` in `transport`
[INFO] [stdout]     |
[INFO] [stdout] note: found an item that was configured out
[INFO] [stdout]    --> src/transport.rs:23:21
[INFO] [stdout]     |
[INFO] [stdout]  22 | #[cfg(any(test, feature = "mock"))]
[INFO] [stdout]     |          ------------------------ the item is gated here
[INFO] [stdout]  23 | pub use self::mock::MockTransport;
[INFO] [stdout]     |                     ^^^^^^^^^^^^^
[INFO] [stdout] help: a similar name exists in the module
[INFO] [stdout]     |
[INFO] [stdout] 660 - use dav_xml_client::transport::MockTransport;
[INFO] [stdout] 660 + use dav_xml_client::transport::Transport;
[INFO] [stdout]     |
[INFO] [stdout] 
[INFO] [stdout] error: aborting due to 1 previous error
[INFO] [stdout] 
[INFO] [stdout] For more information about this error, try `rustc --explain E0432`.
[INFO] [stdout] Couldn't compile the test.
[INFO] [stdout] ---- src/async_client.rs - async_client::AsyncDavClient<T>::mkcol (line 628) stdout ----
[INFO] [stdout] error[E0432]: unresolved import `dav_xml_client::transport::MockTransport`
[INFO] [stdout]    --> src/async_client.rs:632:5
[INFO] [stdout]     |
[INFO] [stdout] 632 | use dav_xml_client::transport::MockTransport;
[INFO] [stdout]     |     ^^^^^^^^^^^^^^^^^^^^^^^^^^^-------------
[INFO] [stdout]     |                                |
[INFO] [stdout]     |                                no `MockTransport` in `transport`
[INFO] [stdout]     |
[INFO] [stdout] note: found an item that was configured out
[INFO] [stdout]    --> src/transport.rs:23:21
[INFO] [stdout]     |
[INFO] [stdout]  22 | #[cfg(any(test, feature = "mock"))]
[INFO] [stdout]     |          ------------------------ the item is gated here
[INFO] [stdout]  23 | pub use self::mock::MockTransport;
[INFO] [stdout]     |                     ^^^^^^^^^^^^^
[INFO] [stdout] help: a similar name exists in the module
[INFO] [stdout]     |
[INFO] [stdout] 632 - use dav_xml_client::transport::MockTransport;
[INFO] [stdout] 632 + use dav_xml_client::transport::Transport;
[INFO] [stdout]     |
[INFO] [stdout] 
[INFO] [stdout] error: aborting due to 1 previous error
[INFO] [stdout] 
[INFO] [stdout] For more information about this error, try `rustc --explain E0432`.
[INFO] [stdout] Couldn't compile the test.
[INFO] [stdout] ---- src/async_client.rs - async_client::AsyncDavClient<T>::refresh_lock (line 931) stdout ----
[INFO] [stdout] error[E0432]: unresolved import `dav_xml_client::transport::MockTransport`
[INFO] [stdout]    --> src/async_client.rs:937:5
[INFO] [stdout]     |
[INFO] [stdout] 937 | use dav_xml_client::transport::MockTransport;
[INFO] [stdout]     |     ^^^^^^^^^^^^^^^^^^^^^^^^^^^-------------
[INFO] [stdout]     |                                |
[INFO] [stdout]     |                                no `MockTransport` in `transport`
[INFO] [stdout]     |
[INFO] [stdout] note: found an item that was configured out
[INFO] [stdout]    --> src/transport.rs:23:21
[INFO] [stdout]     |
[INFO] [stdout]  22 | #[cfg(any(test, feature = "mock"))]
[INFO] [stdout]     |          ------------------------ the item is gated here
[INFO] [stdout]  23 | pub use self::mock::MockTransport;
[INFO] [stdout]     |                     ^^^^^^^^^^^^^
[INFO] [stdout] help: a similar name exists in the module
[INFO] [stdout]     |
[INFO] [stdout] 937 - use dav_xml_client::transport::MockTransport;
[INFO] [stdout] 937 + use dav_xml_client::transport::Transport;
[INFO] [stdout]     |
[INFO] [stdout] 
[INFO] [stdout] error: aborting due to 1 previous error
[INFO] [stdout] 
[INFO] [stdout] For more information about this error, try `rustc --explain E0432`.
[INFO] [stdout] Couldn't compile the test.
[INFO] [stdout] ---- src/client.rs - client::DavClient<T>::delete (line 693) stdout ----
[INFO] [stdout] error[E0432]: unresolved import `dav_xml_client::transport::MockTransport`
[INFO] [stdout]    --> src/client.rs:695:5
[INFO] [stdout]     |
[INFO] [stdout] 695 | use dav_xml_client::transport::MockTransport;
[INFO] [stdout]     |     ^^^^^^^^^^^^^^^^^^^^^^^^^^^-------------
[INFO] [stdout]     |                                |
[INFO] [stdout]     |                                no `MockTransport` in `transport`
[INFO] [stdout]     |
[INFO] [stdout] note: found an item that was configured out
[INFO] [stdout]    --> src/transport.rs:23:21
[INFO] [stdout]     |
[INFO] [stdout]  22 | #[cfg(any(test, feature = "mock"))]
[INFO] [stdout]     |          ------------------------ the item is gated here
[INFO] [stdout]  23 | pub use self::mock::MockTransport;
[INFO] [stdout]     |                     ^^^^^^^^^^^^^
[INFO] [stdout] help: a similar name exists in the module
[INFO] [stdout]     |
[INFO] [stdout] 695 - use dav_xml_client::transport::MockTransport;
[INFO] [stdout] 695 + use dav_xml_client::transport::Transport;
[INFO] [stdout]     |
[INFO] [stdout] 
[INFO] [stdout] error: aborting due to 1 previous error
[INFO] [stdout] 
[INFO] [stdout] For more information about this error, try `rustc --explain E0432`.
[INFO] [stdout] Couldn't compile the test.
[INFO] [stdout] ---- src/client.rs - client::DavClient<T>::lock (line 801) stdout ----
[INFO] [stdout] error[E0432]: unresolved import `dav_xml_client::transport::MockTransport`
[INFO] [stdout]    --> src/client.rs:804:5
[INFO] [stdout]     |
[INFO] [stdout] 804 | use dav_xml_client::transport::MockTransport;
[INFO] [stdout]     |     ^^^^^^^^^^^^^^^^^^^^^^^^^^^-------------
[INFO] [stdout]     |                                |
[INFO] [stdout]     |                                no `MockTransport` in `transport`
[INFO] [stdout]     |
[INFO] [stdout] note: found an item that was configured out
[INFO] [stdout]    --> src/transport.rs:23:21
[INFO] [stdout]     |
[INFO] [stdout]  22 | #[cfg(any(test, feature = "mock"))]
[INFO] [stdout]     |          ------------------------ the item is gated here
[INFO] [stdout]  23 | pub use self::mock::MockTransport;
[INFO] [stdout]     |                     ^^^^^^^^^^^^^
[INFO] [stdout] help: a similar name exists in the module
[INFO] [stdout]     |
[INFO] [stdout] 804 - use dav_xml_client::transport::MockTransport;
[INFO] [stdout] 804 + use dav_xml_client::transport::Transport;
[INFO] [stdout]     |
[INFO] [stdout] 
[INFO] [stdout] error: aborting due to 1 previous error
[INFO] [stdout] 
[INFO] [stdout] For more information about this error, try `rustc --explain E0432`.
[INFO] [stdout] Couldn't compile the test.
[INFO] [stdout] ---- src/client.rs - client::DavClient<T>::head (line 628) stdout ----
[INFO] [stdout] error[E0432]: unresolved import `dav_xml_client::transport::MockTransport`
[INFO] [stdout]    --> src/client.rs:630:5
[INFO] [stdout]     |
[INFO] [stdout] 630 | use dav_xml_client::transport::MockTransport;
[INFO] [stdout]     |     ^^^^^^^^^^^^^^^^^^^^^^^^^^^-------------
[INFO] [stdout]     |                                |
[INFO] [stdout]     |                                no `MockTransport` in `transport`
[INFO] [stdout]     |
[INFO] [stdout] note: found an item that was configured out
[INFO] [stdout]    --> src/transport.rs:23:21
[INFO] [stdout]     |
[INFO] [stdout]  22 | #[cfg(any(test, feature = "mock"))]
[INFO] [stdout]     |          ------------------------ the item is gated here
[INFO] [stdout]  23 | pub use self::mock::MockTransport;
[INFO] [stdout]     |                     ^^^^^^^^^^^^^
[INFO] [stdout] help: a similar name exists in the module
[INFO] [stdout]     |
[INFO] [stdout] 630 - use dav_xml_client::transport::MockTransport;
[INFO] [stdout] 630 + use dav_xml_client::transport::Transport;
[INFO] [stdout]     |
[INFO] [stdout] 
[INFO] [stdout] error: aborting due to 1 previous error
[INFO] [stdout] 
[INFO] [stdout] For more information about this error, try `rustc --explain E0432`.
[INFO] [stdout] Couldn't compile the test.
[INFO] [stdout] ---- src/client.rs - client::DavClient<T>::propfind (line 504) stdout ----
[INFO] [stdout] error[E0432]: unresolved import `dav_xml_client::transport::MockTransport`
[INFO] [stdout]    --> src/client.rs:507:5
[INFO] [stdout]     |
[INFO] [stdout] 507 | use dav_xml_client::transport::MockTransport;
[INFO] [stdout]     |     ^^^^^^^^^^^^^^^^^^^^^^^^^^^-------------
[INFO] [stdout]     |                                |
[INFO] [stdout]     |                                no `MockTransport` in `transport`
[INFO] [stdout]     |
[INFO] [stdout] note: found an item that was configured out
[INFO] [stdout]    --> src/transport.rs:23:21
[INFO] [stdout]     |
[INFO] [stdout]  22 | #[cfg(any(test, feature = "mock"))]
[INFO] [stdout]     |          ------------------------ the item is gated here
[INFO] [stdout]  23 | pub use self::mock::MockTransport;
[INFO] [stdout]     |                     ^^^^^^^^^^^^^
[INFO] [stdout] help: a similar name exists in the module
[INFO] [stdout]     |
[INFO] [stdout] 507 - use dav_xml_client::transport::MockTransport;
[INFO] [stdout] 507 + use dav_xml_client::transport::Transport;
[INFO] [stdout]     |
[INFO] [stdout] 
[INFO] [stdout] error: aborting due to 1 previous error
[INFO] [stdout] 
[INFO] [stdout] For more information about this error, try `rustc --explain E0432`.
[INFO] [stdout] Couldn't compile the test.
[INFO] [stdout] ---- src/client.rs - client::DavClient<T>::exists (line 989) stdout ----
[INFO] [stdout] error[E0432]: unresolved import `dav_xml_client::transport::MockTransport`
[INFO] [stdout]    --> src/client.rs:991:5
[INFO] [stdout]     |
[INFO] [stdout] 991 | use dav_xml_client::transport::MockTransport;
[INFO] [stdout]     |     ^^^^^^^^^^^^^^^^^^^^^^^^^^^-------------
[INFO] [stdout]     |                                |
[INFO] [stdout]     |                                no `MockTransport` in `transport`
[INFO] [stdout]     |
[INFO] [stdout] note: found an item that was configured out
[INFO] [stdout]    --> src/transport.rs:23:21
[INFO] [stdout]     |
[INFO] [stdout]  22 | #[cfg(any(test, feature = "mock"))]
[INFO] [stdout]     |          ------------------------ the item is gated here
[INFO] [stdout]  23 | pub use self::mock::MockTransport;
[INFO] [stdout]     |                     ^^^^^^^^^^^^^
[INFO] [stdout] help: a similar name exists in the module
[INFO] [stdout]     |
[INFO] [stdout] 991 - use dav_xml_client::transport::MockTransport;
[INFO] [stdout] 991 + use dav_xml_client::transport::Transport;
[INFO] [stdout]     |
[INFO] [stdout] 
[INFO] [stdout] error: aborting due to 1 previous error
[INFO] [stdout] 
[INFO] [stdout] For more information about this error, try `rustc --explain E0432`.
[INFO] [stdout] Couldn't compile the test.
[INFO] [stdout] ---- src/async_client.rs - async_client::AsyncDavClient<T>::stat (line 1049) stdout ----
[INFO] [stdout] error[E0432]: unresolved import `dav_xml_client::transport::MockTransport`
[INFO] [stdout]     --> src/async_client.rs:1053:5
[INFO] [stdout]      |
[INFO] [stdout] 1053 | use dav_xml_client::transport::MockTransport;
[INFO] [stdout]      |     ^^^^^^^^^^^^^^^^^^^^^^^^^^^-------------
[INFO] [stdout]      |                                |
[INFO] [stdout]      |                                no `MockTransport` in `transport`
[INFO] [stdout]      |
[INFO] [stdout] note: found an item that was configured out
[INFO] [stdout]     --> src/transport.rs:23:21
[INFO] [stdout]      |
[INFO] [stdout]   22 | #[cfg(any(test, feature = "mock"))]
[INFO] [stdout]      |          ------------------------ the item is gated here
[INFO] [stdout]   23 | pub use self::mock::MockTransport;
[INFO] [stdout]      |                     ^^^^^^^^^^^^^
[INFO] [stdout] help: a similar name exists in the module
[INFO] [stdout]      |
[INFO] [stdout] 1053 - use dav_xml_client::transport::MockTransport;
[INFO] [stdout] 1053 + use dav_xml_client::transport::Transport;
[INFO] [stdout]      |
[INFO] [stdout] 
[INFO] [stdout] error: aborting due to 1 previous error
[INFO] [stdout] 
[INFO] [stdout] For more information about this error, try `rustc --explain E0432`.
[INFO] [stdout] Couldn't compile the test.
[INFO] [stdout] ---- src/client.rs - client::DavClient<T>::mv (line 769) stdout ----
[INFO] [stdout] error[E0432]: unresolved import `dav_xml_client::transport::MockTransport`
[INFO] [stdout]    --> src/client.rs:772:5
[INFO] [stdout]     |
[INFO] [stdout] 772 | use dav_xml_client::transport::MockTransport;
[INFO] [stdout]     |     ^^^^^^^^^^^^^^^^^^^^^^^^^^^-------------
[INFO] [stdout]     |                                |
[INFO] [stdout]     |                                no `MockTransport` in `transport`
[INFO] [stdout]     |
[INFO] [stdout] note: found an item that was configured out
[INFO] [stdout]    --> src/transport.rs:23:21
[INFO] [stdout]     |
[INFO] [stdout]  22 | #[cfg(any(test, feature = "mock"))]
[INFO] [stdout]     |          ------------------------ the item is gated here
[INFO] [stdout]  23 | pub use self::mock::MockTransport;
[INFO] [stdout]     |                     ^^^^^^^^^^^^^
[INFO] [stdout] help: a similar name exists in the module
[INFO] [stdout]     |
[INFO] [stdout] 772 - use dav_xml_client::transport::MockTransport;
[INFO] [stdout] 772 + use dav_xml_client::transport::Transport;
[INFO] [stdout]     |
[INFO] [stdout] 
[INFO] [stdout] error: aborting due to 1 previous error
[INFO] [stdout] 
[INFO] [stdout] For more information about this error, try `rustc --explain E0432`.
[INFO] [stdout] Couldn't compile the test.
[INFO] [stdout] ---- src/client.rs - client::DavClient<T>::mkcol (line 577) stdout ----
[INFO] [stdout] error[E0432]: unresolved import `dav_xml_client::transport::MockTransport`
[INFO] [stdout]    --> src/client.rs:579:5
[INFO] [stdout]     |
[INFO] [stdout] 579 | use dav_xml_client::transport::MockTransport;
[INFO] [stdout]     |     ^^^^^^^^^^^^^^^^^^^^^^^^^^^-------------
[INFO] [stdout]     |                                |
[INFO] [stdout]     |                                no `MockTransport` in `transport`
[INFO] [stdout]     |
[INFO] [stdout] note: found an item that was configured out
[INFO] [stdout]    --> src/transport.rs:23:21
[INFO] [stdout]     |
[INFO] [stdout]  22 | #[cfg(any(test, feature = "mock"))]
[INFO] [stdout]     |          ------------------------ the item is gated here
[INFO] [stdout]  23 | pub use self::mock::MockTransport;
[INFO] [stdout]     |                     ^^^^^^^^^^^^^
[INFO] [stdout] help: a similar name exists in the module
[INFO] [stdout]     |
[INFO] [stdout] 579 - use dav_xml_client::transport::MockTransport;
[INFO] [stdout] 579 + use dav_xml_client::transport::Transport;
[INFO] [stdout]     |
[INFO] [stdout] 
[INFO] [stdout] error: aborting due to 1 previous error
[INFO] [stdout] 
[INFO] [stdout] For more information about this error, try `rustc --explain E0432`.
[INFO] [stdout] Couldn't compile the test.
[INFO] [stdout] ---- src/client.rs - client::DavClient<T>::options (line 470) stdout ----
[INFO] [stdout] error[E0432]: unresolved import `dav_xml_client::transport::MockTransport`
[INFO] [stdout]    --> src/client.rs:472:5
[INFO] [stdout]     |
[INFO] [stdout] 472 | use dav_xml_client::transport::MockTransport;
[INFO] [stdout]     |     ^^^^^^^^^^^^^^^^^^^^^^^^^^^-------------
[INFO] [stdout]     |                                |
[INFO] [stdout]     |                                no `MockTransport` in `transport`
[INFO] [stdout]     |
[INFO] [stdout] note: found an item that was configured out
[INFO] [stdout]    --> src/transport.rs:23:21
[INFO] [stdout]     |
[INFO] [stdout]  22 | #[cfg(any(test, feature = "mock"))]
[INFO] [stdout]     |          ------------------------ the item is gated here
[INFO] [stdout]  23 | pub use self::mock::MockTransport;
[INFO] [stdout]     |                     ^^^^^^^^^^^^^
[INFO] [stdout] help: a similar name exists in the module
[INFO] [stdout]     |
[INFO] [stdout] 472 - use dav_xml_client::transport::MockTransport;
[INFO] [stdout] 472 + use dav_xml_client::transport::Transport;
[INFO] [stdout]     |
[INFO] [stdout] 
[INFO] [stdout] error: aborting due to 1 previous error
[INFO] [stdout] 
[INFO] [stdout] For more information about this error, try `rustc --explain E0432`.
[INFO] [stdout] Couldn't compile the test.
[INFO] [stdout] ---- src/async_client.rs - async_client::AsyncDavClient<T>::with_header (line 430) stdout ----
[INFO] [stdout] error[E0432]: unresolved import `dav_xml_client::transport::MockTransport`
[INFO] [stdout]    --> src/async_client.rs:434:5
[INFO] [stdout]     |
[INFO] [stdout] 434 | use dav_xml_client::transport::MockTransport;
[INFO] [stdout]     |     ^^^^^^^^^^^^^^^^^^^^^^^^^^^-------------
[INFO] [stdout]     |                                |
[INFO] [stdout]     |                                no `MockTransport` in `transport`
[INFO] [stdout]     |
[INFO] [stdout] note: found an item that was configured out
[INFO] [stdout]    --> src/transport.rs:23:21
[INFO] [stdout]     |
[INFO] [stdout]  22 | #[cfg(any(test, feature = "mock"))]
[INFO] [stdout]     |          ------------------------ the item is gated here
[INFO] [stdout]  23 | pub use self::mock::MockTransport;
[INFO] [stdout]     |                     ^^^^^^^^^^^^^
[INFO] [stdout] help: a similar name exists in the module
[INFO] [stdout]     |
[INFO] [stdout] 434 - use dav_xml_client::transport::MockTransport;
[INFO] [stdout] 434 + use dav_xml_client::transport::Transport;
[INFO] [stdout]     |
[INFO] [stdout] 
[INFO] [stdout] error: aborting due to 1 previous error
[INFO] [stdout] 
[INFO] [stdout] For more information about this error, try `rustc --explain E0432`.
[INFO] [stdout] Couldn't compile the test.
[INFO] [stdout] ---- src/client.rs - client::DavClient<T>::refresh_lock (line 852) stdout ----
[INFO] [stdout] error[E0432]: unresolved import `dav_xml_client::transport::MockTransport`
[INFO] [stdout]    --> src/client.rs:856:5
[INFO] [stdout]     |
[INFO] [stdout] 856 | use dav_xml_client::transport::MockTransport;
[INFO] [stdout]     |     ^^^^^^^^^^^^^^^^^^^^^^^^^^^-------------
[INFO] [stdout]     |                                |
[INFO] [stdout]     |                                no `MockTransport` in `transport`
[INFO] [stdout]     |
[INFO] [stdout] note: found an item that was configured out
[INFO] [stdout]    --> src/transport.rs:23:21
[INFO] [stdout]     |
[INFO] [stdout]  22 | #[cfg(any(test, feature = "mock"))]
[INFO] [stdout]     |          ------------------------ the item is gated here
[INFO] [stdout]  23 | pub use self::mock::MockTransport;
[INFO] [stdout]     |                     ^^^^^^^^^^^^^
[INFO] [stdout] help: a similar name exists in the module
[INFO] [stdout]     |
[INFO] [stdout] 856 - use dav_xml_client::transport::MockTransport;
[INFO] [stdout] 856 + use dav_xml_client::transport::Transport;
[INFO] [stdout]     |
[INFO] [stdout] 
[INFO] [stdout] error: aborting due to 1 previous error
[INFO] [stdout] 
[INFO] [stdout] For more information about this error, try `rustc --explain E0432`.
[INFO] [stdout] Couldn't compile the test.
[INFO] [stdout] ---- src/client.rs - client::DavClient<T>::get (line 602) stdout ----
[INFO] [stdout] error[E0432]: unresolved import `dav_xml_client::transport::MockTransport`
[INFO] [stdout]    --> src/client.rs:604:5
[INFO] [stdout]     |
[INFO] [stdout] 604 | use dav_xml_client::transport::MockTransport;
[INFO] [stdout]     |     ^^^^^^^^^^^^^^^^^^^^^^^^^^^-------------
[INFO] [stdout]     |                                |
[INFO] [stdout]     |                                no `MockTransport` in `transport`
[INFO] [stdout]     |
[INFO] [stdout] note: found an item that was configured out
[INFO] [stdout]    --> src/transport.rs:23:21
[INFO] [stdout]     |
[INFO] [stdout]  22 | #[cfg(any(test, feature = "mock"))]
[INFO] [stdout]     |          ------------------------ the item is gated here
[INFO] [stdout]  23 | pub use self::mock::MockTransport;
[INFO] [stdout]     |                     ^^^^^^^^^^^^^
[INFO] [stdout] help: a similar name exists in the module
[INFO] [stdout]     |
[INFO] [stdout] 604 - use dav_xml_client::transport::MockTransport;
[INFO] [stdout] 604 + use dav_xml_client::transport::Transport;
[INFO] [stdout]     |
[INFO] [stdout] 
[INFO] [stdout] error: aborting due to 1 previous error
[INFO] [stdout] 
[INFO] [stdout] For more information about this error, try `rustc --explain E0432`.
[INFO] [stdout] Couldn't compile the test.
[INFO] [stdout] ---- src/async_client.rs - async_client::AsyncDavClient<T>::with_if (line 400) stdout ----
[INFO] [stdout] error[E0432]: unresolved import `dav_xml_client::transport::MockTransport`
[INFO] [stdout]    --> src/async_client.rs:405:5
[INFO] [stdout]     |
[INFO] [stdout] 405 | use dav_xml_client::transport::MockTransport;
[INFO] [stdout]     |     ^^^^^^^^^^^^^^^^^^^^^^^^^^^-------------
[INFO] [stdout]     |                                |
[INFO] [stdout]     |                                no `MockTransport` in `transport`
[INFO] [stdout]     |
[INFO] [stdout] note: found an item that was configured out
[INFO] [stdout]    --> src/transport.rs:23:21
[INFO] [stdout]     |
[INFO] [stdout]  22 | #[cfg(any(test, feature = "mock"))]
[INFO] [stdout]     |          ------------------------ the item is gated here
[INFO] [stdout]  23 | pub use self::mock::MockTransport;
[INFO] [stdout]     |                     ^^^^^^^^^^^^^
[INFO] [stdout] help: a similar name exists in the module
[INFO] [stdout]     |
[INFO] [stdout] 405 - use dav_xml_client::transport::MockTransport;
[INFO] [stdout] 405 + use dav_xml_client::transport::Transport;
[INFO] [stdout]     |
[INFO] [stdout] 
[INFO] [stdout] error: aborting due to 1 previous error
[INFO] [stdout] 
[INFO] [stdout] For more information about this error, try `rustc --explain E0432`.
[INFO] [stdout] Couldn't compile the test.
[INFO] [stdout] ---- src/client.rs - client::DavClient<T>::list (line 924) stdout ----
[INFO] [stdout] error[E0432]: unresolved import `dav_xml_client::transport::MockTransport`
[INFO] [stdout]    --> src/client.rs:926:5
[INFO] [stdout]     |
[INFO] [stdout] 926 | use dav_xml_client::transport::MockTransport;
[INFO] [stdout]     |     ^^^^^^^^^^^^^^^^^^^^^^^^^^^-------------
[INFO] [stdout]     |                                |
[INFO] [stdout]     |                                no `MockTransport` in `transport`
[INFO] [stdout]     |
[INFO] [stdout] note: found an item that was configured out
[INFO] [stdout]    --> src/transport.rs:23:21
[INFO] [stdout]     |
[INFO] [stdout]  22 | #[cfg(any(test, feature = "mock"))]
[INFO] [stdout]     |          ------------------------ the item is gated here
[INFO] [stdout]  23 | pub use self::mock::MockTransport;
[INFO] [stdout]     |                     ^^^^^^^^^^^^^
[INFO] [stdout] help: a similar name exists in the module
[INFO] [stdout]     |
[INFO] [stdout] 926 - use dav_xml_client::transport::MockTransport;
[INFO] [stdout] 926 + use dav_xml_client::transport::Transport;
[INFO] [stdout]     |
[INFO] [stdout] 
[INFO] [stdout] error: aborting due to 1 previous error
[INFO] [stdout] 
[INFO] [stdout] For more information about this error, try `rustc --explain E0432`.
[INFO] [stdout] Couldn't compile the test.
[INFO] [stdout] ---- src/client.rs - client::DavClient<T>::transport (line 426) stdout ----
[INFO] [stdout] error[E0432]: unresolved import `dav_xml_client::transport::MockTransport`
[INFO] [stdout]    --> src/client.rs:428:5
[INFO] [stdout]     |
[INFO] [stdout] 428 | use dav_xml_client::transport::MockTransport;
[INFO] [stdout]     |     ^^^^^^^^^^^^^^^^^^^^^^^^^^^-------------
[INFO] [stdout]     |                                |
[INFO] [stdout]     |                                no `MockTransport` in `transport`
[INFO] [stdout]     |
[INFO] [stdout] note: found an item that was configured out
[INFO] [stdout]    --> src/transport.rs:23:21
[INFO] [stdout]     |
[INFO] [stdout]  22 | #[cfg(any(test, feature = "mock"))]
[INFO] [stdout]     |          ------------------------ the item is gated here
[INFO] [stdout]  23 | pub use self::mock::MockTransport;
[INFO] [stdout]     |                     ^^^^^^^^^^^^^
[INFO] [stdout] help: a similar name exists in the module
[INFO] [stdout]     |
[INFO] [stdout] 428 - use dav_xml_client::transport::MockTransport;
[INFO] [stdout] 428 + use dav_xml_client::transport::Transport;
[INFO] [stdout]     |
[INFO] [stdout] 
[INFO] [stdout] error: aborting due to 1 previous error
[INFO] [stdout] 
[INFO] [stdout] For more information about this error, try `rustc --explain E0432`.
[INFO] [stdout] Couldn't compile the test.
[INFO] [stdout] ---- src/client.rs - client::DavClient<T>::stat (line 958) stdout ----
[INFO] [stdout] error[E0432]: unresolved import `dav_xml_client::transport::MockTransport`
[INFO] [stdout]    --> src/client.rs:960:5
[INFO] [stdout]     |
[INFO] [stdout] 960 | use dav_xml_client::transport::MockTransport;
[INFO] [stdout]     |     ^^^^^^^^^^^^^^^^^^^^^^^^^^^-------------
[INFO] [stdout]     |                                |
[INFO] [stdout]     |                                no `MockTransport` in `transport`
[INFO] [stdout]     |
[INFO] [stdout] note: found an item that was configured out
[INFO] [stdout]    --> src/transport.rs:23:21
[INFO] [stdout]     |
[INFO] [stdout]  22 | #[cfg(any(test, feature = "mock"))]
[INFO] [stdout]     |          ------------------------ the item is gated here
[INFO] [stdout]  23 | pub use self::mock::MockTransport;
[INFO] [stdout]     |                     ^^^^^^^^^^^^^
[INFO] [stdout] help: a similar name exists in the module
[INFO] [stdout]     |
[INFO] [stdout] 960 - use dav_xml_client::transport::MockTransport;
[INFO] [stdout] 960 + use dav_xml_client::transport::Transport;
[INFO] [stdout]     |
[INFO] [stdout] 
[INFO] [stdout] error: aborting due to 1 previous error
[INFO] [stdout] 
[INFO] [stdout] For more information about this error, try `rustc --explain E0432`.
[INFO] [stdout] Couldn't compile the test.
[INFO] [stdout] ---- src/client.rs - client::DavClient<T>::proppatch (line 541) stdout ----
[INFO] [stdout] error[E0432]: unresolved import `dav_xml_client::transport::MockTransport`
[INFO] [stdout]    --> src/client.rs:545:5
[INFO] [stdout]     |
[INFO] [stdout] 545 | use dav_xml_client::transport::MockTransport;
[INFO] [stdout]     |     ^^^^^^^^^^^^^^^^^^^^^^^^^^^-------------
[INFO] [stdout]     |                                |
[INFO] [stdout]     |                                no `MockTransport` in `transport`
[INFO] [stdout]     |
[INFO] [stdout] note: found an item that was configured out
[INFO] [stdout]    --> src/transport.rs:23:21
[INFO] [stdout]     |
[INFO] [stdout]  22 | #[cfg(any(test, feature = "mock"))]
[INFO] [stdout]     |          ------------------------ the item is gated here
[INFO] [stdout]  23 | pub use self::mock::MockTransport;
[INFO] [stdout]     |                     ^^^^^^^^^^^^^
[INFO] [stdout] help: a similar name exists in the module
[INFO] [stdout]     |
[INFO] [stdout] 545 - use dav_xml_client::transport::MockTransport;
[INFO] [stdout] 545 + use dav_xml_client::transport::Transport;
[INFO] [stdout]     |
[INFO] [stdout] 
[INFO] [stdout] error: aborting due to 1 previous error
[INFO] [stdout] 
[INFO] [stdout] For more information about this error, try `rustc --explain E0432`.
[INFO] [stdout] Couldn't compile the test.
[INFO] [stdout] ---- src/client.rs - client::DavClient<T>::put (line 661) stdout ----
[INFO] [stdout] error[E0432]: unresolved import `dav_xml_client::transport::MockTransport`
[INFO] [stdout]    --> src/client.rs:663:5
[INFO] [stdout]     |
[INFO] [stdout] 663 | use dav_xml_client::transport::MockTransport;
[INFO] [stdout]     |     ^^^^^^^^^^^^^^^^^^^^^^^^^^^-------------
[INFO] [stdout]     |                                |
[INFO] [stdout]     |                                no `MockTransport` in `transport`
[INFO] [stdout]     |
[INFO] [stdout] note: found an item that was configured out
[INFO] [stdout]    --> src/transport.rs:23:21
[INFO] [stdout]     |
[INFO] [stdout]  22 | #[cfg(any(test, feature = "mock"))]
[INFO] [stdout]     |          ------------------------ the item is gated here
[INFO] [stdout]  23 | pub use self::mock::MockTransport;
[INFO] [stdout]     |                     ^^^^^^^^^^^^^
[INFO] [stdout] help: a similar name exists in the module
[INFO] [stdout]     |
[INFO] [stdout] 663 - use dav_xml_client::transport::MockTransport;
[INFO] [stdout] 663 + use dav_xml_client::transport::Transport;
[INFO] [stdout]     |
[INFO] [stdout] 
[INFO] [stdout] error: aborting due to 1 previous error
[INFO] [stdout] 
[INFO] [stdout] For more information about this error, try `rustc --explain E0432`.
[INFO] [stdout] Couldn't compile the test.
[INFO] [stdout] ---- src/client.rs - client::DavClient<T>::with_if (line 379) stdout ----
[INFO] [stdout] error[E0432]: unresolved import `dav_xml_client::transport::MockTransport`
[INFO] [stdout]    --> src/client.rs:381:5
[INFO] [stdout]     |
[INFO] [stdout] 381 | use dav_xml_client::transport::MockTransport;
[INFO] [stdout]     |     ^^^^^^^^^^^^^^^^^^^^^^^^^^^-------------
[INFO] [stdout]     |                                |
[INFO] [stdout]     |                                no `MockTransport` in `transport`
[INFO] [stdout]     |
[INFO] [stdout] note: found an item that was configured out
[INFO] [stdout]    --> src/transport.rs:23:21
[INFO] [stdout]     |
[INFO] [stdout]  22 | #[cfg(any(test, feature = "mock"))]
[INFO] [stdout]     |          ------------------------ the item is gated here
[INFO] [stdout]  23 | pub use self::mock::MockTransport;
[INFO] [stdout]     |                     ^^^^^^^^^^^^^
[INFO] [stdout] help: a similar name exists in the module
[INFO] [stdout]     |
[INFO] [stdout] 381 - use dav_xml_client::transport::MockTransport;
[INFO] [stdout] 381 + use dav_xml_client::transport::Transport;
[INFO] [stdout]     |
[INFO] [stdout] 
[INFO] [stdout] error: aborting due to 1 previous error
[INFO] [stdout] 
[INFO] [stdout] For more information about this error, try `rustc --explain E0432`.
[INFO] [stdout] Couldn't compile the test.
[INFO] [stdout] ---- src/client.rs - client::DavClient<T>::new (line 356) stdout ----
[INFO] [stdout] error[E0432]: unresolved import `dav_xml_client::transport::MockTransport`
[INFO] [stdout]    --> src/client.rs:358:5
[INFO] [stdout]     |
[INFO] [stdout] 358 | use dav_xml_client::transport::MockTransport;
[INFO] [stdout]     |     ^^^^^^^^^^^^^^^^^^^^^^^^^^^-------------
[INFO] [stdout]     |                                |
[INFO] [stdout]     |                                no `MockTransport` in `transport`
[INFO] [stdout]     |
[INFO] [stdout] note: found an item that was configured out
[INFO] [stdout]    --> src/transport.rs:23:21
[INFO] [stdout]     |
[INFO] [stdout]  22 | #[cfg(any(test, feature = "mock"))]
[INFO] [stdout]     |          ------------------------ the item is gated here
[INFO] [stdout]  23 | pub use self::mock::MockTransport;
[INFO] [stdout]     |                     ^^^^^^^^^^^^^
[INFO] [stdout] help: a similar name exists in the module
[INFO] [stdout]     |
[INFO] [stdout] 358 - use dav_xml_client::transport::MockTransport;
[INFO] [stdout] 358 + use dav_xml_client::transport::Transport;
[INFO] [stdout]     |
[INFO] [stdout] 
[INFO] [stdout] error: aborting due to 1 previous error
[INFO] [stdout] 
[INFO] [stdout] For more information about this error, try `rustc --explain E0432`.
[INFO] [stdout] Couldn't compile the test.
[INFO] [stdout] ---- src/client.rs - client::DavClient<T>::with_header (line 403) stdout ----
[INFO] [stdout] error[E0432]: unresolved import `dav_xml_client::transport::MockTransport`
[INFO] [stdout]    --> src/client.rs:405:5
[INFO] [stdout]     |
[INFO] [stdout] 405 | use dav_xml_client::transport::MockTransport;
[INFO] [stdout]     |     ^^^^^^^^^^^^^^^^^^^^^^^^^^^-------------
[INFO] [stdout]     |                                |
[INFO] [stdout]     |                                no `MockTransport` in `transport`
[INFO] [stdout]     |
[INFO] [stdout] note: found an item that was configured out
[INFO] [stdout]    --> src/transport.rs:23:21
[INFO] [stdout]     |
[INFO] [stdout]  22 | #[cfg(any(test, feature = "mock"))]
[INFO] [stdout]     |          ------------------------ the item is gated here
[INFO] [stdout]  23 | pub use self::mock::MockTransport;
[INFO] [stdout]     |                     ^^^^^^^^^^^^^
[INFO] [stdout] help: a similar name exists in the module
[INFO] [stdout]     |
[INFO] [stdout] 405 - use dav_xml_client::transport::MockTransport;
[INFO] [stdout] 405 + use dav_xml_client::transport::Transport;
[INFO] [stdout]     |
[INFO] [stdout] 
[INFO] [stdout] error: aborting due to 1 previous error
[INFO] [stdout] 
[INFO] [stdout] For more information about this error, try `rustc --explain E0432`.
[INFO] [stdout] Couldn't compile the test.
[INFO] [stdout] ---- src/client.rs - client::DavClient<T>::unlock (line 896) stdout ----
[INFO] [stdout] error[E0432]: unresolved import `dav_xml_client::transport::MockTransport`
[INFO] [stdout]    --> src/client.rs:899:5
[INFO] [stdout]     |
[INFO] [stdout] 899 | use dav_xml_client::transport::MockTransport;
[INFO] [stdout]     |     ^^^^^^^^^^^^^^^^^^^^^^^^^^^-------------
[INFO] [stdout]     |                                |
[INFO] [stdout]     |                                no `MockTransport` in `transport`
[INFO] [stdout]     |
[INFO] [stdout] note: found an item that was configured out
[INFO] [stdout]    --> src/transport.rs:23:21
[INFO] [stdout]     |
[INFO] [stdout]  22 | #[cfg(any(test, feature = "mock"))]
[INFO] [stdout]     |          ------------------------ the item is gated here
[INFO] [stdout]  23 | pub use self::mock::MockTransport;
[INFO] [stdout]     |                     ^^^^^^^^^^^^^
[INFO] [stdout] help: a similar name exists in the module
[INFO] [stdout]     |
[INFO] [stdout] 899 - use dav_xml_client::transport::MockTransport;
[INFO] [stdout] 899 + use dav_xml_client::transport::Transport;
[INFO] [stdout]     |
[INFO] [stdout] 
[INFO] [stdout] error: aborting due to 1 previous error
[INFO] [stdout] 
[INFO] [stdout] For more information about this error, try `rustc --explain E0432`.
[INFO] [stdout] Couldn't compile the test.
[INFO] [stdout] 
[INFO] [stdout] failures:
[INFO] [stdout]     src/async_client.rs - async_client::AsyncDavClient (line 342)
[INFO] [stdout]     src/async_client.rs - async_client::AsyncDavClient<T>::copy (line 791)
[INFO] [stdout]     src/async_client.rs - async_client::AsyncDavClient<T>::delete (line 757)
[INFO] [stdout]     src/async_client.rs - async_client::AsyncDavClient<T>::exists (line 1086)
[INFO] [stdout]     src/async_client.rs - async_client::AsyncDavClient<T>::get (line 656)
[INFO] [stdout]     src/async_client.rs - async_client::AsyncDavClient<T>::head (line 685)
[INFO] [stdout]     src/async_client.rs - async_client::AsyncDavClient<T>::list (line 1010)
[INFO] [stdout]     src/async_client.rs - async_client::AsyncDavClient<T>::lock (line 876)
[INFO] [stdout]     src/async_client.rs - async_client::AsyncDavClient<T>::mkcol (line 628)
[INFO] [stdout]     src/async_client.rs - async_client::AsyncDavClient<T>::mv (line 840)
[INFO] [stdout]     src/async_client.rs - async_client::AsyncDavClient<T>::new (line 377)
[INFO] [stdout]     src/async_client.rs - async_client::AsyncDavClient<T>::options (line 503)
[INFO] [stdout]     src/async_client.rs - async_client::AsyncDavClient<T>::propfind (line 540)
[INFO] [stdout]     src/async_client.rs - async_client::AsyncDavClient<T>::proppatch (line 586)
[INFO] [stdout]     src/async_client.rs - async_client::AsyncDavClient<T>::put (line 721)
[INFO] [stdout]     src/async_client.rs - async_client::AsyncDavClient<T>::refresh_lock (line 931)
[INFO] [stdout]     src/async_client.rs - async_client::AsyncDavClient<T>::stat (line 1049)
[INFO] [stdout]     src/async_client.rs - async_client::AsyncDavClient<T>::transport (line 459)
[INFO] [stdout]     src/async_client.rs - async_client::AsyncDavClient<T>::unlock (line 979)
[INFO] [stdout]     src/async_client.rs - async_client::AsyncDavClient<T>::with_header (line 430)
[INFO] [stdout]     src/async_client.rs - async_client::AsyncDavClient<T>::with_if (line 400)
[INFO] [stdout]     src/client.rs - client::DavClient (line 301)
[INFO] [stdout]     src/client.rs - client::DavClient<T>::copy (line 724)
[INFO] [stdout]     src/client.rs - client::DavClient<T>::delete (line 693)
[INFO] [stdout]     src/client.rs - client::DavClient<T>::exists (line 989)
[INFO] [stdout]     src/client.rs - client::DavClient<T>::get (line 602)
[INFO] [stdout]     src/client.rs - client::DavClient<T>::head (line 628)
[INFO] [stdout]     src/client.rs - client::DavClient<T>::list (line 924)
[INFO] [stdout]     src/client.rs - client::DavClient<T>::lock (line 801)
[INFO] [stdout]     src/client.rs - client::DavClient<T>::mkcol (line 577)
[INFO] [stdout]     src/client.rs - client::DavClient<T>::mv (line 769)
[INFO] [stdout]     src/client.rs - client::DavClient<T>::new (line 356)
[INFO] [stdout]     src/client.rs - client::DavClient<T>::options (line 470)
[INFO] [stdout]     src/client.rs - client::DavClient<T>::propfind (line 504)
[INFO] [stdout]     src/client.rs - client::DavClient<T>::proppatch (line 541)
[INFO] [stdout]     src/client.rs - client::DavClient<T>::put (line 661)
[INFO] [stdout]     src/client.rs - client::DavClient<T>::refresh_lock (line 852)
[INFO] [stdout]     src/client.rs - client::DavClient<T>::stat (line 958)
[INFO] [stdout]     src/client.rs - client::DavClient<T>::transport (line 426)
[INFO] [stdout]     src/client.rs - client::DavClient<T>::unlock (line 896)
[INFO] [stdout]     src/client.rs - client::DavClient<T>::with_header (line 403)
[INFO] [stdout]     src/client.rs - client::DavClient<T>::with_if (line 379)
[INFO] [stdout] 
[INFO] [stdout] test result: FAILED. 37 passed; 42 failed; 0 ignored; 0 measured; 0 filtered out; finished in 3.79s
[INFO] [stdout] 
[INFO] [stdout] all doctests ran in 4.25s; merged doctests compilation took 0.45s
[INFO] [stderr] error: doctest failed, to rerun pass `--doc`
[INFO] running `Command { std: "docker" "inspect" "3c9b314658eaab7a25e7f84e3a8a6d130213ca274c7109f1f18e3a5fcffdd1a9", kill_on_drop: false }`
[INFO] running `Command { std: "docker" "rm" "-f" "3c9b314658eaab7a25e7f84e3a8a6d130213ca274c7109f1f18e3a5fcffdd1a9", kill_on_drop: false }`
[INFO] [stdout] 3c9b314658eaab7a25e7f84e3a8a6d130213ca274c7109f1f18e3a5fcffdd1a9
