[INFO] fetching crate datp 0.1.1...
[INFO] testing datp-0.1.1 against 1.99.0-beta.8+cargoflags=--release for beta-release-1.100-2
[INFO] extracting crate datp 0.1.1 into /workspace/builds/worker-2-tc1/source
[INFO] started tweaking crates.io crate datp 0.1.1
[INFO] finished tweaking crates.io crate datp 0.1.1
[INFO] tweaked toml for crates.io crate datp 0.1.1 written to /workspace/builds/worker-2-tc1/source/Cargo.toml
[INFO] validating manifest of crates.io crate datp 0.1.1 on toolchain 1.99.0-beta.8
[INFO] running `Command { std: CARGO_HOME="/workspace/cargo-home" RUSTUP_HOME="/workspace/rustup-home" "/workspace/cargo-home/bin/cargo" "+1.99.0-beta.8" "metadata" "--manifest-path" "Cargo.toml" "--no-deps", kill_on_drop: false }`
[INFO] crate crates.io crate datp 0.1.1 already has a lockfile, it will not be regenerated
[INFO] running `Command { std: CARGO_HOME="/workspace/cargo-home" RUSTUP_HOME="/workspace/rustup-home" "/workspace/cargo-home/bin/cargo" "+1.99.0-beta.8" "fetch" "--manifest-path" "Cargo.toml", kill_on_drop: false }`
[INFO] [stderr]  Downloading crates ...
[INFO] [stderr]   Downloaded digest v0.11.0-rc.4
[INFO] [stderr]   Downloaded const-oid v0.10.1
[INFO] [stderr]   Downloaded sha1 v0.11.0-rc.3
[INFO] [stderr]   Downloaded crypto-common v0.2.0-rc.5
[INFO] [stderr]   Downloaded block-buffer v0.11.0
[INFO] [stderr]   Downloaded hybrid-array v0.4.5
[INFO] [stderr]   Downloaded rand_core v0.10.0-rc-2
[INFO] [stderr]   Downloaded chacha20 v0.10.0-rc.5
[INFO] [stderr]   Downloaded hmac v0.13.0-rc.3
[INFO] [stderr]   Downloaded rand v0.10.0-rc.5
[INFO] running `Command { std: "docker" "create" "-v" "/var/lib/crater-agent-workspace/builds/worker-2-tc1/source:/opt/rustwide/workdir:ro,Z" "-v" "/var/lib/crater-agent-workspace/builds/worker-2-tc1/target:/opt/rustwide/target:rw,Z" "-v" "/var/lib/crater-agent-workspace/cargo-home:/opt/rustwide/cargo-home:ro,Z" "-v" "/var/lib/crater-agent-workspace/rustup-home:/opt/rustwide/rustup-home:ro,Z" "-m" "1610612736" "--network" "none" "ghcr.io/rust-lang/crates-build-env/linux@sha256:77db811e55d90add9212f6832c23229e3de5f1c1f9905e8cb07319ea15df73ac" "sleep" "infinity", kill_on_drop: false }`
[INFO] [stdout] bab9587439dff62e4e4784b416628e18a8887c181d4290e94a613ca5cb2690d0
[INFO] running `Command { std: "docker" "start" "bab9587439dff62e4e4784b416628e18a8887c181d4290e94a613ca5cb2690d0", kill_on_drop: false }`
[INFO] running `Command { std: "docker" "inspect" "bab9587439dff62e4e4784b416628e18a8887c181d4290e94a613ca5cb2690d0", kill_on_drop: false }`
[INFO] running `Command { std: "docker" "exec" "-e" "SOURCE_DIR=/opt/rustwide/workdir" "-e" "CARGO_HOME=/opt/rustwide/cargo-home" "-e" "RUSTUP_HOME=/opt/rustwide/rustup-home" "-e" "CARGO_TARGET_DIR=/opt/rustwide/target" "-w" "/opt/rustwide/workdir" "--user" "0:0" "bab9587439dff62e4e4784b416628e18a8887c181d4290e94a613ca5cb2690d0" "/opt/rustwide/cargo-home/bin/cargo" "+1.99.0-beta.8" "metadata" "--no-deps" "--format-version=1", kill_on_drop: false }`
[INFO] running `Command { std: "docker" "inspect" "bab9587439dff62e4e4784b416628e18a8887c181d4290e94a613ca5cb2690d0", kill_on_drop: false }`
[INFO] running `Command { std: "docker" "exec" "-e" "SOURCE_DIR=/opt/rustwide/workdir" "-e" "CARGO_HOME=/opt/rustwide/cargo-home" "-e" "RUSTUP_HOME=/opt/rustwide/rustup-home" "-e" "CARGO_TARGET_DIR=/opt/rustwide/target" "-e" "CARGO_INCREMENTAL=0" "-e" "RUST_BACKTRACE=full" "-e" "RUSTFLAGS=--cap-lints=warn" "-e" "RUSTDOCFLAGS=--cap-lints=warn" "-w" "/opt/rustwide/workdir" "--user" "0:0" "bab9587439dff62e4e4784b416628e18a8887c181d4290e94a613ca5cb2690d0" "/opt/rustwide/cargo-home/bin/cargo" "+1.99.0-beta.8" "build" "--frozen" "--message-format=json" "--release", kill_on_drop: false }`
[INFO] [stderr]    Compiling typenum v1.19.0
[INFO] [stderr]    Compiling num-traits v0.2.19
[INFO] [stderr]    Compiling libc v0.2.177
[INFO] [stderr]    Compiling cfg-if v1.0.4
[INFO] [stderr]    Compiling getrandom v0.3.4
[INFO] [stderr]    Compiling const-oid v0.10.1
[INFO] [stderr]    Compiling cpufeatures v0.2.17
[INFO] [stderr]    Compiling subtle v2.6.1
[INFO] [stderr]    Compiling bytemuck v1.24.0
[INFO] [stderr]    Compiling rand_core v0.10.0-rc-2
[INFO] [stderr]    Compiling byteorder-lite v0.1.0
[INFO] [stderr]    Compiling base32 v0.5.1
[INFO] [stderr]    Compiling chacha20 v0.10.0-rc.5
[INFO] [stderr]    Compiling pxfm v0.1.26
[INFO] [stderr]    Compiling hybrid-array v0.4.5
[INFO] [stderr]    Compiling rand v0.10.0-rc.5
[INFO] [stderr]    Compiling crypto-common v0.2.0-rc.5
[INFO] [stderr]    Compiling block-buffer v0.11.0
[INFO] [stderr]    Compiling digest v0.11.0-rc.4
[INFO] [stderr]    Compiling sha1 v0.11.0-rc.3
[INFO] [stderr]    Compiling hmac v0.13.0-rc.3
[INFO] [stderr]    Compiling moxcms v0.7.10
[INFO] [stderr]    Compiling image v0.25.9
[INFO] [stderr]    Compiling qrcode v0.14.1
[INFO] [stderr]    Compiling datp v0.1.1 (/opt/rustwide/workdir)
[INFO] [stderr]     Finished `release` profile [optimized] target(s) in 50.01s
[INFO] running `Command { std: "docker" "inspect" "bab9587439dff62e4e4784b416628e18a8887c181d4290e94a613ca5cb2690d0", kill_on_drop: false }`
[INFO] running `Command { std: "docker" "exec" "-e" "SOURCE_DIR=/opt/rustwide/workdir" "-e" "CARGO_HOME=/opt/rustwide/cargo-home" "-e" "RUSTUP_HOME=/opt/rustwide/rustup-home" "-e" "CARGO_TARGET_DIR=/opt/rustwide/target" "-e" "CARGO_INCREMENTAL=0" "-e" "RUST_BACKTRACE=full" "-e" "RUSTFLAGS=--cap-lints=warn" "-e" "RUSTDOCFLAGS=--cap-lints=warn" "-w" "/opt/rustwide/workdir" "--user" "0:0" "bab9587439dff62e4e4784b416628e18a8887c181d4290e94a613ca5cb2690d0" "/opt/rustwide/cargo-home/bin/cargo" "+1.99.0-beta.8" "test" "--frozen" "--no-run" "--message-format=json" "--release", kill_on_drop: false }`
[INFO] [stderr]    Compiling datp v0.1.1 (/opt/rustwide/workdir)
[INFO] [stderr]     Finished `release` profile [optimized] target(s) in 11.63s
[INFO] running `Command { std: "docker" "inspect" "bab9587439dff62e4e4784b416628e18a8887c181d4290e94a613ca5cb2690d0", kill_on_drop: false }`
[INFO] running `Command { std: "docker" "exec" "-e" "SOURCE_DIR=/opt/rustwide/workdir" "-e" "CARGO_HOME=/opt/rustwide/cargo-home" "-e" "RUSTUP_HOME=/opt/rustwide/rustup-home" "-e" "CARGO_TARGET_DIR=/opt/rustwide/target" "-e" "CARGO_INCREMENTAL=0" "-e" "RUST_BACKTRACE=full" "-e" "RUSTFLAGS=--cap-lints=warn" "-e" "RUSTDOCFLAGS=--cap-lints=warn" "-w" "/opt/rustwide/workdir" "--user" "0:0" "bab9587439dff62e4e4784b416628e18a8887c181d4290e94a613ca5cb2690d0" "/opt/rustwide/cargo-home/bin/cargo" "+1.99.0-beta.8" "test" "--frozen" "--release", kill_on_drop: false }`
[INFO] [stderr]     Finished `release` profile [optimized] target(s) in 0.07s
[INFO] [stderr]      Running unittests src/lib.rs (/opt/rustwide/target/release/deps/datp-95c09c01cbef27e8)
[INFO] [stdout] 
[INFO] [stdout] running 4 tests
[INFO] [stdout] test tests::test_totp_invalid_secret ... ok
[INFO] [stdout] test tests::test_totp_known_secret ... ok
[INFO] [stdout] test tests::test_totp_different_steps ... ok
[INFO] [stdout] test tests::test_generate_totp_secret ... ok
[INFO] [stderr]    Doc-tests datp
[INFO] [stdout] 
[INFO] [stdout] test result: ok. 4 passed; 0 failed; 0 ignored; 0 measured; 0 filtered out; finished in 0.01s
[INFO] [stdout] 
[INFO] [stdout] 
[INFO] [stdout] running 4 tests
[INFO] [stdout] test src/lib.rs - generate_totp_secret (line 35) ... ok
[INFO] [stdout] test src/lib.rs - totp_raw_now (line 59) ... ok
[INFO] [stdout] test src/lib.rs - totp_raw (line 82) ... ok
[INFO] [stdout] test src/lib.rs - totp_qr_svg (line 121) ... FAILED
[INFO] [stdout] 
[INFO] [stdout] failures:
[INFO] [stdout] 
[INFO] [stdout] ---- src/lib.rs - totp_qr_svg (line 121) stdout ----
[INFO] [stdout] Test executable failed (exit status: 101).
[INFO] [stdout] 
[INFO] [stdout] stderr:
[INFO] [stdout] 
[INFO] [stdout] thread 'main' (507) panicked at /tmp/rustdoctestwYxvpR/doctest_bundle_2024.rs:29:33:
[INFO] [stdout] called `Result::unwrap()` on an `Err` value: Os { code: 30, kind: ReadOnlyFilesystem, message: "Read-only file system" }
[INFO] [stdout] stack backtrace:
[INFO] [stdout]    0:     0x5911811440a2 - std[70759c8f55707aa4]::backtrace_rs::backtrace::libunwind::trace
[INFO] [stdout]                                at /rustc/dfb0accb7f508ae8be965d8629557221c889dd98/library/std/src/../../backtrace/src/backtrace/libunwind.rs:117:9
[INFO] [stdout]    1:     0x5911811440a2 - std[70759c8f55707aa4]::backtrace_rs::backtrace::trace_unsynchronized::<std[70759c8f55707aa4]::sys::backtrace::_print_fmt::{closure#1}>
[INFO] [stdout]                                at /rustc/dfb0accb7f508ae8be965d8629557221c889dd98/library/std/src/../../backtrace/src/backtrace/mod.rs:66:14
[INFO] [stdout]    2:     0x5911811440a2 - std[70759c8f55707aa4]::sys::backtrace::_print_fmt
[INFO] [stdout]                                at /rustc/dfb0accb7f508ae8be965d8629557221c889dd98/library/std/src/sys/backtrace.rs:74:9
[INFO] [stdout]    3:     0x5911811440a2 - <<std[70759c8f55707aa4]::sys::backtrace::BacktraceLock>::print::DisplayBacktrace as core[df12db4294e9bfd3]::fmt::Display>::fmt
[INFO] [stdout]                                at /rustc/dfb0accb7f508ae8be965d8629557221c889dd98/library/std/src/sys/backtrace.rs:44:26
[INFO] [stdout]    4:     0x5911810f8f4c - <core[df12db4294e9bfd3]::fmt::rt::Argument>::fmt
[INFO] [stdout]                                at /rustc/dfb0accb7f508ae8be965d8629557221c889dd98/library/core/src/fmt/rt.rs:152:76
[INFO] [stdout]    5:     0x5911810f8f4c - core[df12db4294e9bfd3]::fmt::write
[INFO] [stdout]                                at /rustc/dfb0accb7f508ae8be965d8629557221c889dd98/library/core/src/fmt/mod.rs:1687:22
[INFO] [stdout]    6:     0x591181141ed7 - core[df12db4294e9bfd3]::io::write::default_write_fmt::<std[70759c8f55707aa4]::sys::stdio::unix::Stderr>
[INFO] [stdout]                                at /rustc/dfb0accb7f508ae8be965d8629557221c889dd98/library/core/src/io/write.rs:402:11
[INFO] [stdout]    7:     0x591181141ed7 - <std[70759c8f55707aa4]::sys::stdio::unix::Stderr as core[df12db4294e9bfd3]::io::write::Write>::write_fmt
[INFO] [stdout]                                at /rustc/dfb0accb7f508ae8be965d8629557221c889dd98/library/core/src/io/write.rs:335:13
[INFO] [stdout]    8:     0x59118114290c - <std[70759c8f55707aa4]::sys::backtrace::BacktraceLock>::print
[INFO] [stdout]                                at /rustc/dfb0accb7f508ae8be965d8629557221c889dd98/library/std/src/sys/backtrace.rs:47:9
[INFO] [stdout]    9:     0x59118114290c - std[70759c8f55707aa4]::panicking::default_hook::{closure#0}
[INFO] [stdout]                                at /rustc/dfb0accb7f508ae8be965d8629557221c889dd98/library/std/src/panicking.rs:292:27
[INFO] [stdout]   10:     0x591181142126 - std[70759c8f55707aa4]::panicking::default_hook
[INFO] [stdout]                                at /rustc/dfb0accb7f508ae8be965d8629557221c889dd98/library/std/src/panicking.rs:319:9
[INFO] [stdout]   11:     0x591181141a2d - std[70759c8f55707aa4]::panicking::panic_with_hook
[INFO] [stdout]                                at /rustc/dfb0accb7f508ae8be965d8629557221c889dd98/library/std/src/panicking.rs:815:13
[INFO] [stdout]   12:     0x5911811a454a - std[70759c8f55707aa4]::panicking::panic_handler::{closure#0}
[INFO] [stdout]                                at /rustc/dfb0accb7f508ae8be965d8629557221c889dd98/library/std/src/panicking.rs:688:13
[INFO] [stdout]   13:     0x5911811a44a9 - std[70759c8f55707aa4]::sys::backtrace::__rust_end_short_backtrace::<std[70759c8f55707aa4]::panicking::panic_handler::{closure#0}, !>
[INFO] [stdout]                                at /rustc/dfb0accb7f508ae8be965d8629557221c889dd98/library/std/src/sys/backtrace.rs:182:18
[INFO] [stdout]   14:     0x5911811a4ed4 - __rustc[8fa7c3cbc660c2b3]::rust_begin_unwind
[INFO] [stdout]                                at /rustc/dfb0accb7f508ae8be965d8629557221c889dd98/library/std/src/panicking.rs:679:5
[INFO] [stdout]   15:     0x5911810f8d0d - core[df12db4294e9bfd3]::panicking::panic_fmt
[INFO] [stdout]                                at /rustc/dfb0accb7f508ae8be965d8629557221c889dd98/library/core/src/panicking.rs:80:14
[INFO] [stdout]   16:     0x5911811002a9 - core[df12db4294e9bfd3]::result::unwrap_failed
[INFO] [stdout]                                at /rustc/dfb0accb7f508ae8be965d8629557221c889dd98/library/core/src/result.rs:1871:5
[INFO] [stdout]   17:     0x5911811113e6 - doctest_bundle_2024[72c4b0461e1faad2]::__doctest_1::main
[INFO] [stdout]   18:     0x5911811112b6 - doctest_bundle_2024[72c4b0461e1faad2]::__doctest_1::__main_fn
[INFO] [stdout]   19:     0x5911810ef250 - doctest_runner_2024[37d7b32fe5ed358d]::__doctest_1::TEST::{closure#0}
[INFO] [stdout]   20:     0x5911810f3c46 - <doctest_runner_2024[37d7b32fe5ed358d]::__doctest_1::TEST::{closure#0} as core[df12db4294e9bfd3]::ops::function::FnOnce<()>>::call_once
[INFO] [stdout]   21:     0x5911810ef902 - doctest_runner_2024[37d7b32fe5ed358d]::main
[INFO] [stdout]   22:     0x5911810f3b53 - <fn() -> std[70759c8f55707aa4]::process::ExitCode as core[df12db4294e9bfd3]::ops::function::FnOnce<()>>::call_once
[INFO] [stdout]   23:     0x5911810ee7ee - std[70759c8f55707aa4]::sys::backtrace::__rust_begin_short_backtrace::<fn() -> std[70759c8f55707aa4]::process::ExitCode, std[70759c8f55707aa4]::process::ExitCode>
[INFO] [stdout]   24:     0x5911810eefe9 - std[70759c8f55707aa4]::rt::lang_start::<std[70759c8f55707aa4]::process::ExitCode>::{closure#0}
[INFO] [stdout]   25:     0x5911811bdc3d - <&dyn core[df12db4294e9bfd3]::ops::function::Fn<(), Output = i32> + core[df12db4294e9bfd3]::panic::unwind_safe::RefUnwindSafe + core[df12db4294e9bfd3]::marker::Sync as core[df12db4294e9bfd3]::ops::function::FnOnce<()>>::call_once
[INFO] [stdout]                                at /rustc/dfb0accb7f508ae8be965d8629557221c889dd98/library/core/src/ops/function.rs:287:21
[INFO] [stdout]   26:     0x5911811bdc3d - std[70759c8f55707aa4]::panicking::catch_unwind::do_call::<&dyn core[df12db4294e9bfd3]::ops::function::Fn<(), Output = i32> + core[df12db4294e9bfd3]::panic::unwind_safe::RefUnwindSafe + core[df12db4294e9bfd3]::marker::Sync, i32>
[INFO] [stdout]                                at /rustc/dfb0accb7f508ae8be965d8629557221c889dd98/library/std/src/panicking.rs:576:43
[INFO] [stdout]   27:     0x5911811bdc3d - std[70759c8f55707aa4]::panicking::catch_unwind::<i32, &dyn core[df12db4294e9bfd3]::ops::function::Fn<(), Output = i32> + core[df12db4294e9bfd3]::panic::unwind_safe::RefUnwindSafe + core[df12db4294e9bfd3]::marker::Sync>
[INFO] [stdout]                                at /rustc/dfb0accb7f508ae8be965d8629557221c889dd98/library/std/src/panicking.rs:544:19
[INFO] [stdout]   28:     0x5911811bdc3d - std[70759c8f55707aa4]::panic::catch_unwind::<&dyn core[df12db4294e9bfd3]::ops::function::Fn<(), Output = i32> + core[df12db4294e9bfd3]::panic::unwind_safe::RefUnwindSafe + core[df12db4294e9bfd3]::marker::Sync, i32>
[INFO] [stdout]                                at /rustc/dfb0accb7f508ae8be965d8629557221c889dd98/library/std/src/panic.rs:359:14
[INFO] [stdout]   29:     0x5911811bdc3d - std[70759c8f55707aa4]::rt::lang_start_internal::{closure#0}
[INFO] [stdout]                                at /rustc/dfb0accb7f508ae8be965d8629557221c889dd98/library/std/src/rt.rs:175:24
[INFO] [stdout]   30:     0x5911811bdc3d - std[70759c8f55707aa4]::panicking::catch_unwind::do_call::<std[70759c8f55707aa4]::rt::lang_start_internal::{closure#0}, isize>
[INFO] [stdout]                                at /rustc/dfb0accb7f508ae8be965d8629557221c889dd98/library/std/src/panicking.rs:576:43
[INFO] [stdout]   31:     0x5911811bdc3d - std[70759c8f55707aa4]::panicking::catch_unwind::<isize, std[70759c8f55707aa4]::rt::lang_start_internal::{closure#0}>
[INFO] [stdout]                                at /rustc/dfb0accb7f508ae8be965d8629557221c889dd98/library/std/src/panicking.rs:544:19
[INFO] [stdout]   32:     0x5911811bdc3d - std[70759c8f55707aa4]::panic::catch_unwind::<std[70759c8f55707aa4]::rt::lang_start_internal::{closure#0}, isize>
[INFO] [stdout]                                at /rustc/dfb0accb7f508ae8be965d8629557221c889dd98/library/std/src/panic.rs:359:14
[INFO] [stdout]   33:     0x5911811bdc3d - std[70759c8f55707aa4]::rt::lang_start_internal
[INFO] [stdout]                                at /rustc/dfb0accb7f508ae8be965d8629557221c889dd98/library/std/src/rt.rs:171:5
[INFO] [stdout]   34:     0x5911810edae0 - std[70759c8f55707aa4]::rt::lang_start::<std[70759c8f55707aa4]::process::ExitCode>
[INFO] [stdout]   35:     0x5911810f3fc5 - main
[INFO] [stdout]   36:     0x7848429b4601 - <unknown>
[INFO] [stdout]   37:     0x7848429b4718 - __libc_start_main
[INFO] [stdout]   38:     0x5911810ecca5 - _start
[INFO] [stdout]   39:                0x0 - <unknown>
[INFO] [stdout] 
[INFO] [stdout] 
[INFO] [stdout] 
[INFO] [stdout] failures:
[INFO] [stdout]     src/lib.rs - totp_qr_svg (line 121)
[INFO] [stdout] 
[INFO] [stdout] test result: FAILED. 3 passed; 1 failed; 0 ignored; 0 measured; 0 filtered out; finished in 0.08s
[INFO] [stdout] 
[INFO] [stdout] all doctests ran in 7.93s; merged doctests compilation took 7.84s
[INFO] [stderr] error: doctest failed, to rerun pass `--doc`
[INFO] running `Command { std: "docker" "inspect" "bab9587439dff62e4e4784b416628e18a8887c181d4290e94a613ca5cb2690d0", kill_on_drop: false }`
[INFO] running `Command { std: "docker" "rm" "-f" "bab9587439dff62e4e4784b416628e18a8887c181d4290e94a613ca5cb2690d0", kill_on_drop: false }`
[INFO] [stdout] bab9587439dff62e4e4784b416628e18a8887c181d4290e94a613ca5cb2690d0
