[INFO] fetching crate datex-macros-internal 0.0.2...
[INFO] testing datex-macros-internal-0.0.2 against 1.100.0-beta.1+cargoflags=--release for beta-release-1.100-2
[INFO] extracting crate datex-macros-internal 0.0.2 into /workspace/builds/worker-0-tc2/source
[INFO] started tweaking crates.io crate datex-macros-internal 0.0.2
[INFO] finished tweaking crates.io crate datex-macros-internal 0.0.2
[INFO] tweaked toml for crates.io crate datex-macros-internal 0.0.2 written to /workspace/builds/worker-0-tc2/source/Cargo.toml
[INFO] validating manifest of crates.io crate datex-macros-internal 0.0.2 on toolchain 1.100.0-beta.1
[INFO] running `Command { std: CARGO_HOME="/workspace/cargo-home" RUSTUP_HOME="/workspace/rustup-home" "/workspace/cargo-home/bin/cargo" "+1.100.0-beta.1" "metadata" "--manifest-path" "Cargo.toml" "--no-deps", kill_on_drop: false }`
[INFO] crate crates.io crate datex-macros-internal 0.0.2 already has a lockfile, it will not be regenerated
[INFO] running `Command { std: CARGO_HOME="/workspace/cargo-home" RUSTUP_HOME="/workspace/rustup-home" "/workspace/cargo-home/bin/cargo" "+1.100.0-beta.1" "fetch" "--manifest-path" "Cargo.toml", kill_on_drop: false }`
[INFO] running `Command { std: "docker" "create" "-v" "/var/lib/crater-agent-workspace/builds/worker-0-tc2/source:/opt/rustwide/workdir:ro,Z" "-v" "/var/lib/crater-agent-workspace/builds/worker-0-tc2/target:/opt/rustwide/target:rw,Z" "-v" "/var/lib/crater-agent-workspace/cargo-home:/opt/rustwide/cargo-home:ro,Z" "-v" "/var/lib/crater-agent-workspace/rustup-home:/opt/rustwide/rustup-home:ro,Z" "-m" "1610612736" "--network" "none" "ghcr.io/rust-lang/crates-build-env/linux@sha256:77db811e55d90add9212f6832c23229e3de5f1c1f9905e8cb07319ea15df73ac" "sleep" "infinity", kill_on_drop: false }`
[INFO] [stdout] a80732699fbf3be3f3d5f57312c0f8e960952cccb452298e6f461de3fcb8c8e4
[INFO] running `Command { std: "docker" "start" "a80732699fbf3be3f3d5f57312c0f8e960952cccb452298e6f461de3fcb8c8e4", kill_on_drop: false }`
[INFO] running `Command { std: "docker" "inspect" "a80732699fbf3be3f3d5f57312c0f8e960952cccb452298e6f461de3fcb8c8e4", kill_on_drop: false }`
[INFO] running `Command { std: "docker" "exec" "-e" "SOURCE_DIR=/opt/rustwide/workdir" "-e" "CARGO_HOME=/opt/rustwide/cargo-home" "-e" "RUSTUP_HOME=/opt/rustwide/rustup-home" "-e" "CARGO_TARGET_DIR=/opt/rustwide/target" "-w" "/opt/rustwide/workdir" "--user" "0:0" "a80732699fbf3be3f3d5f57312c0f8e960952cccb452298e6f461de3fcb8c8e4" "/opt/rustwide/cargo-home/bin/cargo" "+1.100.0-beta.1" "metadata" "--no-deps" "--format-version=1", kill_on_drop: false }`
[INFO] running `Command { std: "docker" "inspect" "a80732699fbf3be3f3d5f57312c0f8e960952cccb452298e6f461de3fcb8c8e4", kill_on_drop: false }`
[INFO] running `Command { std: "docker" "exec" "-e" "SOURCE_DIR=/opt/rustwide/workdir" "-e" "CARGO_HOME=/opt/rustwide/cargo-home" "-e" "RUSTUP_HOME=/opt/rustwide/rustup-home" "-e" "CARGO_TARGET_DIR=/opt/rustwide/target" "-e" "CARGO_INCREMENTAL=0" "-e" "RUST_BACKTRACE=full" "-e" "RUSTFLAGS=--cap-lints=warn" "-e" "RUSTDOCFLAGS=--cap-lints=warn" "-w" "/opt/rustwide/workdir" "--user" "0:0" "a80732699fbf3be3f3d5f57312c0f8e960952cccb452298e6f461de3fcb8c8e4" "/opt/rustwide/cargo-home/bin/cargo" "+1.100.0-beta.1" "build" "--frozen" "--message-format=json" "--release", kill_on_drop: false }`
[INFO] [stderr]    Compiling proc-macro2 v1.0.106
[INFO] [stderr]    Compiling winnow v1.0.3
[INFO] [stderr]    Compiling pathdiff v0.2.3
[INFO] [stderr]    Compiling quote v1.0.46
[INFO] [stderr]    Compiling syn v2.0.118
[INFO] [stderr]    Compiling toml_parser v1.1.2+spec-1.1.0
[INFO] [stderr]    Compiling toml_edit v0.25.12+spec-1.1.0
[INFO] [stderr]    Compiling proc-macro-crate v3.5.0
[INFO] [stderr]    Compiling datex-macros-internal v0.0.2 (/opt/rustwide/workdir)
[INFO] [stderr] warning: unused dependency `pathdiff`
[INFO] [stderr]  --> Cargo.toml:1:15
[INFO] [stderr]   |
[INFO] [stderr] 1 | [dependencies.pathdiff]
[INFO] [stderr]   |               ^^^^^^^^^
[INFO] [stderr]   |
[INFO] [stderr]   = note: `cargo::unused_dependencies` is set to `warn` by default
[INFO] [stderr] help: consider removing the dependency on `pathdiff`
[INFO] [stderr] warning: `datex-macros-internal` (manifest) generated 1 warning
[INFO] [stderr]     Finished `release` profile [optimized] target(s) in 17.61s
[INFO] running `Command { std: "docker" "inspect" "a80732699fbf3be3f3d5f57312c0f8e960952cccb452298e6f461de3fcb8c8e4", kill_on_drop: false }`
[INFO] running `Command { std: "docker" "exec" "-e" "SOURCE_DIR=/opt/rustwide/workdir" "-e" "CARGO_HOME=/opt/rustwide/cargo-home" "-e" "RUSTUP_HOME=/opt/rustwide/rustup-home" "-e" "CARGO_TARGET_DIR=/opt/rustwide/target" "-e" "CARGO_INCREMENTAL=0" "-e" "RUST_BACKTRACE=full" "-e" "RUSTFLAGS=--cap-lints=warn" "-e" "RUSTDOCFLAGS=--cap-lints=warn" "-w" "/opt/rustwide/workdir" "--user" "0:0" "a80732699fbf3be3f3d5f57312c0f8e960952cccb452298e6f461de3fcb8c8e4" "/opt/rustwide/cargo-home/bin/cargo" "+1.100.0-beta.1" "test" "--frozen" "--no-run" "--message-format=json" "--release", kill_on_drop: false }`
[INFO] [stderr]    Compiling datex-macros-internal v0.0.2 (/opt/rustwide/workdir)
[INFO] [stderr] warning: unused dependency `pathdiff`
[INFO] [stderr]  --> Cargo.toml:1:15
[INFO] [stderr]   |
[INFO] [stderr] 1 | [dependencies.pathdiff]
[INFO] [stderr]   |               ^^^^^^^^^
[INFO] [stderr]   |
[INFO] [stderr]   = note: `cargo::unused_dependencies` is set to `warn` by default
[INFO] [stderr] help: consider removing the dependency on `pathdiff`
[INFO] [stderr] warning: `datex-macros-internal` (manifest) generated 1 warning
[INFO] [stderr]     Finished `release` profile [optimized] target(s) in 1.28s
[INFO] running `Command { std: "docker" "inspect" "a80732699fbf3be3f3d5f57312c0f8e960952cccb452298e6f461de3fcb8c8e4", kill_on_drop: false }`
[INFO] running `Command { std: "docker" "exec" "-e" "SOURCE_DIR=/opt/rustwide/workdir" "-e" "CARGO_HOME=/opt/rustwide/cargo-home" "-e" "RUSTUP_HOME=/opt/rustwide/rustup-home" "-e" "CARGO_TARGET_DIR=/opt/rustwide/target" "-e" "CARGO_INCREMENTAL=0" "-e" "RUST_BACKTRACE=full" "-e" "RUSTFLAGS=--cap-lints=warn" "-e" "RUSTDOCFLAGS=--cap-lints=warn" "-w" "/opt/rustwide/workdir" "--user" "0:0" "a80732699fbf3be3f3d5f57312c0f8e960952cccb452298e6f461de3fcb8c8e4" "/opt/rustwide/cargo-home/bin/cargo" "+1.100.0-beta.1" "test" "--frozen" "--release", kill_on_drop: false }`
[INFO] [stderr] warning: unused dependency `pathdiff`
[INFO] [stderr]  --> Cargo.toml:1:15
[INFO] [stderr]   |
[INFO] [stderr] 1 | [dependencies.pathdiff]
[INFO] [stderr]   |               ^^^^^^^^^
[INFO] [stderr]   |
[INFO] [stderr]   = note: `cargo::unused_dependencies` is set to `warn` by default
[INFO] [stderr] help: consider removing the dependency on `pathdiff`
[INFO] [stderr] warning: `datex-macros-internal` (manifest) generated 1 warning
[INFO] [stderr]     Finished `release` profile [optimized] target(s) in 0.05s
[INFO] [stderr]      Running unittests src/lib.rs (/opt/rustwide/target/release/build/datex-macros-internal/3e5bdd0b7c48cb9c/out/datex_macros_internal-3e5bdd0b7c48cb9c)
[INFO] [stdout] 
[INFO] [stdout] running 0 tests
[INFO] [stdout] 
[INFO] [stdout] test result: ok. 0 passed; 0 failed; 0 ignored; 0 measured; 0 filtered out; finished in 0.00s
[INFO] [stdout] 
[INFO] [stderr]    Doc-tests datex_macros_internal
[INFO] [stdout] 
[INFO] [stdout] running 3 tests
[INFO] [stdout] test src/lib.rs - datex_derive (line 33) ... FAILED
[INFO] [stdout] test src/lib.rs - datex_derive (line 67) ... FAILED
[INFO] [stdout] test src/lib.rs - datex_derive (line 45) ... FAILED
[INFO] [stdout] 
[INFO] [stdout] failures:
[INFO] [stdout] 
[INFO] [stdout] ---- src/lib.rs - datex_derive (line 33) stdout ----
[INFO] [stdout] error: proc-macro derive panicked
[INFO] [stdout]   --> src/lib.rs:37:10
[INFO] [stdout]    |
[INFO] [stdout] 37 | #[derive(Datex)]
[INFO] [stdout]    |          ^^^^^
[INFO] [stdout]    |
[INFO] [stdout]    = help: message: called `Result::unwrap()` on an `Err` value: Could not find `datex-core` in `dependencies` or `dev-dependencies` in `/opt/rustwide/workdir/Cargo.toml`!
[INFO] [stdout] 
[INFO] [stdout] error: aborting due to 1 previous error
[INFO] [stdout] 
[INFO] [stdout] Couldn't compile the test.
[INFO] [stdout] ---- src/lib.rs - datex_derive (line 67) stdout ----
[INFO] [stdout] error: proc-macro derive panicked
[INFO] [stdout]   --> src/lib.rs:77:10
[INFO] [stdout]    |
[INFO] [stdout] 77 | #[derive(Datex)]
[INFO] [stdout]    |          ^^^^^
[INFO] [stdout]    |
[INFO] [stdout]    = help: message: called `Result::unwrap()` on an `Err` value: Could not find `datex-core` in `dependencies` or `dev-dependencies` in `/opt/rustwide/workdir/Cargo.toml`!
[INFO] [stdout] 
[INFO] [stdout] error[E0432]: unresolved import `serde`
[INFO] [stdout]   --> src/lib.rs:70:5
[INFO] [stdout]    |
[INFO] [stdout] 70 | use serde::{Serialize, Deserialize};
[INFO] [stdout]    |     ^^^^^ use of unresolved module or unlinked crate `serde`
[INFO] [stdout]    |
[INFO] [stdout]    = help: if you wanted to use a crate named `serde`, use `cargo add serde` to add it to your `Cargo.toml`
[INFO] [stdout] 
[INFO] [stdout] error: aborting due to 2 previous errors
[INFO] [stdout] 
[INFO] [stdout] For more information about this error, try `rustc --explain E0432`.
[INFO] [stdout] Couldn't compile the test.
[INFO] [stdout] ---- src/lib.rs - datex_derive (line 45) stdout ----
[INFO] [stdout] error: proc-macro derive panicked
[INFO] [stdout]   --> src/lib.rs:55:10
[INFO] [stdout]    |
[INFO] [stdout] 55 | #[derive(Datex)]
[INFO] [stdout]    |          ^^^^^
[INFO] [stdout]    |
[INFO] [stdout]    = help: message: called `Result::unwrap()` on an `Err` value: Could not find `datex-core` in `dependencies` or `dev-dependencies` in `/opt/rustwide/workdir/Cargo.toml`!
[INFO] [stdout] 
[INFO] [stdout] error[E0432]: unresolved import `serde`
[INFO] [stdout]   --> src/lib.rs:48:5
[INFO] [stdout]    |
[INFO] [stdout] 48 | use serde::{Serialize, Deserialize};
[INFO] [stdout]    |     ^^^^^ use of unresolved module or unlinked crate `serde`
[INFO] [stdout]    |
[INFO] [stdout]    = help: if you wanted to use a crate named `serde`, use `cargo add serde` to add it to your `Cargo.toml`
[INFO] [stdout] 
[INFO] [stdout] error: aborting due to 2 previous errors
[INFO] [stdout] 
[INFO] [stdout] For more information about this error, try `rustc --explain E0432`.
[INFO] [stdout] Couldn't compile the test.
[INFO] [stdout] 
[INFO] [stdout] failures:
[INFO] [stdout]     src/lib.rs - datex_derive (line 33)
[INFO] [stdout]     src/lib.rs - datex_derive (line 45)
[INFO] [stdout]     src/lib.rs - datex_derive (line 67)
[INFO] [stdout] 
[INFO] [stdout] test result: FAILED. 0 passed; 3 failed; 0 ignored; 0 measured; 0 filtered out; finished in 0.22s
[INFO] [stdout] 
[INFO] [stdout] all doctests ran in 0.32s; merged doctests compilation took 0.10s
[INFO] [stderr] error: doctest failed, to rerun pass `--doc`
[INFO] running `Command { std: "docker" "inspect" "a80732699fbf3be3f3d5f57312c0f8e960952cccb452298e6f461de3fcb8c8e4", kill_on_drop: false }`
[INFO] running `Command { std: "docker" "rm" "-f" "a80732699fbf3be3f3d5f57312c0f8e960952cccb452298e6f461de3fcb8c8e4", kill_on_drop: false }`
[INFO] [stdout] a80732699fbf3be3f3d5f57312c0f8e960952cccb452298e6f461de3fcb8c8e4
