[INFO] fetching crate date_validation_types 2.0.0...
[INFO] testing date_validation_types-2.0.0 against 1.100.0-beta.1+cargoflags=--release for beta-release-1.100-2
[INFO] extracting crate date_validation_types 2.0.0 into /workspace/builds/worker-1-tc2/source
[INFO] started tweaking crates.io crate date_validation_types 2.0.0
[INFO] finished tweaking crates.io crate date_validation_types 2.0.0
[INFO] tweaked toml for crates.io crate date_validation_types 2.0.0 written to /workspace/builds/worker-1-tc2/source/Cargo.toml
[INFO] validating manifest of crates.io crate date_validation_types 2.0.0 on toolchain 1.100.0-beta.1
[INFO] running `Command { std: CARGO_HOME="/workspace/cargo-home" RUSTUP_HOME="/workspace/rustup-home" "/workspace/cargo-home/bin/cargo" "+1.100.0-beta.1" "metadata" "--manifest-path" "Cargo.toml" "--no-deps", kill_on_drop: false }`
[INFO] running `Command { std: CARGO_HOME="/workspace/cargo-home" RUSTUP_HOME="/workspace/rustup-home" "/workspace/cargo-home/bin/cargo" "+1.100.0-beta.1" "generate-lockfile" "--manifest-path" "Cargo.toml", kill_on_drop: false }`
[INFO] [stderr]     Updating crates.io index
[INFO] [stderr]      Locking 40 packages to highest compatible versions
[INFO] [stderr]       Adding derive_more v0.99.20 (available: v2.1.1)
[INFO] [stderr]       Adding thiserror v1.0.69 (available: v2.0.21)
[INFO] running `Command { std: CARGO_HOME="/workspace/cargo-home" RUSTUP_HOME="/workspace/rustup-home" "/workspace/cargo-home/bin/cargo" "+1.100.0-beta.1" "fetch" "--manifest-path" "Cargo.toml", kill_on_drop: false }`
[INFO] running `Command { std: "docker" "create" "-v" "/var/lib/crater-agent-workspace/builds/worker-1-tc2/source:/opt/rustwide/workdir:ro,Z" "-v" "/var/lib/crater-agent-workspace/builds/worker-1-tc2/target:/opt/rustwide/target:rw,Z" "-v" "/var/lib/crater-agent-workspace/cargo-home:/opt/rustwide/cargo-home:ro,Z" "-v" "/var/lib/crater-agent-workspace/rustup-home:/opt/rustwide/rustup-home:ro,Z" "-m" "1610612736" "--network" "none" "ghcr.io/rust-lang/crates-build-env/linux@sha256:77db811e55d90add9212f6832c23229e3de5f1c1f9905e8cb07319ea15df73ac" "sleep" "infinity", kill_on_drop: false }`
[INFO] [stdout] 396ee6e765e6217d611e34f5a1a3237ff6d045a076c5b36dfa258a679cda4a40
[INFO] running `Command { std: "docker" "start" "396ee6e765e6217d611e34f5a1a3237ff6d045a076c5b36dfa258a679cda4a40", kill_on_drop: false }`
[INFO] running `Command { std: "docker" "inspect" "396ee6e765e6217d611e34f5a1a3237ff6d045a076c5b36dfa258a679cda4a40", kill_on_drop: false }`
[INFO] running `Command { std: "docker" "exec" "-e" "SOURCE_DIR=/opt/rustwide/workdir" "-e" "CARGO_HOME=/opt/rustwide/cargo-home" "-e" "RUSTUP_HOME=/opt/rustwide/rustup-home" "-e" "CARGO_TARGET_DIR=/opt/rustwide/target" "-w" "/opt/rustwide/workdir" "--user" "0:0" "396ee6e765e6217d611e34f5a1a3237ff6d045a076c5b36dfa258a679cda4a40" "/opt/rustwide/cargo-home/bin/cargo" "+1.100.0-beta.1" "metadata" "--no-deps" "--format-version=1", kill_on_drop: false }`
[INFO] running `Command { std: "docker" "inspect" "396ee6e765e6217d611e34f5a1a3237ff6d045a076c5b36dfa258a679cda4a40", kill_on_drop: false }`
[INFO] running `Command { std: "docker" "exec" "-e" "SOURCE_DIR=/opt/rustwide/workdir" "-e" "CARGO_HOME=/opt/rustwide/cargo-home" "-e" "RUSTUP_HOME=/opt/rustwide/rustup-home" "-e" "CARGO_TARGET_DIR=/opt/rustwide/target" "-e" "CARGO_INCREMENTAL=0" "-e" "RUST_BACKTRACE=full" "-e" "RUSTFLAGS=--cap-lints=warn" "-e" "RUSTDOCFLAGS=--cap-lints=warn" "-w" "/opt/rustwide/workdir" "--user" "0:0" "396ee6e765e6217d611e34f5a1a3237ff6d045a076c5b36dfa258a679cda4a40" "/opt/rustwide/cargo-home/bin/cargo" "+1.100.0-beta.1" "build" "--frozen" "--message-format=json" "--release", kill_on_drop: false }`
[INFO] [stderr]    Compiling syn v2.0.119
[INFO] [stderr]    Compiling chrono v0.4.45
[INFO] [stderr]    Compiling thiserror-impl v1.0.69
[INFO] [stderr]    Compiling derive_more v0.99.20
[INFO] [stderr]    Compiling thiserror v1.0.69
[INFO] [stderr]    Compiling date_validation_types v2.0.0 (/opt/rustwide/workdir)
[INFO] [stderr]     Finished `release` profile [optimized] target(s) in 5.30s
[INFO] running `Command { std: "docker" "inspect" "396ee6e765e6217d611e34f5a1a3237ff6d045a076c5b36dfa258a679cda4a40", kill_on_drop: false }`
[INFO] running `Command { std: "docker" "exec" "-e" "SOURCE_DIR=/opt/rustwide/workdir" "-e" "CARGO_HOME=/opt/rustwide/cargo-home" "-e" "RUSTUP_HOME=/opt/rustwide/rustup-home" "-e" "CARGO_TARGET_DIR=/opt/rustwide/target" "-e" "CARGO_INCREMENTAL=0" "-e" "RUST_BACKTRACE=full" "-e" "RUSTFLAGS=--cap-lints=warn" "-e" "RUSTDOCFLAGS=--cap-lints=warn" "-w" "/opt/rustwide/workdir" "--user" "0:0" "396ee6e765e6217d611e34f5a1a3237ff6d045a076c5b36dfa258a679cda4a40" "/opt/rustwide/cargo-home/bin/cargo" "+1.100.0-beta.1" "test" "--frozen" "--no-run" "--message-format=json" "--release", kill_on_drop: false }`
[INFO] [stderr]    Compiling date_validation_types v2.0.0 (/opt/rustwide/workdir)
[INFO] [stderr]     Finished `release` profile [optimized] target(s) in 0.37s
[INFO] running `Command { std: "docker" "inspect" "396ee6e765e6217d611e34f5a1a3237ff6d045a076c5b36dfa258a679cda4a40", kill_on_drop: false }`
[INFO] running `Command { std: "docker" "exec" "-e" "SOURCE_DIR=/opt/rustwide/workdir" "-e" "CARGO_HOME=/opt/rustwide/cargo-home" "-e" "RUSTUP_HOME=/opt/rustwide/rustup-home" "-e" "CARGO_TARGET_DIR=/opt/rustwide/target" "-e" "CARGO_INCREMENTAL=0" "-e" "RUST_BACKTRACE=full" "-e" "RUSTFLAGS=--cap-lints=warn" "-e" "RUSTDOCFLAGS=--cap-lints=warn" "-w" "/opt/rustwide/workdir" "--user" "0:0" "396ee6e765e6217d611e34f5a1a3237ff6d045a076c5b36dfa258a679cda4a40" "/opt/rustwide/cargo-home/bin/cargo" "+1.100.0-beta.1" "test" "--frozen" "--release", kill_on_drop: false }`
[INFO] [stderr]     Finished `release` profile [optimized] target(s) in 0.04s
[INFO] [stderr]      Running unittests src/lib.rs (/opt/rustwide/target/release/build/date_validation_types/af70c041b8a85bb6/out/date_validation_types-af70c041b8a85bb6)
[INFO] [stdout] 
[INFO] [stdout] running 11 tests
[INFO] [stdout] test units::validated_day::testing::should_deny_invalid_days ... ok
[INFO] [stdout] test units::validated_day::testing::invalid_day_correct_error_msg ... ok
[INFO] [stdout] test units::validated_month::testing::invalid_month_correct_err_msg ... ok
[INFO] [stdout] test units::validated_date::testing::should_deny_invalid_date ... ok
[INFO] [stdout] test units::validated_day::testing::should_accept_valid_days ... ok
[INFO] [stdout] test units::validated_year::testing::should_deny_invalid_year ... ok
[INFO] [stdout] test units::validated_month::testing::should_accept_valid_month ... ok
[INFO] [stdout] test units::validated_month::testing::should_deny_invalid_months ... ok
[INFO] [stdout] test units::validated_year::testing::invalid_year_correct_err_msg ... FAILED
[INFO] [stdout] test units::validated_year::testing::should_accept_valid_years ... ok
[INFO] [stdout] test units::validated_date::testing::should_accept_valid_dates ... ok
[INFO] [stderr] error: test failed, to rerun pass `--lib`
[INFO] [stdout] 
[INFO] [stdout] failures:
[INFO] [stdout] 
[INFO] [stdout] ---- units::validated_year::testing::invalid_year_correct_err_msg stdout ----
[INFO] [stdout] 
[INFO] [stdout] thread 'units::validated_year::testing::invalid_year_correct_err_msg' (290) panicked at src/units/validated_year.rs:50:13:
[INFO] [stdout] assertion `left == right` failed
[INFO] [stdout]   left: "Year 4294967295 is invalid and higher than 262143"
[INFO] [stdout]  right: "Year 4294967295 is invalid and higher than 262142"
[INFO] [stdout] stack backtrace:
[INFO] [stdout]    0:     0x5fa848281221 - <<std[617be2ca0a6fd877]::sys::backtrace::BacktraceLock>::print::DisplayBacktrace as core[a373ad73a504971]::fmt::Display>::fmt
[INFO] [stdout]    1:     0x5fa84829514a - core[a373ad73a504971]::fmt::write
[INFO] [stdout]    2:     0x5fa84828543c - <alloc[2e1b2a31b91974c5]::vec::Vec<u8> as core[a373ad73a504971]::io::write::Write>::write_fmt
[INFO] [stdout]    3:     0x5fa84825d4f6 - std[617be2ca0a6fd877]::panicking::default_hook::{closure#0}
[INFO] [stdout]    4:     0x5fa848279729 - std[617be2ca0a6fd877]::panicking::default_hook
[INFO] [stdout]    5:     0x5fa848215860 - test[aada8e7e76ba119b]::test_main_inner::{closure#0}
[INFO] [stdout]    6:     0x5fa8482798e2 - std[617be2ca0a6fd877]::panicking::panic_with_hook
[INFO] [stdout]    7:     0x5fa84825d5a2 - std[617be2ca0a6fd877]::panicking::panic_handler::{closure#0}
[INFO] [stdout]    8:     0x5fa8482562b9 - std[617be2ca0a6fd877]::sys::backtrace::__rust_end_short_backtrace::<std[617be2ca0a6fd877]::panicking::panic_handler::{closure#0}, !>
[INFO] [stdout]    9:     0x5fa84825e1ad - __rustc[ea4f61d10b84890b]::rust_begin_unwind
[INFO] [stdout]   10:     0x5fa84829587c - core[a373ad73a504971]::panicking::panic_fmt
[INFO] [stdout]   11:     0x5fa848295793 - core[a373ad73a504971]::panicking::assert_failed_inner
[INFO] [stdout]   12:     0x5fa848207a65 - core[a373ad73a504971]::panicking::assert_failed::<&str, alloc[2e1b2a31b91974c5]::string::String>
[INFO] [stdout]   13:     0x5fa848208a04 - <date_validation_types[ad833ff9eb7df8d6]::units::validated_year::testing::invalid_year_correct_err_msg::{closure#0} as core[a373ad73a504971]::ops::function::FnOnce<()>>::call_once
[INFO] [stdout]   14:     0x5fa848208cab - test[aada8e7e76ba119b]::__rust_begin_short_backtrace::<core[a373ad73a504971]::result::Result<(), alloc[2e1b2a31b91974c5]::string::String>, fn() -> core[a373ad73a504971]::result::Result<(), alloc[2e1b2a31b91974c5]::string::String>>
[INFO] [stdout]   15:     0x5fa848215e85 - test[aada8e7e76ba119b]::run_test::{closure#0}
[INFO] [stdout]   16:     0x5fa84820f774 - std[617be2ca0a6fd877]::sys::backtrace::__rust_begin_short_backtrace::<test[aada8e7e76ba119b]::run_test::{closure#1}, ()>
[INFO] [stdout]   17:     0x5fa848218f12 - <std[617be2ca0a6fd877]::thread::lifecycle::spawn_unchecked<test[aada8e7e76ba119b]::run_test::{closure#1}, ()>::{closure#1} as core[a373ad73a504971]::ops::function::FnOnce<()>>::call_once::{shim:vtable#0}
[INFO] [stdout]   18:     0x5fa848280a4f - <std[617be2ca0a6fd877]::sys::thread::unix::Thread>::new::thread_start
[INFO] [stdout]   19:     0x7e2912c14dfa - <unknown>
[INFO] [stdout]   20:     0x7e2912ca83d4 - clone
[INFO] [stdout]   21:                0x0 - <unknown>
[INFO] [stdout] 
[INFO] [stdout] 
[INFO] [stdout] failures:
[INFO] [stdout]     units::validated_year::testing::invalid_year_correct_err_msg
[INFO] [stdout] 
[INFO] [stdout] test result: FAILED. 10 passed; 1 failed; 0 ignored; 0 measured; 0 filtered out; finished in 0.01s
[INFO] [stdout] 
[INFO] running `Command { std: "docker" "inspect" "396ee6e765e6217d611e34f5a1a3237ff6d045a076c5b36dfa258a679cda4a40", kill_on_drop: false }`
[INFO] running `Command { std: "docker" "rm" "-f" "396ee6e765e6217d611e34f5a1a3237ff6d045a076c5b36dfa258a679cda4a40", kill_on_drop: false }`
[INFO] [stdout] 396ee6e765e6217d611e34f5a1a3237ff6d045a076c5b36dfa258a679cda4a40
