[INFO] fetching crate datatest-stable 0.3.3...
[INFO] testing datatest-stable-0.3.3 against 1.100.0-beta.1+cargoflags=--release for beta-release-1.100-2
[INFO] extracting crate datatest-stable 0.3.3 into /workspace/builds/worker-7-tc2/source
[INFO] removed /workspace/builds/worker-7-tc2/source/.cargo/config.toml
[INFO] started tweaking crates.io crate datatest-stable 0.3.3
[INFO] removed 0 missing tests
[INFO] finished tweaking crates.io crate datatest-stable 0.3.3
[INFO] tweaked toml for crates.io crate datatest-stable 0.3.3 written to /workspace/builds/worker-7-tc2/source/Cargo.toml
[INFO] validating manifest of crates.io crate datatest-stable 0.3.3 on toolchain 1.100.0-beta.1
[INFO] running `Command { std: CARGO_HOME="/workspace/cargo-home" RUSTUP_HOME="/workspace/rustup-home" "/workspace/cargo-home/bin/cargo" "+1.100.0-beta.1" "metadata" "--manifest-path" "Cargo.toml" "--no-deps", kill_on_drop: false }`
[INFO] crate crates.io crate datatest-stable 0.3.3 already has a lockfile, it will not be regenerated
[INFO] running `Command { std: CARGO_HOME="/workspace/cargo-home" RUSTUP_HOME="/workspace/rustup-home" "/workspace/cargo-home/bin/cargo" "+1.100.0-beta.1" "fetch" "--manifest-path" "Cargo.toml", kill_on_drop: false }`
[INFO] running `Command { std: "docker" "create" "-v" "/var/lib/crater-agent-workspace/builds/worker-7-tc2/source:/opt/rustwide/workdir:ro,Z" "-v" "/var/lib/crater-agent-workspace/builds/worker-7-tc2/target:/opt/rustwide/target:rw,Z" "-v" "/var/lib/crater-agent-workspace/cargo-home:/opt/rustwide/cargo-home:ro,Z" "-v" "/var/lib/crater-agent-workspace/rustup-home:/opt/rustwide/rustup-home:ro,Z" "-m" "1610612736" "--network" "none" "ghcr.io/rust-lang/crates-build-env/linux@sha256:77db811e55d90add9212f6832c23229e3de5f1c1f9905e8cb07319ea15df73ac" "sleep" "infinity", kill_on_drop: false }`
[INFO] [stdout] 21f5a891a46952904b702a04414cb126a7171a71b193131f630ad04193491e16
[INFO] running `Command { std: "docker" "start" "21f5a891a46952904b702a04414cb126a7171a71b193131f630ad04193491e16", kill_on_drop: false }`
[INFO] running `Command { std: "docker" "inspect" "21f5a891a46952904b702a04414cb126a7171a71b193131f630ad04193491e16", kill_on_drop: false }`
[INFO] running `Command { std: "docker" "exec" "-e" "SOURCE_DIR=/opt/rustwide/workdir" "-e" "CARGO_HOME=/opt/rustwide/cargo-home" "-e" "RUSTUP_HOME=/opt/rustwide/rustup-home" "-e" "CARGO_TARGET_DIR=/opt/rustwide/target" "-w" "/opt/rustwide/workdir" "--user" "0:0" "21f5a891a46952904b702a04414cb126a7171a71b193131f630ad04193491e16" "/opt/rustwide/cargo-home/bin/cargo" "+1.100.0-beta.1" "metadata" "--no-deps" "--format-version=1", kill_on_drop: false }`
[INFO] running `Command { std: "docker" "inspect" "21f5a891a46952904b702a04414cb126a7171a71b193131f630ad04193491e16", kill_on_drop: false }`
[INFO] running `Command { std: "docker" "exec" "-e" "SOURCE_DIR=/opt/rustwide/workdir" "-e" "CARGO_HOME=/opt/rustwide/cargo-home" "-e" "RUSTUP_HOME=/opt/rustwide/rustup-home" "-e" "CARGO_TARGET_DIR=/opt/rustwide/target" "-e" "CARGO_INCREMENTAL=0" "-e" "RUST_BACKTRACE=full" "-e" "RUSTFLAGS=--cap-lints=warn" "-e" "RUSTDOCFLAGS=--cap-lints=warn" "-w" "/opt/rustwide/workdir" "--user" "0:0" "21f5a891a46952904b702a04414cb126a7171a71b193131f630ad04193491e16" "/opt/rustwide/cargo-home/bin/cargo" "+1.100.0-beta.1" "build" "--frozen" "--message-format=json" "--release", kill_on_drop: false }`
[INFO] [stderr]    Compiling regex-syntax v0.8.3
[INFO] [stderr]    Compiling anstyle-parse v0.2.0
[INFO] [stderr]    Compiling proc-macro2 v1.0.92
[INFO] [stderr]    Compiling camino v1.1.9
[INFO] [stderr]    Compiling bit-set v0.8.0
[INFO] [stderr]    Compiling is-terminal v0.4.12
[INFO] [stderr]    Compiling escape8259 v0.5.2
[INFO] [stderr]    Compiling anstream v0.3.2
[INFO] [stderr]    Compiling anstream v0.6.18
[INFO] [stderr]    Compiling clap_builder v4.3.24
[INFO] [stderr]    Compiling quote v1.0.35
[INFO] [stderr]    Compiling syn v2.0.91
[INFO] [stderr]    Compiling regex-automata v0.4.6
[INFO] [stderr]    Compiling clap_derive v4.3.12
[INFO] [stderr]    Compiling clap v4.3.24
[INFO] [stderr]    Compiling libtest-mimic v0.8.1
[INFO] [stderr]    Compiling fancy-regex v0.14.0
[INFO] [stderr]    Compiling datatest-stable v0.3.3 (/opt/rustwide/workdir)
[INFO] [stderr]     Finished `release` profile [optimized] target(s) in 28.14s
[INFO] running `Command { std: "docker" "inspect" "21f5a891a46952904b702a04414cb126a7171a71b193131f630ad04193491e16", kill_on_drop: false }`
[INFO] running `Command { std: "docker" "exec" "-e" "SOURCE_DIR=/opt/rustwide/workdir" "-e" "CARGO_HOME=/opt/rustwide/cargo-home" "-e" "RUSTUP_HOME=/opt/rustwide/rustup-home" "-e" "CARGO_TARGET_DIR=/opt/rustwide/target" "-e" "CARGO_INCREMENTAL=0" "-e" "RUST_BACKTRACE=full" "-e" "RUSTFLAGS=--cap-lints=warn" "-e" "RUSTDOCFLAGS=--cap-lints=warn" "-w" "/opt/rustwide/workdir" "--user" "0:0" "21f5a891a46952904b702a04414cb126a7171a71b193131f630ad04193491e16" "/opt/rustwide/cargo-home/bin/cargo" "+1.100.0-beta.1" "test" "--frozen" "--no-run" "--message-format=json" "--release", kill_on_drop: false }`
[INFO] [stderr]    Compiling serde v1.0.216
[INFO] [stderr]    Compiling rustix v0.38.34
[INFO] [stderr]    Compiling target-triple v0.1.3
[INFO] [stderr]    Compiling winnow v0.7.13
[INFO] [stderr]    Compiling linux-raw-sys v0.4.13
[INFO] [stderr]    Compiling bitflags v2.5.0
[INFO] [stderr]    Compiling toml_writer v1.0.2
[INFO] [stderr]    Compiling fastrand v2.0.2
[INFO] [stderr]    Compiling serde_derive v1.0.216
[INFO] [stderr]    Compiling termcolor v1.4.1
[INFO] [stderr]    Compiling glob v0.3.1
[INFO] [stderr]    Compiling fs_extra v1.3.0
[INFO] [stderr]    Compiling toml_parser v1.0.2
[INFO] [stderr]    Compiling tempfile v3.10.1
[INFO] [stderr]    Compiling camino-tempfile v1.1.1
[INFO] [stderr]    Compiling serde_spanned v1.0.0
[INFO] [stderr]    Compiling toml_datetime v0.7.0
[INFO] [stderr]    Compiling serde_json v1.0.134
[INFO] [stderr]    Compiling toml v0.9.5
[INFO] [stderr]    Compiling trybuild v1.0.111
[INFO] [stderr]    Compiling datatest-stable v0.3.3 (/opt/rustwide/workdir)
[INFO] [stderr]     Finished `release` profile [optimized] target(s) in 19.41s
[INFO] running `Command { std: "docker" "inspect" "21f5a891a46952904b702a04414cb126a7171a71b193131f630ad04193491e16", kill_on_drop: false }`
[INFO] running `Command { std: "docker" "exec" "-e" "SOURCE_DIR=/opt/rustwide/workdir" "-e" "CARGO_HOME=/opt/rustwide/cargo-home" "-e" "RUSTUP_HOME=/opt/rustwide/rustup-home" "-e" "CARGO_TARGET_DIR=/opt/rustwide/target" "-e" "CARGO_INCREMENTAL=0" "-e" "RUST_BACKTRACE=full" "-e" "RUSTFLAGS=--cap-lints=warn" "-e" "RUSTDOCFLAGS=--cap-lints=warn" "-w" "/opt/rustwide/workdir" "--user" "0:0" "21f5a891a46952904b702a04414cb126a7171a71b193131f630ad04193491e16" "/opt/rustwide/cargo-home/bin/cargo" "+1.100.0-beta.1" "test" "--frozen" "--release", kill_on_drop: false }`
[INFO] [stderr]     Finished `release` profile [optimized] target(s) in 0.11s
[INFO] [stderr]      Running unittests src/lib.rs (/opt/rustwide/target/release/build/datatest-stable/d07fe8b77e6545ac/out/datatest_stable-d07fe8b77e6545ac)
[INFO] [stdout] 
[INFO] [stdout] running 6 tests
[INFO] [stdout] test data_source::tests::missing_colons ... ok
[INFO] [stdout] test data_source::tests::nested_dirs ... ok
[INFO] [stderr]      Running tests/example.rs (/opt/rustwide/target/release/build/datatest-stable/b2c4409dddea97b9/out/example-b2c4409dddea97b9)
[INFO] [stdout] test data_source::tests::subsequent_module_separators_remain ... ok
[INFO] [stdout] test data_source::tests::inverse_of_derive_test_name ... ok
[INFO] [stdout] test data_source::tests::missing_test_name ... ok
[INFO] [stdout] test data_source::tests::is_relative_to_root ... ok
[INFO] [stdout] 
[INFO] [stdout] test result: ok. 6 passed; 0 failed; 0 ignored; 0 measured; 0 filtered out; finished in 0.00s
[INFO] [stdout] 
[INFO] [stdout] 
[INFO] [stdout] running 21 tests
[INFO] [stdout] test test_artifact::b.txt                                 ... ok
[INFO] [stdout] test test_artifact::dir/a.txt                             ... ok
[INFO] [stdout] test test_artifact_utf8::b.txt                            ... ok
[INFO] [stdout] test test_artifact_utf8::c.skip.txt                       ... ok
[INFO] [stdout] test test_artifact_utf8::dir/a.txt                        ... ok
[INFO] [stdout] test test_artifact_utf8_abs::b.txt                        ... ok
[INFO] [stdout] test test_artifact_utf8_abs::c.skip.txt                   ... ok
[INFO] [stdout] test test_artifact_utf8_abs::dir/a.txt                    ... ok
[INFO] [stdout] test with_contents::test_artifact_bytes::b.txt            ... ok
[INFO] [stdout] test with_contents::test_artifact_bytes::c.skip.txt       ... ok
[INFO] [stdout] test with_contents::test_artifact_bytes::dir/a.txt        ... ok
[INFO] [stdout] test with_contents::test_artifact_bytes::other.json       ... ok
[INFO] [stdout] test with_contents::test_artifact_string::b.txt           ... ok
[INFO] [stdout] test with_contents::test_artifact_string::c.skip.txt      ... ok
[INFO] [stdout] test with_contents::test_artifact_string::dir/a.txt       ... ok
[INFO] [stdout] test with_contents::test_artifact_utf8_bytes::b.txt       ... ok
[INFO] [stdout] test with_contents::test_artifact_utf8_bytes::c.skip.txt  ... ok
[INFO] [stdout] test with_contents::test_artifact_utf8_bytes::dir/a.txt   ... ok
[INFO] [stdout] test with_contents::test_artifact_utf8_string::b.txt      ... ok
[INFO] [stdout] test with_contents::test_artifact_utf8_string::c.skip.txt ... ok
[INFO] [stdout] test with_contents::test_artifact_utf8_string::dir/a.txt  ... ok
[INFO] [stdout] 
[INFO] [stdout] test result: ok. 21 passed; 0 failed; 0 ignored; 0 measured; 0 filtered out; finished in 0.00s
[INFO] [stdout] 
[INFO] [stderr]      Running tests/integration.rs (/opt/rustwide/target/release/build/datatest-stable/f014a7bb87a5cc9b/out/integration-f014a7bb87a5cc9b)
[INFO] [stdout] 
[INFO] [stdout] running 3 tests
[INFO] [stdout] test run_example ... FAILED
[INFO] [stdout] test unix::run_example_with_colons ... FAILED
[INFO] [stderr]    Compiling libc v0.2.153
[INFO] [stderr]    Compiling proc-macro2 v1.0.92
[INFO] [stderr]    Compiling unicode-ident v1.0.12
[INFO] [stderr]     Checking utf8parse v0.2.1
[INFO] [stderr]     Checking anstyle v1.0.10
[INFO] [stderr]     Checking anstyle-query v1.0.0
[INFO] [stderr]     Checking colorchoice v1.0.0
[INFO] [stderr]    Compiling rustversion v1.0.15
[INFO] [stderr]    Compiling heck v0.4.1
[INFO] [stderr]    Compiling rustix v0.38.34
[INFO] [stderr]     Checking memchr v2.7.2
[INFO] [stderr]     Checking clap_lex v0.5.0
[INFO] [stderr]     Checking strsim v0.10.0
[INFO] [stderr]    Compiling camino v1.1.9
[INFO] [stderr]     Checking bit-vec v0.8.0
[INFO] [stderr]     Checking once_cell v1.19.0
[INFO] [stderr]     Checking bitflags v2.5.0
[INFO] [stderr]     Checking anstyle-parse v0.2.0
[INFO] [stderr]     Checking linux-raw-sys v0.4.13
[INFO] [stderr]     Checking regex-syntax v0.8.3
[INFO] [stderr]     Checking is_terminal_polyfill v1.70.1
[INFO] [stderr]     Checking cfg-if v1.0.0
[INFO] [stderr]     Checking fastrand v2.0.2
[INFO] [stderr]     Checking same-file v1.0.6
[INFO] [stderr]     Checking fs_extra v1.3.0
[INFO] [stderr]     Checking bit-set v0.8.0
[INFO] [stderr]     Checking walkdir v2.5.0
[INFO] [stderr]     Checking anstream v0.6.18
[INFO] [stderr]     Checking escape8259 v0.5.2
[INFO] [stderr]     Checking aho-corasick v1.1.3
[INFO] [stderr]    Compiling quote v1.0.35
[INFO] [stderr]    Compiling syn v2.0.91
[INFO] [stderr]     Checking is-terminal v0.4.12
[INFO] [stderr]     Checking anstream v0.3.2
[INFO] [stderr]     Checking clap_builder v4.3.24
[INFO] [stderr]     Checking regex-automata v0.4.6
[INFO] [stderr]     Checking tempfile v3.10.1
[INFO] [stderr]     Checking camino-tempfile v1.1.1
[INFO] [stderr]     Checking fancy-regex v0.14.0
[INFO] [stderr]    Compiling clap_derive v4.3.12
[INFO] [stderr]     Checking clap v4.3.24
[INFO] [stderr]     Checking libtest-mimic v0.8.1
[INFO] [stderr]     Checking datatest-stable v0.3.3 (/opt/rustwide/workdir)
[INFO] [stderr]     Checking datatest-stable-tests v0.0.0 (/opt/rustwide/target/tests/trybuild/datatest-stable)
[INFO] [stderr]     Finished `dev` profile [unoptimized + debuginfo] target(s) in 10.38s
[INFO] [stderr] 
[INFO] [stderr] 
[INFO] [stderr] test tests/compile-fail/empty-arg-list.rs ... ok
[INFO] [stdout] test ui ... FAILED
[INFO] [stderr] test tests/compile-fail/extra-args.rs ... ok
[INFO] [stdout] 
[INFO] [stderr] test tests/compile-fail/incorrect-arg-in-pattern.rs ... ok
[INFO] [stdout] failures:
[INFO] [stderr] test tests/compile-fail/missing-root-comma.rs ... ok
[INFO] [stdout] 
[INFO] [stderr] test tests/compile-fail/missing-root-no-args.rs ... ok
[INFO] [stdout] ---- run_example stdout ----
[INFO] [stderr] test tests/compile-fail/missing-root-no-comma.rs ... ok
[INFO] [stdout] 
[INFO] [stderr] test tests/compile-fail/missing-test-comma.rs ... ok
[INFO] [stdout] thread 'run_example' (984) panicked at tests/integration.rs:41:5:
[INFO] [stderr] test tests/compile-fail/missing-test-no-comma.rs ... ok
[INFO] [stdout] nextest exited with 0 (exit status: exit status: 101, stderr: error: no such command: `nextest`
[INFO] [stderr] test tests/compile-fail/old-format.rs ... mismatch
[INFO] [stdout] 
[INFO] [stderr] 
[INFO] [stdout] help: a command with a similar name exists: `test`
[INFO] [stderr] EXPECTED:
[INFO] [stdout] 
[INFO] [stderr] ┈┈┈┈┈┈┈┈┈┈┈┈┈┈┈┈┈┈┈┈┈┈┈┈┈┈┈┈┈┈┈┈┈┈┈┈┈┈┈┈┈┈┈┈┈┈┈┈┈┈┈┈┈┈┈┈┈┈┈┈
[INFO] [stdout] help: view all installed commands with `cargo --list`
[INFO] [stderr] error: this format is no longer supported -- please switch to specifying as:
[INFO] [stdout] help: find a package to install `nextest` with `cargo search cargo-nextest`
[INFO] [stderr] 
[INFO] [stdout] )
[INFO] [stderr]        datatest_stable::harness! {
[INFO] [stdout] stack backtrace:
[INFO] [stderr]            { test = foo, root = "path1", pattern = r"^.*/*$" },
[INFO] [stdout]    0:     0x5765482cfee1 - <<std[617be2ca0a6fd877]::sys::backtrace::BacktraceLock>::print::DisplayBacktrace as core[a373ad73a504971]::fmt::Display>::fmt
[INFO] [stderr]            { test = bar::baz, root = "path2", pattern = r"^.*/*$" },
[INFO] [stdout]    1:     0x5765482e642a - core[a373ad73a504971]::fmt::write
[INFO] [stderr]        }
[INFO] [stdout]    2:     0x5765482d49bc - <alloc[2e1b2a31b91974c5]::vec::Vec<u8> as core[a373ad73a504971]::io::write::Write>::write_fmt
[INFO] [stderr] 
[INFO] [stdout]    3:     0x5765482a83b6 - std[617be2ca0a6fd877]::panicking::default_hook::{closure#0}
[INFO] [stderr]        note: patterns are now evaluated relative to the provided root, not to the crate root
[INFO] [stdout]    4:     0x5765482c67f9 - std[617be2ca0a6fd877]::panicking::default_hook
[INFO] [stderr]  --> tests/compile-fail/old-format.rs:1:1
[INFO] [stdout]    5:     0x57654825e2e0 - test[aada8e7e76ba119b]::test_main_inner::{closure#0}
[INFO] [stderr]   |
[INFO] [stdout]    6:     0x5765482c69b2 - std[617be2ca0a6fd877]::panicking::panic_with_hook
[INFO] [stderr] 1 | datatest_stable::harness!(foo, "path1", r"^.*/*$", bar::baz, "path2", r"^.*/*$");
[INFO] [stdout]    7:     0x5765482a8462 - std[617be2ca0a6fd877]::panicking::panic_handler::{closure#0}
[INFO] [stderr]   | ^^^^^^^^^^^^^^^^^^^^^^^^^^^^^^^^^^^^^^^^^^^^^^^^^^^^^^^^^^^^^^^^^^^^^^^^^^^^^^^^
[INFO] [stdout]    8:     0x5765482a0c89 - std[617be2ca0a6fd877]::sys::backtrace::__rust_end_short_backtrace::<std[617be2ca0a6fd877]::panicking::panic_handler::{closure#0}, !>
[INFO] [stderr]   |
[INFO] [stdout]    9:     0x5765482a906d - __rustc[ea4f61d10b84890b]::rust_begin_unwind
[INFO] [stderr]   = note: this error originates in the macro `datatest_stable::harness` (in Nightly builds, run with -Z macro-backtrace for more info)
[INFO] [stdout]   10:     0x5765482e6b9c - core[a373ad73a504971]::panicking::panic_fmt
[INFO] [stderr] ┈┈┈┈┈┈┈┈┈┈┈┈┈┈┈┈┈┈┈┈┈┈┈┈┈┈┈┈┈┈┈┈┈┈┈┈┈┈┈┈┈┈┈┈┈┈┈┈┈┈┈┈┈┈┈┈┈┈┈┈
[INFO] [stdout]   11:     0x5765481a6b7a - <integration[6272798a63290ca0]::run_example::{closure#0} as core[a373ad73a504971]::ops::function::FnOnce<()>>::call_once
[INFO] [stderr] 
[INFO] [stdout]   12:     0x57654825172b - test[aada8e7e76ba119b]::__rust_begin_short_backtrace::<core[a373ad73a504971]::result::Result<(), alloc[2e1b2a31b91974c5]::string::String>, fn() -> core[a373ad73a504971]::result::Result<(), alloc[2e1b2a31b91974c5]::string::String>>
[INFO] [stderr] ACTUAL OUTPUT:
[INFO] [stdout]   13:     0x57654825e905 - test[aada8e7e76ba119b]::run_test::{closure#0}
[INFO] [stderr] ┈┈┈┈┈┈┈┈┈┈┈┈┈┈┈┈┈┈┈┈┈┈┈┈┈┈┈┈┈┈┈┈┈┈┈┈┈┈┈┈┈┈┈┈┈┈┈┈┈┈┈┈┈┈┈┈┈┈┈┈
[INFO] [stdout]   14:     0x5765482581f4 - std[617be2ca0a6fd877]::sys::backtrace::__rust_begin_short_backtrace::<test[aada8e7e76ba119b]::run_test::{closure#1}, ()>
[INFO] [stderr] error: this format is no longer supported -- please switch to specifying as:
[INFO] [stdout]   15:     0x576548261992 - <std[617be2ca0a6fd877]::thread::lifecycle::spawn_unchecked<test[aada8e7e76ba119b]::run_test::{closure#1}, ()>::{closure#1} as core[a373ad73a504971]::ops::function::FnOnce<()>>::call_once::{shim:vtable#0}
[INFO] [stderr] 
[INFO] [stdout]   16:     0x5765482cf13f - <std[617be2ca0a6fd877]::sys::thread::unix::Thread>::new::thread_start
[INFO] [stderr]        datatest_stable::harness! {
[INFO] [stdout]   17:     0x7fc7aa3e9dfa - <unknown>
[INFO] [stderr]            { test = foo, root = "path1", pattern = r"^.*/*$" },
[INFO] [stdout]   18:     0x7fc7aa47d3d4 - clone
[INFO] [stderr]            { test = bar::baz, root = "path2", pattern = r"^.*/*$" },
[INFO] [stdout]   19:                0x0 - <unknown>
[INFO] [stderr]        }
[INFO] [stdout] 
[INFO] [stderr] 
[INFO] [stdout] ---- unix::run_example_with_colons stdout ----
[INFO] [stderr]        note: patterns are now evaluated relative to the provided root, not to the crate root
[INFO] [stdout] 
[INFO] [stderr] 
[INFO] [stdout] thread 'unix::run_example_with_colons' (986) panicked at tests/integration.rs:136:9:
[INFO] [stderr]  --> tests/compile-fail/old-format.rs:1:1
[INFO] [stdout] nextest exited with 0 (exit status: exit status: 101, stderr: error: no such command: `nextest`
[INFO] [stderr]   |
[INFO] [stdout] 
[INFO] [stderr] 1 | datatest_stable::harness!(foo, "path1", r"^.*/*$", bar::baz, "path2", r"^.*/*$");
[INFO] [stdout] help: a command with a similar name exists: `test`
[INFO] [stderr]   | ^^^^^^^^^^^^^^^^^^^^^^^^^^^^^^^^^^^^^^^^^^^^^^^^^^^^^^^^^^^^^^^^^^^^^^^^^^^^^^^^
[INFO] [stdout] 
[INFO] [stderr]   |
[INFO] [stdout] help: view all installed commands with `cargo --list`
[INFO] [stderr]   = note: this error originates in the macro `datatest_stable::harness` (in Nightly builds, run with -Z macro-backtrace for more info)
[INFO] [stdout] help: find a package to install `nextest` with `cargo search cargo-nextest`
[INFO] [stderr] ┈┈┈┈┈┈┈┈┈┈┈┈┈┈┈┈┈┈┈┈┈┈┈┈┈┈┈┈┈┈┈┈┈┈┈┈┈┈┈┈┈┈┈┈┈┈┈┈┈┈┈┈┈┈┈┈┈┈┈┈
[INFO] [stdout] )
[INFO] [stderr] note: If the actual output is the correct output you can bless it by rerunning
[INFO] [stdout] stack backtrace:
[INFO] [stderr]       your test with the environment variable TRYBUILD=overwrite
[INFO] [stdout]    0:     0x5765482cfee1 - <<std[617be2ca0a6fd877]::sys::backtrace::BacktraceLock>::print::DisplayBacktrace as core[a373ad73a504971]::fmt::Display>::fmt
[INFO] [stderr] 
[INFO] [stdout]    1:     0x5765482e642a - core[a373ad73a504971]::fmt::write
[INFO] [stderr] test tests/compile-fail/pattern-not-ident.rs ... ok
[INFO] [stdout]    2:     0x5765482d49bc - <alloc[2e1b2a31b91974c5]::vec::Vec<u8> as core[a373ad73a504971]::io::write::Write>::write_fmt
[INFO] [stderr] test tests/compile-fail/root-not-ident.rs ... ok
[INFO] [stdout]    3:     0x5765482a83b6 - std[617be2ca0a6fd877]::panicking::default_hook::{closure#0}
[INFO] [stderr] test tests/compile-fail/root-out-of-order.rs ... ok
[INFO] [stdout]    4:     0x5765482c67f9 - std[617be2ca0a6fd877]::panicking::default_hook
[INFO] [stderr] test tests/compile-fail/test-not-ident.rs ... ok
[INFO] [stdout]    5:     0x57654825e2e0 - test[aada8e7e76ba119b]::test_main_inner::{closure#0}
[INFO] [stderr] test tests/compile-fail/test-out-of-order.rs ... ok
[INFO] [stdout]    6:     0x5765482c69b2 - std[617be2ca0a6fd877]::panicking::panic_with_hook
[INFO] [stderr] 
[INFO] [stdout]    7:     0x5765482a8462 - std[617be2ca0a6fd877]::panicking::panic_handler::{closure#0}
[INFO] [stderr] 
[INFO] [stdout]    8:     0x5765482a0c89 - std[617be2ca0a6fd877]::sys::backtrace::__rust_end_short_backtrace::<std[617be2ca0a6fd877]::panicking::panic_handler::{closure#0}, !>
[INFO] [stdout]    9:     0x5765482a906d - __rustc[ea4f61d10b84890b]::rust_begin_unwind
[INFO] [stdout]   10:     0x5765482e6b9c - core[a373ad73a504971]::panicking::panic_fmt
[INFO] [stdout]   11:     0x5765481a543e - <integration[6272798a63290ca0]::unix::run_example_with_colons::{closure#0} as core[a373ad73a504971]::ops::function::FnOnce<()>>::call_once
[INFO] [stdout]   12:     0x57654825172b - test[aada8e7e76ba119b]::__rust_begin_short_backtrace::<core[a373ad73a504971]::result::Result<(), alloc[2e1b2a31b91974c5]::string::String>, fn() -> core[a373ad73a504971]::result::Result<(), alloc[2e1b2a31b91974c5]::string::String>>
[INFO] [stdout]   13:     0x57654825e905 - test[aada8e7e76ba119b]::run_test::{closure#0}
[INFO] [stdout]   14:     0x5765482581f4 - std[617be2ca0a6fd877]::sys::backtrace::__rust_begin_short_backtrace::<test[aada8e7e76ba119b]::run_test::{closure#1}, ()>
[INFO] [stdout]   15:     0x576548261992 - <std[617be2ca0a6fd877]::thread::lifecycle::spawn_unchecked<test[aada8e7e76ba119b]::run_test::{closure#1}, ()>::{closure#1} as core[a373ad73a504971]::ops::function::FnOnce<()>>::call_once::{shim:vtable#0}
[INFO] [stdout]   16:     0x5765482cf13f - <std[617be2ca0a6fd877]::sys::thread::unix::Thread>::new::thread_start
[INFO] [stdout]   17:     0x7fc7aa3e9dfa - <unknown>
[INFO] [stdout]   18:     0x7fc7aa47d3d4 - clone
[INFO] [stdout]   19:                0x0 - <unknown>
[INFO] [stdout] 
[INFO] [stdout] ---- ui stdout ----
[INFO] [stdout] 
[INFO] [stdout] thread 'ui' (985) panicked at /opt/rustwide/cargo-home/registry/src/index.crates.io-1949cf8c6b5b557f/trybuild-1.0.111/src/run.rs:102:13:
[INFO] [stdout] 1 of 14 tests failed
[INFO] [stdout] stack backtrace:
[INFO] [stdout]    0:     0x5765482cfee1 - <<std[617be2ca0a6fd877]::sys::backtrace::BacktraceLock>::print::DisplayBacktrace as core[a373ad73a504971]::fmt::Display>::fmt
[INFO] [stdout]    1:     0x5765482e642a - core[a373ad73a504971]::fmt::write
[INFO] [stdout]    2:     0x5765482d49bc - <alloc[2e1b2a31b91974c5]::vec::Vec<u8> as core[a373ad73a504971]::io::write::Write>::write_fmt
[INFO] [stdout]    3:     0x5765482a83b6 - std[617be2ca0a6fd877]::panicking::default_hook::{closure#0}
[INFO] [stdout]    4:     0x5765482c67f9 - std[617be2ca0a6fd877]::panicking::default_hook
[INFO] [stderr] error: test failed, to rerun pass `--test integration`
[INFO] [stdout]    5:     0x57654825e2e0 - test[aada8e7e76ba119b]::test_main_inner::{closure#0}
[INFO] [stdout]    6:     0x5765482c69b2 - std[617be2ca0a6fd877]::panicking::panic_with_hook
[INFO] [stdout]    7:     0x5765482a8462 - std[617be2ca0a6fd877]::panicking::panic_handler::{closure#0}
[INFO] [stdout]    8:     0x5765482a0c89 - std[617be2ca0a6fd877]::sys::backtrace::__rust_end_short_backtrace::<std[617be2ca0a6fd877]::panicking::panic_handler::{closure#0}, !>
[INFO] [stdout]    9:     0x5765482a906d - __rustc[ea4f61d10b84890b]::rust_begin_unwind
[INFO] [stdout]   10:     0x5765482e6b9c - core[a373ad73a504971]::panicking::panic_fmt
[INFO] [stdout]   11:     0x5765481af14b - <trybuild[40fb47532eeaf812]::Runner>::run
[INFO] [stdout]   12:     0x5765481b2200 - <trybuild[40fb47532eeaf812]::TestCases as core[a373ad73a504971]::ops::drop::Drop>::drop
[INFO] [stdout]   13:     0x5765481a6c74 - <integration[6272798a63290ca0]::ui::{closure#0} as core[a373ad73a504971]::ops::function::FnOnce<()>>::call_once
[INFO] [stdout]   14:     0x57654825172b - test[aada8e7e76ba119b]::__rust_begin_short_backtrace::<core[a373ad73a504971]::result::Result<(), alloc[2e1b2a31b91974c5]::string::String>, fn() -> core[a373ad73a504971]::result::Result<(), alloc[2e1b2a31b91974c5]::string::String>>
[INFO] [stdout]   15:     0x57654825e905 - test[aada8e7e76ba119b]::run_test::{closure#0}
[INFO] [stdout]   16:     0x5765482581f4 - std[617be2ca0a6fd877]::sys::backtrace::__rust_begin_short_backtrace::<test[aada8e7e76ba119b]::run_test::{closure#1}, ()>
[INFO] [stdout]   17:     0x576548261992 - <std[617be2ca0a6fd877]::thread::lifecycle::spawn_unchecked<test[aada8e7e76ba119b]::run_test::{closure#1}, ()>::{closure#1} as core[a373ad73a504971]::ops::function::FnOnce<()>>::call_once::{shim:vtable#0}
[INFO] [stdout]   18:     0x5765482cf13f - <std[617be2ca0a6fd877]::sys::thread::unix::Thread>::new::thread_start
[INFO] [stdout]   19:     0x7fc7aa3e9dfa - <unknown>
[INFO] [stdout]   20:     0x7fc7aa47d3d4 - clone
[INFO] [stdout]   21:                0x0 - <unknown>
[INFO] [stdout] 
[INFO] [stdout] 
[INFO] [stdout] failures:
[INFO] [stdout]     run_example
[INFO] [stdout]     ui
[INFO] [stdout]     unix::run_example_with_colons
[INFO] [stdout] 
[INFO] [stdout] test result: FAILED. 0 passed; 3 failed; 0 ignored; 0 measured; 0 filtered out; finished in 10.88s
[INFO] [stdout] 
[INFO] running `Command { std: "docker" "inspect" "21f5a891a46952904b702a04414cb126a7171a71b193131f630ad04193491e16", kill_on_drop: false }`
[INFO] running `Command { std: "docker" "rm" "-f" "21f5a891a46952904b702a04414cb126a7171a71b193131f630ad04193491e16", kill_on_drop: false }`
[INFO] [stdout] 21f5a891a46952904b702a04414cb126a7171a71b193131f630ad04193491e16
