[INFO] fetching crate datapipe 0.1.9...
[INFO] testing datapipe-0.1.9 against 1.100.0-beta.1+cargoflags=--release for beta-release-1.100-2
[INFO] extracting crate datapipe 0.1.9 into /workspace/builds/worker-2-tc2/source
[INFO] started tweaking crates.io crate datapipe 0.1.9
[INFO] removed 0 missing examples
[INFO] removed 0 missing tests
[INFO] finished tweaking crates.io crate datapipe 0.1.9
[INFO] tweaked toml for crates.io crate datapipe 0.1.9 written to /workspace/builds/worker-2-tc2/source/Cargo.toml
[INFO] validating manifest of crates.io crate datapipe 0.1.9 on toolchain 1.100.0-beta.1
[INFO] running `Command { std: CARGO_HOME="/workspace/cargo-home" RUSTUP_HOME="/workspace/rustup-home" "/workspace/cargo-home/bin/cargo" "+1.100.0-beta.1" "metadata" "--manifest-path" "Cargo.toml" "--no-deps", kill_on_drop: false }`
[INFO] crate crates.io crate datapipe 0.1.9 already has a lockfile, it will not be regenerated
[INFO] running `Command { std: CARGO_HOME="/workspace/cargo-home" RUSTUP_HOME="/workspace/rustup-home" "/workspace/cargo-home/bin/cargo" "+1.100.0-beta.1" "fetch" "--manifest-path" "Cargo.toml", kill_on_drop: false }`
[INFO] running `Command { std: "docker" "create" "-v" "/var/lib/crater-agent-workspace/builds/worker-2-tc2/source:/opt/rustwide/workdir:ro,Z" "-v" "/var/lib/crater-agent-workspace/builds/worker-2-tc2/target:/opt/rustwide/target:rw,Z" "-v" "/var/lib/crater-agent-workspace/cargo-home:/opt/rustwide/cargo-home:ro,Z" "-v" "/var/lib/crater-agent-workspace/rustup-home:/opt/rustwide/rustup-home:ro,Z" "-m" "1610612736" "--network" "none" "ghcr.io/rust-lang/crates-build-env/linux@sha256:77db811e55d90add9212f6832c23229e3de5f1c1f9905e8cb07319ea15df73ac" "sleep" "infinity", kill_on_drop: false }`
[INFO] [stdout] 3359951592a8351349bcd5605290ec5dee664e9dc51c02cf3ee70c2c873ff6f4
[INFO] running `Command { std: "docker" "start" "3359951592a8351349bcd5605290ec5dee664e9dc51c02cf3ee70c2c873ff6f4", kill_on_drop: false }`
[INFO] running `Command { std: "docker" "inspect" "3359951592a8351349bcd5605290ec5dee664e9dc51c02cf3ee70c2c873ff6f4", kill_on_drop: false }`
[INFO] running `Command { std: "docker" "exec" "-e" "SOURCE_DIR=/opt/rustwide/workdir" "-e" "CARGO_HOME=/opt/rustwide/cargo-home" "-e" "RUSTUP_HOME=/opt/rustwide/rustup-home" "-e" "CARGO_TARGET_DIR=/opt/rustwide/target" "-w" "/opt/rustwide/workdir" "--user" "0:0" "3359951592a8351349bcd5605290ec5dee664e9dc51c02cf3ee70c2c873ff6f4" "/opt/rustwide/cargo-home/bin/cargo" "+1.100.0-beta.1" "metadata" "--no-deps" "--format-version=1", kill_on_drop: false }`
[INFO] running `Command { std: "docker" "inspect" "3359951592a8351349bcd5605290ec5dee664e9dc51c02cf3ee70c2c873ff6f4", kill_on_drop: false }`
[INFO] running `Command { std: "docker" "exec" "-e" "SOURCE_DIR=/opt/rustwide/workdir" "-e" "CARGO_HOME=/opt/rustwide/cargo-home" "-e" "RUSTUP_HOME=/opt/rustwide/rustup-home" "-e" "CARGO_TARGET_DIR=/opt/rustwide/target" "-e" "CARGO_INCREMENTAL=0" "-e" "RUST_BACKTRACE=full" "-e" "RUSTFLAGS=--cap-lints=warn" "-e" "RUSTDOCFLAGS=--cap-lints=warn" "-w" "/opt/rustwide/workdir" "--user" "0:0" "3359951592a8351349bcd5605290ec5dee664e9dc51c02cf3ee70c2c873ff6f4" "/opt/rustwide/cargo-home/bin/cargo" "+1.100.0-beta.1" "build" "--frozen" "--message-format=json" "--release", kill_on_drop: false }`
[INFO] [stderr]    Compiling smallvec v1.16.2
[INFO] [stderr]    Compiling syn v3.0.6
[INFO] [stderr]    Compiling getrandom v0.2.17
[INFO] [stderr]    Compiling errno v0.3.14
[INFO] [stderr]    Compiling cc v1.5.1
[INFO] [stderr]    Compiling typenum v1.20.1
[INFO] [stderr]    Compiling crc32fast v1.5.2
[INFO] [stderr]    Compiling num-traits v0.2.19
[INFO] [stderr]    Compiling signal-hook-registry v1.4.8
[INFO] [stderr]    Compiling rand_core v0.6.4
[INFO] [stderr]    Compiling parking_lot_core v0.9.12
[INFO] [stderr]    Compiling getrandom v0.3.4
[INFO] [stderr]    Compiling adler2 v2.0.1
[INFO] [stderr]    Compiling zerocopy v0.8.59
[INFO] [stderr]    Compiling futures-task v0.3.34
[INFO] [stderr]    Compiling simd-adler32 v0.3.10
[INFO] [stderr]    Compiling parking_lot v0.12.5
[INFO] [stderr]    Compiling miniz_oxide v0.9.1
[INFO] [stderr]    Compiling futures-util v0.3.34
[INFO] [stderr]    Compiling generic-array v0.14.7
[INFO] [stderr]    Compiling tracing v0.1.44
[INFO] [stderr]    Compiling log v0.4.34
[INFO] [stderr]    Compiling rustls v0.23.45
[INFO] [stderr]    Compiling flate2 v1.1.10
[INFO] [stderr]    Compiling ring v0.17.14
[INFO] [stderr]    Compiling crypto-common v0.1.7
[INFO] [stderr]    Compiling futures-channel v0.3.34
[INFO] [stderr]    Compiling compression-core v0.4.33
[INFO] [stderr]    Compiling utf8parse v0.2.2
[INFO] [stderr]    Compiling anstyle-parse v1.0.0
[INFO] [stderr]    Compiling compression-codecs v0.4.43
[INFO] [stderr]    Compiling inout v0.1.4
[INFO] [stderr]    Compiling rand_core v0.9.5
[INFO] [stderr]    Compiling encoding_rs v0.8.42
[INFO] [stderr]    Compiling webpki-roots v1.0.9
[INFO] [stderr]    Compiling syn v2.0.119
[INFO] [stderr]    Compiling deranged v0.5.8
[INFO] [stderr]    Compiling anyhow v1.0.104
[INFO] [stderr]    Compiling colorchoice v1.0.5
[INFO] [stderr]    Compiling unicode-xid v0.2.6
[INFO] [stderr]    Compiling base64 v0.23.1
[INFO] [stderr]    Compiling is_terminal_polyfill v1.70.2
[INFO] [stderr]    Compiling num-conv v0.2.2
[INFO] [stderr]    Compiling destructure_traitobject v0.2.0
[INFO] [stderr]    Compiling thiserror v2.0.21
[INFO] [stderr]    Compiling time-core v0.1.9
[INFO] [stderr]    Compiling anstyle-query v1.1.5
[INFO] [stderr]    Compiling ipnet v2.12.2
[INFO] [stderr]    Compiling anstream v1.0.0
[INFO] [stderr]    Compiling unsafe-any-ors v1.0.0
[INFO] [stderr]    Compiling serde_json v1.0.151
[INFO] [stderr]    Compiling cipher v0.4.4
[INFO] [stderr]    Compiling time v0.3.55
[INFO] [stderr]    Compiling ordered-float v2.10.1
[INFO] [stderr]    Compiling universal-hash v0.5.1
[INFO] [stderr]    Compiling winnow v0.7.15
[INFO] [stderr]    Compiling unsafe-libyaml v0.2.11
[INFO] [stderr]    Compiling synstructure v0.14.0
[INFO] [stderr]    Compiling clap_lex v1.1.1
[INFO] [stderr]    Compiling derive_more-impl v2.1.1
[INFO] [stderr]    Compiling strsim v0.11.1
[INFO] [stderr]    Compiling serde_derive v1.0.229
[INFO] [stderr]    Compiling zerofrom-derive v0.1.8
[INFO] [stderr]    Compiling yoke-derive v0.8.3
[INFO] [stderr]    Compiling zerovec-derive v0.11.6
[INFO] [stderr]    Compiling displaydoc v0.2.7
[INFO] [stderr]    Compiling tokio-macros v2.7.2
[INFO] [stderr]    Compiling ppv-lite86 v0.2.21
[INFO] [stderr]    Compiling thiserror-impl v2.0.21
[INFO] [stderr]    Compiling opaque-debug v0.3.1
[INFO] [stderr]    Compiling toml_write v0.1.2
[INFO] [stderr]    Compiling simdutf8 v0.1.5
[INFO] [stderr]    Compiling zerofrom v0.1.8
[INFO] [stderr]    Compiling yoke v0.8.3
[INFO] [stderr]    Compiling multiversion_no_op v1.0.0
[INFO] [stderr]    Compiling rand_chacha v0.9.0
[INFO] [stderr]    Compiling core_detect v1.0.0
[INFO] [stderr]    Compiling bitflags v2.13.2
[INFO] [stderr]    Compiling clap_derive v4.6.7
[INFO] [stderr]    Compiling zerovec v0.11.8
[INFO] [stderr]    Compiling zerotrie v0.2.5
[INFO] [stderr]    Compiling rand v0.9.5
[INFO] [stderr]    Compiling poly1305 v0.8.0
[INFO] [stderr]    Compiling chrono v0.4.45
[INFO] [stderr]    Compiling tinystr v0.8.4
[INFO] [stderr]    Compiling icu_locale_core v2.3.0
[INFO] [stderr]    Compiling potential_utf v0.1.6
[INFO] [stderr]    Compiling icu_collections v2.3.0
[INFO] [stderr]    Compiling derive_more v2.1.1
[INFO] [stderr]    Compiling clap_builder v4.6.7
[INFO] [stderr]    Compiling serde v1.0.229
[INFO] [stderr]    Compiling yasna v0.5.2
[INFO] [stderr]    Compiling chacha20 v0.9.1
[INFO] [stderr]    Compiling icu_provider v2.3.1
[INFO] [stderr]    Compiling bytes v1.12.1
[INFO] [stderr]    Compiling icu_normalizer v2.3.0
[INFO] [stderr]    Compiling tokio v1.53.1
[INFO] [stderr]    Compiling http v1.5.0
[INFO] [stderr]    Compiling icu_properties v2.3.0
[INFO] [stderr]    Compiling toml_datetime v0.6.11
[INFO] [stderr]    Compiling http-body v1.1.0
[INFO] [stderr]    Compiling http-body-util v0.1.5
[INFO] [stderr]    Compiling serde_spanned v0.6.9
[INFO] [stderr]    Compiling toml_edit v0.22.27
[INFO] [stderr]    Compiling serde_yaml v0.9.34+deprecated
[INFO] [stderr]    Compiling serde_urlencoded v0.7.1
[INFO] [stderr]    Compiling idna_adapter v1.2.2
[INFO] [stderr]    Compiling idna v1.1.0
[INFO] [stderr]    Compiling serde-value v0.7.0
[INFO] [stderr]    Compiling url v2.5.8
[INFO] [stderr]    Compiling rustls-webpki v0.103.15
[INFO] [stderr]    Compiling typemap-ors v1.0.0
[INFO] [stderr]    Compiling pem v3.0.6
[INFO] [stderr]    Compiling aead v0.5.2
[INFO] [stderr]    Compiling arc-swap v1.9.2
[INFO] [stderr]    Compiling tokio-util v0.7.19
[INFO] [stderr]    Compiling tower v0.5.3
[INFO] [stderr]    Compiling async-compression v0.4.48
[INFO] [stderr]    Compiling thread-id v5.1.0
[INFO] [stderr]    Compiling log-mdc v0.1.0
[INFO] [stderr]    Compiling h2 v0.4.19
[INFO] [stderr]    Compiling tower-http v0.6.11
[INFO] [stderr]    Compiling mock_instant v0.6.1
[INFO] [stderr]    Compiling humantime v2.4.0
[INFO] [stderr]    Compiling unicode-segmentation v1.13.3
[INFO] [stderr]    Compiling chacha20poly1305 v0.10.1
[INFO] [stderr]    Compiling rcgen v0.13.2
[INFO] [stderr]    Compiling log4rs v1.4.0
[INFO] [stderr]    Compiling toml v0.8.23
[INFO] [stderr]    Compiling hyper v1.11.1
[INFO] [stderr]    Compiling tokio-rustls v0.26.5
[INFO] [stderr]    Compiling clap v4.6.7
[INFO] [stderr]    Compiling webpki-roots v0.26.11
[INFO] [stderr]    Compiling rustls-pemfile v2.2.0
[INFO] [stderr]    Compiling hyper-util v0.1.21
[INFO] [stderr]    Compiling hyper-rustls v0.27.10
[INFO] [stderr]    Compiling reqwest v0.12.28
[INFO] [stderr]    Compiling datapipe v0.1.9 (/opt/rustwide/workdir)
[INFO] [stderr]     Finished `release` profile [optimized] target(s) in 4m 34s
[INFO] running `Command { std: "docker" "inspect" "3359951592a8351349bcd5605290ec5dee664e9dc51c02cf3ee70c2c873ff6f4", kill_on_drop: false }`
[INFO] running `Command { std: "docker" "exec" "-e" "SOURCE_DIR=/opt/rustwide/workdir" "-e" "CARGO_HOME=/opt/rustwide/cargo-home" "-e" "RUSTUP_HOME=/opt/rustwide/rustup-home" "-e" "CARGO_TARGET_DIR=/opt/rustwide/target" "-e" "CARGO_INCREMENTAL=0" "-e" "RUST_BACKTRACE=full" "-e" "RUSTFLAGS=--cap-lints=warn" "-e" "RUSTDOCFLAGS=--cap-lints=warn" "-w" "/opt/rustwide/workdir" "--user" "0:0" "3359951592a8351349bcd5605290ec5dee664e9dc51c02cf3ee70c2c873ff6f4" "/opt/rustwide/cargo-home/bin/cargo" "+1.100.0-beta.1" "test" "--frozen" "--no-run" "--message-format=json" "--release", kill_on_drop: false }`
[INFO] [stderr]    Compiling datapipe v0.1.9 (/opt/rustwide/workdir)
[INFO] [stderr]     Finished `release` profile [optimized] target(s) in 1m 58s
[INFO] running `Command { std: "docker" "inspect" "3359951592a8351349bcd5605290ec5dee664e9dc51c02cf3ee70c2c873ff6f4", kill_on_drop: false }`
[INFO] running `Command { std: "docker" "exec" "-e" "SOURCE_DIR=/opt/rustwide/workdir" "-e" "CARGO_HOME=/opt/rustwide/cargo-home" "-e" "RUSTUP_HOME=/opt/rustwide/rustup-home" "-e" "CARGO_TARGET_DIR=/opt/rustwide/target" "-e" "CARGO_INCREMENTAL=0" "-e" "RUST_BACKTRACE=full" "-e" "RUSTFLAGS=--cap-lints=warn" "-e" "RUSTDOCFLAGS=--cap-lints=warn" "-w" "/opt/rustwide/workdir" "--user" "0:0" "3359951592a8351349bcd5605290ec5dee664e9dc51c02cf3ee70c2c873ff6f4" "/opt/rustwide/cargo-home/bin/cargo" "+1.100.0-beta.1" "test" "--frozen" "--release", kill_on_drop: false }`
[INFO] [stderr]     Finished `release` profile [optimized] target(s) in 0.32s
[INFO] [stderr]      Running unittests src/lib.rs (/opt/rustwide/target/release/build/datapipe/5ab7b8290b0fd217/out/datapipe-5ab7b8290b0fd217)
[INFO] [stdout] 
[INFO] [stdout] running 28 tests
[INFO] [stdout] test config::tests::test_config_validate_no_input ... ok
[INFO] [stdout] test config::tests::test_config_roundtrip ... ok
[INFO] [stdout] test config::tests::test_config_validate_invalid_encryption_key ... ok
[INFO] [stdout] test config::tests::test_config_validate_invalid_http_url ... ok
[INFO] [stdout] test config::tests::test_config_validate_multiple_inputs ... ok
[INFO] [stdout] test encryption::test_length_decode ... ok
[INFO] [stdout] test args::tests::test_version_info ... ok
[INFO] [stdout] test encryption::test_encrypt_decrypt ... ok
[INFO] [stdout] test args::tests::test_validate_version_and_license ... ok
[INFO] [stdout] test config::tests::test_config_validate_no_output ... ok
[INFO] [stdout] test encryption::test_length_encode ... ok
[INFO] [stdout] test args::tests::test_license_info ... ok
[INFO] [stdout] test encryption::test_length_encode_decode_roundrobin ... ok
[INFO] [stdout] test metrics::tests::test_byte_metrics_basic ... ok
[INFO] [stdout] test metrics::tests::test_byte_metrics_from_u64 ... ok
[INFO] [stdout] test metrics::tests::test_elapsed_time_basic ... ok
[INFO] [stdout] test metrics::tests::test_byte_metrics_cloning_shares_state ... ok
[INFO] [stdout] test metrics::tests::test_datapipe_metrics_aggregation ... ok
[INFO] [stdout] test metrics::tests::test_format_bytes ... ok
[INFO] [stdout] test metrics::tests::test_elapsed_time_alias ... ok
[INFO] [stdout] test metrics::tests::test_format_duration ... ok
[INFO] [stdout] test metrics::tests::test_format_rate ... ok
[INFO] [stdout] test parameters::test_parameters_builder_build ... ok
[INFO] [stdout] test encryption::test_message_length_encode_decode ... ok
[INFO] [stdout] test tls_reader_writer::test_get_domain ... ok
[INFO] [stdout] test utilities::test_utilities_misc_hostname ... ok
[INFO] [stdout] test metrics::tests::test_live_display_guard ... ok
[INFO] [stderr]      Running unittests src/bin/datapipe.rs (/opt/rustwide/target/release/build/datapipe/2a282b1bebc3c1dc/out/datapipe-2a282b1bebc3c1dc)
[INFO] [stdout] test utilities::test_get_unused_port ... ok
[INFO] [stdout] 
[INFO] [stdout] test result: ok. 28 passed; 0 failed; 0 ignored; 0 measured; 0 filtered out; finished in 0.76s
[INFO] [stdout] 
[INFO] [stderr]      Running tests/integration_test_datapipe.rs (/opt/rustwide/target/release/build/datapipe/b7c974147d5146cf/out/integration_test_datapipe-b7c974147d5146cf)
[INFO] [stdout] 
[INFO] [stdout] running 0 tests
[INFO] [stdout] 
[INFO] [stdout] test result: ok. 0 passed; 0 failed; 0 ignored; 0 measured; 0 filtered out; finished in 0.00s
[INFO] [stdout] 
[INFO] [stdout] 
[INFO] [stdout] running 11 tests
[INFO] [stdout] test integration_test_license ... FAILED
[INFO] [stdout] test integration_test_config_mutual_exclusion ... FAILED
[INFO] [stdout] test integration_test_save_to_config ... FAILED
[INFO] [stdout] test integration_test_version ... FAILED
[INFO] [stdout] test integration_test_verify_config_invalid ... FAILED
[INFO] [stdout] test integration_test_use_config_file_copy ... FAILED
[INFO] [stdout] test integration_test_verify_config_valid ... FAILED
[INFO] [stdout] test integration_test_copy_file ... FAILED
[INFO] [stdout] test integration_test_uucp_file ... FAILED
[INFO] [stdout] test integration_test_strong_scp_file ... FAILED
[INFO] [stdout] test integration_test_weak_scp_file ... FAILED
[INFO] [stdout] 
[INFO] [stdout] failures:
[INFO] [stdout] 
[INFO] [stdout] ---- integration_test_license stdout ----
[INFO] [stdout] 
[INFO] [stdout] thread 'integration_test_license' (3016) panicked at tests/integration_test_datapipe.rs:53:10:
[INFO] [stdout] called `Result::unwrap()` on an `Err` value: Os { code: 2, kind: NotFound, message: "No such file or directory" }
[INFO] [stdout] stack backtrace:
[INFO] [stdout]    0:     0x5ba004957871 - <<std[617be2ca0a6fd877]::sys::backtrace::BacktraceLock>::print::DisplayBacktrace as core[a373ad73a504971]::fmt::Display>::fmt
[INFO] [stdout]    1:     0x5ba00496cb1a - core[a373ad73a504971]::fmt::write
[INFO] [stdout]    2:     0x5ba00495bcbc - <alloc[2e1b2a31b91974c5]::vec::Vec<u8> as core[a373ad73a504971]::io::write::Write>::write_fmt
[INFO] [stdout]    3:     0x5ba004932d06 - std[617be2ca0a6fd877]::panicking::default_hook::{closure#0}
[INFO] [stdout]    4:     0x5ba00494f779 - std[617be2ca0a6fd877]::panicking::default_hook
[INFO] [stdout]    5:     0x5ba0048c1270 - test[aada8e7e76ba119b]::test_main_inner::{closure#0}
[INFO] [stdout]    6:     0x5ba00494faa2 - std[617be2ca0a6fd877]::panicking::panic_with_hook
[INFO] [stdout]    7:     0x5ba004932db2 - std[617be2ca0a6fd877]::panicking::panic_handler::{closure#0}
[INFO] [stdout]    8:     0x5ba00492b889 - std[617be2ca0a6fd877]::sys::backtrace::__rust_end_short_backtrace::<std[617be2ca0a6fd877]::panicking::panic_handler::{closure#0}, !>
[INFO] [stdout]    9:     0x5ba0049339bd - __rustc[ea4f61d10b84890b]::rust_begin_unwind
[INFO] [stdout]   10:     0x5ba00496d27c - core[a373ad73a504971]::panicking::panic_fmt
[INFO] [stdout]   11:     0x5ba00496d052 - core[a373ad73a504971]::result::unwrap_failed
[INFO] [stdout]   12:     0x5ba00489beae - integration_test_datapipe[db69427d63fc85c1]::run_datapipe_output::{closure#0}
[INFO] [stdout]   13:     0x5ba00489c6ed - integration_test_datapipe[db69427d63fc85c1]::integration_test_license::{closure#0}
[INFO] [stdout]   14:     0x5ba0048ae293 - <tokio[64e12927afab92b1]::runtime::scheduler::current_thread::Context>::enter::<core[a373ad73a504971]::task::poll::Poll<()>, <tokio[64e12927afab92b1]::runtime::scheduler::current_thread::CoreGuard>::block_on<core[a373ad73a504971]::pin::Pin<&mut core[a373ad73a504971]::pin::Pin<&mut dyn core[a373ad73a504971]::future::future::Future<Output = ()>>>>::{closure#0}::{closure#0}>
[INFO] [stdout]   15:     0x5ba0048b363c - <tokio[64e12927afab92b1]::runtime::context::scoped::Scoped<tokio[64e12927afab92b1]::runtime::scheduler::Context>>::set::<<tokio[64e12927afab92b1]::runtime::scheduler::current_thread::CoreGuard>::enter<<tokio[64e12927afab92b1]::runtime::scheduler::current_thread::CoreGuard>::block_on<core[a373ad73a504971]::pin::Pin<&mut core[a373ad73a504971]::pin::Pin<&mut dyn core[a373ad73a504971]::future::future::Future<Output = ()>>>>::{closure#0}, core[a373ad73a504971]::option::Option<()>>::{closure#0}, (alloc[2e1b2a31b91974c5]::boxed::Box<tokio[64e12927afab92b1]::runtime::scheduler::current_thread::Core>, core[a373ad73a504971]::option::Option<()>)>
[INFO] [stdout]   16:     0x5ba0048ae537 - <tokio[64e12927afab92b1]::runtime::scheduler::current_thread::CoreGuard>::block_on::<core[a373ad73a504971]::pin::Pin<&mut core[a373ad73a504971]::pin::Pin<&mut dyn core[a373ad73a504971]::future::future::Future<Output = ()>>>>
[INFO] [stdout]   17:     0x5ba0048b1ddb - tokio[64e12927afab92b1]::runtime::context::runtime::enter_runtime::<<tokio[64e12927afab92b1]::runtime::scheduler::current_thread::CurrentThread>::block_on<core[a373ad73a504971]::pin::Pin<&mut dyn core[a373ad73a504971]::future::future::Future<Output = ()>>>::{closure#0}, ()>
[INFO] [stdout]   18:     0x5ba0048afd75 - <tokio[64e12927afab92b1]::runtime::runtime::Runtime>::block_on::<core[a373ad73a504971]::pin::Pin<&mut dyn core[a373ad73a504971]::future::future::Future<Output = ()>>>
[INFO] [stdout]   19:     0x5ba0048a5cce - <integration_test_datapipe[db69427d63fc85c1]::integration_test_license::{closure#0} as core[a373ad73a504971]::ops::function::FnOnce<()>>::call_once
[INFO] [stdout]   20:     0x5ba0048b46bb - test[aada8e7e76ba119b]::__rust_begin_short_backtrace::<core[a373ad73a504971]::result::Result<(), alloc[2e1b2a31b91974c5]::string::String>, fn() -> core[a373ad73a504971]::result::Result<(), alloc[2e1b2a31b91974c5]::string::String>>
[INFO] [stdout]   21:     0x5ba0048c1895 - test[aada8e7e76ba119b]::run_test::{closure#0}
[INFO] [stdout]   22:     0x5ba0048bb184 - std[617be2ca0a6fd877]::sys::backtrace::__rust_begin_short_backtrace::<test[aada8e7e76ba119b]::run_test::{closure#1}, ()>
[INFO] [stdout]   23:     0x5ba0048c4922 - <std[617be2ca0a6fd877]::thread::lifecycle::spawn_unchecked<test[aada8e7e76ba119b]::run_test::{closure#1}, ()>::{closure#1} as core[a373ad73a504971]::ops::function::FnOnce<()>>::call_once::{shim:vtable#0}
[INFO] [stdout]   24:     0x5ba004956bcf - <std[617be2ca0a6fd877]::sys::thread::unix::Thread>::new::thread_start
[INFO] [stdout]   25:     0x72be57e1bdfa - <unknown>
[INFO] [stdout]   26:     0x72be57eaf3d4 - clone
[INFO] [stdout]   27:                0x0 - <unknown>
[INFO] [stdout] 
[INFO] [stdout] ---- integration_test_config_mutual_exclusion stdout ----
[INFO] [stdout] 
[INFO] [stdout] thread 'integration_test_config_mutual_exclusion' (3014) panicked at tests/integration_test_datapipe.rs:39:33:
[INFO] [stdout] called `Result::unwrap()` on an `Err` value: Os { code: 2, kind: NotFound, message: "No such file or directory" }
[INFO] [stdout] stack backtrace:
[INFO] [stdout]    0:     0x5ba004957871 - <<std[617be2ca0a6fd877]::sys::backtrace::BacktraceLock>::print::DisplayBacktrace as core[a373ad73a504971]::fmt::Display>::fmt
[INFO] [stdout]    1:     0x5ba00496cb1a - core[a373ad73a504971]::fmt::write
[INFO] [stdout]    2:     0x5ba00495bcbc - <alloc[2e1b2a31b91974c5]::vec::Vec<u8> as core[a373ad73a504971]::io::write::Write>::write_fmt
[INFO] [stdout]    3:     0x5ba004932d06 - std[617be2ca0a6fd877]::panicking::default_hook::{closure#0}
[INFO] [stdout]    4:     0x5ba00494f779 - std[617be2ca0a6fd877]::panicking::default_hook
[INFO] [stdout]    5:     0x5ba0048c1270 - test[aada8e7e76ba119b]::test_main_inner::{closure#0}
[INFO] [stdout]    6:     0x5ba00494faa2 - std[617be2ca0a6fd877]::panicking::panic_with_hook
[INFO] [stdout]    7:     0x5ba004932db2 - std[617be2ca0a6fd877]::panicking::panic_handler::{closure#0}
[INFO] [stdout]    8:     0x5ba00492b889 - std[617be2ca0a6fd877]::sys::backtrace::__rust_end_short_backtrace::<std[617be2ca0a6fd877]::panicking::panic_handler::{closure#0}, !>
[INFO] [stdout]    9:     0x5ba0049339bd - __rustc[ea4f61d10b84890b]::rust_begin_unwind
[INFO] [stdout]   10:     0x5ba00496d27c - core[a373ad73a504971]::panicking::panic_fmt
[INFO] [stdout]   11:     0x5ba00496d052 - core[a373ad73a504971]::result::unwrap_failed
[INFO] [stdout]   12:     0x5ba00489c4a1 - integration_test_datapipe[db69427d63fc85c1]::run_datapipe_status::{closure#0}
[INFO] [stdout]   13:     0x5ba0048a4bfb - integration_test_datapipe[db69427d63fc85c1]::integration_test_config_mutual_exclusion::{closure#0}
[INFO] [stdout]   14:     0x5ba0048ae293 - <tokio[64e12927afab92b1]::runtime::scheduler::current_thread::Context>::enter::<core[a373ad73a504971]::task::poll::Poll<()>, <tokio[64e12927afab92b1]::runtime::scheduler::current_thread::CoreGuard>::block_on<core[a373ad73a504971]::pin::Pin<&mut core[a373ad73a504971]::pin::Pin<&mut dyn core[a373ad73a504971]::future::future::Future<Output = ()>>>>::{closure#0}::{closure#0}>
[INFO] [stdout]   15:     0x5ba0048b363c - <tokio[64e12927afab92b1]::runtime::context::scoped::Scoped<tokio[64e12927afab92b1]::runtime::scheduler::Context>>::set::<<tokio[64e12927afab92b1]::runtime::scheduler::current_thread::CoreGuard>::enter<<tokio[64e12927afab92b1]::runtime::scheduler::current_thread::CoreGuard>::block_on<core[a373ad73a504971]::pin::Pin<&mut core[a373ad73a504971]::pin::Pin<&mut dyn core[a373ad73a504971]::future::future::Future<Output = ()>>>>::{closure#0}, core[a373ad73a504971]::option::Option<()>>::{closure#0}, (alloc[2e1b2a31b91974c5]::boxed::Box<tokio[64e12927afab92b1]::runtime::scheduler::current_thread::Core>, core[a373ad73a504971]::option::Option<()>)>
[INFO] [stdout]   16:     0x5ba0048ae537 - <tokio[64e12927afab92b1]::runtime::scheduler::current_thread::CoreGuard>::block_on::<core[a373ad73a504971]::pin::Pin<&mut core[a373ad73a504971]::pin::Pin<&mut dyn core[a373ad73a504971]::future::future::Future<Output = ()>>>>
[INFO] [stdout]   17:     0x5ba0048b1ddb - tokio[64e12927afab92b1]::runtime::context::runtime::enter_runtime::<<tokio[64e12927afab92b1]::runtime::scheduler::current_thread::CurrentThread>::block_on<core[a373ad73a504971]::pin::Pin<&mut dyn core[a373ad73a504971]::future::future::Future<Output = ()>>>::{closure#0}, ()>
[INFO] [stdout]   18:     0x5ba0048afd75 - <tokio[64e12927afab92b1]::runtime::runtime::Runtime>::block_on::<core[a373ad73a504971]::pin::Pin<&mut dyn core[a373ad73a504971]::future::future::Future<Output = ()>>>
[INFO] [stdout]   19:     0x5ba0048a6a8e - <integration_test_datapipe[db69427d63fc85c1]::integration_test_config_mutual_exclusion::{closure#0} as core[a373ad73a504971]::ops::function::FnOnce<()>>::call_once
[INFO] [stdout]   20:     0x5ba0048b46bb - test[aada8e7e76ba119b]::__rust_begin_short_backtrace::<core[a373ad73a504971]::result::Result<(), alloc[2e1b2a31b91974c5]::string::String>, fn() -> core[a373ad73a504971]::result::Result<(), alloc[2e1b2a31b91974c5]::string::String>>
[INFO] [stdout]   21:     0x5ba0048c1895 - test[aada8e7e76ba119b]::run_test::{closure#0}
[INFO] [stdout]   22:     0x5ba0048bb184 - std[617be2ca0a6fd877]::sys::backtrace::__rust_begin_short_backtrace::<test[aada8e7e76ba119b]::run_test::{closure#1}, ()>
[INFO] [stdout]   23:     0x5ba0048c4922 - <std[617be2ca0a6fd877]::thread::lifecycle::spawn_unchecked<test[aada8e7e76ba119b]::run_test::{closure#1}, ()>::{closure#1} as core[a373ad73a504971]::ops::function::FnOnce<()>>::call_once::{shim:vtable#0}
[INFO] [stdout]   24:     0x5ba004956bcf - <std[617be2ca0a6fd877]::sys::thread::unix::Thread>::new::thread_start
[INFO] [stdout]   25:     0x72be57e1bdfa - <unknown>
[INFO] [stdout]   26:     0x72be57eaf3d4 - clone
[INFO] [stdout]   27:                0x0 - <unknown>
[INFO] [stdout] 
[INFO] [stdout] ---- integration_test_save_to_config stdout ----
[INFO] [stdout] 
[INFO] [stdout] thread 'integration_test_save_to_config' (3017) panicked at tests/integration_test_datapipe.rs:39:33:
[INFO] [stdout] called `Result::unwrap()` on an `Err` value: Os { code: 2, kind: NotFound, message: "No such file or directory" }
[INFO] [stdout] stack backtrace:
[INFO] [stdout]    0:     0x5ba004957871 - <<std[617be2ca0a6fd877]::sys::backtrace::BacktraceLock>::print::DisplayBacktrace as core[a373ad73a504971]::fmt::Display>::fmt
[INFO] [stdout]    1:     0x5ba00496cb1a - core[a373ad73a504971]::fmt::write
[INFO] [stdout]    2:     0x5ba00495bcbc - <alloc[2e1b2a31b91974c5]::vec::Vec<u8> as core[a373ad73a504971]::io::write::Write>::write_fmt
[INFO] [stdout]    3:     0x5ba004932d06 - std[617be2ca0a6fd877]::panicking::default_hook::{closure#0}
[INFO] [stdout]    4:     0x5ba00494f779 - std[617be2ca0a6fd877]::panicking::default_hook
[INFO] [stdout]    5:     0x5ba0048c1270 - test[aada8e7e76ba119b]::test_main_inner::{closure#0}
[INFO] [stdout]    6:     0x5ba00494faa2 - std[617be2ca0a6fd877]::panicking::panic_with_hook
[INFO] [stdout]    7:     0x5ba004932db2 - std[617be2ca0a6fd877]::panicking::panic_handler::{closure#0}
[INFO] [stdout]    8:     0x5ba00492b889 - std[617be2ca0a6fd877]::sys::backtrace::__rust_end_short_backtrace::<std[617be2ca0a6fd877]::panicking::panic_handler::{closure#0}, !>
[INFO] [stdout]    9:     0x5ba0049339bd - __rustc[ea4f61d10b84890b]::rust_begin_unwind
[INFO] [stdout]   10:     0x5ba00496d27c - core[a373ad73a504971]::panicking::panic_fmt
[INFO] [stdout]   11:     0x5ba00496d052 - core[a373ad73a504971]::result::unwrap_failed
[INFO] [stdout]   12:     0x5ba00489c4a1 - integration_test_datapipe[db69427d63fc85c1]::run_datapipe_status::{closure#0}
[INFO] [stdout]   13:     0x5ba0048a08dd - integration_test_datapipe[db69427d63fc85c1]::integration_test_save_to_config::{closure#0}
[INFO] [stdout]   14:     0x5ba0048ae293 - <tokio[64e12927afab92b1]::runtime::scheduler::current_thread::Context>::enter::<core[a373ad73a504971]::task::poll::Poll<()>, <tokio[64e12927afab92b1]::runtime::scheduler::current_thread::CoreGuard>::block_on<core[a373ad73a504971]::pin::Pin<&mut core[a373ad73a504971]::pin::Pin<&mut dyn core[a373ad73a504971]::future::future::Future<Output = ()>>>>::{closure#0}::{closure#0}>
[INFO] [stdout]   15:     0x5ba0048b363c - <tokio[64e12927afab92b1]::runtime::context::scoped::Scoped<tokio[64e12927afab92b1]::runtime::scheduler::Context>>::set::<<tokio[64e12927afab92b1]::runtime::scheduler::current_thread::CoreGuard>::enter<<tokio[64e12927afab92b1]::runtime::scheduler::current_thread::CoreGuard>::block_on<core[a373ad73a504971]::pin::Pin<&mut core[a373ad73a504971]::pin::Pin<&mut dyn core[a373ad73a504971]::future::future::Future<Output = ()>>>>::{closure#0}, core[a373ad73a504971]::option::Option<()>>::{closure#0}, (alloc[2e1b2a31b91974c5]::boxed::Box<tokio[64e12927afab92b1]::runtime::scheduler::current_thread::Core>, core[a373ad73a504971]::option::Option<()>)>
[INFO] [stdout]   16:     0x5ba0048ae537 - <tokio[64e12927afab92b1]::runtime::scheduler::current_thread::CoreGuard>::block_on::<core[a373ad73a504971]::pin::Pin<&mut core[a373ad73a504971]::pin::Pin<&mut dyn core[a373ad73a504971]::future::future::Future<Output = ()>>>>
[INFO] [stdout]   17:     0x5ba0048b1ddb - tokio[64e12927afab92b1]::runtime::context::runtime::enter_runtime::<<tokio[64e12927afab92b1]::runtime::scheduler::current_thread::CurrentThread>::block_on<core[a373ad73a504971]::pin::Pin<&mut dyn core[a373ad73a504971]::future::future::Future<Output = ()>>>::{closure#0}, ()>
[INFO] [stdout]   18:     0x5ba0048afd75 - <tokio[64e12927afab92b1]::runtime::runtime::Runtime>::block_on::<core[a373ad73a504971]::pin::Pin<&mut dyn core[a373ad73a504971]::future::future::Future<Output = ()>>>
[INFO] [stdout]   19:     0x5ba0048a63ae - <integration_test_datapipe[db69427d63fc85c1]::integration_test_save_to_config::{closure#0} as core[a373ad73a504971]::ops::function::FnOnce<()>>::call_once
[INFO] [stdout]   20:     0x5ba0048b46bb - test[aada8e7e76ba119b]::__rust_begin_short_backtrace::<core[a373ad73a504971]::result::Result<(), alloc[2e1b2a31b91974c5]::string::String>, fn() -> core[a373ad73a504971]::result::Result<(), alloc[2e1b2a31b91974c5]::string::String>>
[INFO] [stdout]   21:     0x5ba0048c1895 - test[aada8e7e76ba119b]::run_test::{closure#0}
[INFO] [stdout]   22:     0x5ba0048bb184 - std[617be2ca0a6fd877]::sys::backtrace::__rust_begin_short_backtrace::<test[aada8e7e76ba119b]::run_test::{closure#1}, ()>
[INFO] [stdout]   23:     0x5ba0048c4922 - <std[617be2ca0a6fd877]::thread::lifecycle::spawn_unchecked<test[aada8e7e76ba119b]::run_test::{closure#1}, ()>::{closure#1} as core[a373ad73a504971]::ops::function::FnOnce<()>>::call_once::{shim:vtable#0}
[INFO] [stdout]   24:     0x5ba004956bcf - <std[617be2ca0a6fd877]::sys::thread::unix::Thread>::new::thread_start
[INFO] [stdout]   25:     0x72be57e1bdfa - <unknown>
[INFO] [stdout]   26:     0x72be57eaf3d4 - clone
[INFO] [stdout]   27:                0x0 - <unknown>
[INFO] [stdout] 
[INFO] [stdout] ---- integration_test_version stdout ----
[INFO] [stdout] 
[INFO] [stdout] thread 'integration_test_version' (3029) panicked at tests/integration_test_datapipe.rs:53:10:
[INFO] [stdout] called `Result::unwrap()` on an `Err` value: Os { code: 2, kind: NotFound, message: "No such file or directory" }
[INFO] [stdout] stack backtrace:
[INFO] [stdout]    0:     0x5ba004957871 - <<std[617be2ca0a6fd877]::sys::backtrace::BacktraceLock>::print::DisplayBacktrace as core[a373ad73a504971]::fmt::Display>::fmt
[INFO] [stdout]    1:     0x5ba00496cb1a - core[a373ad73a504971]::fmt::write
[INFO] [stdout]    2:     0x5ba00495bcbc - <alloc[2e1b2a31b91974c5]::vec::Vec<u8> as core[a373ad73a504971]::io::write::Write>::write_fmt
[INFO] [stdout]    3:     0x5ba004932d06 - std[617be2ca0a6fd877]::panicking::default_hook::{closure#0}
[INFO] [stdout]    4:     0x5ba00494f779 - std[617be2ca0a6fd877]::panicking::default_hook
[INFO] [stdout]    5:     0x5ba0048c1270 - test[aada8e7e76ba119b]::test_main_inner::{closure#0}
[INFO] [stdout]    6:     0x5ba00494faa2 - std[617be2ca0a6fd877]::panicking::panic_with_hook
[INFO] [stdout]    7:     0x5ba004932db2 - std[617be2ca0a6fd877]::panicking::panic_handler::{closure#0}
[INFO] [stdout]    8:     0x5ba00492b889 - std[617be2ca0a6fd877]::sys::backtrace::__rust_end_short_backtrace::<std[617be2ca0a6fd877]::panicking::panic_handler::{closure#0}, !>
[INFO] [stdout]    9:     0x5ba0049339bd - __rustc[ea4f61d10b84890b]::rust_begin_unwind
[INFO] [stdout]   10:     0x5ba00496d27c - core[a373ad73a504971]::panicking::panic_fmt
[INFO] [stdout]   11:     0x5ba00496d052 - core[a373ad73a504971]::result::unwrap_failed
[INFO] [stdout]   12:     0x5ba00489beae - integration_test_datapipe[db69427d63fc85c1]::run_datapipe_output::{closure#0}
[INFO] [stdout]   13:     0x5ba00489ca8d - integration_test_datapipe[db69427d63fc85c1]::integration_test_version::{closure#0}
[INFO] [stdout]   14:     0x5ba0048ae293 - <tokio[64e12927afab92b1]::runtime::scheduler::current_thread::Context>::enter::<core[a373ad73a504971]::task::poll::Poll<()>, <tokio[64e12927afab92b1]::runtime::scheduler::current_thread::CoreGuard>::block_on<core[a373ad73a504971]::pin::Pin<&mut core[a373ad73a504971]::pin::Pin<&mut dyn core[a373ad73a504971]::future::future::Future<Output = ()>>>>::{closure#0}::{closure#0}>
[INFO] [stdout]   15:     0x5ba0048b363c - <tokio[64e12927afab92b1]::runtime::context::scoped::Scoped<tokio[64e12927afab92b1]::runtime::scheduler::Context>>::set::<<tokio[64e12927afab92b1]::runtime::scheduler::current_thread::CoreGuard>::enter<<tokio[64e12927afab92b1]::runtime::scheduler::current_thread::CoreGuard>::block_on<core[a373ad73a504971]::pin::Pin<&mut core[a373ad73a504971]::pin::Pin<&mut dyn core[a373ad73a504971]::future::future::Future<Output = ()>>>>::{closure#0}, core[a373ad73a504971]::option::Option<()>>::{closure#0}, (alloc[2e1b2a31b91974c5]::boxed::Box<tokio[64e12927afab92b1]::runtime::scheduler::current_thread::Core>, core[a373ad73a504971]::option::Option<()>)>
[INFO] [stdout]   16:     0x5ba0048ae537 - <tokio[64e12927afab92b1]::runtime::scheduler::current_thread::CoreGuard>::block_on::<core[a373ad73a504971]::pin::Pin<&mut core[a373ad73a504971]::pin::Pin<&mut dyn core[a373ad73a504971]::future::future::Future<Output = ()>>>>
[INFO] [stdout]   17:     0x5ba0048b1ddb - tokio[64e12927afab92b1]::runtime::context::runtime::enter_runtime::<<tokio[64e12927afab92b1]::runtime::scheduler::current_thread::CurrentThread>::block_on<core[a373ad73a504971]::pin::Pin<&mut dyn core[a373ad73a504971]::future::future::Future<Output = ()>>>::{closure#0}, ()>
[INFO] [stdout]   18:     0x5ba0048afd75 - <tokio[64e12927afab92b1]::runtime::runtime::Runtime>::block_on::<core[a373ad73a504971]::pin::Pin<&mut dyn core[a373ad73a504971]::future::future::Future<Output = ()>>>
[INFO] [stdout]   19:     0x5ba0048a5e2e - <integration_test_datapipe[db69427d63fc85c1]::integration_test_version::{closure#0} as core[a373ad73a504971]::ops::function::FnOnce<()>>::call_once
[INFO] [stdout]   20:     0x5ba0048b46bb - test[aada8e7e76ba119b]::__rust_begin_short_backtrace::<core[a373ad73a504971]::result::Result<(), alloc[2e1b2a31b91974c5]::string::String>, fn() -> core[a373ad73a504971]::result::Result<(), alloc[2e1b2a31b91974c5]::string::String>>
[INFO] [stdout]   21:     0x5ba0048c1895 - test[aada8e7e76ba119b]::run_test::{closure#0}
[INFO] [stdout]   22:     0x5ba0048bb184 - std[617be2ca0a6fd877]::sys::backtrace::__rust_begin_short_backtrace::<test[aada8e7e76ba119b]::run_test::{closure#1}, ()>
[INFO] [stdout]   23:     0x5ba0048c4922 - <std[617be2ca0a6fd877]::thread::lifecycle::spawn_unchecked<test[aada8e7e76ba119b]::run_test::{closure#1}, ()>::{closure#1} as core[a373ad73a504971]::ops::function::FnOnce<()>>::call_once::{shim:vtable#0}
[INFO] [stdout]   24:     0x5ba004956bcf - <std[617be2ca0a6fd877]::sys::thread::unix::Thread>::new::thread_start
[INFO] [stdout]   25:     0x72be57e1bdfa - <unknown>
[INFO] [stdout]   26:     0x72be57eaf3d4 - clone
[INFO] [stdout]   27:                0x0 - <unknown>
[INFO] [stdout] 
[INFO] [stdout] ---- integration_test_verify_config_invalid stdout ----
[INFO] [stdout] 
[INFO] [stdout] thread 'integration_test_verify_config_invalid' (3021) panicked at tests/integration_test_datapipe.rs:39:33:
[INFO] [stdout] called `Result::unwrap()` on an `Err` value: Os { code: 2, kind: NotFound, message: "No such file or directory" }
[INFO] [stdout] stack backtrace:
[INFO] [stdout]    0:     0x5ba004957871 - <<std[617be2ca0a6fd877]::sys::backtrace::BacktraceLock>::print::DisplayBacktrace as core[a373ad73a504971]::fmt::Display>::fmt
[INFO] [stdout]    1:     0x5ba00496cb1a - core[a373ad73a504971]::fmt::write
[INFO] [stdout]    2:     0x5ba00495bcbc - <alloc[2e1b2a31b91974c5]::vec::Vec<u8> as core[a373ad73a504971]::io::write::Write>::write_fmt
[INFO] [stdout]    3:     0x5ba004932d06 - std[617be2ca0a6fd877]::panicking::default_hook::{closure#0}
[INFO] [stdout]    4:     0x5ba00494f779 - std[617be2ca0a6fd877]::panicking::default_hook
[INFO] [stdout]    5:     0x5ba0048c1270 - test[aada8e7e76ba119b]::test_main_inner::{closure#0}
[INFO] [stdout]    6:     0x5ba00494faa2 - std[617be2ca0a6fd877]::panicking::panic_with_hook
[INFO] [stdout]    7:     0x5ba004932db2 - std[617be2ca0a6fd877]::panicking::panic_handler::{closure#0}
[INFO] [stdout]    8:     0x5ba00492b889 - std[617be2ca0a6fd877]::sys::backtrace::__rust_end_short_backtrace::<std[617be2ca0a6fd877]::panicking::panic_handler::{closure#0}, !>
[INFO] [stdout]    9:     0x5ba0049339bd - __rustc[ea4f61d10b84890b]::rust_begin_unwind
[INFO] [stdout]   10:     0x5ba00496d27c - core[a373ad73a504971]::panicking::panic_fmt
[INFO] [stdout]   11:     0x5ba00496d052 - core[a373ad73a504971]::result::unwrap_failed
[INFO] [stdout]   12:     0x5ba00489c4a1 - integration_test_datapipe[db69427d63fc85c1]::run_datapipe_status::{closure#0}
[INFO] [stdout]   13:     0x5ba0048a456d - integration_test_datapipe[db69427d63fc85c1]::integration_test_verify_config_invalid::{closure#0}
[INFO] [stdout]   14:     0x5ba0048ae293 - <tokio[64e12927afab92b1]::runtime::scheduler::current_thread::Context>::enter::<core[a373ad73a504971]::task::poll::Poll<()>, <tokio[64e12927afab92b1]::runtime::scheduler::current_thread::CoreGuard>::block_on<core[a373ad73a504971]::pin::Pin<&mut core[a373ad73a504971]::pin::Pin<&mut dyn core[a373ad73a504971]::future::future::Future<Output = ()>>>>::{closure#0}::{closure#0}>
[INFO] [stdout]   15:     0x5ba0048b363c - <tokio[64e12927afab92b1]::runtime::context::scoped::Scoped<tokio[64e12927afab92b1]::runtime::scheduler::Context>>::set::<<tokio[64e12927afab92b1]::runtime::scheduler::current_thread::CoreGuard>::enter<<tokio[64e12927afab92b1]::runtime::scheduler::current_thread::CoreGuard>::block_on<core[a373ad73a504971]::pin::Pin<&mut core[a373ad73a504971]::pin::Pin<&mut dyn core[a373ad73a504971]::future::future::Future<Output = ()>>>>::{closure#0}, core[a373ad73a504971]::option::Option<()>>::{closure#0}, (alloc[2e1b2a31b91974c5]::boxed::Box<tokio[64e12927afab92b1]::runtime::scheduler::current_thread::Core>, core[a373ad73a504971]::option::Option<()>)>
[INFO] [stdout]   16:     0x5ba0048ae537 - <tokio[64e12927afab92b1]::runtime::scheduler::current_thread::CoreGuard>::block_on::<core[a373ad73a504971]::pin::Pin<&mut core[a373ad73a504971]::pin::Pin<&mut dyn core[a373ad73a504971]::future::future::Future<Output = ()>>>>
[INFO] [stdout]   17:     0x5ba0048b1ddb - tokio[64e12927afab92b1]::runtime::context::runtime::enter_runtime::<<tokio[64e12927afab92b1]::runtime::scheduler::current_thread::CurrentThread>::block_on<core[a373ad73a504971]::pin::Pin<&mut dyn core[a373ad73a504971]::future::future::Future<Output = ()>>>::{closure#0}, ()>
[INFO] [stdout]   18:     0x5ba0048afd75 - <tokio[64e12927afab92b1]::runtime::runtime::Runtime>::block_on::<core[a373ad73a504971]::pin::Pin<&mut dyn core[a373ad73a504971]::future::future::Future<Output = ()>>>
[INFO] [stdout]   19:     0x5ba0048a692e - <integration_test_datapipe[db69427d63fc85c1]::integration_test_verify_config_invalid::{closure#0} as core[a373ad73a504971]::ops::function::FnOnce<()>>::call_once
[INFO] [stdout]   20:     0x5ba0048b46bb - test[aada8e7e76ba119b]::__rust_begin_short_backtrace::<core[a373ad73a504971]::result::Result<(), alloc[2e1b2a31b91974c5]::string::String>, fn() -> core[a373ad73a504971]::result::Result<(), alloc[2e1b2a31b91974c5]::string::String>>
[INFO] [stdout]   21:     0x5ba0048c1895 - test[aada8e7e76ba119b]::run_test::{closure#0}
[INFO] [stdout]   22:     0x5ba0048bb184 - std[617be2ca0a6fd877]::sys::backtrace::__rust_begin_short_backtrace::<test[aada8e7e76ba119b]::run_test::{closure#1}, ()>
[INFO] [stdout]   23:     0x5ba0048c4922 - <std[617be2ca0a6fd877]::thread::lifecycle::spawn_unchecked<test[aada8e7e76ba119b]::run_test::{closure#1}, ()>::{closure#1} as core[a373ad73a504971]::ops::function::FnOnce<()>>::call_once::{shim:vtable#0}
[INFO] [stdout]   24:     0x5ba004956bcf - <std[617be2ca0a6fd877]::sys::thread::unix::Thread>::new::thread_start
[INFO] [stdout]   25:     0x72be57e1bdfa - <unknown>
[INFO] [stdout]   26:     0x72be57eaf3d4 - clone
[INFO] [stdout]   27:                0x0 - <unknown>
[INFO] [stdout] 
[INFO] [stdout] ---- integration_test_use_config_file_copy stdout ----
[INFO] [stdout] 
[INFO] [stdout] thread 'integration_test_use_config_file_copy' (3019) panicked at tests/integration_test_datapipe.rs:39:33:
[INFO] [stdout] called `Result::unwrap()` on an `Err` value: Os { code: 2, kind: NotFound, message: "No such file or directory" }
[INFO] [stdout] stack backtrace:
[INFO] [stdout]    0:     0x5ba004957871 - <<std[617be2ca0a6fd877]::sys::backtrace::BacktraceLock>::print::DisplayBacktrace as core[a373ad73a504971]::fmt::Display>::fmt
[INFO] [stdout]    1:     0x5ba00496cb1a - core[a373ad73a504971]::fmt::write
[INFO] [stdout]    2:     0x5ba00495bcbc - <alloc[2e1b2a31b91974c5]::vec::Vec<u8> as core[a373ad73a504971]::io::write::Write>::write_fmt
[INFO] [stdout]    3:     0x5ba004932d06 - std[617be2ca0a6fd877]::panicking::default_hook::{closure#0}
[INFO] [stdout]    4:     0x5ba00494f779 - std[617be2ca0a6fd877]::panicking::default_hook
[INFO] [stdout]    5:     0x5ba0048c1270 - test[aada8e7e76ba119b]::test_main_inner::{closure#0}
[INFO] [stdout]    6:     0x5ba00494faa2 - std[617be2ca0a6fd877]::panicking::panic_with_hook
[INFO] [stdout]    7:     0x5ba004932db2 - std[617be2ca0a6fd877]::panicking::panic_handler::{closure#0}
[INFO] [stdout]    8:     0x5ba00492b889 - std[617be2ca0a6fd877]::sys::backtrace::__rust_end_short_backtrace::<std[617be2ca0a6fd877]::panicking::panic_handler::{closure#0}, !>
[INFO] [stdout]    9:     0x5ba0049339bd - __rustc[ea4f61d10b84890b]::rust_begin_unwind
[INFO] [stdout]   10:     0x5ba00496d27c - core[a373ad73a504971]::panicking::panic_fmt
[INFO] [stdout]   11:     0x5ba00496d052 - core[a373ad73a504971]::result::unwrap_failed
[INFO] [stdout]   12:     0x5ba00489c4a1 - integration_test_datapipe[db69427d63fc85c1]::run_datapipe_status::{closure#0}
[INFO] [stdout]   13:     0x5ba00489b7f0 - integration_test_datapipe[db69427d63fc85c1]::run_datapipe::{closure#0}
[INFO] [stdout]   14:     0x5ba0048a3acb - integration_test_datapipe[db69427d63fc85c1]::integration_test_use_config_file_copy::{closure#0}
[INFO] [stdout]   15:     0x5ba0048ae293 - <tokio[64e12927afab92b1]::runtime::scheduler::current_thread::Context>::enter::<core[a373ad73a504971]::task::poll::Poll<()>, <tokio[64e12927afab92b1]::runtime::scheduler::current_thread::CoreGuard>::block_on<core[a373ad73a504971]::pin::Pin<&mut core[a373ad73a504971]::pin::Pin<&mut dyn core[a373ad73a504971]::future::future::Future<Output = ()>>>>::{closure#0}::{closure#0}>
[INFO] [stdout]   16:     0x5ba0048b363c - <tokio[64e12927afab92b1]::runtime::context::scoped::Scoped<tokio[64e12927afab92b1]::runtime::scheduler::Context>>::set::<<tokio[64e12927afab92b1]::runtime::scheduler::current_thread::CoreGuard>::enter<<tokio[64e12927afab92b1]::runtime::scheduler::current_thread::CoreGuard>::block_on<core[a373ad73a504971]::pin::Pin<&mut core[a373ad73a504971]::pin::Pin<&mut dyn core[a373ad73a504971]::future::future::Future<Output = ()>>>>::{closure#0}, core[a373ad73a504971]::option::Option<()>>::{closure#0}, (alloc[2e1b2a31b91974c5]::boxed::Box<tokio[64e12927afab92b1]::runtime::scheduler::current_thread::Core>, core[a373ad73a504971]::option::Option<()>)>
[INFO] [stdout]   17:     0x5ba0048ae537 - <tokio[64e12927afab92b1]::runtime::scheduler::current_thread::CoreGuard>::block_on::<core[a373ad73a504971]::pin::Pin<&mut core[a373ad73a504971]::pin::Pin<&mut dyn core[a373ad73a504971]::future::future::Future<Output = ()>>>>
[INFO] [stdout]   18:     0x5ba0048b1ddb - tokio[64e12927afab92b1]::runtime::context::runtime::enter_runtime::<<tokio[64e12927afab92b1]::runtime::scheduler::current_thread::CurrentThread>::block_on<core[a373ad73a504971]::pin::Pin<&mut dyn core[a373ad73a504971]::future::future::Future<Output = ()>>>::{closure#0}, ()>
[INFO] [stdout]   19:     0x5ba0048afd75 - <tokio[64e12927afab92b1]::runtime::runtime::Runtime>::block_on::<core[a373ad73a504971]::pin::Pin<&mut dyn core[a373ad73a504971]::future::future::Future<Output = ()>>>
[INFO] [stdout]   20:     0x5ba0048a67ce - <integration_test_datapipe[db69427d63fc85c1]::integration_test_use_config_file_copy::{closure#0} as core[a373ad73a504971]::ops::function::FnOnce<()>>::call_once
[INFO] [stdout]   21:     0x5ba0048b46bb - test[aada8e7e76ba119b]::__rust_begin_short_backtrace::<core[a373ad73a504971]::result::Result<(), alloc[2e1b2a31b91974c5]::string::String>, fn() -> core[a373ad73a504971]::result::Result<(), alloc[2e1b2a31b91974c5]::string::String>>
[INFO] [stdout]   22:     0x5ba0048c1895 - test[aada8e7e76ba119b]::run_test::{closure#0}
[INFO] [stdout]   23:     0x5ba0048bb184 - std[617be2ca0a6fd877]::sys::backtrace::__rust_begin_short_backtrace::<test[aada8e7e76ba119b]::run_test::{closure#1}, ()>
[INFO] [stdout]   24:     0x5ba0048c4922 - <std[617be2ca0a6fd877]::thread::lifecycle::spawn_unchecked<test[aada8e7e76ba119b]::run_test::{closure#1}, ()>::{closure#1} as core[a373ad73a504971]::ops::function::FnOnce<()>>::call_once::{shim:vtable#0}
[INFO] [stdout]   25:     0x5ba004956bcf - <std[617be2ca0a6fd877]::sys::thread::unix::Thread>::new::thread_start
[INFO] [stdout]   26:     0x72be57e1bdfa - <unknown>
[INFO] [stdout]   27:     0x72be57eaf3d4 - clone
[INFO] [stdout]   28:                0x0 - <unknown>
[INFO] [stdout] 
[INFO] [stdout] ---- integration_test_verify_config_valid stdout ----
[INFO] [stdout] 
[INFO] [stdout] thread 'integration_test_verify_config_valid' (3028) panicked at tests/integration_test_datapipe.rs:39:33:
[INFO] [stdout] called `Result::unwrap()` on an `Err` value: Os { code: 2, kind: NotFound, message: "No such file or directory" }
[INFO] [stdout] stack backtrace:
[INFO] [stdout]    0:     0x5ba004957871 - <<std[617be2ca0a6fd877]::sys::backtrace::BacktraceLock>::print::DisplayBacktrace as core[a373ad73a504971]::fmt::Display>::fmt
[INFO] [stdout]    1:     0x5ba00496cb1a - core[a373ad73a504971]::fmt::write
[INFO] [stdout]    2:     0x5ba00495bcbc - <alloc[2e1b2a31b91974c5]::vec::Vec<u8> as core[a373ad73a504971]::io::write::Write>::write_fmt
[INFO] [stdout]    3:     0x5ba004932d06 - std[617be2ca0a6fd877]::panicking::default_hook::{closure#0}
[INFO] [stdout]    4:     0x5ba00494f779 - std[617be2ca0a6fd877]::panicking::default_hook
[INFO] [stdout]    5:     0x5ba0048c1270 - test[aada8e7e76ba119b]::test_main_inner::{closure#0}
[INFO] [stdout]    6:     0x5ba00494faa2 - std[617be2ca0a6fd877]::panicking::panic_with_hook
[INFO] [stdout]    7:     0x5ba004932db2 - std[617be2ca0a6fd877]::panicking::panic_handler::{closure#0}
[INFO] [stdout]    8:     0x5ba00492b889 - std[617be2ca0a6fd877]::sys::backtrace::__rust_end_short_backtrace::<std[617be2ca0a6fd877]::panicking::panic_handler::{closure#0}, !>
[INFO] [stdout]    9:     0x5ba0049339bd - __rustc[ea4f61d10b84890b]::rust_begin_unwind
[INFO] [stdout]   10:     0x5ba00496d27c - core[a373ad73a504971]::panicking::panic_fmt
[INFO] [stdout]   11:     0x5ba00496d052 - core[a373ad73a504971]::result::unwrap_failed
[INFO] [stdout]   12:     0x5ba00489c4a1 - integration_test_datapipe[db69427d63fc85c1]::run_datapipe_status::{closure#0}
[INFO] [stdout]   13:     0x5ba0048a31b4 - integration_test_datapipe[db69427d63fc85c1]::integration_test_verify_config_valid::{closure#0}
[INFO] [stdout]   14:     0x5ba0048ae293 - <tokio[64e12927afab92b1]::runtime::scheduler::current_thread::Context>::enter::<core[a373ad73a504971]::task::poll::Poll<()>, <tokio[64e12927afab92b1]::runtime::scheduler::current_thread::CoreGuard>::block_on<core[a373ad73a504971]::pin::Pin<&mut core[a373ad73a504971]::pin::Pin<&mut dyn core[a373ad73a504971]::future::future::Future<Output = ()>>>>::{closure#0}::{closure#0}>
[INFO] [stdout]   15:     0x5ba0048b363c - <tokio[64e12927afab92b1]::runtime::context::scoped::Scoped<tokio[64e12927afab92b1]::runtime::scheduler::Context>>::set::<<tokio[64e12927afab92b1]::runtime::scheduler::current_thread::CoreGuard>::enter<<tokio[64e12927afab92b1]::runtime::scheduler::current_thread::CoreGuard>::block_on<core[a373ad73a504971]::pin::Pin<&mut core[a373ad73a504971]::pin::Pin<&mut dyn core[a373ad73a504971]::future::future::Future<Output = ()>>>>::{closure#0}, core[a373ad73a504971]::option::Option<()>>::{closure#0}, (alloc[2e1b2a31b91974c5]::boxed::Box<tokio[64e12927afab92b1]::runtime::scheduler::current_thread::Core>, core[a373ad73a504971]::option::Option<()>)>
[INFO] [stdout]   16:     0x5ba0048ae537 - <tokio[64e12927afab92b1]::runtime::scheduler::current_thread::CoreGuard>::block_on::<core[a373ad73a504971]::pin::Pin<&mut core[a373ad73a504971]::pin::Pin<&mut dyn core[a373ad73a504971]::future::future::Future<Output = ()>>>>
[INFO] [stdout]   17:     0x5ba0048b1ddb - tokio[64e12927afab92b1]::runtime::context::runtime::enter_runtime::<<tokio[64e12927afab92b1]::runtime::scheduler::current_thread::CurrentThread>::block_on<core[a373ad73a504971]::pin::Pin<&mut dyn core[a373ad73a504971]::future::future::Future<Output = ()>>>::{closure#0}, ()>
[INFO] [stdout]   18:     0x5ba0048afd75 - <tokio[64e12927afab92b1]::runtime::runtime::Runtime>::block_on::<core[a373ad73a504971]::pin::Pin<&mut dyn core[a373ad73a504971]::future::future::Future<Output = ()>>>
[INFO] [stdout]   19:     0x5ba0048a666e - <integration_test_datapipe[db69427d63fc85c1]::integration_test_verify_config_valid::{closure#0} as core[a373ad73a504971]::ops::function::FnOnce<()>>::call_once
[INFO] [stdout]   20:     0x5ba0048b46bb - test[aada8e7e76ba119b]::__rust_begin_short_backtrace::<core[a373ad73a504971]::result::Result<(), alloc[2e1b2a31b91974c5]::string::String>, fn() -> core[a373ad73a504971]::result::Result<(), alloc[2e1b2a31b91974c5]::string::String>>
[INFO] [stdout]   21:     0x5ba0048c1895 - test[aada8e7e76ba119b]::run_test::{closure#0}
[INFO] [stdout]   22:     0x5ba0048bb184 - std[617be2ca0a6fd877]::sys::backtrace::__rust_begin_short_backtrace::<test[aada8e7e76ba119b]::run_test::{closure#1}, ()>
[INFO] [stdout]   23:     0x5ba0048c4922 - <std[617be2ca0a6fd877]::thread::lifecycle::spawn_unchecked<test[aada8e7e76ba119b]::run_test::{closure#1}, ()>::{closure#1} as core[a373ad73a504971]::ops::function::FnOnce<()>>::call_once::{shim:vtable#0}
[INFO] [stdout]   24:     0x5ba004956bcf - <std[617be2ca0a6fd877]::sys::thread::unix::Thread>::new::thread_start
[INFO] [stdout]   25:     0x72be57e1bdfa - <unknown>
[INFO] [stdout]   26:     0x72be57eaf3d4 - clone
[INFO] [stdout]   27:                0x0 - <unknown>
[INFO] [stdout] 
[INFO] [stdout] ---- integration_test_copy_file stdout ----
[INFO] [stdout] 
[INFO] [stdout] thread 'integration_test_copy_file' (3015) panicked at tests/integration_test_datapipe.rs:39:33:
[INFO] [stdout] called `Result::unwrap()` on an `Err` value: Os { code: 2, kind: NotFound, message: "No such file or directory" }
[INFO] [stdout] stack backtrace:
[INFO] [stdout]    0:     0x5ba004957871 - <<std[617be2ca0a6fd877]::sys::backtrace::BacktraceLock>::print::DisplayBacktrace as core[a373ad73a504971]::fmt::Display>::fmt
[INFO] [stdout]    1:     0x5ba00496cb1a - core[a373ad73a504971]::fmt::write
[INFO] [stdout]    2:     0x5ba00495bcbc - <alloc[2e1b2a31b91974c5]::vec::Vec<u8> as core[a373ad73a504971]::io::write::Write>::write_fmt
[INFO] [stdout]    3:     0x5ba004932d06 - std[617be2ca0a6fd877]::panicking::default_hook::{closure#0}
[INFO] [stdout]    4:     0x5ba00494f779 - std[617be2ca0a6fd877]::panicking::default_hook
[INFO] [stdout]    5:     0x5ba0048c1270 - test[aada8e7e76ba119b]::test_main_inner::{closure#0}
[INFO] [stdout]    6:     0x5ba00494faa2 - std[617be2ca0a6fd877]::panicking::panic_with_hook
[INFO] [stdout]    7:     0x5ba004932db2 - std[617be2ca0a6fd877]::panicking::panic_handler::{closure#0}
[INFO] [stdout]    8:     0x5ba00492b889 - std[617be2ca0a6fd877]::sys::backtrace::__rust_end_short_backtrace::<std[617be2ca0a6fd877]::panicking::panic_handler::{closure#0}, !>
[INFO] [stdout]    9:     0x5ba0049339bd - __rustc[ea4f61d10b84890b]::rust_begin_unwind
[INFO] [stdout]   10:     0x5ba00496d27c - core[a373ad73a504971]::panicking::panic_fmt
[INFO] [stdout]   11:     0x5ba00496d052 - core[a373ad73a504971]::result::unwrap_failed
[INFO] [stdout]   12:     0x5ba00489c4a1 - integration_test_datapipe[db69427d63fc85c1]::run_datapipe_status::{closure#0}
[INFO] [stdout]   13:     0x5ba00489b7f0 - integration_test_datapipe[db69427d63fc85c1]::run_datapipe::{closure#0}
[INFO] [stdout]   14:     0x5ba00489d194 - integration_test_datapipe[db69427d63fc85c1]::integration_test_copy_file::{closure#0}
[INFO] [stdout]   15:     0x5ba0048ae293 - <tokio[64e12927afab92b1]::runtime::scheduler::current_thread::Context>::enter::<core[a373ad73a504971]::task::poll::Poll<()>, <tokio[64e12927afab92b1]::runtime::scheduler::current_thread::CoreGuard>::block_on<core[a373ad73a504971]::pin::Pin<&mut core[a373ad73a504971]::pin::Pin<&mut dyn core[a373ad73a504971]::future::future::Future<Output = ()>>>>::{closure#0}::{closure#0}>
[INFO] [stdout]   16:     0x5ba0048b363c - <tokio[64e12927afab92b1]::runtime::context::scoped::Scoped<tokio[64e12927afab92b1]::runtime::scheduler::Context>>::set::<<tokio[64e12927afab92b1]::runtime::scheduler::current_thread::CoreGuard>::enter<<tokio[64e12927afab92b1]::runtime::scheduler::current_thread::CoreGuard>::block_on<core[a373ad73a504971]::pin::Pin<&mut core[a373ad73a504971]::pin::Pin<&mut dyn core[a373ad73a504971]::future::future::Future<Output = ()>>>>::{closure#0}, core[a373ad73a504971]::option::Option<()>>::{closure#0}, (alloc[2e1b2a31b91974c5]::boxed::Box<tokio[64e12927afab92b1]::runtime::scheduler::current_thread::Core>, core[a373ad73a504971]::option::Option<()>)>
[INFO] [stdout]   17:     0x5ba0048ae537 - <tokio[64e12927afab92b1]::runtime::scheduler::current_thread::CoreGuard>::block_on::<core[a373ad73a504971]::pin::Pin<&mut core[a373ad73a504971]::pin::Pin<&mut dyn core[a373ad73a504971]::future::future::Future<Output = ()>>>>
[INFO] [stdout]   18:     0x5ba0048b1ddb - tokio[64e12927afab92b1]::runtime::context::runtime::enter_runtime::<<tokio[64e12927afab92b1]::runtime::scheduler::current_thread::CurrentThread>::block_on<core[a373ad73a504971]::pin::Pin<&mut dyn core[a373ad73a504971]::future::future::Future<Output = ()>>>::{closure#0}, ()>
[INFO] [stdout]   19:     0x5ba0048afd75 - <tokio[64e12927afab92b1]::runtime::runtime::Runtime>::block_on::<core[a373ad73a504971]::pin::Pin<&mut dyn core[a373ad73a504971]::future::future::Future<Output = ()>>>
[INFO] [stdout]   20:     0x5ba0048a5f8e - <integration_test_datapipe[db69427d63fc85c1]::integration_test_copy_file::{closure#0} as core[a373ad73a504971]::ops::function::FnOnce<()>>::call_once
[INFO] [stdout]   21:     0x5ba0048b46bb - test[aada8e7e76ba119b]::__rust_begin_short_backtrace::<core[a373ad73a504971]::result::Result<(), alloc[2e1b2a31b91974c5]::string::String>, fn() -> core[a373ad73a504971]::result::Result<(), alloc[2e1b2a31b91974c5]::string::String>>
[INFO] [stdout]   22:     0x5ba0048c1895 - test[aada8e7e76ba119b]::run_test::{closure#0}
[INFO] [stdout]   23:     0x5ba0048bb184 - std[617be2ca0a6fd877]::sys::backtrace::__rust_begin_short_backtrace::<test[aada8e7e76ba119b]::run_test::{closure#1}, ()>
[INFO] [stdout]   24:     0x5ba0048c4922 - <std[617be2ca0a6fd877]::thread::lifecycle::spawn_unchecked<test[aada8e7e76ba119b]::run_test::{closure#1}, ()>::{closure#1} as core[a373ad73a504971]::ops::function::FnOnce<()>>::call_once::{shim:vtable#0}
[INFO] [stdout]   25:     0x5ba004956bcf - <std[617be2ca0a6fd877]::sys::thread::unix::Thread>::new::thread_start
[INFO] [stdout]   26:     0x72be57e1bdfa - <unknown>
[INFO] [stdout]   27:     0x72be57eaf3d4 - clone
[INFO] [stdout]   28:                0x0 - <unknown>
[INFO] [stdout] 
[INFO] [stdout] ---- integration_test_uucp_file stdout ----
[INFO] [stdout] uucp using port 55640
[INFO] [stdout] 
[INFO] [stdout] thread 'integration_test_uucp_file' (3020) panicked at tests/integration_test_datapipe.rs:39:33:
[INFO] [stdout] called `Result::unwrap()` on an `Err` value: Os { code: 2, kind: NotFound, message: "No such file or directory" }
[INFO] [stdout] stack backtrace:
[INFO] [stdout]    0:     0x5ba004957871 - <<std[617be2ca0a6fd877]::sys::backtrace::BacktraceLock>::print::DisplayBacktrace as core[a373ad73a504971]::fmt::Display>::fmt
[INFO] [stdout]    1:     0x5ba00496cb1a - core[a373ad73a504971]::fmt::write
[INFO] [stdout]    2:     0x5ba00495bcbc - <alloc[2e1b2a31b91974c5]::vec::Vec<u8> as core[a373ad73a504971]::io::write::Write>::write_fmt
[INFO] [stdout]    3:     0x5ba004932d06 - std[617be2ca0a6fd877]::panicking::default_hook::{closure#0}
[INFO] [stdout]    4:     0x5ba00494f779 - std[617be2ca0a6fd877]::panicking::default_hook
[INFO] [stdout]    5:     0x5ba0048c1270 - test[aada8e7e76ba119b]::test_main_inner::{closure#0}
[INFO] [stdout]    6:     0x5ba00494faa2 - std[617be2ca0a6fd877]::panicking::panic_with_hook
[INFO] [stdout]    7:     0x5ba004932db2 - std[617be2ca0a6fd877]::panicking::panic_handler::{closure#0}
[INFO] [stdout]    8:     0x5ba00492b889 - std[617be2ca0a6fd877]::sys::backtrace::__rust_end_short_backtrace::<std[617be2ca0a6fd877]::panicking::panic_handler::{closure#0}, !>
[INFO] [stdout]    9:     0x5ba0049339bd - __rustc[ea4f61d10b84890b]::rust_begin_unwind
[INFO] [stdout]   10:     0x5ba00496d27c - core[a373ad73a504971]::panicking::panic_fmt
[INFO] [stdout]   11:     0x5ba00496d052 - core[a373ad73a504971]::result::unwrap_failed
[INFO] [stdout]   12:     0x5ba0048ad0a8 - integration_test_datapipe[db69427d63fc85c1]::run_datapipe::{closure#0}
[INFO] [stdout]   13:     0x5ba0048adfc7 - <tokio[64e12927afab92b1]::runtime::task::core::Core<integration_test_datapipe[db69427d63fc85c1]::run_datapipe::{closure#0}, alloc[2e1b2a31b91974c5]::sync::Arc<tokio[64e12927afab92b1]::runtime::scheduler::multi_thread::handle::Handle>>>::poll
[INFO] [stdout]   14:     0x5ba0048a91af - <tokio[64e12927afab92b1]::runtime::task::harness::Harness<integration_test_datapipe[db69427d63fc85c1]::run_datapipe::{closure#0}, alloc[2e1b2a31b91974c5]::sync::Arc<tokio[64e12927afab92b1]::runtime::scheduler::current_thread::Handle>>>::poll
[INFO] [stdout]   15:     0x5ba00490cc2c - <tokio[64e12927afab92b1]::runtime::scheduler::current_thread::Context>::run_task
[INFO] [stdout]   16:     0x5ba0048b3692 - <tokio[64e12927afab92b1]::runtime::context::scoped::Scoped<tokio[64e12927afab92b1]::runtime::scheduler::Context>>::set::<<tokio[64e12927afab92b1]::runtime::scheduler::current_thread::CoreGuard>::enter<<tokio[64e12927afab92b1]::runtime::scheduler::current_thread::CoreGuard>::block_on<core[a373ad73a504971]::pin::Pin<&mut core[a373ad73a504971]::pin::Pin<&mut dyn core[a373ad73a504971]::future::future::Future<Output = ()>>>>::{closure#0}, core[a373ad73a504971]::option::Option<()>>::{closure#0}, (alloc[2e1b2a31b91974c5]::boxed::Box<tokio[64e12927afab92b1]::runtime::scheduler::current_thread::Core>, core[a373ad73a504971]::option::Option<()>)>
[INFO] [stdout]   17:     0x5ba0048ae537 - <tokio[64e12927afab92b1]::runtime::scheduler::current_thread::CoreGuard>::block_on::<core[a373ad73a504971]::pin::Pin<&mut core[a373ad73a504971]::pin::Pin<&mut dyn core[a373ad73a504971]::future::future::Future<Output = ()>>>>
[INFO] [stdout]   18:     0x5ba0048b1ddb - tokio[64e12927afab92b1]::runtime::context::runtime::enter_runtime::<<tokio[64e12927afab92b1]::runtime::scheduler::current_thread::CurrentThread>::block_on<core[a373ad73a504971]::pin::Pin<&mut dyn core[a373ad73a504971]::future::future::Future<Output = ()>>>::{closure#0}, ()>
[INFO] [stdout]   19:     0x5ba0048afd75 - <tokio[64e12927afab92b1]::runtime::runtime::Runtime>::block_on::<core[a373ad73a504971]::pin::Pin<&mut dyn core[a373ad73a504971]::future::future::Future<Output = ()>>>
[INFO] [stdout]   20:     0x5ba0048a60ee - <integration_test_datapipe[db69427d63fc85c1]::integration_test_uucp_file::{closure#0} as core[a373ad73a504971]::ops::function::FnOnce<()>>::call_once
[INFO] [stdout]   21:     0x5ba0048b46bb - test[aada8e7e76ba119b]::__rust_begin_short_backtrace::<core[a373ad73a504971]::result::Result<(), alloc[2e1b2a31b91974c5]::string::String>, fn() -> core[a373ad73a504971]::result::Result<(), alloc[2e1b2a31b91974c5]::string::String>>
[INFO] [stdout]   22:     0x5ba0048c1895 - test[aada8e7e76ba119b]::run_test::{closure#0}
[INFO] [stdout]   23:     0x5ba0048bb184 - std[617be2ca0a6fd877]::sys::backtrace::__rust_begin_short_backtrace::<test[aada8e7e76ba119b]::run_test::{closure#1}, ()>
[INFO] [stdout]   24:     0x5ba0048c4922 - <std[617be2ca0a6fd877]::thread::lifecycle::spawn_unchecked<test[aada8e7e76ba119b]::run_test::{closure#1}, ()>::{closure#1} as core[a373ad73a504971]::ops::function::FnOnce<()>>::call_once::{shim:vtable#0}
[INFO] [stdout]   25:     0x5ba004956bcf - <std[617be2ca0a6fd877]::sys::thread::unix::Thread>::new::thread_start
[INFO] [stdout]   26:     0x72be57e1bdfa - <unknown>
[INFO] [stdout]   27:     0x72be57eaf3d4 - clone
[INFO] [stdout]   28:                0x0 - <unknown>
[INFO] [stdout] 
[INFO] [stdout] thread 'integration_test_uucp_file' (3020) panicked at tests/integration_test_datapipe.rs:39:33:
[INFO] [stdout] called `Result::unwrap()` on an `Err` value: Os { code: 2, kind: NotFound, message: "No such file or directory" }
[INFO] [stdout] stack backtrace:
[INFO] [stdout]    0:     0x5ba004957871 - <<std[617be2ca0a6fd877]::sys::backtrace::BacktraceLock>::print::DisplayBacktrace as core[a373ad73a504971]::fmt::Display>::fmt
[INFO] [stdout]    1:     0x5ba00496cb1a - core[a373ad73a504971]::fmt::write
[INFO] [stdout]    2:     0x5ba00495bcbc - <alloc[2e1b2a31b91974c5]::vec::Vec<u8> as core[a373ad73a504971]::io::write::Write>::write_fmt
[INFO] [stdout]    3:     0x5ba004932d06 - std[617be2ca0a6fd877]::panicking::default_hook::{closure#0}
[INFO] [stdout]    4:     0x5ba00494f779 - std[617be2ca0a6fd877]::panicking::default_hook
[INFO] [stdout]    5:     0x5ba0048c1270 - test[aada8e7e76ba119b]::test_main_inner::{closure#0}
[INFO] [stdout]    6:     0x5ba00494faa2 - std[617be2ca0a6fd877]::panicking::panic_with_hook
[INFO] [stdout]    7:     0x5ba004932db2 - std[617be2ca0a6fd877]::panicking::panic_handler::{closure#0}
[INFO] [stdout]    8:     0x5ba00492b889 - std[617be2ca0a6fd877]::sys::backtrace::__rust_end_short_backtrace::<std[617be2ca0a6fd877]::panicking::panic_handler::{closure#0}, !>
[INFO] [stdout]    9:     0x5ba0049339bd - __rustc[ea4f61d10b84890b]::rust_begin_unwind
[INFO] [stdout]   10:     0x5ba00496d27c - core[a373ad73a504971]::panicking::panic_fmt
[INFO] [stdout]   11:     0x5ba00496d052 - core[a373ad73a504971]::result::unwrap_failed
[INFO] [stdout]   12:     0x5ba0048ad0a8 - integration_test_datapipe[db69427d63fc85c1]::run_datapipe::{closure#0}
[INFO] [stdout]   13:     0x5ba0048adfc7 - <tokio[64e12927afab92b1]::runtime::task::core::Core<integration_test_datapipe[db69427d63fc85c1]::run_datapipe::{closure#0}, alloc[2e1b2a31b91974c5]::sync::Arc<tokio[64e12927afab92b1]::runtime::scheduler::multi_thread::handle::Handle>>>::poll
[INFO] [stdout]   14:     0x5ba0048a91af - <tokio[64e12927afab92b1]::runtime::task::harness::Harness<integration_test_datapipe[db69427d63fc85c1]::run_datapipe::{closure#0}, alloc[2e1b2a31b91974c5]::sync::Arc<tokio[64e12927afab92b1]::runtime::scheduler::current_thread::Handle>>>::poll
[INFO] [stdout]   15:     0x5ba00490cc2c - <tokio[64e12927afab92b1]::runtime::scheduler::current_thread::Context>::run_task
[INFO] [stdout]   16:     0x5ba0048b3692 - <tokio[64e12927afab92b1]::runtime::context::scoped::Scoped<tokio[64e12927afab92b1]::runtime::scheduler::Context>>::set::<<tokio[64e12927afab92b1]::runtime::scheduler::current_thread::CoreGuard>::enter<<tokio[64e12927afab92b1]::runtime::scheduler::current_thread::CoreGuard>::block_on<core[a373ad73a504971]::pin::Pin<&mut core[a373ad73a504971]::pin::Pin<&mut dyn core[a373ad73a504971]::future::future::Future<Output = ()>>>>::{closure#0}, core[a373ad73a504971]::option::Option<()>>::{closure#0}, (alloc[2e1b2a31b91974c5]::boxed::Box<tokio[64e12927afab92b1]::runtime::scheduler::current_thread::Core>, core[a373ad73a504971]::option::Option<()>)>
[INFO] [stdout]   17:     0x5ba0048ae537 - <tokio[64e12927afab92b1]::runtime::scheduler::current_thread::CoreGuard>::block_on::<core[a373ad73a504971]::pin::Pin<&mut core[a373ad73a504971]::pin::Pin<&mut dyn core[a373ad73a504971]::future::future::Future<Output = ()>>>>
[INFO] [stdout]   18:     0x5ba0048b1ddb - tokio[64e12927afab92b1]::runtime::context::runtime::enter_runtime::<<tokio[64e12927afab92b1]::runtime::scheduler::current_thread::CurrentThread>::block_on<core[a373ad73a504971]::pin::Pin<&mut dyn core[a373ad73a504971]::future::future::Future<Output = ()>>>::{closure#0}, ()>
[INFO] [stdout]   19:     0x5ba0048afd75 - <tokio[64e12927afab92b1]::runtime::runtime::Runtime>::block_on::<core[a373ad73a504971]::pin::Pin<&mut dyn core[a373ad73a504971]::future::future::Future<Output = ()>>>
[INFO] [stdout]   20:     0x5ba0048a60ee - <integration_test_datapipe[db69427d63fc85c1]::integration_test_uucp_file::{closure#0} as core[a373ad73a504971]::ops::function::FnOnce<()>>::call_once
[INFO] [stdout]   21:     0x5ba0048b46bb - test[aada8e7e76ba119b]::__rust_begin_short_backtrace::<core[a373ad73a504971]::result::Result<(), alloc[2e1b2a31b91974c5]::string::String>, fn() -> core[a373ad73a504971]::result::Result<(), alloc[2e1b2a31b91974c5]::string::String>>
[INFO] [stdout]   22:     0x5ba0048c1895 - test[aada8e7e76ba119b]::run_test::{closure#0}
[INFO] [stdout]   23:     0x5ba0048bb184 - std[617be2ca0a6fd877]::sys::backtrace::__rust_begin_short_backtrace::<test[aada8e7e76ba119b]::run_test::{closure#1}, ()>
[INFO] [stdout]   24:     0x5ba0048c4922 - <std[617be2ca0a6fd877]::thread::lifecycle::spawn_unchecked<test[aada8e7e76ba119b]::run_test::{closure#1}, ()>::{closure#1} as core[a373ad73a504971]::ops::function::FnOnce<()>>::call_once::{shim:vtable#0}
[INFO] [stdout]   25:     0x5ba004956bcf - <std[617be2ca0a6fd877]::sys::thread::unix::Thread>::new::thread_start
[INFO] [stdout]   26:     0x72be57e1bdfa - <unknown>
[INFO] [stdout]   27:     0x72be57eaf3d4 - clone
[INFO] [stdout]   28:                0x0 - <unknown>
[INFO] [stdout] 
[INFO] [stdout] thread 'integration_test_uucp_file' (3020) panicked at tests/integration_test_datapipe.rs:132:5:
[INFO] [stdout] assertion failed: output_file_path.exists()
[INFO] [stdout] stack backtrace:
[INFO] [stdout]    0:     0x5ba004957871 - <<std[617be2ca0a6fd877]::sys::backtrace::BacktraceLock>::print::DisplayBacktrace as core[a373ad73a504971]::fmt::Display>::fmt
[INFO] [stdout]    1:     0x5ba00496cb1a - core[a373ad73a504971]::fmt::write
[INFO] [stdout]    2:     0x5ba00495bcbc - <alloc[2e1b2a31b91974c5]::vec::Vec<u8> as core[a373ad73a504971]::io::write::Write>::write_fmt
[INFO] [stdout]    3:     0x5ba004932d06 - std[617be2ca0a6fd877]::panicking::default_hook::{closure#0}
[INFO] [stdout]    4:     0x5ba00494f779 - std[617be2ca0a6fd877]::panicking::default_hook
[INFO] [stdout]    5:     0x5ba0048c1270 - test[aada8e7e76ba119b]::test_main_inner::{closure#0}
[INFO] [stdout]    6:     0x5ba00494faa2 - std[617be2ca0a6fd877]::panicking::panic_with_hook
[INFO] [stdout]    7:     0x5ba004932de4 - std[617be2ca0a6fd877]::panicking::panic_handler::{closure#0}
[INFO] [stdout]    8:     0x5ba00492b889 - std[617be2ca0a6fd877]::sys::backtrace::__rust_end_short_backtrace::<std[617be2ca0a6fd877]::panicking::panic_handler::{closure#0}, !>
[INFO] [stdout]    9:     0x5ba0049339bd - __rustc[ea4f61d10b84890b]::rust_begin_unwind
[INFO] [stdout]   10:     0x5ba00496d27c - core[a373ad73a504971]::panicking::panic_fmt
[INFO] [stdout]   11:     0x5ba00496d242 - core[a373ad73a504971]::panicking::panic
[INFO] [stdout]   12:     0x5ba00489eb35 - integration_test_datapipe[db69427d63fc85c1]::integration_test_uucp_file::{closure#0}
[INFO] [stdout]   13:     0x5ba0048ae293 - <tokio[64e12927afab92b1]::runtime::scheduler::current_thread::Context>::enter::<core[a373ad73a504971]::task::poll::Poll<()>, <tokio[64e12927afab92b1]::runtime::scheduler::current_thread::CoreGuard>::block_on<core[a373ad73a504971]::pin::Pin<&mut core[a373ad73a504971]::pin::Pin<&mut dyn core[a373ad73a504971]::future::future::Future<Output = ()>>>>::{closure#0}::{closure#0}>
[INFO] [stdout]   14:     0x5ba0048b363c - <tokio[64e12927afab92b1]::runtime::context::scoped::Scoped<tokio[64e12927afab92b1]::runtime::scheduler::Context>>::set::<<tokio[64e12927afab92b1]::runtime::scheduler::current_thread::CoreGuard>::enter<<tokio[64e12927afab92b1]::runtime::scheduler::current_thread::CoreGuard>::block_on<core[a373ad73a504971]::pin::Pin<&mut core[a373ad73a504971]::pin::Pin<&mut dyn core[a373ad73a504971]::future::future::Future<Output = ()>>>>::{closure#0}, core[a373ad73a504971]::option::Option<()>>::{closure#0}, (alloc[2e1b2a31b91974c5]::boxed::Box<tokio[64e12927afab92b1]::runtime::scheduler::current_thread::Core>, core[a373ad73a504971]::option::Option<()>)>
[INFO] [stdout]   15:     0x5ba0048ae537 - <tokio[64e12927afab92b1]::runtime::scheduler::current_thread::CoreGuard>::block_on::<core[a373ad73a504971]::pin::Pin<&mut core[a373ad73a504971]::pin::Pin<&mut dyn core[a373ad73a504971]::future::future::Future<Output = ()>>>>
[INFO] [stdout]   16:     0x5ba0048b1ddb - tokio[64e12927afab92b1]::runtime::context::runtime::enter_runtime::<<tokio[64e12927afab92b1]::runtime::scheduler::current_thread::CurrentThread>::block_on<core[a373ad73a504971]::pin::Pin<&mut dyn core[a373ad73a504971]::future::future::Future<Output = ()>>>::{closure#0}, ()>
[INFO] [stdout]   17:     0x5ba0048afd75 - <tokio[64e12927afab92b1]::runtime::runtime::Runtime>::block_on::<core[a373ad73a504971]::pin::Pin<&mut dyn core[a373ad73a504971]::future::future::Future<Output = ()>>>
[INFO] [stdout]   18:     0x5ba0048a60ee - <integration_test_datapipe[db69427d63fc85c1]::integration_test_uucp_file::{closure#0} as core[a373ad73a504971]::ops::function::FnOnce<()>>::call_once
[INFO] [stdout]   19:     0x5ba0048b46bb - test[aada8e7e76ba119b]::__rust_begin_short_backtrace::<core[a373ad73a504971]::result::Result<(), alloc[2e1b2a31b91974c5]::string::String>, fn() -> core[a373ad73a504971]::result::Result<(), alloc[2e1b2a31b91974c5]::string::String>>
[INFO] [stdout]   20:     0x5ba0048c1895 - test[aada8e7e76ba119b]::run_test::{closure#0}
[INFO] [stdout]   21:     0x5ba0048bb184 - std[617be2ca0a6fd877]::sys::backtrace::__rust_begin_short_backtrace::<test[aada8e7e76ba119b]::run_test::{closure#1}, ()>
[INFO] [stdout]   22:     0x5ba0048c4922 - <std[617be2ca0a6fd877]::thread::lifecycle::spawn_unchecked<test[aada8e7e76ba119b]::run_test::{closure#1}, ()>::{closure#1} as core[a373ad73a504971]::ops::function::FnOnce<()>>::call_once::{shim:vtable#0}
[INFO] [stdout]   23:     0x5ba004956bcf - <std[617be2ca0a6fd877]::sys::thread::unix::Thread>::new::thread_start
[INFO] [stdout]   24:     0x72be57e1bdfa - <unknown>
[INFO] [stdout]   25:     0x72be57eaf3d4 - clone
[INFO] [stdout]   26:                0x0 - <unknown>
[INFO] [stdout] 
[INFO] [stdout] ---- integration_test_strong_scp_file stdout ----
[INFO] [stdout] scp using port 55106
[INFO] [stdout] 
[INFO] [stdout] thread 'integration_test_strong_scp_file' (3018) panicked at tests/integration_test_datapipe.rs:39:33:
[INFO] [stdout] called `Result::unwrap()` on an `Err` value: Os { code: 2, kind: NotFound, message: "No such file or directory" }
[INFO] [stdout] stack backtrace:
[INFO] [stdout]    0:     0x5ba004957871 - <<std[617be2ca0a6fd877]::sys::backtrace::BacktraceLock>::print::DisplayBacktrace as core[a373ad73a504971]::fmt::Display>::fmt
[INFO] [stdout]    1:     0x5ba00496cb1a - core[a373ad73a504971]::fmt::write
[INFO] [stdout]    2:     0x5ba00495bcbc - <alloc[2e1b2a31b91974c5]::vec::Vec<u8> as core[a373ad73a504971]::io::write::Write>::write_fmt
[INFO] [stdout]    3:     0x5ba004932d06 - std[617be2ca0a6fd877]::panicking::default_hook::{closure#0}
[INFO] [stdout]    4:     0x5ba00494f779 - std[617be2ca0a6fd877]::panicking::default_hook
[INFO] [stdout]    5:     0x5ba0048c1270 - test[aada8e7e76ba119b]::test_main_inner::{closure#0}
[INFO] [stdout]    6:     0x5ba00494faa2 - std[617be2ca0a6fd877]::panicking::panic_with_hook
[INFO] [stdout]    7:     0x5ba004932db2 - std[617be2ca0a6fd877]::panicking::panic_handler::{closure#0}
[INFO] [stdout]    8:     0x5ba00492b889 - std[617be2ca0a6fd877]::sys::backtrace::__rust_end_short_backtrace::<std[617be2ca0a6fd877]::panicking::panic_handler::{closure#0}, !>
[INFO] [stdout]    9:     0x5ba0049339bd - __rustc[ea4f61d10b84890b]::rust_begin_unwind
[INFO] [stdout]   10:     0x5ba00496d27c - core[a373ad73a504971]::panicking::panic_fmt
[INFO] [stdout]   11:     0x5ba00496d052 - core[a373ad73a504971]::result::unwrap_failed
[INFO] [stdout]   12:     0x5ba0048ad0a8 - integration_test_datapipe[db69427d63fc85c1]::run_datapipe::{closure#0}
[INFO] [stdout]   13:     0x5ba0048adfc7 - <tokio[64e12927afab92b1]::runtime::task::core::Core<integration_test_datapipe[db69427d63fc85c1]::run_datapipe::{closure#0}, alloc[2e1b2a31b91974c5]::sync::Arc<tokio[64e12927afab92b1]::runtime::scheduler::multi_thread::handle::Handle>>>::poll
[INFO] [stdout]   14:     0x5ba0048a91af - <tokio[64e12927afab92b1]::runtime::task::harness::Harness<integration_test_datapipe[db69427d63fc85c1]::run_datapipe::{closure#0}, alloc[2e1b2a31b91974c5]::sync::Arc<tokio[64e12927afab92b1]::runtime::scheduler::current_thread::Handle>>>::poll
[INFO] [stdout]   15:     0x5ba00490cc2c - <tokio[64e12927afab92b1]::runtime::scheduler::current_thread::Context>::run_task
[INFO] [stdout]   16:     0x5ba0048b3692 - <tokio[64e12927afab92b1]::runtime::context::scoped::Scoped<tokio[64e12927afab92b1]::runtime::scheduler::Context>>::set::<<tokio[64e12927afab92b1]::runtime::scheduler::current_thread::CoreGuard>::enter<<tokio[64e12927afab92b1]::runtime::scheduler::current_thread::CoreGuard>::block_on<core[a373ad73a504971]::pin::Pin<&mut core[a373ad73a504971]::pin::Pin<&mut dyn core[a373ad73a504971]::future::future::Future<Output = ()>>>>::{closure#0}, core[a373ad73a504971]::option::Option<()>>::{closure#0}, (alloc[2e1b2a31b91974c5]::boxed::Box<tokio[64e12927afab92b1]::runtime::scheduler::current_thread::Core>, core[a373ad73a504971]::option::Option<()>)>
[INFO] [stdout]   17:     0x5ba0048ae537 - <tokio[64e12927afab92b1]::runtime::scheduler::current_thread::CoreGuard>::block_on::<core[a373ad73a504971]::pin::Pin<&mut core[a373ad73a504971]::pin::Pin<&mut dyn core[a373ad73a504971]::future::future::Future<Output = ()>>>>
[INFO] [stdout]   18:     0x5ba0048b1ddb - tokio[64e12927afab92b1]::runtime::context::runtime::enter_runtime::<<tokio[64e12927afab92b1]::runtime::scheduler::current_thread::CurrentThread>::block_on<core[a373ad73a504971]::pin::Pin<&mut dyn core[a373ad73a504971]::future::future::Future<Output = ()>>>::{closure#0}, ()>
[INFO] [stdout]   19:     0x5ba0048afd75 - <tokio[64e12927afab92b1]::runtime::runtime::Runtime>::block_on::<core[a373ad73a504971]::pin::Pin<&mut dyn core[a373ad73a504971]::future::future::Future<Output = ()>>>
[INFO] [stdout]   20:     0x5ba0048a650e - <integration_test_datapipe[db69427d63fc85c1]::integration_test_strong_scp_file::{closure#0} as core[a373ad73a504971]::ops::function::FnOnce<()>>::call_once
[INFO] [stdout]   21:     0x5ba0048b46bb - test[aada8e7e76ba119b]::__rust_begin_short_backtrace::<core[a373ad73a504971]::result::Result<(), alloc[2e1b2a31b91974c5]::string::String>, fn() -> core[a373ad73a504971]::result::Result<(), alloc[2e1b2a31b91974c5]::string::String>>
[INFO] [stdout]   22:     0x5ba0048c1895 - test[aada8e7e76ba119b]::run_test::{closure#0}
[INFO] [stdout]   23:     0x5ba0048bb184 - std[617be2ca0a6fd877]::sys::backtrace::__rust_begin_short_backtrace::<test[aada8e7e76ba119b]::run_test::{closure#1}, ()>
[INFO] [stdout]   24:     0x5ba0048c4922 - <std[617be2ca0a6fd877]::thread::lifecycle::spawn_unchecked<test[aada8e7e76ba119b]::run_test::{closure#1}, ()>::{closure#1} as core[a373ad73a504971]::ops::function::FnOnce<()>>::call_once::{shim:vtable#0}
[INFO] [stdout]   25:     0x5ba004956bcf - <std[617be2ca0a6fd877]::sys::thread::unix::Thread>::new::thread_start
[INFO] [stdout]   26:     0x72be57e1bdfa - <unknown>
[INFO] [stdout]   27:     0x72be57eaf3d4 - clone
[INFO] [stdout]   28:                0x0 - <unknown>
[INFO] [stdout] 
[INFO] [stdout] thread 'integration_test_strong_scp_file' (3018) panicked at tests/integration_test_datapipe.rs:39:33:
[INFO] [stdout] called `Result::unwrap()` on an `Err` value: Os { code: 2, kind: NotFound, message: "No such file or directory" }
[INFO] [stdout] stack backtrace:
[INFO] [stdout]    0:     0x5ba004957871 - <<std[617be2ca0a6fd877]::sys::backtrace::BacktraceLock>::print::DisplayBacktrace as core[a373ad73a504971]::fmt::Display>::fmt
[INFO] [stdout]    1:     0x5ba00496cb1a - core[a373ad73a504971]::fmt::write
[INFO] [stdout]    2:     0x5ba00495bcbc - <alloc[2e1b2a31b91974c5]::vec::Vec<u8> as core[a373ad73a504971]::io::write::Write>::write_fmt
[INFO] [stdout]    3:     0x5ba004932d06 - std[617be2ca0a6fd877]::panicking::default_hook::{closure#0}
[INFO] [stdout]    4:     0x5ba00494f779 - std[617be2ca0a6fd877]::panicking::default_hook
[INFO] [stdout]    5:     0x5ba0048c1270 - test[aada8e7e76ba119b]::test_main_inner::{closure#0}
[INFO] [stdout]    6:     0x5ba00494faa2 - std[617be2ca0a6fd877]::panicking::panic_with_hook
[INFO] [stdout]    7:     0x5ba004932db2 - std[617be2ca0a6fd877]::panicking::panic_handler::{closure#0}
[INFO] [stdout]    8:     0x5ba00492b889 - std[617be2ca0a6fd877]::sys::backtrace::__rust_end_short_backtrace::<std[617be2ca0a6fd877]::panicking::panic_handler::{closure#0}, !>
[INFO] [stdout]    9:     0x5ba0049339bd - __rustc[ea4f61d10b84890b]::rust_begin_unwind
[INFO] [stdout]   10:     0x5ba00496d27c - core[a373ad73a504971]::panicking::panic_fmt
[INFO] [stdout]   11:     0x5ba00496d052 - core[a373ad73a504971]::result::unwrap_failed
[INFO] [stdout]   12:     0x5ba0048ad0a8 - integration_test_datapipe[db69427d63fc85c1]::run_datapipe::{closure#0}
[INFO] [stdout]   13:     0x5ba0048adfc7 - <tokio[64e12927afab92b1]::runtime::task::core::Core<integration_test_datapipe[db69427d63fc85c1]::run_datapipe::{closure#0}, alloc[2e1b2a31b91974c5]::sync::Arc<tokio[64e12927afab92b1]::runtime::scheduler::multi_thread::handle::Handle>>>::poll
[INFO] [stdout]   14:     0x5ba0048a91af - <tokio[64e12927afab92b1]::runtime::task::harness::Harness<integration_test_datapipe[db69427d63fc85c1]::run_datapipe::{closure#0}, alloc[2e1b2a31b91974c5]::sync::Arc<tokio[64e12927afab92b1]::runtime::scheduler::current_thread::Handle>>>::poll
[INFO] [stdout]   15:     0x5ba00490cc2c - <tokio[64e12927afab92b1]::runtime::scheduler::current_thread::Context>::run_task
[INFO] [stdout]   16:     0x5ba0048b3692 - <tokio[64e12927afab92b1]::runtime::context::scoped::Scoped<tokio[64e12927afab92b1]::runtime::scheduler::Context>>::set::<<tokio[64e12927afab92b1]::runtime::scheduler::current_thread::CoreGuard>::enter<<tokio[64e12927afab92b1]::runtime::scheduler::current_thread::CoreGuard>::block_on<core[a373ad73a504971]::pin::Pin<&mut core[a373ad73a504971]::pin::Pin<&mut dyn core[a373ad73a504971]::future::future::Future<Output = ()>>>>::{closure#0}, core[a373ad73a504971]::option::Option<()>>::{closure#0}, (alloc[2e1b2a31b91974c5]::boxed::Box<tokio[64e12927afab92b1]::runtime::scheduler::current_thread::Core>, core[a373ad73a504971]::option::Option<()>)>
[INFO] [stdout]   17:     0x5ba0048ae537 - <tokio[64e12927afab92b1]::runtime::scheduler::current_thread::CoreGuard>::block_on::<core[a373ad73a504971]::pin::Pin<&mut core[a373ad73a504971]::pin::Pin<&mut dyn core[a373ad73a504971]::future::future::Future<Output = ()>>>>
[INFO] [stdout]   18:     0x5ba0048b1ddb - tokio[64e12927afab92b1]::runtime::context::runtime::enter_runtime::<<tokio[64e12927afab92b1]::runtime::scheduler::current_thread::CurrentThread>::block_on<core[a373ad73a504971]::pin::Pin<&mut dyn core[a373ad73a504971]::future::future::Future<Output = ()>>>::{closure#0}, ()>
[INFO] [stdout]   19:     0x5ba0048afd75 - <tokio[64e12927afab92b1]::runtime::runtime::Runtime>::block_on::<core[a373ad73a504971]::pin::Pin<&mut dyn core[a373ad73a504971]::future::future::Future<Output = ()>>>
[INFO] [stdout]   20:     0x5ba0048a650e - <integration_test_datapipe[db69427d63fc85c1]::integration_test_strong_scp_file::{closure#0} as core[a373ad73a504971]::ops::function::FnOnce<()>>::call_once
[INFO] [stdout]   21:     0x5ba0048b46bb - test[aada8e7e76ba119b]::__rust_begin_short_backtrace::<core[a373ad73a504971]::result::Result<(), alloc[2e1b2a31b91974c5]::string::String>, fn() -> core[a373ad73a504971]::result::Result<(), alloc[2e1b2a31b91974c5]::string::String>>
[INFO] [stdout]   22:     0x5ba0048c1895 - test[aada8e7e76ba119b]::run_test::{closure#0}
[INFO] [stdout]   23:     0x5ba0048bb184 - std[617be2ca0a6fd877]::sys::backtrace::__rust_begin_short_backtrace::<test[aada8e7e76ba119b]::run_test::{closure#1}, ()>
[INFO] [stdout]   24:     0x5ba0048c4922 - <std[617be2ca0a6fd877]::thread::lifecycle::spawn_unchecked<test[aada8e7e76ba119b]::run_test::{closure#1}, ()>::{closure#1} as core[a373ad73a504971]::ops::function::FnOnce<()>>::call_once::{shim:vtable#0}
[INFO] [stdout]   25:     0x5ba004956bcf - <std[617be2ca0a6fd877]::sys::thread::unix::Thread>::new::thread_start
[INFO] [stdout]   26:     0x72be57e1bdfa - <unknown>
[INFO] [stdout]   27:     0x72be57eaf3d4 - clone
[INFO] [stdout]   28:                0x0 - <unknown>
[INFO] [stdout] 
[INFO] [stdout] thread 'integration_test_strong_scp_file' (3018) panicked at tests/integration_test_datapipe.rs:246:5:
[INFO] [stdout] assertion failed: output_file_path.exists()
[INFO] [stdout] stack backtrace:
[INFO] [stdout]    0:     0x5ba004957871 - <<std[617be2ca0a6fd877]::sys::backtrace::BacktraceLock>::print::DisplayBacktrace as core[a373ad73a504971]::fmt::Display>::fmt
[INFO] [stdout]    1:     0x5ba00496cb1a - core[a373ad73a504971]::fmt::write
[INFO] [stdout]    2:     0x5ba00495bcbc - <alloc[2e1b2a31b91974c5]::vec::Vec<u8> as core[a373ad73a504971]::io::write::Write>::write_fmt
[INFO] [stdout]    3:     0x5ba004932d06 - std[617be2ca0a6fd877]::panicking::default_hook::{closure#0}
[INFO] [stdout]    4:     0x5ba00494f779 - std[617be2ca0a6fd877]::panicking::default_hook
[INFO] [stdout]    5:     0x5ba0048c1270 - test[aada8e7e76ba119b]::test_main_inner::{closure#0}
[INFO] [stdout]    6:     0x5ba00494faa2 - std[617be2ca0a6fd877]::panicking::panic_with_hook
[INFO] [stdout]    7:     0x5ba004932de4 - std[617be2ca0a6fd877]::panicking::panic_handler::{closure#0}
[INFO] [stdout]    8:     0x5ba00492b889 - std[617be2ca0a6fd877]::sys::backtrace::__rust_end_short_backtrace::<std[617be2ca0a6fd877]::panicking::panic_handler::{closure#0}, !>
[INFO] [stdout]    9:     0x5ba0049339bd - __rustc[ea4f61d10b84890b]::rust_begin_unwind
[INFO] [stdout]   10:     0x5ba00496d27c - core[a373ad73a504971]::panicking::panic_fmt
[INFO] [stdout]   11:     0x5ba00496d242 - core[a373ad73a504971]::panicking::panic
[INFO] [stdout]   12:     0x5ba0048a2c8c - integration_test_datapipe[db69427d63fc85c1]::integration_test_strong_scp_file::{closure#0}
[INFO] [stdout]   13:     0x5ba0048ae293 - <tokio[64e12927afab92b1]::runtime::scheduler::current_thread::Context>::enter::<core[a373ad73a504971]::task::poll::Poll<()>, <tokio[64e12927afab92b1]::runtime::scheduler::current_thread::CoreGuard>::block_on<core[a373ad73a504971]::pin::Pin<&mut core[a373ad73a504971]::pin::Pin<&mut dyn core[a373ad73a504971]::future::future::Future<Output = ()>>>>::{closure#0}::{closure#0}>
[INFO] [stdout]   14:     0x5ba0048b363c - <tokio[64e12927afab92b1]::runtime::context::scoped::Scoped<tokio[64e12927afab92b1]::runtime::scheduler::Context>>::set::<<tokio[64e12927afab92b1]::runtime::scheduler::current_thread::CoreGuard>::enter<<tokio[64e12927afab92b1]::runtime::scheduler::current_thread::CoreGuard>::block_on<core[a373ad73a504971]::pin::Pin<&mut core[a373ad73a504971]::pin::Pin<&mut dyn core[a373ad73a504971]::future::future::Future<Output = ()>>>>::{closure#0}, core[a373ad73a504971]::option::Option<()>>::{closure#0}, (alloc[2e1b2a31b91974c5]::boxed::Box<tokio[64e12927afab92b1]::runtime::scheduler::current_thread::Core>, core[a373ad73a504971]::option::Option<()>)>
[INFO] [stdout]   15:     0x5ba0048ae537 - <tokio[64e12927afab92b1]::runtime::scheduler::current_thread::CoreGuard>::block_on::<core[a373ad73a504971]::pin::Pin<&mut core[a373ad73a504971]::pin::Pin<&mut dyn core[a373ad73a504971]::future::future::Future<Output = ()>>>>
[INFO] [stdout]   16:     0x5ba0048b1ddb - tokio[64e12927afab92b1]::runtime::context::runtime::enter_runtime::<<tokio[64e12927afab92b1]::runtime::scheduler::current_thread::CurrentThread>::block_on<core[a373ad73a504971]::pin::Pin<&mut dyn core[a373ad73a504971]::future::future::Future<Output = ()>>>::{closure#0}, ()>
[INFO] [stdout]   17:     0x5ba0048afd75 - <tokio[64e12927afab92b1]::runtime::runtime::Runtime>::block_on::<core[a373ad73a504971]::pin::Pin<&mut dyn core[a373ad73a504971]::future::future::Future<Output = ()>>>
[INFO] [stdout]   18:     0x5ba0048a650e - <integration_test_datapipe[db69427d63fc85c1]::integration_test_strong_scp_file::{closure#0} as core[a373ad73a504971]::ops::function::FnOnce<()>>::call_once
[INFO] [stderr] error: test failed, to rerun pass `--test integration_test_datapipe`
[INFO] [stdout]   19:     0x5ba0048b46bb - test[aada8e7e76ba119b]::__rust_begin_short_backtrace::<core[a373ad73a504971]::result::Result<(), alloc[2e1b2a31b91974c5]::string::String>, fn() -> core[a373ad73a504971]::result::Result<(), alloc[2e1b2a31b91974c5]::string::String>>
[INFO] [stdout]   20:     0x5ba0048c1895 - test[aada8e7e76ba119b]::run_test::{closure#0}
[INFO] [stdout]   21:     0x5ba0048bb184 - std[617be2ca0a6fd877]::sys::backtrace::__rust_begin_short_backtrace::<test[aada8e7e76ba119b]::run_test::{closure#1}, ()>
[INFO] [stdout]   22:     0x5ba0048c4922 - <std[617be2ca0a6fd877]::thread::lifecycle::spawn_unchecked<test[aada8e7e76ba119b]::run_test::{closure#1}, ()>::{closure#1} as core[a373ad73a504971]::ops::function::FnOnce<()>>::call_once::{shim:vtable#0}
[INFO] [stdout]   23:     0x5ba004956bcf - <std[617be2ca0a6fd877]::sys::thread::unix::Thread>::new::thread_start
[INFO] [stdout]   24:     0x72be57e1bdfa - <unknown>
[INFO] [stdout]   25:     0x72be57eaf3d4 - clone
[INFO] [stdout]   26:                0x0 - <unknown>
[INFO] [stdout] 
[INFO] [stdout] ---- integration_test_weak_scp_file stdout ----
[INFO] [stdout] scp using port 28058
[INFO] [stdout] 
[INFO] [stdout] thread 'integration_test_weak_scp_file' (3030) panicked at tests/integration_test_datapipe.rs:39:33:
[INFO] [stdout] called `Result::unwrap()` on an `Err` value: Os { code: 2, kind: NotFound, message: "No such file or directory" }
[INFO] [stdout] stack backtrace:
[INFO] [stdout]    0:     0x5ba004957871 - <<std[617be2ca0a6fd877]::sys::backtrace::BacktraceLock>::print::DisplayBacktrace as core[a373ad73a504971]::fmt::Display>::fmt
[INFO] [stdout]    1:     0x5ba00496cb1a - core[a373ad73a504971]::fmt::write
[INFO] [stdout]    2:     0x5ba00495bcbc - <alloc[2e1b2a31b91974c5]::vec::Vec<u8> as core[a373ad73a504971]::io::write::Write>::write_fmt
[INFO] [stdout]    3:     0x5ba004932d06 - std[617be2ca0a6fd877]::panicking::default_hook::{closure#0}
[INFO] [stdout]    4:     0x5ba00494f779 - std[617be2ca0a6fd877]::panicking::default_hook
[INFO] [stdout]    5:     0x5ba0048c1270 - test[aada8e7e76ba119b]::test_main_inner::{closure#0}
[INFO] [stdout]    6:     0x5ba00494faa2 - std[617be2ca0a6fd877]::panicking::panic_with_hook
[INFO] [stdout]    7:     0x5ba004932db2 - std[617be2ca0a6fd877]::panicking::panic_handler::{closure#0}
[INFO] [stdout]    8:     0x5ba00492b889 - std[617be2ca0a6fd877]::sys::backtrace::__rust_end_short_backtrace::<std[617be2ca0a6fd877]::panicking::panic_handler::{closure#0}, !>
[INFO] [stdout]    9:     0x5ba0049339bd - __rustc[ea4f61d10b84890b]::rust_begin_unwind
[INFO] [stdout]   10:     0x5ba00496d27c - core[a373ad73a504971]::panicking::panic_fmt
[INFO] [stdout]   11:     0x5ba00496d052 - core[a373ad73a504971]::result::unwrap_failed
[INFO] [stdout]   12:     0x5ba0048ad0a8 - integration_test_datapipe[db69427d63fc85c1]::run_datapipe::{closure#0}
[INFO] [stdout]   13:     0x5ba0048adfc7 - <tokio[64e12927afab92b1]::runtime::task::core::Core<integration_test_datapipe[db69427d63fc85c1]::run_datapipe::{closure#0}, alloc[2e1b2a31b91974c5]::sync::Arc<tokio[64e12927afab92b1]::runtime::scheduler::multi_thread::handle::Handle>>>::poll
[INFO] [stdout]   14:     0x5ba0048a91af - <tokio[64e12927afab92b1]::runtime::task::harness::Harness<integration_test_datapipe[db69427d63fc85c1]::run_datapipe::{closure#0}, alloc[2e1b2a31b91974c5]::sync::Arc<tokio[64e12927afab92b1]::runtime::scheduler::current_thread::Handle>>>::poll
[INFO] [stdout]   15:     0x5ba00490cc2c - <tokio[64e12927afab92b1]::runtime::scheduler::current_thread::Context>::run_task
[INFO] [stdout]   16:     0x5ba0048b3692 - <tokio[64e12927afab92b1]::runtime::context::scoped::Scoped<tokio[64e12927afab92b1]::runtime::scheduler::Context>>::set::<<tokio[64e12927afab92b1]::runtime::scheduler::current_thread::CoreGuard>::enter<<tokio[64e12927afab92b1]::runtime::scheduler::current_thread::CoreGuard>::block_on<core[a373ad73a504971]::pin::Pin<&mut core[a373ad73a504971]::pin::Pin<&mut dyn core[a373ad73a504971]::future::future::Future<Output = ()>>>>::{closure#0}, core[a373ad73a504971]::option::Option<()>>::{closure#0}, (alloc[2e1b2a31b91974c5]::boxed::Box<tokio[64e12927afab92b1]::runtime::scheduler::current_thread::Core>, core[a373ad73a504971]::option::Option<()>)>
[INFO] [stdout]   17:     0x5ba0048ae537 - <tokio[64e12927afab92b1]::runtime::scheduler::current_thread::CoreGuard>::block_on::<core[a373ad73a504971]::pin::Pin<&mut core[a373ad73a504971]::pin::Pin<&mut dyn core[a373ad73a504971]::future::future::Future<Output = ()>>>>
[INFO] [stdout]   18:     0x5ba0048b1ddb - tokio[64e12927afab92b1]::runtime::context::runtime::enter_runtime::<<tokio[64e12927afab92b1]::runtime::scheduler::current_thread::CurrentThread>::block_on<core[a373ad73a504971]::pin::Pin<&mut dyn core[a373ad73a504971]::future::future::Future<Output = ()>>>::{closure#0}, ()>
[INFO] [stdout]   19:     0x5ba0048afd75 - <tokio[64e12927afab92b1]::runtime::runtime::Runtime>::block_on::<core[a373ad73a504971]::pin::Pin<&mut dyn core[a373ad73a504971]::future::future::Future<Output = ()>>>
[INFO] [stdout]   20:     0x5ba0048a624e - <integration_test_datapipe[db69427d63fc85c1]::integration_test_weak_scp_file::{closure#0} as core[a373ad73a504971]::ops::function::FnOnce<()>>::call_once
[INFO] [stdout]   21:     0x5ba0048b46bb - test[aada8e7e76ba119b]::__rust_begin_short_backtrace::<core[a373ad73a504971]::result::Result<(), alloc[2e1b2a31b91974c5]::string::String>, fn() -> core[a373ad73a504971]::result::Result<(), alloc[2e1b2a31b91974c5]::string::String>>
[INFO] [stdout]   22:     0x5ba0048c1895 - test[aada8e7e76ba119b]::run_test::{closure#0}
[INFO] [stdout]   23:     0x5ba0048bb184 - std[617be2ca0a6fd877]::sys::backtrace::__rust_begin_short_backtrace::<test[aada8e7e76ba119b]::run_test::{closure#1}, ()>
[INFO] [stdout]   24:     0x5ba0048c4922 - <std[617be2ca0a6fd877]::thread::lifecycle::spawn_unchecked<test[aada8e7e76ba119b]::run_test::{closure#1}, ()>::{closure#1} as core[a373ad73a504971]::ops::function::FnOnce<()>>::call_once::{shim:vtable#0}
[INFO] [stdout]   25:     0x5ba004956bcf - <std[617be2ca0a6fd877]::sys::thread::unix::Thread>::new::thread_start
[INFO] [stdout]   26:     0x72be57e1bdfa - <unknown>
[INFO] [stdout]   27:     0x72be57eaf3d4 - clone
[INFO] [stdout]   28:                0x0 - <unknown>
[INFO] [stdout] 
[INFO] [stdout] thread 'integration_test_weak_scp_file' (3030) panicked at tests/integration_test_datapipe.rs:39:33:
[INFO] [stdout] called `Result::unwrap()` on an `Err` value: Os { code: 2, kind: NotFound, message: "No such file or directory" }
[INFO] [stdout] stack backtrace:
[INFO] [stdout]    0:     0x5ba004957871 - <<std[617be2ca0a6fd877]::sys::backtrace::BacktraceLock>::print::DisplayBacktrace as core[a373ad73a504971]::fmt::Display>::fmt
[INFO] [stdout]    1:     0x5ba00496cb1a - core[a373ad73a504971]::fmt::write
[INFO] [stdout]    2:     0x5ba00495bcbc - <alloc[2e1b2a31b91974c5]::vec::Vec<u8> as core[a373ad73a504971]::io::write::Write>::write_fmt
[INFO] [stdout]    3:     0x5ba004932d06 - std[617be2ca0a6fd877]::panicking::default_hook::{closure#0}
[INFO] [stdout]    4:     0x5ba00494f779 - std[617be2ca0a6fd877]::panicking::default_hook
[INFO] [stdout]    5:     0x5ba0048c1270 - test[aada8e7e76ba119b]::test_main_inner::{closure#0}
[INFO] [stdout]    6:     0x5ba00494faa2 - std[617be2ca0a6fd877]::panicking::panic_with_hook
[INFO] [stdout]    7:     0x5ba004932db2 - std[617be2ca0a6fd877]::panicking::panic_handler::{closure#0}
[INFO] [stdout]    8:     0x5ba00492b889 - std[617be2ca0a6fd877]::sys::backtrace::__rust_end_short_backtrace::<std[617be2ca0a6fd877]::panicking::panic_handler::{closure#0}, !>
[INFO] [stdout]    9:     0x5ba0049339bd - __rustc[ea4f61d10b84890b]::rust_begin_unwind
[INFO] [stdout]   10:     0x5ba00496d27c - core[a373ad73a504971]::panicking::panic_fmt
[INFO] [stdout]   11:     0x5ba00496d052 - core[a373ad73a504971]::result::unwrap_failed
[INFO] [stdout]   12:     0x5ba0048ad0a8 - integration_test_datapipe[db69427d63fc85c1]::run_datapipe::{closure#0}
[INFO] [stdout]   13:     0x5ba0048adfc7 - <tokio[64e12927afab92b1]::runtime::task::core::Core<integration_test_datapipe[db69427d63fc85c1]::run_datapipe::{closure#0}, alloc[2e1b2a31b91974c5]::sync::Arc<tokio[64e12927afab92b1]::runtime::scheduler::multi_thread::handle::Handle>>>::poll
[INFO] [stdout]   14:     0x5ba0048a91af - <tokio[64e12927afab92b1]::runtime::task::harness::Harness<integration_test_datapipe[db69427d63fc85c1]::run_datapipe::{closure#0}, alloc[2e1b2a31b91974c5]::sync::Arc<tokio[64e12927afab92b1]::runtime::scheduler::current_thread::Handle>>>::poll
[INFO] [stdout]   15:     0x5ba00490cc2c - <tokio[64e12927afab92b1]::runtime::scheduler::current_thread::Context>::run_task
[INFO] [stdout]   16:     0x5ba0048b3692 - <tokio[64e12927afab92b1]::runtime::context::scoped::Scoped<tokio[64e12927afab92b1]::runtime::scheduler::Context>>::set::<<tokio[64e12927afab92b1]::runtime::scheduler::current_thread::CoreGuard>::enter<<tokio[64e12927afab92b1]::runtime::scheduler::current_thread::CoreGuard>::block_on<core[a373ad73a504971]::pin::Pin<&mut core[a373ad73a504971]::pin::Pin<&mut dyn core[a373ad73a504971]::future::future::Future<Output = ()>>>>::{closure#0}, core[a373ad73a504971]::option::Option<()>>::{closure#0}, (alloc[2e1b2a31b91974c5]::boxed::Box<tokio[64e12927afab92b1]::runtime::scheduler::current_thread::Core>, core[a373ad73a504971]::option::Option<()>)>
[INFO] [stdout]   17:     0x5ba0048ae537 - <tokio[64e12927afab92b1]::runtime::scheduler::current_thread::CoreGuard>::block_on::<core[a373ad73a504971]::pin::Pin<&mut core[a373ad73a504971]::pin::Pin<&mut dyn core[a373ad73a504971]::future::future::Future<Output = ()>>>>
[INFO] [stdout]   18:     0x5ba0048b1ddb - tokio[64e12927afab92b1]::runtime::context::runtime::enter_runtime::<<tokio[64e12927afab92b1]::runtime::scheduler::current_thread::CurrentThread>::block_on<core[a373ad73a504971]::pin::Pin<&mut dyn core[a373ad73a504971]::future::future::Future<Output = ()>>>::{closure#0}, ()>
[INFO] [stdout]   19:     0x5ba0048afd75 - <tokio[64e12927afab92b1]::runtime::runtime::Runtime>::block_on::<core[a373ad73a504971]::pin::Pin<&mut dyn core[a373ad73a504971]::future::future::Future<Output = ()>>>
[INFO] [stdout]   20:     0x5ba0048a624e - <integration_test_datapipe[db69427d63fc85c1]::integration_test_weak_scp_file::{closure#0} as core[a373ad73a504971]::ops::function::FnOnce<()>>::call_once
[INFO] [stdout]   21:     0x5ba0048b46bb - test[aada8e7e76ba119b]::__rust_begin_short_backtrace::<core[a373ad73a504971]::result::Result<(), alloc[2e1b2a31b91974c5]::string::String>, fn() -> core[a373ad73a504971]::result::Result<(), alloc[2e1b2a31b91974c5]::string::String>>
[INFO] [stdout]   22:     0x5ba0048c1895 - test[aada8e7e76ba119b]::run_test::{closure#0}
[INFO] [stdout]   23:     0x5ba0048bb184 - std[617be2ca0a6fd877]::sys::backtrace::__rust_begin_short_backtrace::<test[aada8e7e76ba119b]::run_test::{closure#1}, ()>
[INFO] [stdout]   24:     0x5ba0048c4922 - <std[617be2ca0a6fd877]::thread::lifecycle::spawn_unchecked<test[aada8e7e76ba119b]::run_test::{closure#1}, ()>::{closure#1} as core[a373ad73a504971]::ops::function::FnOnce<()>>::call_once::{shim:vtable#0}
[INFO] [stdout]   25:     0x5ba004956bcf - <std[617be2ca0a6fd877]::sys::thread::unix::Thread>::new::thread_start
[INFO] [stdout]   26:     0x72be57e1bdfa - <unknown>
[INFO] [stdout]   27:     0x72be57eaf3d4 - clone
[INFO] [stdout]   28:                0x0 - <unknown>
[INFO] [stdout] 
[INFO] [stdout] thread 'integration_test_weak_scp_file' (3030) panicked at tests/integration_test_datapipe.rs:187:5:
[INFO] [stdout] assertion failed: output_file_path.exists()
[INFO] [stdout] stack backtrace:
[INFO] [stdout]    0:     0x5ba004957871 - <<std[617be2ca0a6fd877]::sys::backtrace::BacktraceLock>::print::DisplayBacktrace as core[a373ad73a504971]::fmt::Display>::fmt
[INFO] [stdout]    1:     0x5ba00496cb1a - core[a373ad73a504971]::fmt::write
[INFO] [stdout]    2:     0x5ba00495bcbc - <alloc[2e1b2a31b91974c5]::vec::Vec<u8> as core[a373ad73a504971]::io::write::Write>::write_fmt
[INFO] [stdout]    3:     0x5ba004932d06 - std[617be2ca0a6fd877]::panicking::default_hook::{closure#0}
[INFO] [stdout]    4:     0x5ba00494f779 - std[617be2ca0a6fd877]::panicking::default_hook
[INFO] [stdout]    5:     0x5ba0048c1270 - test[aada8e7e76ba119b]::test_main_inner::{closure#0}
[INFO] [stdout]    6:     0x5ba00494faa2 - std[617be2ca0a6fd877]::panicking::panic_with_hook
[INFO] [stdout]    7:     0x5ba004932de4 - std[617be2ca0a6fd877]::panicking::panic_handler::{closure#0}
[INFO] [stdout]    8:     0x5ba00492b889 - std[617be2ca0a6fd877]::sys::backtrace::__rust_end_short_backtrace::<std[617be2ca0a6fd877]::panicking::panic_handler::{closure#0}, !>
[INFO] [stdout]    9:     0x5ba0049339bd - __rustc[ea4f61d10b84890b]::rust_begin_unwind
[INFO] [stdout]   10:     0x5ba00496d27c - core[a373ad73a504971]::panicking::panic_fmt
[INFO] [stdout]   11:     0x5ba00496d242 - core[a373ad73a504971]::panicking::panic
[INFO] [stdout]   12:     0x5ba0048a02d1 - integration_test_datapipe[db69427d63fc85c1]::integration_test_weak_scp_file::{closure#0}
[INFO] [stdout]   13:     0x5ba0048ae293 - <tokio[64e12927afab92b1]::runtime::scheduler::current_thread::Context>::enter::<core[a373ad73a504971]::task::poll::Poll<()>, <tokio[64e12927afab92b1]::runtime::scheduler::current_thread::CoreGuard>::block_on<core[a373ad73a504971]::pin::Pin<&mut core[a373ad73a504971]::pin::Pin<&mut dyn core[a373ad73a504971]::future::future::Future<Output = ()>>>>::{closure#0}::{closure#0}>
[INFO] [stdout]   14:     0x5ba0048b363c - <tokio[64e12927afab92b1]::runtime::context::scoped::Scoped<tokio[64e12927afab92b1]::runtime::scheduler::Context>>::set::<<tokio[64e12927afab92b1]::runtime::scheduler::current_thread::CoreGuard>::enter<<tokio[64e12927afab92b1]::runtime::scheduler::current_thread::CoreGuard>::block_on<core[a373ad73a504971]::pin::Pin<&mut core[a373ad73a504971]::pin::Pin<&mut dyn core[a373ad73a504971]::future::future::Future<Output = ()>>>>::{closure#0}, core[a373ad73a504971]::option::Option<()>>::{closure#0}, (alloc[2e1b2a31b91974c5]::boxed::Box<tokio[64e12927afab92b1]::runtime::scheduler::current_thread::Core>, core[a373ad73a504971]::option::Option<()>)>
[INFO] [stdout]   15:     0x5ba0048ae537 - <tokio[64e12927afab92b1]::runtime::scheduler::current_thread::CoreGuard>::block_on::<core[a373ad73a504971]::pin::Pin<&mut core[a373ad73a504971]::pin::Pin<&mut dyn core[a373ad73a504971]::future::future::Future<Output = ()>>>>
[INFO] [stdout]   16:     0x5ba0048b1ddb - tokio[64e12927afab92b1]::runtime::context::runtime::enter_runtime::<<tokio[64e12927afab92b1]::runtime::scheduler::current_thread::CurrentThread>::block_on<core[a373ad73a504971]::pin::Pin<&mut dyn core[a373ad73a504971]::future::future::Future<Output = ()>>>::{closure#0}, ()>
[INFO] [stdout]   17:     0x5ba0048afd75 - <tokio[64e12927afab92b1]::runtime::runtime::Runtime>::block_on::<core[a373ad73a504971]::pin::Pin<&mut dyn core[a373ad73a504971]::future::future::Future<Output = ()>>>
[INFO] [stdout]   18:     0x5ba0048a624e - <integration_test_datapipe[db69427d63fc85c1]::integration_test_weak_scp_file::{closure#0} as core[a373ad73a504971]::ops::function::FnOnce<()>>::call_once
[INFO] [stdout]   19:     0x5ba0048b46bb - test[aada8e7e76ba119b]::__rust_begin_short_backtrace::<core[a373ad73a504971]::result::Result<(), alloc[2e1b2a31b91974c5]::string::String>, fn() -> core[a373ad73a504971]::result::Result<(), alloc[2e1b2a31b91974c5]::string::String>>
[INFO] [stdout]   20:     0x5ba0048c1895 - test[aada8e7e76ba119b]::run_test::{closure#0}
[INFO] [stdout]   21:     0x5ba0048bb184 - std[617be2ca0a6fd877]::sys::backtrace::__rust_begin_short_backtrace::<test[aada8e7e76ba119b]::run_test::{closure#1}, ()>
[INFO] [stdout]   22:     0x5ba0048c4922 - <std[617be2ca0a6fd877]::thread::lifecycle::spawn_unchecked<test[aada8e7e76ba119b]::run_test::{closure#1}, ()>::{closure#1} as core[a373ad73a504971]::ops::function::FnOnce<()>>::call_once::{shim:vtable#0}
[INFO] [stdout]   23:     0x5ba004956bcf - <std[617be2ca0a6fd877]::sys::thread::unix::Thread>::new::thread_start
[INFO] [stdout]   24:     0x72be57e1bdfa - <unknown>
[INFO] [stdout]   25:     0x72be57eaf3d4 - clone
[INFO] [stdout]   26:                0x0 - <unknown>
[INFO] [stdout] 
[INFO] [stdout] 
[INFO] [stdout] failures:
[INFO] [stdout]     integration_test_config_mutual_exclusion
[INFO] [stdout]     integration_test_copy_file
[INFO] [stdout]     integration_test_license
[INFO] [stdout]     integration_test_save_to_config
[INFO] [stdout]     integration_test_strong_scp_file
[INFO] [stdout]     integration_test_use_config_file_copy
[INFO] [stdout]     integration_test_uucp_file
[INFO] [stdout]     integration_test_verify_config_invalid
[INFO] [stdout]     integration_test_verify_config_valid
[INFO] [stdout]     integration_test_version
[INFO] [stdout]     integration_test_weak_scp_file
[INFO] [stdout] 
[INFO] [stdout] test result: FAILED. 0 passed; 11 failed; 0 ignored; 0 measured; 0 filtered out; finished in 8.26s
[INFO] [stdout] 
[INFO] running `Command { std: "docker" "inspect" "3359951592a8351349bcd5605290ec5dee664e9dc51c02cf3ee70c2c873ff6f4", kill_on_drop: false }`
[INFO] running `Command { std: "docker" "rm" "-f" "3359951592a8351349bcd5605290ec5dee664e9dc51c02cf3ee70c2c873ff6f4", kill_on_drop: false }`
[INFO] [stdout] 3359951592a8351349bcd5605290ec5dee664e9dc51c02cf3ee70c2c873ff6f4
