[INFO] fetching crate datalocker 0.3.1...
[INFO] testing datalocker-0.3.1 against 1.99.0-beta.8+cargoflags=--release for beta-release-1.100-2
[INFO] extracting crate datalocker 0.3.1 into /workspace/builds/worker-6-tc1/source
[INFO] started tweaking crates.io crate datalocker 0.3.1
[INFO] finished tweaking crates.io crate datalocker 0.3.1
[INFO] tweaked toml for crates.io crate datalocker 0.3.1 written to /workspace/builds/worker-6-tc1/source/Cargo.toml
[INFO] validating manifest of crates.io crate datalocker 0.3.1 on toolchain 1.99.0-beta.8
[INFO] running `Command { std: CARGO_HOME="/workspace/cargo-home" RUSTUP_HOME="/workspace/rustup-home" "/workspace/cargo-home/bin/cargo" "+1.99.0-beta.8" "metadata" "--manifest-path" "Cargo.toml" "--no-deps", kill_on_drop: false }`
[INFO] running `Command { std: CARGO_HOME="/workspace/cargo-home" RUSTUP_HOME="/workspace/rustup-home" "/workspace/cargo-home/bin/cargo" "+1.99.0-beta.8" "generate-lockfile" "--manifest-path" "Cargo.toml", kill_on_drop: false }`
[INFO] [stderr]     Blocking waiting for file lock on package cache
[INFO] [stderr]     Updating crates.io index
[INFO] [stderr]     Blocking waiting for file lock on package cache
[INFO] [stderr]      Locking 223 packages to highest compatible versions
[INFO] [stderr]       Adding generic-array v0.14.7 (available: v0.14.9)
[INFO] [stderr]       Adding mysql v24.0.0 (available: v28.0.4)
[INFO] running `Command { std: CARGO_HOME="/workspace/cargo-home" RUSTUP_HOME="/workspace/rustup-home" "/workspace/cargo-home/bin/cargo" "+1.99.0-beta.8" "fetch" "--manifest-path" "Cargo.toml", kill_on_drop: false }`
[INFO] [stderr]     Blocking waiting for file lock on package cache
[INFO] [stderr]     Blocking waiting for file lock on package cache
[INFO] [stderr]  Downloading crates ...
[INFO] [stderr]   Downloaded wasi v0.11.1+wasi-snapshot-preview1
[INFO] [stderr]   Downloaded rand v0.8.8
[INFO] [stderr]   Downloaded twox-hash v1.6.3
[INFO] [stderr]   Downloaded serde_derive v1.0.229
[INFO] [stderr]   Downloaded powerfmt v0.2.1
[INFO] [stderr]   Downloaded cpufeatures v0.2.17
[INFO] [stderr]   Downloaded crypto-common v0.1.7
[INFO] [stderr]   Downloaded mysql v24.0.0
[INFO] [stderr]   Downloaded lexical-parse-integer v0.8.6
[INFO] [stderr]   Downloaded wasm-bindgen-macro v0.2.129
[INFO] [stderr]   Downloaded time-core v0.1.9
[INFO] [stderr]   Downloaded saturating v0.1.0
[INFO] [stderr]   Downloaded proc-macro-crate v3.5.0
[INFO] [stderr]   Downloaded lazy_static v1.5.1
[INFO] [stderr]   Downloaded windows-link v0.2.1
[INFO] [stderr]   Downloaded num-conv v0.2.2
[INFO] [stderr]   Downloaded deranged v0.5.9
[INFO] [stderr]   Downloaded sha1 v0.10.7
[INFO] [stderr]   Downloaded winapi-util v0.1.11
[INFO] [stderr]   Downloaded proc-macro-error-attr v1.0.4
[INFO] [stderr]   Downloaded toml_datetime v0.6.11
[INFO] [stderr]   Downloaded proc-macro-crate v1.3.1
[INFO] [stderr]   Downloaded foreign-types-shared v0.1.1
[INFO] [stderr]   Downloaded generic-array v0.14.7
[INFO] [stderr]   Downloaded block-buffer v0.10.4
[INFO] [stderr]   Downloaded mysql-common-derive v0.30.2
[INFO] [stderr]   Downloaded heck v0.4.1
[INFO] [stderr]   Downloaded wasm-bindgen-shared v0.2.129
[INFO] [stderr]   Downloaded openssl-macros v0.1.1
[INFO] [stderr]   Downloaded named_pipe v0.4.1
[INFO] [stderr]   Downloaded foreign-types v0.3.2
[INFO] [stderr]   Downloaded sha2 v0.10.9
[INFO] [stderr]   Downloaded digest v0.10.7
[INFO] [stderr]   Downloaded rand_chacha v0.9.0
[INFO] [stderr]   Downloaded darling_macro v0.20.11
[INFO] [stderr]   Downloaded lexical v6.1.1
[INFO] [stderr]   Downloaded frunk_proc_macros v0.1.5
[INFO] [stderr]   Downloaded core-foundation v0.10.1
[INFO] [stderr]   Downloaded thiserror v1.0.69
[INFO] [stderr]   Downloaded autocfg v1.5.1
[INFO] [stderr]   Downloaded toml_parser v1.1.5+spec-1.1.0
[INFO] [stderr]   Downloaded toml_datetime v1.1.2+spec-1.1.0
[INFO] [stderr]   Downloaded num-integer v0.1.47
[INFO] [stderr]   Downloaded termcolor v1.4.1
[INFO] [stderr]   Downloaded proc-macro-error v1.0.4
[INFO] [stderr]   Downloaded darling v0.20.11
[INFO] [stderr]   Downloaded lexical-core v0.8.5
[INFO] [stderr]   Downloaded tap v1.0.1
[INFO] [stderr]   Downloaded io-enum v1.3.0
[INFO] [stderr]   Downloaded ppv-lite86 v0.2.21
[INFO] [stderr]   Downloaded zmij v1.0.23
[INFO] [stderr]   Downloaded pem v2.0.1
[INFO] [stderr]   Downloaded native-tls v0.2.18
[INFO] [stderr]   Downloaded security-framework-sys v2.17.0
[INFO] [stderr]   Downloaded core-foundation-sys v0.8.7
[INFO] [stderr]   Downloaded time-macros v0.2.32
[INFO] [stderr]   Downloaded thiserror-impl v1.0.69
[INFO] [stderr]   Downloaded rand_core v0.9.5
[INFO] [stderr]   Downloaded borsh-derive v1.8.1
[INFO] [stderr]   Downloaded arrayvec v0.7.8
[INFO] [stderr]   Downloaded frunk v0.4.4
[INFO] [stderr]   Downloaded radium v0.7.0
[INFO] [stderr]   Downloaded schannel v0.1.30
[INFO] [stderr]   Downloaded getrandom v0.3.4
[INFO] [stderr]   Downloaded frunk_proc_macro_helpers v0.1.5
[INFO] [stderr]   Downloaded lru v0.10.1
[INFO] [stderr]   Downloaded crossbeam v0.8.5
[INFO] [stderr]   Downloaded bufstream v0.1.4
[INFO] [stderr]   Downloaded subprocess v0.2.15
[INFO] [stderr]   Downloaded r-efi v5.3.0
[INFO] [stderr]   Downloaded lexical-write-integer v0.8.5
[INFO] [stderr]   Downloaded socket2 v0.5.10
[INFO] [stderr]   Downloaded r-efi v6.0.0
[INFO] [stderr]   Downloaded openssl-sys v0.9.117
[INFO] [stderr]   Downloaded wasm-bindgen v0.2.129
[INFO] [stderr]   Downloaded wit-bindgen v0.57.1
[INFO] [stderr]   Downloaded toml_edit v0.25.17+spec-1.1.0
[INFO] [stderr]   Downloaded lexical-util v0.8.5
[INFO] [stderr]   Downloaded base64 v0.21.7
[INFO] [stderr]   Downloaded security-framework v3.7.0
[INFO] [stderr]   Downloaded uuid v1.28.0
[INFO] [stderr]   Downloaded bumpalo v3.20.3
[INFO] [stderr]   Downloaded rand v0.9.5
[INFO] [stderr]   Downloaded borsh v1.8.1
[INFO] [stderr]   Downloaded num-bigint v0.4.8
[INFO] [stderr]   Downloaded toml_edit v0.19.15
[INFO] [stderr]   Downloaded darling_core v0.20.11
[INFO] [stderr]   Downloaded lexical-write-float v0.8.5
[INFO] [stderr]   Downloaded frunk_derives v0.4.4
[INFO] [stderr]   Downloaded glob v0.3.4
[INFO] [stderr]   Downloaded cexpr v0.6.0
[INFO] [stderr]   Downloaded bigdecimal v0.3.1
[INFO] [stderr]   Downloaded wasm-bindgen-macro-support v0.2.129
[INFO] [stderr]   Downloaded js-sys v0.3.106
[INFO] [stderr]   Downloaded lexical-parse-float v0.8.5
[INFO] [stderr]   Downloaded funty v2.0.0
[INFO] [stderr]   Downloaded libloading v0.8.9
[INFO] [stderr]   Downloaded crossbeam-queue v0.3.14
[INFO] [stderr]   Downloaded crossbeam-deque v0.8.8
[INFO] [stderr]   Downloaded wasip2 v1.0.4+wasi-0.2.12
[INFO] [stderr]   Downloaded frunk_core v0.4.4
[INFO] [stderr]   Downloaded wyz v0.5.1
[INFO] [stderr]   Downloaded clang-sys v1.9.1
[INFO] [stderr]   Downloaded ahash v0.8.12
[INFO] [stderr]   Downloaded derive_utils v0.16.0
[INFO] [stderr]   Downloaded crossbeam-epoch v0.9.21
[INFO] [stderr]   Downloaded zerocopy-derive v0.8.63
[INFO] [stderr]   Downloaded typenum v1.20.1
[INFO] [stderr]   Downloaded regex v1.13.1
[INFO] [stderr]   Downloaded winnow v0.5.40
[INFO] [stderr]   Downloaded serde_json v1.0.154
[INFO] [stderr]   Downloaded mysql_common v0.30.6
[INFO] [stderr]   Downloaded rust_decimal v1.43.0
[INFO] [stderr]   Downloaded aho-corasick v1.1.5
[INFO] [stderr]   Downloaded frunk_core v0.5.0
[INFO] [stderr]   Downloaded winnow v1.0.4
[INFO] [stderr]   Downloaded minimal-lexical v0.2.1
[INFO] [stderr]   Downloaded hashbrown v0.13.2
[INFO] [stderr]   Downloaded nom v7.1.3
[INFO] [stderr]   Downloaded bitvec v1.1.1
[INFO] [stderr]   Downloaded bindgen v0.73.2
[INFO] [stderr]   Downloaded libz-sys v1.1.30
[INFO] [stderr]   Downloaded vcpkg v0.2.15
[INFO] [stderr]   Downloaded time v0.3.55
[INFO] [stderr]   Downloaded zerocopy v0.8.63
[INFO] [stderr]   Downloaded syn v2.0.119
[INFO] [stderr]   Downloaded openssl v0.10.81
[INFO] [stderr]   Downloaded regex-syntax v0.8.11
[INFO] [stderr]   Downloaded regex-automata v0.4.18
[INFO] [stderr]   Downloaded winapi v0.3.9
[INFO] [stderr]   Downloaded windows-sys v0.61.2
[INFO] [stderr]   Downloaded winapi-i686-pc-windows-gnu v0.4.0
[INFO] [stderr]   Downloaded winapi-x86_64-pc-windows-gnu v0.4.0
[INFO] running `Command { std: "docker" "create" "-v" "/var/lib/crater-agent-workspace/builds/worker-6-tc1/source:/opt/rustwide/workdir:ro,Z" "-v" "/var/lib/crater-agent-workspace/builds/worker-6-tc1/target:/opt/rustwide/target:rw,Z" "-v" "/var/lib/crater-agent-workspace/cargo-home:/opt/rustwide/cargo-home:ro,Z" "-v" "/var/lib/crater-agent-workspace/rustup-home:/opt/rustwide/rustup-home:ro,Z" "-m" "1610612736" "--network" "none" "ghcr.io/rust-lang/crates-build-env/linux@sha256:77db811e55d90add9212f6832c23229e3de5f1c1f9905e8cb07319ea15df73ac" "sleep" "infinity", kill_on_drop: false }`
[INFO] [stdout] c205aeaa5990a6040f13129d42fa35b6b6171830b86591714552a5ff7cd9cf04
[INFO] running `Command { std: "docker" "start" "c205aeaa5990a6040f13129d42fa35b6b6171830b86591714552a5ff7cd9cf04", kill_on_drop: false }`
[INFO] running `Command { std: "docker" "inspect" "c205aeaa5990a6040f13129d42fa35b6b6171830b86591714552a5ff7cd9cf04", kill_on_drop: false }`
[INFO] running `Command { std: "docker" "exec" "-e" "SOURCE_DIR=/opt/rustwide/workdir" "-e" "CARGO_HOME=/opt/rustwide/cargo-home" "-e" "RUSTUP_HOME=/opt/rustwide/rustup-home" "-e" "CARGO_TARGET_DIR=/opt/rustwide/target" "-w" "/opt/rustwide/workdir" "--user" "0:0" "c205aeaa5990a6040f13129d42fa35b6b6171830b86591714552a5ff7cd9cf04" "/opt/rustwide/cargo-home/bin/cargo" "+1.99.0-beta.8" "metadata" "--no-deps" "--format-version=1", kill_on_drop: false }`
[INFO] running `Command { std: "docker" "inspect" "c205aeaa5990a6040f13129d42fa35b6b6171830b86591714552a5ff7cd9cf04", kill_on_drop: false }`
[INFO] running `Command { std: "docker" "exec" "-e" "SOURCE_DIR=/opt/rustwide/workdir" "-e" "CARGO_HOME=/opt/rustwide/cargo-home" "-e" "RUSTUP_HOME=/opt/rustwide/rustup-home" "-e" "CARGO_TARGET_DIR=/opt/rustwide/target" "-e" "CARGO_INCREMENTAL=0" "-e" "RUST_BACKTRACE=full" "-e" "RUSTFLAGS=--cap-lints=warn" "-e" "RUSTDOCFLAGS=--cap-lints=warn" "-w" "/opt/rustwide/workdir" "--user" "0:0" "c205aeaa5990a6040f13129d42fa35b6b6171830b86591714552a5ff7cd9cf04" "/opt/rustwide/cargo-home/bin/cargo" "+1.99.0-beta.8" "build" "--frozen" "--message-format=json" "--release", kill_on_drop: false }`
[INFO] [stderr]    Compiling proc-macro2 v1.0.107
[INFO] [stderr]    Compiling unicode-ident v1.0.27
[INFO] [stderr]    Compiling quote v1.0.47
[INFO] [stderr]    Compiling version_check v0.9.5
[INFO] [stderr]    Compiling libc v0.2.191
[INFO] [stderr]    Compiling shlex v2.0.1
[INFO] [stderr]    Compiling find-msvc-tools v0.1.14
[INFO] [stderr]    Compiling cfg-if v1.0.5
[INFO] [stderr]    Compiling autocfg v1.5.1
[INFO] [stderr]    Compiling stable_deref_trait v1.2.1
[INFO] [stderr]    Compiling vcpkg v0.2.15
[INFO] [stderr]    Compiling cc v1.8.0
[INFO] [stderr]    Compiling pkg-config v0.3.34
[INFO] [stderr]    Compiling zerocopy v0.8.63
[INFO] [stderr]    Compiling static_assertions v1.1.0
[INFO] [stderr]    Compiling generic-array v0.14.7
[INFO] [stderr]    Compiling glob v0.3.4
[INFO] [stderr]    Compiling lexical-util v0.8.5
[INFO] [stderr]    Compiling clang-sys v1.9.1
[INFO] [stderr]    Compiling num-traits v0.2.19
[INFO] [stderr]    Compiling litemap v0.8.3
[INFO] [stderr]    Compiling crossbeam-utils v0.8.23
[INFO] [stderr]    Compiling syn v3.0.9
[INFO] [stderr]    Compiling syn v2.0.119
[INFO] [stderr]    Compiling typenum v1.20.1
[INFO] [stderr]    Compiling writeable v0.6.4
[INFO] [stderr]    Compiling serde_core v1.0.229
[INFO] [stderr]    Compiling icu_normalizer_data v2.3.0
[INFO] [stderr]    Compiling regex-syntax v0.8.11
[INFO] [stderr]    Compiling utf8_iter v1.0.4
[INFO] [stderr]    Compiling minimal-lexical v0.2.1
[INFO] [stderr]    Compiling memchr v2.8.3
[INFO] [stderr]    Compiling openssl-sys v0.9.117
[INFO] [stderr]    Compiling icu_properties_data v2.3.0
[INFO] [stderr]    Compiling thiserror v1.0.69
[INFO] [stderr]    Compiling nom v7.1.3
[INFO] [stderr]    Compiling regex-automata v0.4.18
[INFO] [stderr]    Compiling libloading v0.8.9
[INFO] [stderr]    Compiling getrandom v0.2.17
[INFO] [stderr]    Compiling proc-macro-error-attr v1.0.4
[INFO] [stderr]    Compiling smallvec v1.16.3
[INFO] [stderr]    Compiling hashbrown v0.17.1
[INFO] [stderr]    Compiling frunk_core v0.5.0
[INFO] [stderr]    Compiling syn v1.0.109
[INFO] [stderr]    Compiling bindgen v0.73.2
[INFO] [stderr]    Compiling strsim v0.11.1
[INFO] [stderr]    Compiling fnv v1.0.7
[INFO] [stderr]    Compiling equivalent v1.0.3
[INFO] [stderr]    Compiling ident_case v1.0.1
[INFO] [stderr]    Compiling regex v1.13.1
[INFO] [stderr]    Compiling darling_core v0.20.11
[INFO] [stderr]    Compiling indexmap v2.14.2
[INFO] [stderr]    Compiling cexpr v0.6.0
[INFO] [stderr]    Compiling ppv-lite86 v0.2.21
[INFO] [stderr]    Compiling rand_core v0.6.4
[INFO] [stderr]    Compiling synstructure v0.14.0
[INFO] [stderr]    Compiling block-buffer v0.10.4
[INFO] [stderr]    Compiling crypto-common v0.1.7
[INFO] [stderr]    Compiling thiserror-impl v1.0.69
[INFO] [stderr]    Compiling libz-sys v1.1.30
[INFO] [stderr]    Compiling frunk_proc_macro_helpers v0.1.5
[INFO] [stderr]    Compiling lexical-write-integer v0.8.5
[INFO] [stderr]    Compiling lexical-parse-integer v0.8.6
[INFO] [stderr]    Compiling ahash v0.8.12
[INFO] [stderr]    Compiling proc-macro-error v1.0.4
[INFO] [stderr]    Compiling radium v0.7.0
[INFO] [stderr]    Compiling rustc-hash v2.1.3
[INFO] [stderr]    Compiling crossbeam-epoch v0.9.21
[INFO] [stderr]    Compiling zmij v1.0.23
[INFO] [stderr]    Compiling bitflags v2.13.2
[INFO] [stderr]    Compiling toml_datetime v0.6.11
[INFO] [stderr]    Compiling serde v1.0.229
[INFO] [stderr]    Compiling crc32fast v1.5.2
[INFO] [stderr]    Compiling winnow v0.5.40
[INFO] [stderr]    Compiling lexical-parse-float v0.8.5
[INFO] [stderr]    Compiling lexical-write-float v0.8.5
[INFO] [stderr]    Compiling zerofrom-derive v0.1.8
[INFO] [stderr]    Compiling yoke-derive v0.8.4
[INFO] [stderr]    Compiling zerovec-derive v0.11.6
[INFO] [stderr]    Compiling displaydoc v0.2.7
[INFO] [stderr]    Compiling darling_macro v0.20.11
[INFO] [stderr]    Compiling serde_derive v1.0.229
[INFO] [stderr]    Compiling num-integer v0.1.47
[INFO] [stderr]    Compiling digest v0.10.7
[INFO] [stderr]    Compiling rand_chacha v0.3.1
[INFO] [stderr]    Compiling zerofrom v0.1.8
[INFO] [stderr]    Compiling yoke v0.8.3
[INFO] [stderr]    Compiling zerovec v0.11.8
[INFO] [stderr]    Compiling zerotrie v0.2.5
[INFO] [stderr]    Compiling aho-corasick v1.1.5
[INFO] [stderr]    Compiling toml_edit v0.19.15
[INFO] [stderr]    Compiling subprocess v0.2.15
[INFO] [stderr]    Compiling tinystr v0.8.4
[INFO] [stderr]    Compiling icu_locale_core v2.3.0
[INFO] [stderr]    Compiling potential_utf v0.1.6
[INFO] [stderr]    Compiling icu_collections v2.3.0
[INFO] [stderr]    Compiling cmake v0.1.58
[INFO] [stderr]    Compiling cpufeatures v0.2.17
[INFO] [stderr]    Compiling foreign-types-shared v0.1.1
[INFO] [stderr]    Compiling rust_decimal v1.43.0
[INFO] [stderr]    Compiling serde_json v1.0.154
[INFO] [stderr]    Compiling crossbeam-deque v0.8.8
[INFO] [stderr]    Compiling once_cell v1.21.4
[INFO] [stderr]    Compiling openssl v0.10.81
[INFO] [stderr]    Compiling tap v1.0.1
[INFO] [stderr]    Compiling wyz v0.5.1
[INFO] [stderr]    Compiling icu_provider v2.3.1
[INFO] [stderr]    Compiling foreign-types v0.3.2
[INFO] [stderr]    Compiling proc-macro-crate v1.3.1
[INFO] [stderr]    Compiling icu_normalizer v2.3.0
[INFO] [stderr]    Compiling icu_properties v2.3.0
[INFO] [stderr]    Compiling num-bigint v0.4.8
[INFO] [stderr]    Compiling rand v0.8.8
[INFO] [stderr]    Compiling idna_adapter v1.2.2
[INFO] [stderr]    Compiling darling v0.20.11
[INFO] [stderr]    Compiling lexical-core v0.8.5
[INFO] [stderr]    Compiling frunk_derives v0.4.4
[INFO] [stderr]    Compiling frunk_proc_macros v0.1.5
[INFO] [stderr]    Compiling openssl-macros v0.1.1
[INFO] [stderr]    Compiling arrayvec v0.7.8
[INFO] [stderr]    Compiling termcolor v1.4.1
[INFO] [stderr]    Compiling time-core v0.1.9
[INFO] [stderr]    Compiling heck v0.4.1
[INFO] [stderr]    Compiling num-conv v0.2.2
[INFO] [stderr]    Compiling itoa v1.0.18
[INFO] [stderr]    Compiling percent-encoding v2.3.2
[INFO] [stderr]    Compiling deranged v0.5.9
[INFO] [stderr]    Compiling base64 v0.21.7
[INFO] [stderr]    Compiling native-tls v0.2.18
[INFO] [stderr]    Compiling frunk_core v0.4.4
[INFO] [stderr]    Compiling mysql_common v0.30.6
[INFO] [stderr]    Compiling powerfmt v0.2.1
[INFO] [stderr]    Compiling funty v2.0.0
[INFO] [stderr]    Compiling form_urlencoded v1.2.2
[INFO] [stderr]    Compiling bitvec v1.1.1
[INFO] [stderr]    Compiling time v0.3.55
[INFO] [stderr]    Compiling frunk v0.4.4
[INFO] [stderr]    Compiling mysql-common-derive v0.30.2
[INFO] [stderr]    Compiling flate2 v1.1.10
[INFO] [stderr]    Compiling bigdecimal v0.3.1
[INFO] [stderr]    Compiling lexical v6.1.1
[INFO] [stderr]    Compiling idna v1.1.0
[INFO] [stderr]    Compiling hashbrown v0.13.2
[INFO] [stderr]    Compiling sha1 v0.10.7
[INFO] [stderr]    Compiling sha2 v0.10.9
[INFO] [stderr]    Compiling derive_utils v0.16.0
[INFO] [stderr]    Compiling crossbeam-queue v0.3.14
[INFO] [stderr]    Compiling crossbeam-channel v0.5.17
[INFO] [stderr]    Compiling uuid v1.28.0
[INFO] [stderr]    Compiling bytes v1.12.1
[INFO] [stderr]    Compiling byteorder v1.5.0
[INFO] [stderr]    Compiling lazy_static v1.5.1
[INFO] [stderr]    Compiling mysql v24.0.0
[INFO] [stderr]    Compiling log v0.4.34
[INFO] [stderr]    Compiling saturating v0.1.0
[INFO] [stderr]    Compiling openssl-probe v0.2.1
[INFO] [stderr]    Compiling crossbeam v0.8.5
[INFO] [stderr]    Compiling lru v0.10.1
[INFO] [stderr]    Compiling io-enum v1.3.0
[INFO] [stderr]    Compiling url v2.5.8
[INFO] [stderr]    Compiling pem v2.0.1
[INFO] [stderr]    Compiling twox-hash v1.6.3
[INFO] [stderr]    Compiling socket2 v0.5.10
[INFO] [stderr]    Compiling bufstream v0.1.4
[INFO] [stderr]    Compiling datalocker v0.3.1 (/opt/rustwide/workdir)
[INFO] [stdout] warning: struct `TestDataStruct` is never constructed
[INFO] [stdout]   --> src/lib.rs:14:8
[INFO] [stdout]    |
[INFO] [stdout] 14 | struct TestDataStruct {
[INFO] [stdout]    |        ^^^^^^^^^^^^^^
[INFO] [stdout]    |
[INFO] [stdout]    = note: `#[warn(dead_code)]` (part of `#[warn(unused)]`) on by default
[INFO] [stdout] 
[INFO] [stdout] 
[INFO] [stderr]     Finished `release` profile [optimized] target(s) in 3m 09s
[INFO] running `Command { std: "docker" "inspect" "c205aeaa5990a6040f13129d42fa35b6b6171830b86591714552a5ff7cd9cf04", kill_on_drop: false }`
[INFO] running `Command { std: "docker" "exec" "-e" "SOURCE_DIR=/opt/rustwide/workdir" "-e" "CARGO_HOME=/opt/rustwide/cargo-home" "-e" "RUSTUP_HOME=/opt/rustwide/rustup-home" "-e" "CARGO_TARGET_DIR=/opt/rustwide/target" "-e" "CARGO_INCREMENTAL=0" "-e" "RUST_BACKTRACE=full" "-e" "RUSTFLAGS=--cap-lints=warn" "-e" "RUSTDOCFLAGS=--cap-lints=warn" "-w" "/opt/rustwide/workdir" "--user" "0:0" "c205aeaa5990a6040f13129d42fa35b6b6171830b86591714552a5ff7cd9cf04" "/opt/rustwide/cargo-home/bin/cargo" "+1.99.0-beta.8" "test" "--frozen" "--no-run" "--message-format=json" "--release", kill_on_drop: false }`
[INFO] [stderr]    Compiling datalocker v0.3.1 (/opt/rustwide/workdir)
[INFO] [stdout] warning: struct `TestDataStruct` is never constructed
[INFO] [stdout]   --> src/lib.rs:14:8
[INFO] [stdout]    |
[INFO] [stdout] 14 | struct TestDataStruct {
[INFO] [stdout]    |        ^^^^^^^^^^^^^^
[INFO] [stdout]    |
[INFO] [stdout]    = note: `#[warn(dead_code)]` (part of `#[warn(unused)]`) on by default
[INFO] [stdout] 
[INFO] [stdout] 
[INFO] [stderr]     Finished `release` profile [optimized] target(s) in 2.28s
[INFO] running `Command { std: "docker" "inspect" "c205aeaa5990a6040f13129d42fa35b6b6171830b86591714552a5ff7cd9cf04", kill_on_drop: false }`
[INFO] running `Command { std: "docker" "exec" "-e" "SOURCE_DIR=/opt/rustwide/workdir" "-e" "CARGO_HOME=/opt/rustwide/cargo-home" "-e" "RUSTUP_HOME=/opt/rustwide/rustup-home" "-e" "CARGO_TARGET_DIR=/opt/rustwide/target" "-e" "CARGO_INCREMENTAL=0" "-e" "RUST_BACKTRACE=full" "-e" "RUSTFLAGS=--cap-lints=warn" "-e" "RUSTDOCFLAGS=--cap-lints=warn" "-w" "/opt/rustwide/workdir" "--user" "0:0" "c205aeaa5990a6040f13129d42fa35b6b6171830b86591714552a5ff7cd9cf04" "/opt/rustwide/cargo-home/bin/cargo" "+1.99.0-beta.8" "test" "--frozen" "--release", kill_on_drop: false }`
[INFO] [stderr] warning: struct `TestDataStruct` is never constructed
[INFO] [stderr]   --> src/lib.rs:14:8
[INFO] [stderr]    |
[INFO] [stderr] 14 | struct TestDataStruct {
[INFO] [stderr]    |        ^^^^^^^^^^^^^^
[INFO] [stderr]    |
[INFO] [stderr]    = note: `#[warn(dead_code)]` (part of `#[warn(unused)]`) on by default
[INFO] [stderr] 
[INFO] [stderr] warning: `datalocker` (lib) generated 1 warning
[INFO] [stderr]     Finished `release` profile [optimized] target(s) in 0.29s
[INFO] [stderr]      Running unittests src/lib.rs (/opt/rustwide/target/release/deps/datalocker-af8afe955457ea4b)
[INFO] [stdout] 
[INFO] [stdout] running 1 test
[INFO] [stdout] test tests::it_works ... FAILED
[INFO] [stdout] 
[INFO] [stdout] failures:
[INFO] [stdout] 
[INFO] [stdout] ---- tests::it_works stdout ----
[INFO] [stdout] 
[INFO] [stdout] thread 'tests::it_works' (3024) panicked at src/lib.rs:93:9:
[INFO] [stdout] assertion `left == right` failed
[INFO] [stdout]   left: false
[INFO] [stdout]  right: true
[INFO] [stdout] stack backtrace:
[INFO] [stdout]    0:     0x580070664041 - <<std[70759c8f55707aa4]::sys::backtrace::BacktraceLock>::print::DisplayBacktrace as core[df12db4294e9bfd3]::fmt::Display>::fmt
[INFO] [stdout]    1:     0x58007067b6fa - core[df12db4294e9bfd3]::fmt::write
[INFO] [stdout]    2:     0x580070668a7c - <alloc[2182bb758b4b3781]::vec::Vec<u8> as core[df12db4294e9bfd3]::io::write::Write>::write_fmt
[INFO] [stdout]    3:     0x58007063efe6 - std[70759c8f55707aa4]::panicking::default_hook::{closure#0}
[INFO] [stdout]    4:     0x58007065bc29 - std[70759c8f55707aa4]::panicking::default_hook
[INFO] [stdout]    5:     0x5800704bb640 - test[9d35eded1c95d3be]::test_main_inner::<test[9d35eded1c95d3be]::test_main_static::{closure#0}>::{closure#0}
[INFO] [stdout]    6:     0x58007065bf52 - std[70759c8f55707aa4]::panicking::panic_with_hook
[INFO] [stdout]    7:     0x58007063f092 - std[70759c8f55707aa4]::panicking::panic_handler::{closure#0}
[INFO] [stdout]    8:     0x580070637ba9 - std[70759c8f55707aa4]::sys::backtrace::__rust_end_short_backtrace::<std[70759c8f55707aa4]::panicking::panic_handler::{closure#0}, !>
[INFO] [stdout]    9:     0x58007063fe7d - __rustc[8fa7c3cbc660c2b3]::rust_begin_unwind
[INFO] [stdout]   10:     0x58007067bedc - core[df12db4294e9bfd3]::panicking::panic_fmt
[INFO] [stdout]   11:     0x58007067bdf3 - core[df12db4294e9bfd3]::panicking::assert_failed_inner
[INFO] [stdout]   12:     0x5800704a130b - core[df12db4294e9bfd3]::panicking::assert_failed::<bool, bool>
[INFO] [stdout]   13:     0x5800704a3e93 - <datalocker[adc1eedabaadc5f4]::tests::it_works::{closure#0} as core[df12db4294e9bfd3]::ops::function::FnOnce<()>>::call_once
[INFO] [stdout]   14:     0x5800704ae92b - test[9d35eded1c95d3be]::__rust_begin_short_backtrace::<core[df12db4294e9bfd3]::result::Result<(), alloc[2182bb758b4b3781]::string::String>, fn() -> core[df12db4294e9bfd3]::result::Result<(), alloc[2182bb758b4b3781]::string::String>>
[INFO] [stdout]   15:     0x5800704bbf95 - test[9d35eded1c95d3be]::run_test::{closure#0}
[INFO] [stdout]   16:     0x5800704b5854 - std[70759c8f55707aa4]::sys::backtrace::__rust_begin_short_backtrace::<test[9d35eded1c95d3be]::run_test::{closure#1}, ()>
[INFO] [stdout]   17:     0x5800704bf0f2 - <std[70759c8f55707aa4]::thread::lifecycle::spawn_unchecked<test[9d35eded1c95d3be]::run_test::{closure#1}, ()>::{closure#1} as core[df12db4294e9bfd3]::ops::function::FnOnce<()>>::call_once::{shim:vtable#0}
[INFO] [stdout]   18:     0x580070663249 - <std[70759c8f55707aa4]::sys::thread::unix::Thread>::new::thread_start
[INFO] [stdout]   19:     0x70fd8dceedfa - <unknown>
[INFO] [stdout]   20:     0x70fd8dd823d4 - clone
[INFO] [stdout]   21:                0x0 - <unknown>
[INFO] [stdout] 
[INFO] [stdout] 
[INFO] [stdout] failures:
[INFO] [stdout]     tests::it_works
[INFO] [stdout] 
[INFO] [stdout] test result: FAILED. 0 passed; 1 failed; 0 ignored; 0 measured; 0 filtered out; finished in 0.01s
[INFO] [stdout] 
[INFO] [stderr] error: test failed, to rerun pass `--lib`
[INFO] running `Command { std: "docker" "inspect" "c205aeaa5990a6040f13129d42fa35b6b6171830b86591714552a5ff7cd9cf04", kill_on_drop: false }`
[INFO] running `Command { std: "docker" "rm" "-f" "c205aeaa5990a6040f13129d42fa35b6b6171830b86591714552a5ff7cd9cf04", kill_on_drop: false }`
[INFO] [stdout] c205aeaa5990a6040f13129d42fa35b6b6171830b86591714552a5ff7cd9cf04
