[INFO] fetching crate datahugger 0.6.8...
[INFO] testing datahugger-0.6.8 against 1.99.0-beta.8+cargoflags=--release for beta-release-1.100-2
[INFO] extracting crate datahugger 0.6.8 into /workspace/builds/worker-6-tc1/source
[INFO] started tweaking crates.io crate datahugger 0.6.8
[INFO] removed 0 missing examples
[INFO] removed 0 missing tests
[INFO] finished tweaking crates.io crate datahugger 0.6.8
[INFO] tweaked toml for crates.io crate datahugger 0.6.8 written to /workspace/builds/worker-6-tc1/source/Cargo.toml
[INFO] validating manifest of crates.io crate datahugger 0.6.8 on toolchain 1.99.0-beta.8
[INFO] running `Command { std: CARGO_HOME="/workspace/cargo-home" RUSTUP_HOME="/workspace/rustup-home" "/workspace/cargo-home/bin/cargo" "+1.99.0-beta.8" "metadata" "--manifest-path" "Cargo.toml" "--no-deps", kill_on_drop: false }`
[INFO] crate crates.io crate datahugger 0.6.8 already has a lockfile, it will not be regenerated
[INFO] running `Command { std: CARGO_HOME="/workspace/cargo-home" RUSTUP_HOME="/workspace/rustup-home" "/workspace/cargo-home/bin/cargo" "+1.99.0-beta.8" "fetch" "--manifest-path" "Cargo.toml", kill_on_drop: false }`
[INFO] [stderr]     Updating crates.io index
[INFO] [stderr]  Downloading crates ...
[INFO] [stderr]   Downloaded zmij v1.0.14
[INFO] [stderr]   Downloaded xmltree v0.12.0
[INFO] [stderr]   Downloaded xml v1.2.1
[INFO] [stderr]   Downloaded vcr-cassette v2.0.1
[INFO] [stderr]   Downloaded reqwest-vcr v0.4.0
[INFO] [stderr]   Downloaded reqwest-middleware v0.5.1
[INFO] [stderr]   Downloaded cc v1.2.53
[INFO] [stderr]   Downloaded tempfile v3.24.0
[INFO] [stderr]   Downloaded wasm-bindgen-futures v0.4.58
[INFO] [stderr]   Downloaded openssl-probe v0.2.0
[INFO] [stderr]   Downloaded security-framework v3.5.1
[INFO] [stderr]   Downloaded aws-lc-rs v1.15.3
[INFO] [stderr]   Downloaded rustls v0.23.36
[INFO] [stderr]   Downloaded webpki-root-certs v1.0.5
[INFO] [stderr]   Downloaded quinn-proto v0.11.13
[INFO] [stderr]   Downloaded zerocopy-derive v0.8.33
[INFO] [stderr]   Downloaded zerocopy v0.8.33
[INFO] [stderr]   Downloaded exn v0.3.0
[INFO] [stderr]   Downloaded portable-atomic v1.13.0
[INFO] [stderr]   Downloaded aws-lc-sys v0.36.0
[INFO] running `Command { std: "docker" "create" "-v" "/var/lib/crater-agent-workspace/builds/worker-6-tc1/source:/opt/rustwide/workdir:ro,Z" "-v" "/var/lib/crater-agent-workspace/builds/worker-6-tc1/target:/opt/rustwide/target:rw,Z" "-v" "/var/lib/crater-agent-workspace/cargo-home:/opt/rustwide/cargo-home:ro,Z" "-v" "/var/lib/crater-agent-workspace/rustup-home:/opt/rustwide/rustup-home:ro,Z" "-m" "1610612736" "--network" "none" "ghcr.io/rust-lang/crates-build-env/linux@sha256:77db811e55d90add9212f6832c23229e3de5f1c1f9905e8cb07319ea15df73ac" "sleep" "infinity", kill_on_drop: false }`
[INFO] [stdout] 682add36e1e0e365866234d5e05976f7de869670d03d3836c908cc59fd3a6aef
[INFO] running `Command { std: "docker" "start" "682add36e1e0e365866234d5e05976f7de869670d03d3836c908cc59fd3a6aef", kill_on_drop: false }`
[INFO] running `Command { std: "docker" "inspect" "682add36e1e0e365866234d5e05976f7de869670d03d3836c908cc59fd3a6aef", kill_on_drop: false }`
[INFO] running `Command { std: "docker" "exec" "-e" "SOURCE_DIR=/opt/rustwide/workdir" "-e" "CARGO_HOME=/opt/rustwide/cargo-home" "-e" "RUSTUP_HOME=/opt/rustwide/rustup-home" "-e" "CARGO_TARGET_DIR=/opt/rustwide/target" "-w" "/opt/rustwide/workdir" "--user" "0:0" "682add36e1e0e365866234d5e05976f7de869670d03d3836c908cc59fd3a6aef" "/opt/rustwide/cargo-home/bin/cargo" "+1.99.0-beta.8" "metadata" "--no-deps" "--format-version=1", kill_on_drop: false }`
[INFO] running `Command { std: "docker" "inspect" "682add36e1e0e365866234d5e05976f7de869670d03d3836c908cc59fd3a6aef", kill_on_drop: false }`
[INFO] running `Command { std: "docker" "exec" "-e" "SOURCE_DIR=/opt/rustwide/workdir" "-e" "CARGO_HOME=/opt/rustwide/cargo-home" "-e" "RUSTUP_HOME=/opt/rustwide/rustup-home" "-e" "CARGO_TARGET_DIR=/opt/rustwide/target" "-e" "CARGO_INCREMENTAL=0" "-e" "RUST_BACKTRACE=full" "-e" "RUSTFLAGS=--cap-lints=warn" "-e" "RUSTDOCFLAGS=--cap-lints=warn" "-w" "/opt/rustwide/workdir" "--user" "0:0" "682add36e1e0e365866234d5e05976f7de869670d03d3836c908cc59fd3a6aef" "/opt/rustwide/cargo-home/bin/cargo" "+1.99.0-beta.8" "build" "--frozen" "--message-format=json" "--release", kill_on_drop: false }`
[INFO] [stderr]    Compiling quote v1.0.45
[INFO] [stderr]    Compiling libc v0.2.180
[INFO] [stderr]    Compiling memchr v2.7.6
[INFO] [stderr]    Compiling pkg-config v0.3.32
[INFO] [stderr]    Compiling tracing-core v0.1.36
[INFO] [stderr]    Compiling http v1.4.0
[INFO] [stderr]    Compiling aws-lc-rs v1.15.3
[INFO] [stderr]    Compiling slab v0.4.11
[INFO] [stderr]    Compiling litemap v0.8.1
[INFO] [stderr]    Compiling log v0.4.29
[INFO] [stderr]    Compiling mio v1.1.1
[INFO] [stderr]    Compiling socket2 v0.6.1
[INFO] [stderr]    Compiling writeable v0.6.2
[INFO] [stderr]    Compiling typenum v1.19.0
[INFO] [stderr]    Compiling rustls-pki-types v1.14.0
[INFO] [stderr]    Compiling icu_normalizer_data v2.1.1
[INFO] [stderr]    Compiling icu_properties_data v2.1.2
[INFO] [stderr]    Compiling hashbrown v0.16.1
[INFO] [stderr]    Compiling openssl v0.10.75
[INFO] [stderr]    Compiling rustls v0.23.36
[INFO] [stderr]    Compiling bitflags v2.10.0
[INFO] [stderr]    Compiling syn v2.0.117
[INFO] [stderr]    Compiling futures-channel v0.3.31
[INFO] [stderr]    Compiling native-tls v0.2.14
[INFO] [stderr]    Compiling zmij v1.0.14
[INFO] [stderr]    Compiling ipnet v2.11.0
[INFO] [stderr]    Compiling sync_wrapper v1.0.2
[INFO] [stderr]    Compiling openssl-probe v0.2.0
[INFO] [stderr]    Compiling serde_json v1.0.149
[INFO] [stderr]    Compiling thiserror v2.0.17
[INFO] [stderr]    Compiling portable-atomic v1.13.0
[INFO] [stderr]    Compiling iri-string v0.7.10
[INFO] [stderr]    Compiling rustls-native-certs v0.8.3
[INFO] [stderr]    Compiling anstream v1.0.0
[INFO] [stderr]    Compiling syn v3.0.6
[INFO] [stderr]    Compiling clap_lex v1.0.0
[INFO] [stderr]    Compiling aho-corasick v1.1.4
[INFO] [stderr]    Compiling indexmap v2.13.0
[INFO] [stderr]    Compiling http-body v1.0.1
[INFO] [stderr]    Compiling console v0.16.2
[INFO] [stderr]    Compiling http-body-util v0.1.3
[INFO] [stderr]    Compiling clap_builder v4.6.0
[INFO] [stderr]    Compiling generic-array v0.14.7
[INFO] [stderr]    Compiling sharded-slab v0.1.7
[INFO] [stderr]    Compiling bstr v1.12.1
[INFO] [stderr]    Compiling jobserver v0.1.34
[INFO] [stderr]    Compiling cc v1.2.53
[INFO] [stderr]    Compiling mime_guess v2.0.5
[INFO] [stderr]    Compiling tracing-log v0.2.0
[INFO] [stderr]    Compiling xml v1.2.1
[INFO] [stderr]    Compiling unicase v2.9.0
[INFO] [stderr]    Compiling cmake v0.1.57
[INFO] [stderr]    Compiling unit-prefix v0.5.2
[INFO] [stderr]    Compiling regex-automata v0.4.13
[INFO] [stderr]    Compiling block-buffer v0.10.4
[INFO] [stderr]    Compiling crypto-common v0.1.7
[INFO] [stderr]    Compiling indicatif v0.18.4
[INFO] [stderr]    Compiling xmltree v0.12.0
[INFO] [stderr]    Compiling roxmltree v0.21.1
[INFO] [stderr]    Compiling quick-xml v0.40.1
[INFO] [stderr]    Compiling digest v0.10.7
[INFO] [stderr]    Compiling exn v0.3.0
[INFO] [stderr]    Compiling sha1 v0.10.6
[INFO] [stderr]    Compiling sha2 v0.10.9
[INFO] [stderr]    Compiling md-5 v0.10.6
[INFO] [stderr]    Compiling aws-lc-sys v0.36.0
[INFO] [stderr]    Compiling openssl-sys v0.9.111
[INFO] [stderr]    Compiling async-trait v0.1.92
[INFO] [stderr]    Compiling synstructure v0.13.2
[INFO] [stderr]    Compiling zerofrom-derive v0.1.6
[INFO] [stderr]    Compiling yoke-derive v0.8.1
[INFO] [stderr]    Compiling zerovec-derive v0.11.2
[INFO] [stderr]    Compiling tokio-macros v2.6.0
[INFO] [stderr]    Compiling displaydoc v0.2.5
[INFO] [stderr]    Compiling tracing-attributes v0.1.31
[INFO] [stderr]    Compiling futures-macro v0.3.31
[INFO] [stderr]    Compiling openssl-macros v0.1.1
[INFO] [stderr]    Compiling serde_derive v1.0.228
[INFO] [stderr]    Compiling thiserror-impl v2.0.17
[INFO] [stderr]    Compiling zerofrom v0.1.6
[INFO] [stderr]    Compiling async-stream-impl v0.3.6
[INFO] [stderr]    Compiling clap_derive v4.6.0
[INFO] [stderr]    Compiling async-recursion v1.1.1
[INFO] [stderr]    Compiling yoke v0.8.1
[INFO] [stderr]    Compiling tokio v1.50.0
[INFO] [stderr]    Compiling async-stream v0.3.6
[INFO] [stderr]    Compiling zerotrie v0.2.3
[INFO] [stderr]    Compiling futures-util v0.3.31
[INFO] [stderr]    Compiling zerovec v0.11.5
[INFO] [stderr]    Compiling matchers v0.2.0
[INFO] [stderr]    Compiling tracing v0.1.44
[INFO] [stderr]    Compiling globset v0.4.18
[INFO] [stderr]    Compiling tracing-subscriber v0.3.23
[INFO] [stderr]    Compiling tinystr v0.8.2
[INFO] [stderr]    Compiling icu_locale_core v2.1.1
[INFO] [stderr]    Compiling potential_utf v0.1.4
[INFO] [stderr]    Compiling icu_collections v2.1.1
[INFO] [stderr]    Compiling clap v4.6.0
[INFO] [stderr]    Compiling icu_provider v2.1.1
[INFO] [stderr]    Compiling serde v1.0.228
[INFO] [stderr]    Compiling icu_normalizer v2.1.1
[INFO] [stderr]    Compiling icu_properties v2.1.2
[INFO] [stderr]    Compiling serde_urlencoded v0.7.1
[INFO] [stderr]    Compiling idna_adapter v1.2.1
[INFO] [stderr]    Compiling idna v1.1.0
[INFO] [stderr]    Compiling url v2.5.8
[INFO] [stderr]    Compiling tokio-util v0.7.18
[INFO] [stderr]    Compiling tower v0.5.3
[INFO] [stderr]    Compiling tokio-native-tls v0.3.1
[INFO] [stderr]    Compiling h2 v0.4.13
[INFO] [stderr]    Compiling tower-http v0.6.8
[INFO] [stderr]    Compiling hyper v1.8.1
[INFO] [stderr]    Compiling hyper-util v0.1.19
[INFO] [stderr]    Compiling hyper-tls v0.6.0
[INFO] [stderr]    Compiling rustls-webpki v0.103.9
[INFO] [stderr]    Compiling tokio-rustls v0.26.4
[INFO] [stderr]    Compiling rustls-platform-verifier v0.6.2
[INFO] [stderr]    Compiling hyper-rustls v0.27.7
[INFO] [stderr]    Compiling reqwest v0.13.3
[INFO] [stderr]    Compiling reqwest-middleware v0.5.1
[INFO] [stderr]    Compiling datahugger v0.6.8 (/opt/rustwide/workdir)
[INFO] [stderr]     Finished `release` profile [optimized] target(s) in 2m 56s
[INFO] running `Command { std: "docker" "inspect" "682add36e1e0e365866234d5e05976f7de869670d03d3836c908cc59fd3a6aef", kill_on_drop: false }`
[INFO] running `Command { std: "docker" "exec" "-e" "SOURCE_DIR=/opt/rustwide/workdir" "-e" "CARGO_HOME=/opt/rustwide/cargo-home" "-e" "RUSTUP_HOME=/opt/rustwide/rustup-home" "-e" "CARGO_TARGET_DIR=/opt/rustwide/target" "-e" "CARGO_INCREMENTAL=0" "-e" "RUST_BACKTRACE=full" "-e" "RUSTFLAGS=--cap-lints=warn" "-e" "RUSTDOCFLAGS=--cap-lints=warn" "-w" "/opt/rustwide/workdir" "--user" "0:0" "682add36e1e0e365866234d5e05976f7de869670d03d3836c908cc59fd3a6aef" "/opt/rustwide/cargo-home/bin/cargo" "+1.99.0-beta.8" "test" "--frozen" "--no-run" "--message-format=json" "--release", kill_on_drop: false }`
[INFO] [stderr]    Compiling futures-util v0.3.31
[INFO] [stderr]    Compiling tracing v0.1.44
[INFO] [stderr]    Compiling regex-automata v0.4.13
[INFO] [stderr]    Compiling chrono v0.4.44
[INFO] [stderr]    Compiling num_cpus v1.17.0
[INFO] [stderr]    Compiling url v2.5.8
[INFO] [stderr]    Compiling deadpool-runtime v0.1.4
[INFO] [stderr]    Compiling void v1.0.2
[INFO] [stderr]    Compiling assert-json-diff v2.0.2
[INFO] [stderr]    Compiling deadpool v0.12.3
[INFO] [stderr]    Compiling h2 v0.4.13
[INFO] [stderr]    Compiling vcr-cassette v2.0.1
[INFO] [stderr]    Compiling matchers v0.2.0
[INFO] [stderr]    Compiling globset v0.4.18
[INFO] [stderr]    Compiling regex v1.12.3
[INFO] [stderr]    Compiling tracing-subscriber v0.3.23
[INFO] [stderr]    Compiling tower v0.5.3
[INFO] [stderr]    Compiling futures-executor v0.3.31
[INFO] [stderr]    Compiling futures v0.3.31
[INFO] [stderr]    Compiling tower-http v0.6.8
[INFO] [stderr]    Compiling hyper v1.8.1
[INFO] [stderr]    Compiling hyper-util v0.1.19
[INFO] [stderr]    Compiling hyper-tls v0.6.0
[INFO] [stderr]    Compiling hyper-rustls v0.27.7
[INFO] [stderr]    Compiling wiremock v0.6.5
[INFO] [stderr]    Compiling reqwest v0.13.3
[INFO] [stderr]    Compiling reqwest-middleware v0.5.1
[INFO] [stderr]    Compiling reqwest-vcr v0.4.0
[INFO] [stderr]    Compiling datahugger v0.6.8 (/opt/rustwide/workdir)
[INFO] [stderr]     Finished `release` profile [optimized] target(s) in 1m 20s
[INFO] running `Command { std: "docker" "inspect" "682add36e1e0e365866234d5e05976f7de869670d03d3836c908cc59fd3a6aef", kill_on_drop: false }`
[INFO] running `Command { std: "docker" "exec" "-e" "SOURCE_DIR=/opt/rustwide/workdir" "-e" "CARGO_HOME=/opt/rustwide/cargo-home" "-e" "RUSTUP_HOME=/opt/rustwide/rustup-home" "-e" "CARGO_TARGET_DIR=/opt/rustwide/target" "-e" "CARGO_INCREMENTAL=0" "-e" "RUST_BACKTRACE=full" "-e" "RUSTFLAGS=--cap-lints=warn" "-e" "RUSTDOCFLAGS=--cap-lints=warn" "-w" "/opt/rustwide/workdir" "--user" "0:0" "682add36e1e0e365866234d5e05976f7de869670d03d3836c908cc59fd3a6aef" "/opt/rustwide/cargo-home/bin/cargo" "+1.99.0-beta.8" "test" "--frozen" "--release", kill_on_drop: false }`
[INFO] [stderr]     Finished `release` profile [optimized] target(s) in 0.23s
[INFO] [stderr]      Running unittests src/lib.rs (/opt/rustwide/target/release/deps/datahugger-94673458e9fff790)
[INFO] [stdout] 
[INFO] [stdout] running 33 tests
[INFO] [stdout] test filter::tests::empty_patterns_is_accept_all ... ok
[INFO] [stdout] test filter::tests::exact_filename ... ok
[INFO] [stdout] test filter::tests::exclude_overrides_include ... ok
[INFO] [stdout] test filter::tests::accepts_owned_strings ... ok
[INFO] [stdout] test filter::tests::clone_produces_independent_filter ... ok
[INFO] [stdout] test filter::tests::invalid_pattern_returns_error ... ok
[INFO] [stdout] test filter::tests::deeply_nested_file_matches_extension_glob ... ok
[INFO] [stdout] test filter::tests::filter_is_not_accept_all_when_patterns_set ... ok
[INFO] [stdout] test filter::tests::include_and_exclude_combined ... ok
[INFO] [stdout] test filter::tests::is_not_accept_all_with_excludes_only ... ok
[INFO] [stdout] test filter::tests::bare_double_star_matches_everything ... ok
[INFO] [stdout] test filter::tests::exclude_rejects_matching_files ... ok
[INFO] [stdout] test filter::tests::exclude_subdir ... ok
[INFO] [stdout] test filter::tests::case_sensitive_matching ... ok
[INFO] [stdout] test filter::tests::mixed_pattern_types ... ok
[INFO] [stdout] test filter::tests::pattern_with_path_separator_skips_normalization ... ok
[INFO] [stdout] test filter::tests::single_extension_pattern ... ok
[INFO] [stdout] test helper::tests::test_json_extract_deserialize_error ... ok
[INFO] [stdout] test resolver::tests::test_resolve_dataverse_default ... ok
[INFO] [stdout] test filter::tests::subdir_glob ... ok
[INFO] [stdout] test filter::tests::windows_backslash_normalized_to_forward_slash ... ok
[INFO] [stdout] test helper::tests::test_json_extract_optional_value ... ok
[INFO] [stdout] test helper::tests::test_json_extract_wrong_container ... ok
[INFO] [stdout] test resolver::tests::test_resolve_default ... ok
[INFO] [stdout] test filter::tests::multiple_patterns_or_semantics ... ok
[INFO] [stdout] test filter::tests::pattern_matching_full_path_with_leading_slash ... ok
[INFO] [stdout] test filter::tests::pattern_with_explicit_double_star_prefix ... ok
[INFO] [stdout] test helper::tests::test_json_extract_default ... ok
[INFO] [stdout] test helper::tests::test_json_extract_missing_path ... ok
[INFO] [stdout] test helper::tests::test_json_extract_missing_path_optional ... ok
[INFO] [stdout] test helper::tests::test_json_extract_array_with_non_numeric_id ... ok
[INFO] [stdout] test resolver::tests::test_resolve_doi_to_url ... ok
[INFO] [stdout] test datasets::dabar::tests::test_analyze_xml ... FAILED
[INFO] [stdout] 
[INFO] [stdout] failures:
[INFO] [stdout] 
[INFO] [stdout] ---- datasets::dabar::tests::test_analyze_xml stdout ----
[INFO] [stdout] 
[INFO] [stdout] thread 'datasets::dabar::tests::test_analyze_xml' (4482) panicked at src/datasets/dabar.rs:412:62:
[INFO] [stdout] called `Result::unwrap()` on an `Err` value: repo fail: Could not parse download URL for identifier=agr:2814, at src/datasets/dabar.rs:83:10
[INFO] [stdout] |
[INFO] [stdout] |-> error sending request for url (https://repozitorij.agr.unizg.hr/object/agr:2814/FILE0), at src/datasets/dabar.rs:83:10
[INFO] [stdout] |
[INFO] [stdout] |-> client error (Connect), at src/datasets/dabar.rs:83:10
[INFO] [stdout] |
[INFO] [stdout] |-> dns error, at src/datasets/dabar.rs:83:10
[INFO] [stdout] |
[INFO] [stdout] |-> failed to lookup address information: Temporary failure in name resolution, at src/datasets/dabar.rs:83:10
[INFO] [stdout] stack backtrace:
[INFO] [stdout]    0:     0x64c553c5fb51 - <<std[70759c8f55707aa4]::sys::backtrace::BacktraceLock>::print::DisplayBacktrace as core[df12db4294e9bfd3]::fmt::Display>::fmt
[INFO] [stdout]    1:     0x64c553c7899a - core[df12db4294e9bfd3]::fmt::write
[INFO] [stdout]    2:     0x64c553c6538c - <alloc[2182bb758b4b3781]::vec::Vec<u8> as core[df12db4294e9bfd3]::io::write::Write>::write_fmt
[INFO] [stdout]    3:     0x64c553c39d96 - std[70759c8f55707aa4]::panicking::default_hook::{closure#0}
[INFO] [stdout]    4:     0x64c553c575f9 - std[70759c8f55707aa4]::panicking::default_hook
[INFO] [stdout]    5:     0x64c553698650 - test[9d35eded1c95d3be]::test_main_inner::<test[9d35eded1c95d3be]::test_main_static::{closure#0}>::{closure#0}
[INFO] [stdout]    6:     0x64c553c57922 - std[70759c8f55707aa4]::panicking::panic_with_hook
[INFO] [stdout]    7:     0x64c553c39e42 - std[70759c8f55707aa4]::panicking::panic_handler::{closure#0}
[INFO] [stdout]    8:     0x64c553c32609 - std[70759c8f55707aa4]::sys::backtrace::__rust_end_short_backtrace::<std[70759c8f55707aa4]::panicking::panic_handler::{closure#0}, !>
[INFO] [stdout]    9:     0x64c553c3ad2d - __rustc[8fa7c3cbc660c2b3]::rust_begin_unwind
[INFO] [stdout]   10:     0x64c553c7917c - core[df12db4294e9bfd3]::panicking::panic_fmt
[INFO] [stdout]   11:     0x64c553c78f52 - core[df12db4294e9bfd3]::result::unwrap_failed
[INFO] [stdout]   12:     0x64c553653a06 - datahugger[c7f619ccc073f0ce]::datasets::dabar::tests::test_analyze_xml::{closure#0}
[INFO] [stdout]   13:     0x64c55360ffb8 - <tokio[b756e3bc89452330]::runtime::context::scoped::Scoped<tokio[b756e3bc89452330]::runtime::scheduler::Context>>::set::<<tokio[b756e3bc89452330]::runtime::scheduler::current_thread::CoreGuard>::enter<<tokio[b756e3bc89452330]::runtime::scheduler::current_thread::CoreGuard>::block_on<core[df12db4294e9bfd3]::pin::Pin<&mut core[df12db4294e9bfd3]::pin::Pin<&mut dyn core[df12db4294e9bfd3]::future::future::Future<Output = ()>>>>::{closure#0}, core[df12db4294e9bfd3]::option::Option<()>>::{closure#0}, (alloc[2182bb758b4b3781]::boxed::Box<tokio[b756e3bc89452330]::runtime::scheduler::current_thread::Core>, core[df12db4294e9bfd3]::option::Option<()>)>
[INFO] [stdout]   14:     0x64c55361148d - <tokio[b756e3bc89452330]::runtime::scheduler::current_thread::CoreGuard>::block_on::<core[df12db4294e9bfd3]::pin::Pin<&mut core[df12db4294e9bfd3]::pin::Pin<&mut dyn core[df12db4294e9bfd3]::future::future::Future<Output = ()>>>>
[INFO] [stdout]   15:     0x64c5535be5e0 - tokio[b756e3bc89452330]::runtime::context::runtime::enter_runtime::<<tokio[b756e3bc89452330]::runtime::scheduler::current_thread::CurrentThread>::block_on<core[df12db4294e9bfd3]::pin::Pin<&mut dyn core[df12db4294e9bfd3]::future::future::Future<Output = ()>>>::{closure#0}, ()>
[INFO] [stdout]   16:     0x64c5535f7215 - <tokio[b756e3bc89452330]::runtime::runtime::Runtime>::block_on::<core[df12db4294e9bfd3]::pin::Pin<&mut dyn core[df12db4294e9bfd3]::future::future::Future<Output = ()>>>
[INFO] [stdout]   17:     0x64c553655a8b - datahugger[c7f619ccc073f0ce]::datasets::dabar::tests::test_analyze_xml
[INFO] [stdout]   18:     0x64c55365d9e9 - <datahugger[c7f619ccc073f0ce]::datasets::dabar::tests::test_analyze_xml::{closure#0} as core[df12db4294e9bfd3]::ops::function::FnOnce<()>>::call_once
[INFO] [stdout]   19:     0x64c55368b93b - test[9d35eded1c95d3be]::__rust_begin_short_backtrace::<core[df12db4294e9bfd3]::result::Result<(), alloc[2182bb758b4b3781]::string::String>, fn() -> core[df12db4294e9bfd3]::result::Result<(), alloc[2182bb758b4b3781]::string::String>>
[INFO] [stdout]   20:     0x64c553698fa5 - test[9d35eded1c95d3be]::run_test::{closure#0}
[INFO] [stdout]   21:     0x64c553692864 - std[70759c8f55707aa4]::sys::backtrace::__rust_begin_short_backtrace::<test[9d35eded1c95d3be]::run_test::{closure#1}, ()>
[INFO] [stdout]   22:     0x64c55369c102 - <std[70759c8f55707aa4]::thread::lifecycle::spawn_unchecked<test[9d35eded1c95d3be]::run_test::{closure#1}, ()>::{closure#1} as core[df12db4294e9bfd3]::ops::function::FnOnce<()>>::call_once::{shim:vtable#0}
[INFO] [stdout]   23:     0x64c553c5ee29 - <std[70759c8f55707aa4]::sys::thread::unix::Thread>::new::thread_start
[INFO] [stdout]   24:     0x70aef52b5dfa - <unknown>
[INFO] [stdout]   25:     0x70aef53493d4 - clone
[INFO] [stdout]   26:                0x0 - <unknown>
[INFO] [stdout] 
[INFO] [stdout] 
[INFO] [stdout] failures:
[INFO] [stdout]     datasets::dabar::tests::test_analyze_xml
[INFO] [stdout] 
[INFO] [stdout] test result: FAILED. 32 passed; 1 failed; 0 ignored; 0 measured; 0 filtered out; finished in 0.17s
[INFO] [stdout] 
[INFO] [stderr] error: test failed, to rerun pass `--lib`
[INFO] running `Command { std: "docker" "inspect" "682add36e1e0e365866234d5e05976f7de869670d03d3836c908cc59fd3a6aef", kill_on_drop: false }`
[INFO] running `Command { std: "docker" "rm" "-f" "682add36e1e0e365866234d5e05976f7de869670d03d3836c908cc59fd3a6aef", kill_on_drop: false }`
[INFO] [stdout] 682add36e1e0e365866234d5e05976f7de869670d03d3836c908cc59fd3a6aef
