[INFO] fetching crate datadriven 0.9.0...
[INFO] testing datadriven-0.9.0 against 1.99.0-beta.8+cargoflags=--release for beta-release-1.100-2
[INFO] extracting crate datadriven 0.9.0 into /workspace/builds/worker-4-tc1/source
[INFO] started tweaking crates.io crate datadriven 0.9.0
[INFO] removed 0 missing tests
[INFO] finished tweaking crates.io crate datadriven 0.9.0
[INFO] tweaked toml for crates.io crate datadriven 0.9.0 written to /workspace/builds/worker-4-tc1/source/Cargo.toml
[INFO] validating manifest of crates.io crate datadriven 0.9.0 on toolchain 1.99.0-beta.8
[INFO] running `Command { std: CARGO_HOME="/workspace/cargo-home" RUSTUP_HOME="/workspace/rustup-home" "/workspace/cargo-home/bin/cargo" "+1.99.0-beta.8" "metadata" "--manifest-path" "Cargo.toml" "--no-deps", kill_on_drop: false }`
[INFO] crate crates.io crate datadriven 0.9.0 already has a lockfile, it will not be regenerated
[INFO] running `Command { std: CARGO_HOME="/workspace/cargo-home" RUSTUP_HOME="/workspace/rustup-home" "/workspace/cargo-home/bin/cargo" "+1.99.0-beta.8" "fetch" "--manifest-path" "Cargo.toml", kill_on_drop: false }`
[INFO] [stderr]  Downloading crates ...
[INFO] [stderr]   Downloaded tokio v1.45.0
[INFO] running `Command { std: "docker" "create" "-v" "/var/lib/crater-agent-workspace/builds/worker-4-tc1/source:/opt/rustwide/workdir:ro,Z" "-v" "/var/lib/crater-agent-workspace/builds/worker-4-tc1/target:/opt/rustwide/target:rw,Z" "-v" "/var/lib/crater-agent-workspace/cargo-home:/opt/rustwide/cargo-home:ro,Z" "-v" "/var/lib/crater-agent-workspace/rustup-home:/opt/rustwide/rustup-home:ro,Z" "-m" "1610612736" "--network" "none" "ghcr.io/rust-lang/crates-build-env/linux@sha256:77db811e55d90add9212f6832c23229e3de5f1c1f9905e8cb07319ea15df73ac" "sleep" "infinity", kill_on_drop: false }`
[INFO] [stdout] 40f4ecfae5ca7e1b5778942bc92547d6e91a938954ac9bd80fb4e06c339f0dd2
[INFO] running `Command { std: "docker" "start" "40f4ecfae5ca7e1b5778942bc92547d6e91a938954ac9bd80fb4e06c339f0dd2", kill_on_drop: false }`
[INFO] running `Command { std: "docker" "inspect" "40f4ecfae5ca7e1b5778942bc92547d6e91a938954ac9bd80fb4e06c339f0dd2", kill_on_drop: false }`
[INFO] running `Command { std: "docker" "exec" "-e" "SOURCE_DIR=/opt/rustwide/workdir" "-e" "CARGO_HOME=/opt/rustwide/cargo-home" "-e" "RUSTUP_HOME=/opt/rustwide/rustup-home" "-e" "CARGO_TARGET_DIR=/opt/rustwide/target" "-w" "/opt/rustwide/workdir" "--user" "0:0" "40f4ecfae5ca7e1b5778942bc92547d6e91a938954ac9bd80fb4e06c339f0dd2" "/opt/rustwide/cargo-home/bin/cargo" "+1.99.0-beta.8" "metadata" "--no-deps" "--format-version=1", kill_on_drop: false }`
[INFO] running `Command { std: "docker" "inspect" "40f4ecfae5ca7e1b5778942bc92547d6e91a938954ac9bd80fb4e06c339f0dd2", kill_on_drop: false }`
[INFO] running `Command { std: "docker" "exec" "-e" "SOURCE_DIR=/opt/rustwide/workdir" "-e" "CARGO_HOME=/opt/rustwide/cargo-home" "-e" "RUSTUP_HOME=/opt/rustwide/rustup-home" "-e" "CARGO_TARGET_DIR=/opt/rustwide/target" "-e" "CARGO_INCREMENTAL=0" "-e" "RUST_BACKTRACE=full" "-e" "RUSTFLAGS=--cap-lints=warn" "-e" "RUSTDOCFLAGS=--cap-lints=warn" "-w" "/opt/rustwide/workdir" "--user" "0:0" "40f4ecfae5ca7e1b5778942bc92547d6e91a938954ac9bd80fb4e06c339f0dd2" "/opt/rustwide/cargo-home/bin/cargo" "+1.99.0-beta.8" "build" "--frozen" "--message-format=json" "--release", kill_on_drop: false }`
[INFO] [stderr]    Compiling proc-macro2 v1.0.95
[INFO] [stderr]    Compiling futures-core v0.3.31
[INFO] [stderr]    Compiling futures-sink v0.3.31
[INFO] [stderr]    Compiling futures-channel v0.3.31
[INFO] [stderr]    Compiling quote v1.0.40
[INFO] [stderr]    Compiling syn v2.0.101
[INFO] [stderr]    Compiling futures-macro v0.3.31
[INFO] [stderr]    Compiling thiserror-impl v1.0.69
[INFO] [stderr]    Compiling futures-util v0.3.31
[INFO] [stderr]    Compiling thiserror v1.0.69
[INFO] [stderr]    Compiling futures-executor v0.3.31
[INFO] [stderr]    Compiling futures v0.3.31
[INFO] [stderr]    Compiling datadriven v0.9.0 (/opt/rustwide/workdir)
[INFO] [stderr]     Finished `release` profile [optimized] target(s) in 10.73s
[INFO] running `Command { std: "docker" "inspect" "40f4ecfae5ca7e1b5778942bc92547d6e91a938954ac9bd80fb4e06c339f0dd2", kill_on_drop: false }`
[INFO] running `Command { std: "docker" "exec" "-e" "SOURCE_DIR=/opt/rustwide/workdir" "-e" "CARGO_HOME=/opt/rustwide/cargo-home" "-e" "RUSTUP_HOME=/opt/rustwide/rustup-home" "-e" "CARGO_TARGET_DIR=/opt/rustwide/target" "-e" "CARGO_INCREMENTAL=0" "-e" "RUST_BACKTRACE=full" "-e" "RUSTFLAGS=--cap-lints=warn" "-e" "RUSTDOCFLAGS=--cap-lints=warn" "-w" "/opt/rustwide/workdir" "--user" "0:0" "40f4ecfae5ca7e1b5778942bc92547d6e91a938954ac9bd80fb4e06c339f0dd2" "/opt/rustwide/cargo-home/bin/cargo" "+1.99.0-beta.8" "test" "--frozen" "--no-run" "--message-format=json" "--release", kill_on_drop: false }`
[INFO] [stderr]    Compiling anyhow v1.0.98
[INFO] [stderr]    Compiling tokio-macros v2.5.0
[INFO] [stderr]    Compiling tokio v1.45.0
[INFO] [stderr]    Compiling datadriven v0.9.0 (/opt/rustwide/workdir)
[INFO] [stderr]     Finished `release` profile [optimized] target(s) in 6.21s
[INFO] running `Command { std: "docker" "inspect" "40f4ecfae5ca7e1b5778942bc92547d6e91a938954ac9bd80fb4e06c339f0dd2", kill_on_drop: false }`
[INFO] running `Command { std: "docker" "exec" "-e" "SOURCE_DIR=/opt/rustwide/workdir" "-e" "CARGO_HOME=/opt/rustwide/cargo-home" "-e" "RUSTUP_HOME=/opt/rustwide/rustup-home" "-e" "CARGO_TARGET_DIR=/opt/rustwide/target" "-e" "CARGO_INCREMENTAL=0" "-e" "RUST_BACKTRACE=full" "-e" "RUSTFLAGS=--cap-lints=warn" "-e" "RUSTDOCFLAGS=--cap-lints=warn" "-w" "/opt/rustwide/workdir" "--user" "0:0" "40f4ecfae5ca7e1b5778942bc92547d6e91a938954ac9bd80fb4e06c339f0dd2" "/opt/rustwide/cargo-home/bin/cargo" "+1.99.0-beta.8" "test" "--frozen" "--release", kill_on_drop: false }`
[INFO] [stderr]     Finished `release` profile [optimized] target(s) in 0.05s
[INFO] [stderr]      Running unittests src/lib.rs (/opt/rustwide/target/release/deps/datadriven-632863ba3c9ac2b2)
[INFO] [stdout] 
[INFO] [stdout] running 2 tests
[INFO] [stdout] test tests::parse_directive ... ok
[INFO] [stdout] test tests::parse_directive_async ... ok
[INFO] [stdout] 
[INFO] [stdout] test result: ok. 2 passed; 0 failed; 0 ignored; 0 measured; 0 filtered out; finished in 0.00s
[INFO] [stdout] 
[INFO] [stderr]      Running tests/tests.rs (/opt/rustwide/target/release/deps/tests-6a2d883ea5abfc1f)
[INFO] [stdout] 
[INFO] [stdout] running 6 tests
[INFO] [stdout] test tests::walk_excluded ... ok
[INFO] [stderr] error: test failed, to rerun pass `--test tests`
[INFO] [stdout] test tests::run_async_exclusive ... ok
[INFO] [stdout] test tests::run_async ... ok
[INFO] [stdout] test tests::filenames_correct ... ok
[INFO] [stdout] test tests::run_result ... FAILED
[INFO] [stdout] test tests::run ... FAILED
[INFO] [stdout] 
[INFO] [stdout] failures:
[INFO] [stdout] 
[INFO] [stdout] ---- tests::run_result stdout ----
[INFO] [stdout] 
[INFO] [stdout] thread 'tests::run_result' (512) panicked at src/lib.rs:276:9:
[INFO] [stdout] failure:
[INFO] [stdout] tests/testdata/nonewline:9:
[INFO] [stdout] 
[INFO] [stdout] expected:
[INFO] [stdout] 
[INFO] [stdout] actual:
[INFO] [stdout] 
[INFO] [stdout] 
[INFO] [stdout] 
[INFO] [stdout] stack backtrace:
[INFO] [stdout]    0:     0x597f5ce62601 - <<std[70759c8f55707aa4]::sys::backtrace::BacktraceLock>::print::DisplayBacktrace as core[df12db4294e9bfd3]::fmt::Display>::fmt
[INFO] [stdout]    1:     0x597f5ce771ca - core[df12db4294e9bfd3]::fmt::write
[INFO] [stdout]    2:     0x597f5ce6728c - <alloc[2182bb758b4b3781]::vec::Vec<u8> as core[df12db4294e9bfd3]::io::write::Write>::write_fmt
[INFO] [stdout]    3:     0x597f5ce3d916 - std[70759c8f55707aa4]::panicking::default_hook::{closure#0}
[INFO] [stdout]    4:     0x597f5ce5a599 - std[70759c8f55707aa4]::panicking::default_hook
[INFO] [stdout]    5:     0x597f5cded720 - test[9d35eded1c95d3be]::test_main_inner::<test[9d35eded1c95d3be]::test_main_static::{closure#0}>::{closure#0}
[INFO] [stdout]    6:     0x597f5ce5a752 - std[70759c8f55707aa4]::panicking::panic_with_hook
[INFO] [stdout]    7:     0x597f5ce3d9c2 - std[70759c8f55707aa4]::panicking::panic_handler::{closure#0}
[INFO] [stdout]    8:     0x597f5ce35f89 - std[70759c8f55707aa4]::sys::backtrace::__rust_end_short_backtrace::<std[70759c8f55707aa4]::panicking::panic_handler::{closure#0}, !>
[INFO] [stdout]    9:     0x597f5ce3e6cd - __rustc[8fa7c3cbc660c2b3]::rust_begin_unwind
[INFO] [stdout]   10:     0x597f5ce7792c - core[df12db4294e9bfd3]::panicking::panic_fmt
[INFO] [stdout]   11:     0x597f5cdc5fa6 - datadriven[cfb8ee0577349d5e]::walk_exclusive::<tests[ece3d0e845192c44]::tests::run_result::{closure#0}, datadriven[cfb8ee0577349d5e]::walk<tests[ece3d0e845192c44]::tests::run_result::{closure#0}>::{closure#0}>
[INFO] [stdout]   12:     0x597f5cdd4d85 - <tests[ece3d0e845192c44]::tests::run_result::{closure#0} as core[df12db4294e9bfd3]::ops::function::FnOnce<()>>::call_once
[INFO] [stdout]   13:     0x597f5cde0a0b - test[9d35eded1c95d3be]::__rust_begin_short_backtrace::<core[df12db4294e9bfd3]::result::Result<(), alloc[2182bb758b4b3781]::string::String>, fn() -> core[df12db4294e9bfd3]::result::Result<(), alloc[2182bb758b4b3781]::string::String>>
[INFO] [stdout]   14:     0x597f5cdee075 - test[9d35eded1c95d3be]::run_test::{closure#0}
[INFO] [stdout]   15:     0x597f5cde7934 - std[70759c8f55707aa4]::sys::backtrace::__rust_begin_short_backtrace::<test[9d35eded1c95d3be]::run_test::{closure#1}, ()>
[INFO] [stdout]   16:     0x597f5cdf11d2 - <std[70759c8f55707aa4]::thread::lifecycle::spawn_unchecked<test[9d35eded1c95d3be]::run_test::{closure#1}, ()>::{closure#1} as core[df12db4294e9bfd3]::ops::function::FnOnce<()>>::call_once::{shim:vtable#0}
[INFO] [stdout]   17:     0x597f5ce61979 - <std[70759c8f55707aa4]::sys::thread::unix::Thread>::new::thread_start
[INFO] [stdout]   18:     0x704b0ca54dfa - <unknown>
[INFO] [stdout]   19:     0x704b0cae83d4 - clone
[INFO] [stdout]   20:                0x0 - <unknown>
[INFO] [stdout] 
[INFO] [stdout] ---- tests::run stdout ----
[INFO] [stdout] 
[INFO] [stdout] thread 'tests::run' (509) panicked at src/lib.rs:276:9:
[INFO] [stdout] failure:
[INFO] [stdout] tests/testdata/nonewline:9:
[INFO] [stdout] 
[INFO] [stdout] expected:
[INFO] [stdout] 
[INFO] [stdout] actual:
[INFO] [stdout] 
[INFO] [stdout] 
[INFO] [stdout] 
[INFO] [stdout] stack backtrace:
[INFO] [stdout]    0:     0x597f5ce62601 - <<std[70759c8f55707aa4]::sys::backtrace::BacktraceLock>::print::DisplayBacktrace as core[df12db4294e9bfd3]::fmt::Display>::fmt
[INFO] [stdout]    1:     0x597f5ce771ca - core[df12db4294e9bfd3]::fmt::write
[INFO] [stdout]    2:     0x597f5ce6728c - <alloc[2182bb758b4b3781]::vec::Vec<u8> as core[df12db4294e9bfd3]::io::write::Write>::write_fmt
[INFO] [stdout]    3:     0x597f5ce3d916 - std[70759c8f55707aa4]::panicking::default_hook::{closure#0}
[INFO] [stdout]    4:     0x597f5ce5a599 - std[70759c8f55707aa4]::panicking::default_hook
[INFO] [stdout]    5:     0x597f5cded720 - test[9d35eded1c95d3be]::test_main_inner::<test[9d35eded1c95d3be]::test_main_static::{closure#0}>::{closure#0}
[INFO] [stdout]    6:     0x597f5ce5a752 - std[70759c8f55707aa4]::panicking::panic_with_hook
[INFO] [stdout]    7:     0x597f5ce3d9c2 - std[70759c8f55707aa4]::panicking::panic_handler::{closure#0}
[INFO] [stdout]    8:     0x597f5ce35f89 - std[70759c8f55707aa4]::sys::backtrace::__rust_end_short_backtrace::<std[70759c8f55707aa4]::panicking::panic_handler::{closure#0}, !>
[INFO] [stdout]    9:     0x597f5ce3e6cd - __rustc[8fa7c3cbc660c2b3]::rust_begin_unwind
[INFO] [stdout]   10:     0x597f5ce7792c - core[df12db4294e9bfd3]::panicking::panic_fmt
[INFO] [stdout]   11:     0x597f5cdc7396 - datadriven[cfb8ee0577349d5e]::walk_exclusive::<tests[ece3d0e845192c44]::tests::run::{closure#0}, datadriven[cfb8ee0577349d5e]::walk<tests[ece3d0e845192c44]::tests::run::{closure#0}>::{closure#0}>
[INFO] [stdout]   12:     0x597f5cdd4e85 - <tests[ece3d0e845192c44]::tests::run::{closure#0} as core[df12db4294e9bfd3]::ops::function::FnOnce<()>>::call_once
[INFO] [stdout]   13:     0x597f5cde0a0b - test[9d35eded1c95d3be]::__rust_begin_short_backtrace::<core[df12db4294e9bfd3]::result::Result<(), alloc[2182bb758b4b3781]::string::String>, fn() -> core[df12db4294e9bfd3]::result::Result<(), alloc[2182bb758b4b3781]::string::String>>
[INFO] [stdout]   14:     0x597f5cdee075 - test[9d35eded1c95d3be]::run_test::{closure#0}
[INFO] [stdout]   15:     0x597f5cde7934 - std[70759c8f55707aa4]::sys::backtrace::__rust_begin_short_backtrace::<test[9d35eded1c95d3be]::run_test::{closure#1}, ()>
[INFO] [stdout]   16:     0x597f5cdf11d2 - <std[70759c8f55707aa4]::thread::lifecycle::spawn_unchecked<test[9d35eded1c95d3be]::run_test::{closure#1}, ()>::{closure#1} as core[df12db4294e9bfd3]::ops::function::FnOnce<()>>::call_once::{shim:vtable#0}
[INFO] [stdout]   17:     0x597f5ce61979 - <std[70759c8f55707aa4]::sys::thread::unix::Thread>::new::thread_start
[INFO] [stdout]   18:     0x704b0ca54dfa - <unknown>
[INFO] [stdout]   19:     0x704b0cae83d4 - clone
[INFO] [stdout]   20:                0x0 - <unknown>
[INFO] [stdout] 
[INFO] [stdout] 
[INFO] [stdout] failures:
[INFO] [stdout]     tests::run
[INFO] [stdout]     tests::run_result
[INFO] [stdout] 
[INFO] [stdout] test result: FAILED. 4 passed; 2 failed; 0 ignored; 0 measured; 0 filtered out; finished in 0.00s
[INFO] [stdout] 
[INFO] running `Command { std: "docker" "inspect" "40f4ecfae5ca7e1b5778942bc92547d6e91a938954ac9bd80fb4e06c339f0dd2", kill_on_drop: false }`
[INFO] running `Command { std: "docker" "rm" "-f" "40f4ecfae5ca7e1b5778942bc92547d6e91a938954ac9bd80fb4e06c339f0dd2", kill_on_drop: false }`
[INFO] [stdout] 40f4ecfae5ca7e1b5778942bc92547d6e91a938954ac9bd80fb4e06c339f0dd2
